-- Table structure for table `vtiger_modtracker_relations`
--

CREATE TABLE `vtiger_modtracker_relations` (
  `id` int(19) NOT NULL,
  `targetmodule` varchar(100) NOT NULL,
  `targetid` int(19) NOT NULL,
  `changedon` datetime DEFAULT NULL
) ENGINE=InnoDB DEFAULT CHARSET=utf8 COLLATE=utf8_general_ci;

--
-- Dumping data for table `vtiger_modtracker_relations`
--

INSERT IGNORE INTO `vtiger_modtracker_relations` (`id`, `targetmodule`, `targetid`, `changedon`) VALUES
(3, 'SMSNotifier', 2, '2026-06-22 09:37:50'),
(4, 'SMSNotifier', 2, '2026-06-22 09:37:50'),
(6, 'SMSNotifier', 2, '2026-06-22 09:39:53'),
(7, 'SMSNotifier', 2, '2026-06-22 09:39:53'),
(9, 'SMSNotifier', 2, '2026-06-22 09:40:11'),
(10, 'SMSNotifier', 2, '2026-06-22 09:40:11'),
(12, 'SMSNotifier', 2, '2026-06-22 09:40:25'),
(13, 'SMSNotifier', 2, '2026-06-22 09:40:25'),
(15, 'SMSNotifier', 2, '2026-06-22 09:47:37'),
(16, 'SMSNotifier', 2, '2026-06-22 09:47:37'),
(18, 'SMSNotifier', 2, '2026-06-22 10:16:48'),
(19, 'SMSNotifier', 2, '2026-06-22 10:16:48'),
(21, 'Calendar', 9, '2026-06-22 10:23:42'),
(23, 'Calendar', 10, '2026-06-22 10:37:02'),
(162, 'Leads', 2152, '2026-07-18 01:04:54'),
(170, 'Documents', 2158, '2026-07-18 04:03:34'),
(180, 'Documents', 2163, '2026-07-18 04:04:06'),
(195, 'Documents', 2170, '2026-07-18 04:06:48'),
(208, 'Documents', 2176, '2026-07-18 04:09:40'),
(221, 'Documents', 2182, '2026-07-18 04:32:52'),
(234, 'Documents', 2188, '2026-07-18 04:33:14'),
(247, 'Documents', 2194, '2026-07-18 04:33:37'),
(264, 'Documents', 2202, '2026-07-18 04:34:58'),
(281, 'Documents', 2210, '2026-07-18 04:35:55'),
(315, 'ModComments', 2234, '2026-07-18 22:26:34'),
(377, 'Documents', 2298, '2026-08-09 06:09:47'),
(388, 'Documents', 2303, '2026-08-09 06:12:49'),
(399, 'Documents', 2308, '2026-08-09 06:13:45'),
(416, 'Documents', 2316, '2026-08-09 06:20:44'),
(433, 'Documents', 2324, '2026-08-09 06:22:21'),
(450, 'Documents', 2332, '2026-08-09 06:27:05'),
(467, 'Documents', 2340, '2026-08-09 06:30:38'),
(484, 'Documents', 2348, '2026-08-09 06:31:23'),
(508, 'Documents', 2364, '2026-08-09 08:43:21');

-- --------------------------------------------------------

--
-- Table structure for table `vtiger_modtracker_tabs`
--

CREATE TABLE `vtiger_modtracker_tabs` (
  `tabid` int(11) NOT NULL,
  `visible` int(11) DEFAULT 0
) ENGINE=InnoDB DEFAULT CHARSET=utf8 COLLATE=utf8_general_ci;

--
-- Dumping data for table `vtiger_modtracker_tabs`
--

INSERT IGNORE INTO `vtiger_modtracker_tabs` (`tabid`, `visible`) VALUES
(2, 1),
(4, 1),
(6, 1),
(7, 1),
(8, 1),
(9, 1),
(10, 1),
(13, 1),
(14, 1),
(15, 1),
(16, 1),
(18, 1),
(19, 1),
(20, 1),
(21, 1),
(22, 1),
(23, 1),
(26, 1),
(28, 1),
(34, 1),
(35, 1),
(36, 1),
(38, 1),
(42, 1),
(43, 1),
(44, 1),
(45, 1),
(47, 1),
(52, 1),
(53, 1),
(54, 1),
(55, 1),
(56, 1),
(57, 1),
(58, 1),
(59, 1),
(60, 1),
(61, 1),
(62, 1),
(63, 1),
(65, 1);

-- --------------------------------------------------------

--
-- Table structure for table `vtiger_module_dashboard_widgets`
--

CREATE TABLE `vtiger_module_dashboard_widgets` (
  `id` int(19) NOT NULL,
  `linkid` int(19) DEFAULT NULL,
  `userid` int(19) DEFAULT NULL,
  `filterid` int(19) DEFAULT NULL,
  `title` varchar(100) DEFAULT NULL,
  `data` text DEFAULT NULL,
  `position` varchar(50) DEFAULT NULL,
  `reportid` int(19) DEFAULT NULL,
  `dashboardtabid` int(11) DEFAULT NULL,
  `size` varchar(50) DEFAULT NULL
) ENGINE=InnoDB DEFAULT CHARSET=utf8mb4 COLLATE=utf8mb4_general_ci;

--
-- Dumping data for table `vtiger_module_dashboard_widgets`
--

INSERT IGNORE INTO `vtiger_module_dashboard_widgets` (`id`, `linkid`, `userid`, `filterid`, `title`, `data`, `position`, `reportid`, `dashboardtabid`, `size`) VALUES
(1, 56, 1, NULL, NULL, 'null', NULL, NULL, 2, NULL),
(4, 62, 1, NULL, NULL, 'null', NULL, NULL, 2, NULL),
(5, 59, 1, NULL, NULL, 'null', NULL, NULL, 2, NULL);

-- --------------------------------------------------------

--
-- Table structure for table `vtiger_notebook_contents`
--

CREATE TABLE `vtiger_notebook_contents` (
  `userid` int(19) NOT NULL,
  `notebookid` int(19) NOT NULL,
  `contents` text DEFAULT NULL
) ENGINE=InnoDB DEFAULT CHARSET=utf8 COLLATE=utf8_general_ci;

-- --------------------------------------------------------

--
-- Table structure for table `vtiger_notes`
--

CREATE TABLE `vtiger_notes` (
  `notesid` int(19) NOT NULL DEFAULT 0,
  `note_no` varchar(100) NOT NULL,
  `title` varchar(50) NOT NULL,
  `filename` varchar(200) DEFAULT NULL,
  `notecontent` text DEFAULT NULL,
  `folderid` int(19) NOT NULL DEFAULT 1,
  `filetype` varchar(50) DEFAULT NULL,
  `filelocationtype` varchar(5) DEFAULT NULL,
  `filedownloadcount` int(19) DEFAULT NULL,
  `filestatus` int(19) DEFAULT NULL,
  `filesize` int(19) NOT NULL DEFAULT 0,
  `fileversion` varchar(50) DEFAULT NULL,
  `tags` varchar(1) DEFAULT NULL
) ENGINE=InnoDB DEFAULT CHARSET=utf8 COLLATE=utf8_general_ci;

--
-- Dumping data for table `vtiger_notes`
--

INSERT IGNORE INTO `vtiger_notes` (`notesid`, `note_no`, `title`, `filename`, `notecontent`, `folderid`, `filetype`, `filelocationtype`, `filedownloadcount`, `filestatus`, `filesize`, `fileversion`, `tags`) VALUES
(2020, 'DOC2020', 'یادداشت نمونه 1', NULL, 'محتوای یادداشت 1', 1, NULL, NULL, NULL, NULL, 0, NULL, NULL),
(2021, 'DOC2021', 'یادداشت نمونه 2', NULL, 'محتوای یادداشت 2', 1, NULL, NULL, NULL, NULL, 0, NULL, NULL),
(2022, 'DOC2022', 'یادداشت نمونه 3', NULL, 'محتوای یادداشت 3', 1, NULL, NULL, NULL, NULL, 0, NULL, NULL),
(2023, 'DOC2023', 'یادداشت نمونه 4', NULL, 'محتوای یادداشت 4', 1, NULL, NULL, NULL, NULL, 0, NULL, NULL),
(2024, 'DOC2024', 'یادداشت نمونه 5', NULL, 'محتوای یادداشت 5', 1, NULL, NULL, NULL, NULL, 0, NULL, NULL),
(2158, 'DOC2', 'Gouya-LEAD-SMOKE-20260718040333-5938.txt', 'Gouya-LEAD-SMOKE-20260718040333-5938.txt', 'نوع فایل سرنخ: آزمون یکپارچگی', 1, 'text/plain', 'I', NULL, 1, 69, '', ''),
(2163, 'DOC3', 'Gouya-LEAD-SMOKE-20260718040406-5955.txt', 'Gouya-LEAD-SMOKE-20260718040406-5955.txt', 'نوع فایل سرنخ: آزمون یکپارچگی', 1, 'text/plain', 'I', NULL, 1, 69, '', ''),
(2170, 'DOC4', 'Gouya-LEAD-SMOKE-20260718040648-8253.txt', 'Gouya-LEAD-SMOKE-20260718040648-8253.txt', 'نوع فایل سرنخ: آزمون یکپارچگی', 1, 'text/plain', 'I', NULL, 1, 69, '', ''),
(2176, 'DOC5', 'Gouya-LEAD-SMOKE-20260718040939-3209.txt', 'Gouya-LEAD-SMOKE-20260718040939-3209.txt', 'نوع فایل سرنخ: آزمون یکپارچگی', 1, 'text/plain', 'I', NULL, 1, 69, '', ''),
(2182, 'DOC6', 'Gouya-LEAD-SMOKE-20260718043251-9053.txt', 'Gouya-LEAD-SMOKE-20260718043251-9053.txt', 'نوع فایل سرنخ: آزمون یکپارچگی', 1, 'text/plain', 'I', NULL, 1, 69, '', ''),
(2188, 'DOC7', 'Gouya-LEAD-SMOKE-20260718043314-6749.txt', 'Gouya-LEAD-SMOKE-20260718043314-6749.txt', 'نوع فایل سرنخ: آزمون یکپارچگی', 1, 'text/plain', 'I', NULL, 1, 69, '', ''),
(2194, 'DOC8', 'Gouya-LEAD-SMOKE-20260718043336-8174.txt', 'Gouya-LEAD-SMOKE-20260718043336-8174.txt', 'نوع فایل سرنخ: آزمون یکپارچگی', 1, 'text/plain', 'I', NULL, 1, 69, '', ''),
(2202, 'DOC9', 'Gouya-LEAD-SMOKE-20260718043458-8234.txt', 'Gouya-LEAD-SMOKE-20260718043458-8234.txt', 'نوع فایل سرنخ: آزمون یکپارچگی', 1, 'text/plain', 'I', NULL, 1, 69, '', ''),
(2210, 'DOC10', 'Gouya-LEAD-SMOKE-20260718043554-3440.txt', 'Gouya-LEAD-SMOKE-20260718043554-3440.txt', 'نوع فایل سرنخ: آزمون یکپارچگی', 1, 'text/plain', 'I', NULL, 1, 69, '', ''),
(2233, 'DOC-GT-2233', 'پیش‌فاکتور نمونه گویا [GOOYA-TEST]', 'https://www.gooya.com/sample-quote.pdf', 'سند تست برای پرونده سرنخ', 1, '', 'E', 0, 1, 0, '', NULL),
(2262, 'DOC-GT-2262', 'فرم پرسنلی نمونه [GOOYA-TEST]', 'https://www.gooya.com/hr-form.pdf', 'سند تست پرونده فرد', 1, '', 'E', 0, 1, 0, '', NULL),
(2267, 'DOC-GT-2267', 'پروپوزال فرصت [GOOYA-TEST]', 'https://www.gooya.com/proposal.pdf', 'سند تست فرصت', 1, '', 'E', 0, 1, 0, '', NULL),
(2298, 'DOC11', 'SARV-LEAD-SMOKE-20260809060946-7013.txt', 'SARV-LEAD-SMOKE-20260809060946-7013.txt', 'نوع فایل سرنخ: آزمون یکپارچگی', 1, 'text/plain', 'I', NULL, 1, 69, '', ''),
(2303, 'DOC12', 'SARV-LEAD-SMOKE-20260809061248-2728.txt', 'SARV-LEAD-SMOKE-20260809061248-2728.txt', 'نوع فایل سرنخ: آزمون یکپارچگی', 1, 'text/plain', 'I', NULL, 1, 69, '', ''),
(2308, 'DOC13', 'SARV-LEAD-SMOKE-20260809061344-4881.txt', 'SARV-LEAD-SMOKE-20260809061344-4881.txt', 'نوع فایل سرنخ: آزمون یکپارچگی', 1, 'text/plain', 'I', NULL, 1, 69, '', ''),
(2316, 'DOC14', 'SARV-LEAD-SMOKE-20260809062044-1209.txt', 'SARV-LEAD-SMOKE-20260809062044-1209.txt', 'نوع فایل سرنخ: آزمون یکپارچگی', 1, 'text/plain', 'I', NULL, 1, 69, '', ''),
(2324, 'DOC15', 'SARV-LEAD-SMOKE-20260809062220-7570.txt', 'SARV-LEAD-SMOKE-20260809062220-7570.txt', 'نوع فایل سرنخ: آزمون یکپارچگی', 1, 'text/plain', 'I', NULL, 1, 69, '', ''),
(2332, 'DOC16', 'SARV-LEAD-SMOKE-20260809062704-6866.txt', 'SARV-LEAD-SMOKE-20260809062704-6866.txt', 'نوع فایل سرنخ: آزمون یکپارچگی', 1, 'text/plain', 'I', NULL, 1, 69, '', ''),
(2340, 'DOC17', 'SARV-LEAD-SMOKE-20260809063037-9459.txt', 'SARV-LEAD-SMOKE-20260809063037-9459.txt', 'نوع فایل سرنخ: آزمون یکپارچگی', 1, 'text/plain', 'I', NULL, 1, 69, '', ''),
(2348, 'DOC18', 'SARV-LEAD-SMOKE-20260809063122-8988.txt', 'SARV-LEAD-SMOKE-20260809063122-8988.txt', 'نوع فایل سرنخ: آزمون یکپارچگی', 1, 'text/plain', 'I', NULL, 1, 69, '', ''),
(2364, 'DOC19', 'SARV-LEAD-SMOKE-20260809084321-3905.txt', 'SARV-LEAD-SMOKE-20260809084321-3905.txt', 'نوع فایل سرنخ: آزمون یکپارچگی', 1, 'text/plain', 'I', NULL, 1, 69, '', '');

-- --------------------------------------------------------

--
-- Table structure for table `vtiger_notescf`
--

CREATE TABLE `vtiger_notescf` (
  `notesid` int(19) NOT NULL DEFAULT 0
) ENGINE=InnoDB DEFAULT CHARSET=utf8 COLLATE=utf8_general_ci;

--
-- Dumping data for table `vtiger_notescf`
--

INSERT IGNORE INTO `vtiger_notescf` (`notesid`) VALUES
(2158),
(2163),
(2170),
(2176),
(2182),
(2188),
(2194),
(2202),
(2210),
(2298),
(2303),
(2308),
(2316),
(2324),
(2332),
(2340),
(2348),
(2364);

-- --------------------------------------------------------

--
-- Table structure for table `vtiger_notificationscheduler`
--

CREATE TABLE `vtiger_notificationscheduler` (
  `schedulednotificationid` int(19) NOT NULL,
  `schedulednotificationname` varchar(200) DEFAULT NULL,
  `active` int(1) DEFAULT NULL,
  `notificationsubject` varchar(200) DEFAULT NULL,
  `notificationbody` text DEFAULT NULL,
  `label` varchar(50) DEFAULT NULL,
  `type` varchar(10) DEFAULT NULL
) ENGINE=InnoDB DEFAULT CHARSET=utf8 COLLATE=utf8_general_ci;

--
-- Dumping data for table `vtiger_notificationscheduler`
--

INSERT IGNORE INTO `vtiger_notificationscheduler` (`schedulednotificationid`, `schedulednotificationname`, `active`, `notificationsubject`, `notificationbody`, `label`, `type`) VALUES
(1, 'LBL_TASK_NOTIFICATION_DESCRITPION', 1, 'Task Delay Notification', 'Tasks delayed beyond 24 hrs ', 'LBL_TASK_NOTIFICATION', NULL),
(2, 'LBL_BIG_DEAL_DESCRIPTION', 1, 'Big Deal notification', 'Success! A big deal has been won! ', 'LBL_BIG_DEAL', NULL),
(3, 'LBL_TICKETS_DESCRIPTION', 1, 'Pending Tickets notification', 'Ticket pending please ', 'LBL_PENDING_TICKETS', NULL),
(4, 'LBL_MANY_TICKETS_DESCRIPTION', 1, 'Too many tickets Notification', 'Too many tickets pending against this entity ', 'LBL_MANY_TICKETS', NULL),
(5, 'LBL_START_DESCRIPTION', 1, 'Support Start Notification', '10', 'LBL_START_NOTIFICATION', 'select'),
(6, 'LBL_SUPPORT_DESCRIPTION', 1, 'Support ending please', '11', 'LBL_SUPPORT_NOTICIATION', 'select'),
(7, 'LBL_SUPPORT_DESCRIPTION_MONTH', 1, 'Support ending please', '12', 'LBL_SUPPORT_NOTICIATION_MONTH', 'select'),
(8, 'LBL_ACTIVITY_REMINDER_DESCRIPTION', 1, 'Activity Reminder Notification', 'This is a reminder notification for the Activity', 'LBL_ACTIVITY_NOTIFICATION', NULL);

-- --------------------------------------------------------

--
-- Table structure for table `vtiger_notificationscheduler_seq`
--

CREATE TABLE `vtiger_notificationscheduler_seq` (
  `id` int(11) NOT NULL
) ENGINE=InnoDB DEFAULT CHARSET=utf8mb4 COLLATE=utf8mb4_general_ci;

--
-- Dumping data for table `vtiger_notificationscheduler_seq`
--

INSERT IGNORE INTO `vtiger_notificationscheduler_seq` (`id`) VALUES
(8);

-- --------------------------------------------------------

--
-- Table structure for table `vtiger_no_of_currency_decimals`
--

CREATE TABLE `vtiger_no_of_currency_decimals` (
  `no_of_currency_decimalsid` int(11) NOT NULL,
  `no_of_currency_decimals` varchar(200) NOT NULL,
  `sortorderid` int(11) DEFAULT NULL,
  `presence` int(11) NOT NULL DEFAULT 1
) ENGINE=InnoDB DEFAULT CHARSET=utf8 COLLATE=utf8_general_ci;

--
-- Dumping data for table `vtiger_no_of_currency_decimals`
--

INSERT IGNORE INTO `vtiger_no_of_currency_decimals` (`no_of_currency_decimalsid`, `no_of_currency_decimals`, `sortorderid`, `presence`) VALUES
(2, '2', 2, 1),
(3, '3', 3, 1),
(4, '4', 4, 1),
(5, '5', 5, 1),
(6, '0', 0, 1),
(7, '1', 1, 1);

-- --------------------------------------------------------

--
-- Table structure for table `vtiger_no_of_currency_decimals_seq`
--

CREATE TABLE `vtiger_no_of_currency_decimals_seq` (
  `id` int(11) NOT NULL
) ENGINE=InnoDB DEFAULT CHARSET=utf8mb4 COLLATE=utf8mb4_general_ci;

--
-- Dumping data for table `vtiger_no_of_currency_decimals_seq`
--

INSERT IGNORE INTO `vtiger_no_of_currency_decimals_seq` (`id`) VALUES
(7);

-- --------------------------------------------------------

--
-- Table structure for table `vtiger_opportunitystage`
--

CREATE TABLE `vtiger_opportunitystage` (
  `potstageid` int(19) NOT NULL,
  `stage` varchar(200) NOT NULL,
  `sortorderid` int(19) NOT NULL DEFAULT 0,
  `presence` int(1) NOT NULL DEFAULT 1,
  `probability` decimal(3,2) DEFAULT 0.00
) ENGINE=InnoDB DEFAULT CHARSET=utf8 COLLATE=utf8_general_ci;

-- --------------------------------------------------------

--
-- Table structure for table `vtiger_opportunity_type`
--

CREATE TABLE `vtiger_opportunity_type` (
  `opptypeid` int(19) NOT NULL,
  `opportunity_type` varchar(200) NOT NULL,
  `presence` int(1) NOT NULL DEFAULT 1,
  `picklist_valueid` int(19) NOT NULL DEFAULT 0,
  `sortorderid` int(11) DEFAULT NULL,
  `color` varchar(10) DEFAULT NULL
) ENGINE=InnoDB DEFAULT CHARSET=utf8 COLLATE=utf8_general_ci;

--
-- Dumping data for table `vtiger_opportunity_type`
--

INSERT IGNORE INTO `vtiger_opportunity_type` (`opptypeid`, `opportunity_type`, `presence`, `picklist_valueid`, `sortorderid`, `color`) VALUES
(2, 'Existing Business', 1, 128, 1, NULL),
(3, 'New Business', 1, 129, 2, NULL),
(4, 'کسب و کار جدید', 1, 318, 3, NULL),
(5, 'مشتری موجود / تمدید', 1, 319, 4, NULL);

-- --------------------------------------------------------

--
-- Table structure for table `vtiger_opportunity_type_seq`
--

CREATE TABLE `vtiger_opportunity_type_seq` (
  `id` int(11) NOT NULL
) ENGINE=InnoDB DEFAULT CHARSET=utf8mb4 COLLATE=utf8mb4_general_ci;

--
-- Dumping data for table `vtiger_opportunity_type_seq`
--

INSERT IGNORE INTO `vtiger_opportunity_type_seq` (`id`) VALUES
(3);

-- --------------------------------------------------------

--
-- Table structure for table `vtiger_organizationdetails`
--

CREATE TABLE `vtiger_organizationdetails` (
  `organization_id` int(11) NOT NULL,
  `organizationname` varchar(60) DEFAULT NULL,
  `address` varchar(150) DEFAULT NULL,
  `city` varchar(100) DEFAULT NULL,
  `state` varchar(100) DEFAULT NULL,
  `country` varchar(100) DEFAULT NULL,
  `code` varchar(30) DEFAULT NULL,
  `phone` varchar(30) DEFAULT NULL,
  `fax` varchar(30) DEFAULT NULL,
  `website` varchar(100) DEFAULT NULL,
  `logoname` varchar(50) DEFAULT NULL,
  `logo` text DEFAULT NULL,
  `vatid` varchar(100) DEFAULT NULL
) ENGINE=InnoDB DEFAULT CHARSET=utf8 COLLATE=utf8_general_ci;

--
-- Dumping data for table `vtiger_organizationdetails`
--

INSERT IGNORE INTO `vtiger_organizationdetails` (`organization_id`, `organizationname`, `address`, `city`, `state`, `country`, `code`, `phone`, `fax`, `website`, `logoname`, `logo`, `vatid`) VALUES
(1, 'مجموعه توسعه کسب و کار گویا', '95, 12th Main Road, 3rd Block, Rajajinagar', 'Bangalore', 'Karnataka', 'India', '560010', '+91 9243602352', '+91 9243602352', 'https://crm.gouyahesab.com/', 'gooya-business-logo.png', NULL, NULL);

-- --------------------------------------------------------

--
-- Table structure for table `vtiger_organizationdetails_seq`
--

CREATE TABLE `vtiger_organizationdetails_seq` (
  `id` int(11) NOT NULL
) ENGINE=InnoDB DEFAULT CHARSET=utf8mb4 COLLATE=utf8mb4_general_ci;

--
-- Dumping data for table `vtiger_organizationdetails_seq`
--

INSERT IGNORE INTO `vtiger_organizationdetails_seq` (`id`) VALUES
(1);

-- --------------------------------------------------------

--
-- Table structure for table `vtiger_org_share_action2tab`
--

CREATE TABLE `vtiger_org_share_action2tab` (
  `share_action_id` int(19) NOT NULL,
  `tabid` int(19) NOT NULL
) ENGINE=InnoDB DEFAULT CHARSET=utf8 COLLATE=utf8_general_ci;

--
-- Dumping data for table `vtiger_org_share_action2tab`
--

INSERT IGNORE INTO `vtiger_org_share_action2tab` (`share_action_id`, `tabid`) VALUES
(0, 2),
(0, 4),
(0, 6),
(0, 7),
(0, 8),
(0, 9),
(0, 10),
(0, 13),
(0, 14),
(0, 16),
(0, 18),
(0, 20),
(0, 21),
(0, 22),
(0, 23),
(0, 26),
(0, 34),
(0, 35),
(0, 36),
(0, 38),
(0, 42),
(0, 43),
(0, 44),
(0, 45),
(0, 47),
(0, 52),
(0, 53),
(0, 54),
(0, 55),
(0, 56),
(0, 57),
(0, 58),
(0, 59),
(0, 60),
(0, 61),
(0, 62),
(0, 63),
(0, 65),
(1, 2),
(1, 4),
(1, 6),
(1, 7),
(1, 8),
(1, 9),
(1, 10),
(1, 13),
(1, 14),
(1, 16),
(1, 18),
(1, 20),
(1, 21),
(1, 22),
(1, 23),
(1, 26),
(1, 34),
(1, 35),
(1, 36),
(1, 38),
(1, 42),
(1, 43),
(1, 44),
(1, 45),
(1, 47),
(1, 52),
(1, 53),
(1, 54),
(1, 55),
(1, 56),
(1, 57),
(1, 58),
(1, 59),
(1, 60),
(1, 61),
(1, 62),
(1, 63),
(1, 65),
(2, 2),
(2, 4),
(2, 6),
(2, 7),
(2, 8),
(2, 9),
(2, 10),
(2, 13),
(2, 14),
(2, 16),
(2, 18),
(2, 20),
(2, 21),
(2, 22),
(2, 23),
(2, 26),
(2, 34),
(2, 35),
(2, 36),
(2, 38),
(2, 42),
(2, 43),
(2, 44),
(2, 45),
(2, 47),
(2, 52),
(2, 53),
(2, 54),
(2, 55),
(2, 56),
(2, 57),
(2, 58),
(2, 59),
(2, 60),
(2, 61),
(2, 62),
(2, 63),
(2, 65),
(3, 2),
(3, 4),
(3, 6),
(3, 7),
(3, 8),
(3, 9),
(3, 10),
(3, 13),
(3, 14),
(3, 16),
(3, 18),
(3, 20),
(3, 21),
(3, 22),
(3, 23),
(3, 26),
(3, 34),
(3, 35),
(3, 36),
(3, 38),
(3, 42),
(3, 43),
(3, 44),
(3, 45),
(3, 47),
(3, 52),
(3, 53),
(3, 54),
(3, 55),
(3, 56),
(3, 57),
(3, 58),
(3, 59),
(3, 60),
(3, 61),
(3, 62),
(3, 63),
(3, 65);

-- --------------------------------------------------------

--
-- Table structure for table `vtiger_org_share_action_mapping`
--

CREATE TABLE `vtiger_org_share_action_mapping` (
  `share_action_id` int(19) NOT NULL,
  `share_action_name` varchar(200) DEFAULT NULL
) ENGINE=InnoDB DEFAULT CHARSET=utf8 COLLATE=utf8_general_ci;

--
-- Dumping data for table `vtiger_org_share_action_mapping`
--

INSERT IGNORE INTO `vtiger_org_share_action_mapping` (`share_action_id`, `share_action_name`) VALUES
(0, 'Public: Read Only'),
(1, 'Public: Read, Create/Edit'),
(2, 'Public: Read, Create/Edit, Delete'),
(3, 'Private'),
(4, 'Hide Details'),
(5, 'Hide Details and Add Events'),
(6, 'Show Details'),
(7, 'Show Details and Add Events');

-- --------------------------------------------------------

--
-- Table structure for table `vtiger_othereventduration`
--

CREATE TABLE `vtiger_othereventduration` (
  `othereventdurationid` int(11) NOT NULL,
  `othereventduration` varchar(200) NOT NULL,
  `sortorderid` int(11) DEFAULT NULL,
  `presence` int(11) NOT NULL DEFAULT 1
) ENGINE=InnoDB DEFAULT CHARSET=utf8 COLLATE=utf8_general_ci;

--
-- Dumping data for table `vtiger_othereventduration`
--

INSERT IGNORE INTO `vtiger_othereventduration` (`othereventdurationid`, `othereventduration`, `sortorderid`, `presence`) VALUES
(1, '5', 0, 1),
(2, '10', 1, 1),
(3, '30', 2, 1),
(4, '60', 3, 1),
(5, '120', 4, 1);

-- --------------------------------------------------------

--
-- Table structure for table `vtiger_othereventduration_seq`
--

CREATE TABLE `vtiger_othereventduration_seq` (
  `id` int(11) NOT NULL
) ENGINE=InnoDB DEFAULT CHARSET=utf8mb4 COLLATE=utf8mb4_general_ci;

--
-- Dumping data for table `vtiger_othereventduration_seq`
--

INSERT IGNORE INTO `vtiger_othereventduration_seq` (`id`) VALUES
(5);

-- --------------------------------------------------------

--
-- Table structure for table `vtiger_parenttab`
--

CREATE TABLE `vtiger_parenttab` (
  `parenttabid` int(19) NOT NULL,
  `parenttab_label` varchar(100) NOT NULL,
  `sequence` int(10) NOT NULL,
  `visible` int(2) NOT NULL DEFAULT 0
) ENGINE=InnoDB DEFAULT CHARSET=utf8 COLLATE=utf8_general_ci;

--
-- Dumping data for table `vtiger_parenttab`
--

INSERT IGNORE INTO `vtiger_parenttab` (`parenttabid`, `parenttab_label`, `sequence`, `visible`) VALUES
(1, 'My Home Page', 1, 0),
(2, 'Marketing', 2, 0),
(3, 'Sales', 3, 0),
(4, 'Support', 4, 0),
(5, 'Analytics', 5, 0),
(6, 'Inventory', 6, 0),
(7, 'Tools', 7, 0),
(8, 'Settings', 8, 0);

-- --------------------------------------------------------

--
-- Table structure for table `vtiger_parenttabrel`
--

CREATE TABLE `vtiger_parenttabrel` (
  `parenttabid` int(19) NOT NULL,
  `tabid` int(19) NOT NULL,
  `sequence` int(3) NOT NULL
) ENGINE=InnoDB DEFAULT CHARSET=utf8 COLLATE=utf8_general_ci;

--
-- Dumping data for table `vtiger_parenttabrel`
--

INSERT IGNORE INTO `vtiger_parenttabrel` (`parenttabid`, `tabid`, `sequence`) VALUES
(1, 9, 2),
(1, 28, 4),
(1, 3, 1),
(3, 7, 1),
(3, 6, 2),
(3, 4, 3),
(3, 2, 4),
(3, 20, 5),
(3, 22, 6),
(3, 23, 7),
(3, 19, 8),
(3, 8, 9),
(4, 13, 1),
(4, 15, 2),
(4, 6, 3),
(4, 4, 4),
(4, 8, 5),
(5, 1, 2),
(5, 25, 1),
(6, 14, 1),
(6, 18, 2),
(6, 19, 3),
(6, 21, 4),
(6, 22, 5),
(6, 20, 6),
(6, 23, 7),
(7, 24, 1),
(7, 27, 2),
(7, 8, 3),
(2, 26, 1),
(2, 6, 2),
(2, 4, 3),
(2, 28, 4),
(4, 28, 7),
(2, 7, 5),
(2, 9, 6),
(4, 9, 8),
(2, 8, 8),
(3, 9, 11),
(7, 31, 4),
(7, 31, 5),
(7, 34, 6),
(7, 34, 7),
(4, 35, 9),
(4, 35, 10),
(6, 36, 8),
(6, 36, 9),
(6, 38, 10),
(6, 38, 11),
(7, 40, 8),
(7, 40, 9),
(4, 43, 11),
(4, 43, 12),
(4, 44, 13),
(4, 44, 14),
(4, 45, 15),
(4, 45, 16),
(7, 46, 10),
(7, 46, 11),
(3, 47, 12),
(3, 47, 13),
(8, 49, 1),
(8, 49, 2),
(7, 24, 12),
(7, 27, 13),
(7, 40, 14),
(7, 46, 15),
(7, 50, 16),
(7, 51, 17),
(3, 52, 14),
(3, 53, 15),
(3, 54, 16),
(3, 55, 17),
(3, 56, 18),
(3, 57, 19),
(3, 58, 20),
(3, 59, 21),
(3, 60, 22),
(3, 61, 23),
(3, 62, 24),
(3, 63, 25),
(2, 65, 9),
(7, 66, 18),
(7, 67, 19),
(7, 68, 20);

-- --------------------------------------------------------

--
-- Table structure for table `vtiger_participation_status`
--

CREATE TABLE `vtiger_participation_status` (
  `participation_statusid` int(11) NOT NULL,
  `participation_status` varchar(200) NOT NULL,
  `presence` int(1) NOT NULL DEFAULT 1,
  `picklist_valueid` int(11) NOT NULL DEFAULT 0,
  `sortorderid` int(11) DEFAULT 0,
  `color` varchar(10) DEFAULT NULL
) ENGINE=InnoDB DEFAULT CHARSET=utf8 COLLATE=utf8_general_ci;

--
-- Dumping data for table `vtiger_participation_status`
--

INSERT IGNORE INTO `vtiger_participation_status` (`participation_statusid`, `participation_status`, `presence`, `picklist_valueid`, `sortorderid`, `color`) VALUES
(1, 'Planned', 1, 385, 1, NULL),
(2, 'Active', 1, 386, 2, NULL),
(3, 'Completed', 1, 387, 3, NULL),
(4, 'Cancelled', 1, 388, 4, NULL);

-- --------------------------------------------------------

--
-- Table structure for table `vtiger_participation_status_seq`
--

CREATE TABLE `vtiger_participation_status_seq` (
  `id` int(11) NOT NULL
) ENGINE=InnoDB DEFAULT CHARSET=utf8 COLLATE=utf8_unicode_ci;

--
-- Dumping data for table `vtiger_participation_status_seq`
--

INSERT IGNORE INTO `vtiger_participation_status_seq` (`id`) VALUES
(4);

-- --------------------------------------------------------

--
-- Table structure for table `vtiger_participation_type`
--

CREATE TABLE `vtiger_participation_type` (
  `participation_typeid` int(11) NOT NULL,
  `participation_type` varchar(200) NOT NULL,
  `presence` int(1) NOT NULL DEFAULT 1,
  `picklist_valueid` int(11) NOT NULL DEFAULT 0,
  `sortorderid` int(11) DEFAULT 0,
  `color` varchar(10) DEFAULT NULL
) ENGINE=InnoDB DEFAULT CHARSET=utf8 COLLATE=utf8_general_ci;

--
-- Dumping data for table `vtiger_participation_type`
--

INSERT IGNORE INTO `vtiger_participation_type` (`participation_typeid`, `participation_type`, `presence`, `picklist_valueid`, `sortorderid`, `color`) VALUES
(1, 'Partner', 1, 380, 1, NULL),
(2, 'Sponsor', 1, 381, 2, NULL),
(3, 'Member', 1, 382, 3, NULL),
(4, 'Supplier', 1, 383, 4, NULL),
(5, 'Other', 1, 384, 5, NULL);

-- --------------------------------------------------------

--
-- Table structure for table `vtiger_participation_type_seq`
--

CREATE TABLE `vtiger_participation_type_seq` (
  `id` int(11) NOT NULL
) ENGINE=InnoDB DEFAULT CHARSET=utf8 COLLATE=utf8_unicode_ci;

--
-- Dumping data for table `vtiger_participation_type_seq`
--

INSERT IGNORE INTO `vtiger_participation_type_seq` (`id`) VALUES
(5);

-- --------------------------------------------------------

--
-- Table structure for table `vtiger_payment_direction`
--

CREATE TABLE `vtiger_payment_direction` (
  `payment_directionid` int(11) NOT NULL,
  `payment_direction` varchar(200) NOT NULL,
  `presence` int(1) NOT NULL DEFAULT 1,
  `picklist_valueid` int(11) NOT NULL DEFAULT 0,
  `sortorderid` int(11) DEFAULT 0,
  `color` varchar(10) DEFAULT NULL
) ENGINE=InnoDB DEFAULT CHARSET=utf8 COLLATE=utf8_general_ci;

--
-- Dumping data for table `vtiger_payment_direction`
--

INSERT IGNORE INTO `vtiger_payment_direction` (`payment_directionid`, `payment_direction`, `presence`, `picklist_valueid`, `sortorderid`, `color`) VALUES
(1, 'Incoming', 1, 359, 1, NULL),
(2, 'Outgoing', 1, 360, 2, NULL);

-- --------------------------------------------------------

--
-- Table structure for table `vtiger_payment_direction_seq`
--

CREATE TABLE `vtiger_payment_direction_seq` (
  `id` int(11) NOT NULL
) ENGINE=InnoDB DEFAULT CHARSET=utf8 COLLATE=utf8_unicode_ci;

--
-- Dumping data for table `vtiger_payment_direction_seq`
--

INSERT IGNORE INTO `vtiger_payment_direction_seq` (`id`) VALUES
(2);

-- --------------------------------------------------------

--
-- Table structure for table `vtiger_payment_duration`
--

CREATE TABLE `vtiger_payment_duration` (
  `payment_duration_id` int(11) DEFAULT NULL,
  `payment_duration` varchar(200) DEFAULT NULL,
  `sortorderid` int(11) DEFAULT NULL,
  `presence` int(11) DEFAULT NULL,
  `color` varchar(10) DEFAULT NULL
) ENGINE=InnoDB DEFAULT CHARSET=utf8 COLLATE=utf8_general_ci;

--
-- Dumping data for table `vtiger_payment_duration`
--

INSERT IGNORE INTO `vtiger_payment_duration` (`payment_duration_id`, `payment_duration`, `sortorderid`, `presence`, `color`) VALUES
(1, 'Net 30 days', 6, 1, NULL),
(2, 'Net 45 days', 7, 1, NULL),
(3, 'Net 60 days', 8, 1, NULL),
(4, 'Net 01 day', 1, 1, NULL),
(5, 'Net 05 days', 2, 1, NULL),
(6, 'Net 07 days', 3, 1, NULL),
(7, 'Net 10 days', 4, 1, NULL),
(8, 'Net 15 days', 5, 1, NULL);

-- --------------------------------------------------------

--
-- Table structure for table `vtiger_payment_duration_seq`
--

CREATE TABLE `vtiger_payment_duration_seq` (
  `id` int(11) NOT NULL
) ENGINE=InnoDB DEFAULT CHARSET=utf8mb4 COLLATE=utf8mb4_general_ci;

--
-- Dumping data for table `vtiger_payment_duration_seq`
--

INSERT IGNORE INTO `vtiger_payment_duration_seq` (`id`) VALUES
(8);

-- --------------------------------------------------------

--
-- Table structure for table `vtiger_payment_method`
--

CREATE TABLE `vtiger_payment_method` (
  `payment_methodid` int(11) NOT NULL,
  `payment_method` varchar(200) NOT NULL,
  `presence` int(1) NOT NULL DEFAULT 1,
  `picklist_valueid` int(11) NOT NULL DEFAULT 0,
  `sortorderid` int(11) DEFAULT 0,
  `color` varchar(10) DEFAULT NULL
) ENGINE=InnoDB DEFAULT CHARSET=utf8 COLLATE=utf8_general_ci;

--
-- Dumping data for table `vtiger_payment_method`
--

INSERT IGNORE INTO `vtiger_payment_method` (`payment_methodid`, `payment_method`, `presence`, `picklist_valueid`, `sortorderid`, `color`) VALUES
(1, 'Cash', 1, 366, 1, NULL),
(2, 'Card', 1, 367, 2, NULL),
(3, 'BankTransfer', 1, 368, 3, NULL),
(4, 'Cheque', 1, 369, 4, NULL),
(5, 'Gateway', 1, 370, 5, NULL),
(6, 'Other', 1, 371, 6, NULL);

-- --------------------------------------------------------

--
-- Table structure for table `vtiger_payment_method_seq`
--

CREATE TABLE `vtiger_payment_method_seq` (
  `id` int(11) NOT NULL
) ENGINE=InnoDB DEFAULT CHARSET=utf8 COLLATE=utf8_unicode_ci;

--
-- Dumping data for table `vtiger_payment_method_seq`
--

INSERT IGNORE INTO `vtiger_payment_method_seq` (`id`) VALUES
(6);

-- --------------------------------------------------------

--
-- Table structure for table `vtiger_payment_status`
--

CREATE TABLE `vtiger_payment_status` (
  `payment_statusid` int(11) NOT NULL,
  `payment_status` varchar(200) NOT NULL,
  `presence` int(1) NOT NULL DEFAULT 1,
  `picklist_valueid` int(11) NOT NULL DEFAULT 0,
  `sortorderid` int(11) DEFAULT 0,
  `color` varchar(10) DEFAULT NULL
) ENGINE=InnoDB DEFAULT CHARSET=utf8 COLLATE=utf8_general_ci;

--
-- Dumping data for table `vtiger_payment_status`
--

INSERT IGNORE INTO `vtiger_payment_status` (`payment_statusid`, `payment_status`, `presence`, `picklist_valueid`, `sortorderid`, `color`) VALUES
(1, 'Planned', 1, 361, 1, NULL),
(2, 'Pending', 1, 362, 2, NULL),
(3, 'Paid', 1, 363, 3, NULL),
(4, 'Cancelled', 1, 364, 4, NULL),
(5, 'Reversed', 1, 365, 5, NULL);

-- --------------------------------------------------------

--
-- Table structure for table `vtiger_payment_status_seq`
--

CREATE TABLE `vtiger_payment_status_seq` (
  `id` int(11) NOT NULL
) ENGINE=InnoDB DEFAULT CHARSET=utf8 COLLATE=utf8_unicode_ci;

--
-- Dumping data for table `vtiger_payment_status_seq`
--

INSERT IGNORE INTO `vtiger_payment_status_seq` (`id`) VALUES
(5);

-- --------------------------------------------------------

--
-- Table structure for table `vtiger_payment_type`
--

CREATE TABLE `vtiger_payment_type` (
  `payment_typeid` int(11) NOT NULL,
  `payment_type` varchar(200) NOT NULL,
  `presence` int(1) NOT NULL DEFAULT 1,
  `picklist_valueid` int(11) NOT NULL DEFAULT 0,
  `sortorderid` int(11) DEFAULT 0,
  `color` varchar(10) DEFAULT NULL
) ENGINE=InnoDB DEFAULT CHARSET=utf8 COLLATE=utf8_general_ci;

--
-- Dumping data for table `vtiger_payment_type`
--

INSERT IGNORE INTO `vtiger_payment_type` (`payment_typeid`, `payment_type`, `presence`, `picklist_valueid`, `sortorderid`, `color`) VALUES
(1, 'InvoicePayment', 1, 372, 1, NULL),
(2, 'AdvancePayment', 1, 373, 2, NULL),
(3, 'Refund', 1, 374, 3, NULL),
(4, 'Other', 1, 375, 4, NULL);

-- --------------------------------------------------------

--
-- Table structure for table `vtiger_payment_type_seq`
--

CREATE TABLE `vtiger_payment_type_seq` (
  `id` int(11) NOT NULL
) ENGINE=InnoDB DEFAULT CHARSET=utf8 COLLATE=utf8_unicode_ci;

--
-- Dumping data for table `vtiger_payment_type_seq`
--

INSERT IGNORE INTO `vtiger_payment_type_seq` (`id`) VALUES
(4);

-- --------------------------------------------------------

--
-- Table structure for table `vtiger_pbxmanager`
--

CREATE TABLE `vtiger_pbxmanager` (
  `pbxmanagerid` int(20) NOT NULL,
  `direction` varchar(10) DEFAULT NULL,
  `callstatus` varchar(20) DEFAULT NULL,
  `starttime` datetime DEFAULT NULL,
  `endtime` datetime DEFAULT NULL,
  `totalduration` int(11) DEFAULT NULL,
  `billduration` int(11) DEFAULT NULL,
  `recordingurl` varchar(200) DEFAULT NULL,
  `sourceuuid` varchar(100) DEFAULT NULL,
  `gateway` varchar(20) DEFAULT NULL,
  `customer` varchar(100) DEFAULT NULL,
  `user` varchar(100) DEFAULT NULL,
  `customernumber` varchar(100) DEFAULT NULL,
  `customertype` varchar(100) DEFAULT NULL
) ENGINE=InnoDB DEFAULT CHARSET=utf8 COLLATE=utf8_general_ci;

-- --------------------------------------------------------

--
-- Table structure for table `vtiger_pbxmanagercf`
--

CREATE TABLE `vtiger_pbxmanagercf` (
  `pbxmanagerid` int(11) NOT NULL
) ENGINE=InnoDB DEFAULT CHARSET=utf8 COLLATE=utf8_general_ci;

-- --------------------------------------------------------

--
-- Table structure for table `vtiger_pbxmanager_gateway`
--

CREATE TABLE `vtiger_pbxmanager_gateway` (
  `id` int(11) NOT NULL,
  `gateway` varchar(20) DEFAULT NULL,
  `parameters` text DEFAULT NULL
) ENGINE=InnoDB DEFAULT CHARSET=utf8 COLLATE=utf8_general_ci;

-- --------------------------------------------------------

--
-- Table structure for table `vtiger_pbxmanager_phonelookup`
--

CREATE TABLE `vtiger_pbxmanager_phonelookup` (
  `crmid` int(20) DEFAULT NULL,
  `setype` varchar(30) DEFAULT NULL,
  `fnumber` varchar(100) DEFAULT NULL,
  `rnumber` varchar(100) DEFAULT NULL,
  `fieldname` varchar(50) DEFAULT NULL
) ENGINE=InnoDB DEFAULT CHARSET=utf8 COLLATE=utf8_general_ci;

--
-- Dumping data for table `vtiger_pbxmanager_phonelookup`
--

INSERT IGNORE INTO `vtiger_pbxmanager_phonelookup` (`crmid`, `setype`, `fnumber`, `rnumber`, `fieldname`) VALUES
(2, 'Leads', '09119090378', '87309091190', 'mobile'),
(11, 'Contacts', '09119220020', '02002291190', 'mobile'),
(2063, 'Leads', '02155554444', '44445555120', 'phone'),
(2063, 'Leads', '09120000000', '00000002190', 'mobile'),
(2065, 'Leads', '0212222222', '2222222120', 'phone'),
(2221, 'Accounts', '02100002036', '63020000120', 'phone'),
(1012, 'Leads', '981320200208', '802002023189', 'phone'),
(2057, 'Leads', '983520202559', '955202025389', 'phone'),
(2286, 'Contacts', '989121234567', '765432121989', 'phone'),
(2286, 'Contacts', '989121234567', '765432121989', 'mobile');

-- --------------------------------------------------------

--
-- Table structure for table `vtiger_picklist`
--

CREATE TABLE `vtiger_picklist` (
  `picklistid` int(11) NOT NULL,
  `name` varchar(200) NOT NULL
) ENGINE=InnoDB DEFAULT CHARSET=utf8 COLLATE=utf8_general_ci;

--
-- Dumping data for table `vtiger_picklist`
--

INSERT IGNORE INTO `vtiger_picklist` (`picklistid`, `name`) VALUES
(77, 'access_level'),
(1, 'accounttype'),
(68, 'account_status'),
(67, 'account_type'),
(2, 'activitytype'),
(37, 'assetstatus'),
(3, 'campaignstatus'),
(4, 'campaigntype'),
(5, 'carrier'),
(53, 'cf_credit_source'),
(51, 'cf_credit_status'),
(52, 'cf_credit_type'),
(92, 'cf_forecast_category'),
(86, 'cf_grouping1'),
(87, 'cf_grouping2'),
(93, 'cf_invoice_cycles'),
(54, 'cf_invoice_kind'),
(64, 'cf_lead_party_type'),
(91, 'cf_loss_reason'),
(88, 'cf_opportunity_currency'),
(90, 'cf_opportunity_priority'),
(50, 'cf_party_type'),
(89, 'cf_sales_process'),
(63, 'channel'),
(33, 'contract_priority'),
(32, 'contract_status'),
(34, 'contract_type'),
(48, 'defaultactivitytype'),
(47, 'defaulteventstatus'),
(49, 'defaultlandingpage'),
(70, 'deposit_status'),
(69, 'deposit_type'),
(6, 'eventstatus'),
(7, 'expectedresponse'),
(8, 'faqcategories'),
(9, 'faqstatus'),
(75, 'gift_status'),
(10, 'glacct'),
(78, 'grant_status'),
(11, 'industry'),
(12, 'invoicestatus'),
(13, 'leadsource'),
(14, 'leadstatus'),
(66, 'list_status'),
(65, 'list_type'),
(72, 'location_status'),
(71, 'location_type'),
(15, 'manufacturer'),
(16, 'opportunity_type'),
(61, 'participation_status'),
(60, 'participation_type'),
(55, 'payment_direction'),
(57, 'payment_method'),
(56, 'payment_status'),
(58, 'payment_type'),
(17, 'postatus'),
(18, 'productcategory'),
(45, 'progress'),
(38, 'projectmilestonetype'),
(44, 'projectpriority'),
(42, 'projectstatus'),
(40, 'projecttaskpriority'),
(41, 'projecttaskprogress'),
(46, 'projecttaskstatus'),
(39, 'projecttasktype'),
(43, 'projecttype'),
(19, 'quotestage'),
(20, 'rating'),
(74, 'reservation_status'),
(62, 'response_status'),
(73, 'sales_channel'),
(21, 'sales_stage'),
(22, 'salutationtype'),
(76, 'sample_status'),
(81, 'sarv_delivery_format'),
(82, 'sarv_payment_method'),
(83, 'sarv_payment_status'),
(84, 'sarv_po_category'),
(85, 'sarv_print_template'),
(80, 'sarv_shipping_method'),
(79, 'sarv_sms_reminder'),
(36, 'servicecategory'),
(35, 'service_usageunit'),
(59, 'sms_reminder'),
(23, 'sostatus'),
(24, 'taskpriority'),
(25, 'taskstatus'),
(26, 'ticketcategories'),
(27, 'ticketpriorities'),
(28, 'ticketseverities'),
(29, 'ticketstatus'),
(31, 'tracking_unit'),
(30, 'usageunit');

-- --------------------------------------------------------

--
-- Table structure for table `vtiger_picklistvalues_seq`
--

CREATE TABLE `vtiger_picklistvalues_seq` (
  `id` int(11) NOT NULL
) ENGINE=InnoDB DEFAULT CHARSET=utf8mb4 COLLATE=utf8mb4_general_ci;

--
-- Dumping data for table `vtiger_picklistvalues_seq`
--

INSERT IGNORE INTO `vtiger_picklistvalues_seq` (`id`) VALUES
(518);

-- --------------------------------------------------------

--
-- Table structure for table `vtiger_picklist_dependency`
--

CREATE TABLE `vtiger_picklist_dependency` (
  `id` int(11) NOT NULL,
  `tabid` int(19) NOT NULL,
  `sourcefield` varchar(255) DEFAULT NULL,
  `targetfield` varchar(255) DEFAULT NULL,
  `sourcevalue` varchar(100) DEFAULT NULL,
  `targetvalues` text DEFAULT NULL,
  `criteria` text DEFAULT NULL
) ENGINE=InnoDB DEFAULT CHARSET=utf8 COLLATE=utf8_general_ci;

-- --------------------------------------------------------

--
-- Table structure for table `vtiger_picklist_seq`
--

CREATE TABLE `vtiger_picklist_seq` (
  `id` int(11) NOT NULL
) ENGINE=InnoDB DEFAULT CHARSET=utf8mb4 COLLATE=utf8mb4_general_ci;

--
-- Dumping data for table `vtiger_picklist_seq`
--

INSERT IGNORE INTO `vtiger_picklist_seq` (`id`) VALUES
(93);

-- --------------------------------------------------------

--
-- Table structure for table `vtiger_picklist_transitions`
--

CREATE TABLE `vtiger_picklist_transitions` (
  `fieldname` varchar(255) NOT NULL,
  `module` varchar(100) NOT NULL,
  `transition_data` varchar(1000) NOT NULL
) ENGINE=InnoDB DEFAULT CHARSET=utf8 COLLATE=utf8_general_ci;

-- --------------------------------------------------------

--
-- Table structure for table `vtiger_pobillads`
--

CREATE TABLE `vtiger_pobillads` (
  `pobilladdressid` int(19) NOT NULL DEFAULT 0,
  `bill_city` varchar(30) DEFAULT NULL,
  `bill_code` varchar(30) DEFAULT NULL,
  `bill_country` varchar(30) DEFAULT NULL,
  `bill_state` varchar(30) DEFAULT NULL,
  `bill_street` varchar(250) DEFAULT NULL,
  `bill_pobox` varchar(30) DEFAULT NULL
) ENGINE=InnoDB DEFAULT CHARSET=utf8 COLLATE=utf8_general_ci;

--
-- Dumping data for table `vtiger_pobillads`
--

INSERT IGNORE INTO `vtiger_pobillads` (`pobilladdressid`, `bill_city`, `bill_code`, `bill_country`, `bill_state`, `bill_street`, `bill_pobox`) VALUES
(2150, '', '', '', '', 'تهران', ''),
(2268, 'تهران', '۱۵۸۷۶۱۳۴۱۱', 'ایران', 'تهران', 'تهران، خیابان نمونه، پلاک ۱۰', '۱۱۳۶۹');

-- --------------------------------------------------------

--
-- Table structure for table `vtiger_portal`
--

CREATE TABLE `vtiger_portal` (
  `portalid` int(19) NOT NULL,
  `portalname` varchar(200) NOT NULL,
  `portalurl` varchar(255) NOT NULL,
  `sequence` int(3) NOT NULL,
  `setdefault` int(3) NOT NULL DEFAULT 0,
  `createdtime` datetime DEFAULT NULL
) ENGINE=InnoDB DEFAULT CHARSET=utf8 COLLATE=utf8_general_ci;

-- --------------------------------------------------------

--
-- Table structure for table `vtiger_poshipads`
--

CREATE TABLE `vtiger_poshipads` (
  `poshipaddressid` int(19) NOT NULL DEFAULT 0,
  `ship_city` varchar(30) DEFAULT NULL,
  `ship_code` varchar(30) DEFAULT NULL,
  `ship_country` varchar(30) DEFAULT NULL,
  `ship_state` varchar(30) DEFAULT NULL,
  `ship_street` varchar(250) DEFAULT NULL,
  `ship_pobox` varchar(30) DEFAULT NULL
) ENGINE=InnoDB DEFAULT CHARSET=utf8 COLLATE=utf8_general_ci;

--
-- Dumping data for table `vtiger_poshipads`
--

INSERT IGNORE INTO `vtiger_poshipads` (`poshipaddressid`, `ship_city`, `ship_code`, `ship_country`, `ship_state`, `ship_street`, `ship_pobox`) VALUES
(2150, '', '', '', '', 'تهران', ''),
(2268, 'تهران', '۱۵۸۷۶۱۳۴۱۱', 'ایران', 'تهران', 'تهران، خیابان نمونه، پلاک ۱۰', '۱۱۳۶۹');

-- --------------------------------------------------------

--
-- Table structure for table `vtiger_postatus`
--

CREATE TABLE `vtiger_postatus` (
  `postatusid` int(19) NOT NULL,
  `postatus` varchar(200) NOT NULL,
  `presence` int(1) NOT NULL DEFAULT 1,
  `picklist_valueid` int(19) NOT NULL DEFAULT 0,
  `sortorderid` int(11) DEFAULT NULL,
  `color` varchar(10) DEFAULT NULL
) ENGINE=InnoDB DEFAULT CHARSET=utf8 COLLATE=utf8_general_ci;

--
-- Dumping data for table `vtiger_postatus`
--

INSERT IGNORE INTO `vtiger_postatus` (`postatusid`, `postatus`, `presence`, `picklist_valueid`, `sortorderid`, `color`) VALUES
(1, 'Created', 0, 130, 0, NULL),
(2, 'Approved', 0, 131, 1, NULL),
(3, 'Delivered', 0, 132, 2, NULL),
(4, 'Cancelled', 0, 133, 3, NULL),
(5, 'Received Shipment', 0, 134, 4, NULL);

-- --------------------------------------------------------

--
-- Table structure for table `vtiger_postatushistory`
--

CREATE TABLE `vtiger_postatushistory` (
  `historyid` int(19) NOT NULL,
  `purchaseorderid` int(19) NOT NULL,
  `vendorname` varchar(255) DEFAULT NULL,
  `total` decimal(25,8) DEFAULT NULL,
  `postatus` varchar(200) DEFAULT NULL,
  `lastmodified` datetime DEFAULT NULL
) ENGINE=InnoDB DEFAULT CHARSET=utf8 COLLATE=utf8_general_ci;

--
-- Dumping data for table `vtiger_postatushistory`
--

INSERT IGNORE INTO `vtiger_postatushistory` (`historyid`, `purchaseorderid`, `vendorname`, `total`, `postatus`, `lastmodified`) VALUES
(1, 2150, 'بازرگانی پارت تامین (مثال)', 15000000.00000000, 'Approved', '2026-07-16 00:38:10'),
(52, 2268, 'بازرگانی پارت تامین (مثال)', 110000000.00000000, 'Created', '2026-07-29 12:55:23');

-- --------------------------------------------------------

--
-- Table structure for table `vtiger_postatus_seq`
--

CREATE TABLE `vtiger_postatus_seq` (
  `id` int(11) NOT NULL
) ENGINE=InnoDB DEFAULT CHARSET=utf8mb4 COLLATE=utf8mb4_general_ci;

--
-- Dumping data for table `vtiger_postatus_seq`
--

INSERT IGNORE INTO `vtiger_postatus_seq` (`id`) VALUES
(5);

-- --------------------------------------------------------

--
-- Table structure for table `vtiger_potential`
--

CREATE TABLE `vtiger_potential` (
  `potentialid` int(19) NOT NULL DEFAULT 0,
  `potential_no` varchar(100) NOT NULL,
  `related_to` int(19) DEFAULT NULL,
  `potentialname` varchar(120) NOT NULL,
  `amount` decimal(25,8) DEFAULT NULL,
  `currency` varchar(20) DEFAULT NULL,
  `closingdate` date DEFAULT NULL,
  `typeofrevenue` varchar(50) DEFAULT NULL,
  `nextstep` varchar(100) DEFAULT NULL,
  `private` int(1) DEFAULT 0,
  `probability` decimal(7,3) DEFAULT 0.000,
  `campaignid` int(19) DEFAULT NULL,
  `sales_stage` varchar(200) DEFAULT NULL,
  `potentialtype` varchar(200) DEFAULT NULL,
  `leadsource` varchar(200) DEFAULT NULL,
  `productid` int(50) DEFAULT NULL,
  `productversion` varchar(50) DEFAULT NULL,
  `quotationref` varchar(50) DEFAULT NULL,
  `partnercontact` varchar(50) DEFAULT NULL,
  `remarks` varchar(50) DEFAULT NULL,
  `runtimefee` int(19) DEFAULT 0,
  `followupdate` date DEFAULT NULL,
  `evaluationstatus` varchar(50) DEFAULT NULL,
  `description` text DEFAULT NULL,
  `forecastcategory` int(19) DEFAULT 0,
  `outcomeanalysis` int(19) DEFAULT 0,
  `forecast_amount` decimal(25,8) DEFAULT NULL,
  `isconvertedfromlead` varchar(3) DEFAULT '0',
  `contact_id` int(19) DEFAULT NULL,
  `tags` varchar(1) DEFAULT NULL,
  `converted` int(1) NOT NULL DEFAULT 0
) ENGINE=InnoDB DEFAULT CHARSET=utf8 COLLATE=utf8_general_ci;

--
-- Dumping data for table `vtiger_potential`
--

INSERT IGNORE INTO `vtiger_potential` (`potentialid`, `potential_no`, `related_to`, `potentialname`, `amount`, `currency`, `closingdate`, `typeofrevenue`, `nextstep`, `private`, `probability`, `campaignid`, `sales_stage`, `potentialtype`, `leadsource`, `productid`, `productversion`, `quotationref`, `partnercontact`, `remarks`, `runtimefee`, `followupdate`, `evaluationstatus`, `description`, `forecastcategory`, `outcomeanalysis`, `forecast_amount`, `isconvertedfromlead`, `contact_id`, `tags`, `converted`) VALUES
(1015, 'POT1015', 2028, 'هایتک - فرصت', 103550000.00000000, NULL, '2026-07-02', NULL, NULL, 0, 10.000, NULL, '۱.آشنایی اولیه', 'کسب و کار جدید', 'وب سایت', NULL, NULL, NULL, NULL, NULL, 0, NULL, NULL, NULL, 0, 0, NULL, '0', NULL, NULL, 0),
(1016, 'POT1016', 2029, 'لیما (مثال) - فرصت فروش پکیج پیشرفته', 98100000.00000000, NULL, '2026-08-12', NULL, NULL, 0, 10.000, NULL, '۱.آشنایی اولیه', 'کسب و کار جدید', 'وب سایت', NULL, NULL, NULL, NULL, NULL, 0, NULL, NULL, NULL, 0, 0, NULL, '0', NULL, NULL, 0),
(1017, 'POT1017', 25, 'کیان (مثال) - فرصت فروش پکیج ساده', 39240000.00000000, NULL, '2026-07-16', NULL, NULL, 0, 10.000, NULL, '۱.آشنایی اولیه', 'کسب و کار جدید', 'وب سایت', NULL, NULL, NULL, NULL, NULL, 0, NULL, NULL, NULL, 0, 0, NULL, '0', NULL, NULL, 0),
(1018, 'POT1018', 2030, 'رایتل - فرصت', 52000000.00000000, NULL, '2026-08-04', NULL, NULL, 0, 10.000, NULL, '۱.آشنایی اولیه', 'کسب و کار جدید', 'وب سایت', NULL, NULL, NULL, NULL, NULL, 0, NULL, NULL, NULL, 0, 0, NULL, '0', NULL, NULL, 0),
(1019, 'POT1019', 2031, 'سبزیاران - فرصت', 70632000.00000000, NULL, '2026-08-19', NULL, NULL, 0, 10.000, NULL, '۱.آشنایی اولیه', 'کسب و کار جدید', 'وب سایت', NULL, NULL, NULL, NULL, NULL, 0, NULL, NULL, NULL, 0, 0, NULL, '0', NULL, NULL, 0),
(1020, 'POT1020', 21, 'پیشگامان صنعت داده (مثال) - فرصت', 109000000.00000000, NULL, '2026-08-13', NULL, NULL, 0, 10.000, NULL, '۱.آشنایی اولیه', 'کسب و کار جدید', 'وب سایت', NULL, NULL, NULL, NULL, NULL, 0, NULL, NULL, NULL, 0, 0, NULL, '0', NULL, NULL, 0),
(1021, 'POT1021', 2032, 'طلایه داران (مثال) - فرصت فروش پکیج ساده', 13080000.00000000, NULL, '2026-07-01', NULL, NULL, 0, 30.000, NULL, '۲.ارزیابی و تحلیل نیاز', 'کسب و کار جدید', 'وب سایت', NULL, NULL, NULL, NULL, NULL, 0, NULL, NULL, NULL, 0, 0, NULL, '0', NULL, NULL, 0),
(1022, 'POT1022', 2030, 'رایتل (مثال) - فرصت', 65400000.00000000, NULL, '2026-07-04', NULL, NULL, 0, 30.000, NULL, '۲.ارزیابی و تحلیل نیاز', 'کسب و کار جدید', 'وب سایت', NULL, NULL, NULL, NULL, NULL, 0, NULL, NULL, NULL, 0, 0, NULL, '0', NULL, NULL, 0),
(1023, 'POT1023', 2031, 'سبزیاران (مثال) - فرصت فروش پکیج ساده', 52320000.00000000, NULL, '2026-07-21', NULL, NULL, 0, 30.000, NULL, '۲.ارزیابی و تحلیل نیاز', 'کسب و کار جدید', 'وب سایت', NULL, NULL, NULL, NULL, NULL, 0, NULL, NULL, NULL, 0, 0, NULL, '0', NULL, NULL, 0),
(1024, 'POT1024', 20, 'فروش پکیج اختصاصی (مثال)', 209280000.00000000, NULL, '2026-07-06', NULL, NULL, 0, 50.000, NULL, '۳.ارائه پیشنهاد/پیش فاکتور', 'کسب و کار جدید', 'وب سایت', NULL, NULL, NULL, NULL, NULL, 0, NULL, NULL, NULL, 0, 0, NULL, '0', NULL, NULL, 0),
(1025, 'POT1025', 2033, 'شباهنگ (مثال) - فرصت فروش پکیج اختصاصی', 196200000.00000000, NULL, '2026-06-28', NULL, NULL, 0, 50.000, NULL, '۳.ارائه پیشنهاد/پیش فاکتور', 'کسب و کار جدید', 'وب سایت', NULL, NULL, NULL, NULL, NULL, 0, NULL, NULL, NULL, 0, 0, NULL, '0', NULL, NULL, 0),
(1026, 'POT1026', 2034, 'آذر مهر (مثال) - فرصت فروش ساده', 91560000.00000000, NULL, '2026-07-01', NULL, NULL, 0, 50.000, NULL, '۳.ارائه پیشنهاد/پیش فاکتور', 'کسب و کار جدید', 'وب سایت', NULL, NULL, NULL, NULL, NULL, 0, NULL, NULL, NULL, 0, 0, NULL, '0', NULL, NULL, 0),
(2038, 'POT2', 2035, 'نیروی ماهواره ای کوچک - فرصت', 786544000.00000000, NULL, '2026-07-31', NULL, NULL, 0, 50.000, NULL, '۳.ارائه پیشنهاد/پیش فاکتور', 'کسب و کار جدید', 'وب سایت', NULL, NULL, NULL, NULL, NULL, 0, NULL, NULL, NULL, 0, 0, NULL, '0', NULL, NULL, 0),
(2039, 'POT3', 2034, 'آذر مهر (مثال) - فرصت فروش پیشرفته', 114450000.00000000, NULL, '2026-06-26', NULL, NULL, 0, 80.000, NULL, '۴.مذاکره نهایی', 'کسب و کار جدید', 'وب سایت', NULL, NULL, NULL, NULL, NULL, 0, NULL, NULL, NULL, 0, 0, NULL, '0', NULL, NULL, 0),
(2040, 'POT4', 2036, 'آقای کامران دادجو (مثال) - فرصت فروش پکیج پیشرفته', 16350000.00000000, NULL, '2026-06-30', NULL, NULL, 0, 80.000, NULL, '۴.مذاکره نهایی', 'کسب و کار جدید', 'وب سایت', NULL, NULL, NULL, NULL, NULL, 0, NULL, NULL, NULL, 0, 0, NULL, '0', NULL, NULL, 0),
(2041, 'POT5', 23, 'الکترونیک گستر - فروش پکیج (مثال)', 84000000.00000000, NULL, '2026-06-21', NULL, NULL, 0, 100.000, NULL, '۵.الف.فروش موفق', 'کسب و کار جدید', 'وب سایت', NULL, NULL, NULL, NULL, NULL, 0, NULL, NULL, NULL, 0, 0, NULL, '0', NULL, NULL, 0),
(2042, 'POT6', 24, 'اورنگ (مثال) - فرصت فروش پیشرفته', 98100000.00000000, NULL, '2026-06-21', NULL, NULL, 0, 100.000, NULL, '۵.الف.فروش موفق', 'کسب و کار جدید', 'وب سایت', NULL, NULL, NULL, NULL, NULL, 0, NULL, NULL, NULL, 0, 0, NULL, '0', NULL, NULL, 0),
(2043, 'POT7', 25, 'کیان (مثال) - فرصت', 20000000.00000000, NULL, '2026-06-12', NULL, NULL, 0, 100.000, NULL, '۵.الف.فروش موفق', 'کسب و کار جدید', 'وب سایت', NULL, NULL, NULL, NULL, NULL, 0, NULL, NULL, NULL, 0, 0, NULL, '0', NULL, NULL, 0),
(2044, 'POT8', 2037, 'زامیاد (مثال) - فرصت فروش پکیج اختصاصی', 43600000.00000000, NULL, '2026-06-21', NULL, NULL, 0, 0.000, NULL, '۵.ب.فروش ناموفق', 'کسب و کار جدید', 'وب سایت', NULL, NULL, NULL, NULL, NULL, 0, NULL, NULL, NULL, 0, 0, NULL, '0', NULL, NULL, 0),
(2045, 'POT9', 24, 'اورنگ (مثال) - فرصت فروش پکیج اختصاصی', 152600000.00000000, NULL, '2026-06-19', NULL, NULL, 0, 0.000, NULL, '۵.ب.فروش ناموفق', 'کسب و کار جدید', 'وب سایت', NULL, NULL, NULL, NULL, NULL, 0, NULL, NULL, NULL, 0, 0, NULL, '0', NULL, NULL, 0),
(2046, 'POT2046', 2034, 'تست سیستم - فرصت گویا', 48500000.00000000, NULL, '2026-07-27', NULL, '', 0, 100.000, 0, '۵.الف.فروش موفق', '', 'نمایشگاه', NULL, NULL, NULL, NULL, NULL, 0, NULL, NULL, NULL, 0, 0, 48500000.00000000, '0', 0, '', 0),
(2047, 'POT11', 2028, 'فرصت ورودی تست ۱', 27500000.00000000, NULL, '2026-08-06', NULL, NULL, 0, 30.000, NULL, '۲.ارزیابی و تحلیل نیاز', 'کسب و کار جدید', 'وب سایت', NULL, NULL, NULL, NULL, NULL, 0, NULL, NULL, NULL, 0, 0, NULL, '0', NULL, NULL, 0),
(2048, 'POT12', 2029, 'فرصت ورودی تست ۲', 64000000.00000000, NULL, '2026-08-11', NULL, NULL, 0, 10.000, NULL, '۱.آشنایی اولیه', 'کسب و کار جدید', 'نمایشگاه', NULL, NULL, NULL, NULL, NULL, 0, NULL, NULL, NULL, 0, 0, NULL, '0', NULL, NULL, 0),
(2049, 'POT2049', 2028, 'نمونه تست B - فروش موفق تیر', 60000000.00000000, NULL, '2026-07-11', NULL, '', 0, 100.000, 0, '۵.الف.فروش موفق', 'مشتری موجود / تمدید', 'مشتری موجود', NULL, NULL, NULL, NULL, NULL, 0, NULL, NULL, NULL, 0, 0, 60000000.00000000, '0', 0, '', 0),
(2050, 'POT13', 2037, 'نمونه تست C - سررسید گذشته', 33000000.00000000, NULL, '2026-05-31', NULL, 'پیگیری تلفنی', 0, 30.000, 0, '۲.ارزیابی و تحلیل نیاز', '', 'تماس سرد', NULL, NULL, NULL, NULL, NULL, 0, NULL, NULL, NULL, 0, 0, 9900000.00000000, '0', 0, '', 0),
(2051, 'POT15', 2033, 'فرصت ورودی G1 - احتمال دستی', 72000000.00000000, NULL, '2026-08-16', NULL, NULL, 0, 45.000, NULL, '۴.مذاکره نهایی', 'کسب و کار جدید', 'تبلیغات', NULL, NULL, NULL, NULL, NULL, 0, NULL, NULL, NULL, 0, 0, NULL, '0', NULL, NULL, 0),
(2052, 'POT16', 0, 'فرصت ورودی G2 - بدون کاربر', 18000000.00000000, NULL, '2026-09-24', NULL, NULL, 0, 10.000, NULL, '۱.آشنایی اولیه', 'کسب و کار جدید', 'سایر', NULL, NULL, NULL, NULL, NULL, 0, NULL, NULL, NULL, 0, 0, 1800000.00000000, '0', NULL, NULL, 0),
(2530, 'POT1101', 20, 'آزمون عملی فرم فرصت گویا 1786346601193', 2500000.00000000, NULL, '2026-08-10', NULL, '', 0, 50.000, 0, '۳.ارائه پیشنهاد/پیش فاکتور', '', '', NULL, NULL, NULL, NULL, NULL, 0, NULL, NULL, NULL, 0, 0, 1250000.00000000, '0', 0, '', 0);

-- --------------------------------------------------------

--
-- Table structure for table `vtiger_potentialscf`
--

CREATE TABLE `vtiger_potentialscf` (
  `potentialid` int(19) NOT NULL DEFAULT 0,
  `cf_sales_channel` varchar(100) DEFAULT NULL,
  `cf_opportunity_currency` varchar(50) DEFAULT NULL,
  `cf_price_basis` int(19) DEFAULT NULL,
  `cf_sales_process` varchar(100) DEFAULT NULL,
  `cf_opportunity_priority` varchar(100) DEFAULT NULL,
  `cf_project_id` int(19) DEFAULT NULL,
  `cf_loss_reason` varchar(255) DEFAULT NULL,
  `cf_forecast_category` varchar(100) DEFAULT NULL,
  `cf_invoice_cycles` varchar(100) DEFAULT NULL,
  `cf_payment_end_date` date DEFAULT NULL
) ENGINE=InnoDB DEFAULT CHARSET=utf8 COLLATE=utf8_general_ci;

--
-- Dumping data for table `vtiger_potentialscf`
--

INSERT IGNORE INTO `vtiger_potentialscf` (`potentialid`, `cf_sales_channel`, `cf_opportunity_currency`, `cf_price_basis`, `cf_sales_process`, `cf_opportunity_priority`, `cf_project_id`, `cf_loss_reason`, `cf_forecast_category`, `cf_invoice_cycles`, `cf_payment_end_date`) VALUES
(1015, 'تلفنی', NULL, NULL, NULL, NULL, NULL, NULL, NULL, NULL, NULL),
(1016, 'حضوری', NULL, NULL, NULL, NULL, NULL, NULL, NULL, NULL, NULL),
(1017, 'آنلاین', NULL, NULL, NULL, NULL, NULL, NULL, NULL, NULL, NULL),
(1018, 'تلفنی', NULL, NULL, NULL, NULL, NULL, NULL, NULL, NULL, NULL),
(1019, 'حضوری', NULL, NULL, NULL, NULL, NULL, NULL, NULL, NULL, NULL),
(1020, 'آنلاین', NULL, NULL, NULL, NULL, NULL, NULL, NULL, NULL, NULL),
(1021, 'تلفنی', NULL, NULL, NULL, NULL, NULL, NULL, NULL, NULL, NULL),
(1022, 'حضوری', NULL, NULL, NULL, NULL, NULL, NULL, NULL, NULL, NULL),
(1023, 'نمایندگی', NULL, NULL, NULL, NULL, NULL, NULL, NULL, NULL, NULL),
(1024, 'حضوری', NULL, NULL, NULL, NULL, NULL, NULL, NULL, NULL, NULL),
(1025, 'تلفنی', NULL, NULL, NULL, NULL, NULL, NULL, NULL, NULL, NULL),
(1026, 'آنلاین', NULL, NULL, NULL, NULL, NULL, NULL, NULL, NULL, NULL),
(2038, 'حضوری', NULL, NULL, NULL, NULL, NULL, NULL, NULL, NULL, NULL),
(2039, 'حضوری', NULL, NULL, NULL, NULL, NULL, NULL, NULL, NULL, NULL),
(2040, 'تلفنی', NULL, NULL, NULL, NULL, NULL, NULL, NULL, NULL, NULL),
(2041, 'حضوری', NULL, NULL, NULL, NULL, NULL, NULL, NULL, NULL, NULL),
(2042, 'تلفنی', NULL, NULL, NULL, NULL, NULL, NULL, NULL, NULL, NULL),
(2043, 'آنلاین', NULL, NULL, NULL, NULL, NULL, NULL, NULL, NULL, NULL),
(2044, 'حضوری', NULL, NULL, NULL, NULL, NULL, NULL, NULL, NULL, NULL),
(2045, 'تلفنی', NULL, NULL, NULL, NULL, NULL, NULL, NULL, NULL, NULL),
(2046, 'نمایندگی', NULL, NULL, NULL, NULL, NULL, NULL, NULL, NULL, NULL),
(2047, 'آنلاین', NULL, NULL, NULL, NULL, NULL, NULL, NULL, NULL, NULL),
(2048, 'حضوری', NULL, NULL, NULL, NULL, NULL, NULL, NULL, NULL, NULL),
(2049, 'آنلاین', NULL, NULL, NULL, NULL, NULL, NULL, NULL, NULL, NULL),
(2050, 'حضوری', NULL, NULL, NULL, NULL, NULL, NULL, NULL, NULL, NULL),
(2051, 'نمایندگی', NULL, NULL, NULL, NULL, NULL, NULL, NULL, NULL, NULL),
(2052, 'آنلاین', NULL, NULL, NULL, NULL, NULL, NULL, NULL, NULL, NULL),
(2530, '', 'Rial : ریال', 0, 'پیش فرض', 'متوسط', 0, '', 'اعمال', 'بدون تکرار', NULL);

-- --------------------------------------------------------

--
-- Table structure for table `vtiger_potstagehistory`
--

CREATE TABLE `vtiger_potstagehistory` (
  `historyid` int(19) NOT NULL,
  `potentialid` int(19) NOT NULL,
  `amount` decimal(10,0) DEFAULT NULL,
  `stage` varchar(100) DEFAULT NULL,
  `probability` decimal(7,3) DEFAULT NULL,
  `expectedrevenue` decimal(10,0) DEFAULT NULL,
  `closedate` date DEFAULT NULL,
  `lastmodified` datetime DEFAULT NULL
) ENGINE=InnoDB DEFAULT CHARSET=utf8 COLLATE=utf8_general_ci;

-- --------------------------------------------------------

--
-- Table structure for table `vtiger_pricebook`
--

CREATE TABLE `vtiger_pricebook` (
  `pricebookid` int(19) NOT NULL DEFAULT 0,
  `pricebook_no` varchar(100) NOT NULL,
  `bookname` varchar(100) DEFAULT NULL,
  `active` int(1) DEFAULT NULL,
  `currency_id` int(19) NOT NULL DEFAULT 1,
  `tags` varchar(1) DEFAULT NULL
) ENGINE=InnoDB DEFAULT CHARSET=utf8 COLLATE=utf8_general_ci;

-- --------------------------------------------------------

--
-- Table structure for table `vtiger_pricebookcf`
--

CREATE TABLE `vtiger_pricebookcf` (
  `pricebookid` int(19) NOT NULL DEFAULT 0
) ENGINE=InnoDB DEFAULT CHARSET=utf8 COLLATE=utf8_general_ci;

-- --------------------------------------------------------

--
-- Table structure for table `vtiger_pricebookproductrel`
--

CREATE TABLE `vtiger_pricebookproductrel` (
  `pricebookid` int(19) NOT NULL,
  `productid` int(19) NOT NULL,
  `listprice` decimal(27,8) DEFAULT NULL,
  `usedcurrency` int(11) NOT NULL DEFAULT 1
) ENGINE=InnoDB DEFAULT CHARSET=utf8 COLLATE=utf8_general_ci;

-- --------------------------------------------------------

--
-- Table structure for table `vtiger_priority`
--

CREATE TABLE `vtiger_priority` (
  `priorityid` int(19) NOT NULL,
  `priority` varchar(200) NOT NULL,
  `sortorderid` int(19) NOT NULL DEFAULT 0,
  `presence` int(1) NOT NULL DEFAULT 1
) ENGINE=InnoDB DEFAULT CHARSET=utf8 COLLATE=utf8_general_ci;

-- --------------------------------------------------------

--
-- Table structure for table `vtiger_productcategory`
--

CREATE TABLE `vtiger_productcategory` (
  `productcategoryid` int(19) NOT NULL,
  `productcategory` varchar(200) NOT NULL,
  `presence` int(1) NOT NULL DEFAULT 1,
  `picklist_valueid` int(19) NOT NULL DEFAULT 0,
  `sortorderid` int(11) DEFAULT NULL,
  `color` varchar(10) DEFAULT NULL
) ENGINE=InnoDB DEFAULT CHARSET=utf8 COLLATE=utf8_general_ci;

--
-- Dumping data for table `vtiger_productcategory`
--

INSERT IGNORE INTO `vtiger_productcategory` (`productcategoryid`, `productcategory`, `presence`, `picklist_valueid`, `sortorderid`, `color`) VALUES
(2, 'Hardware', 1, 136, 1, NULL),
(3, 'Software', 1, 137, 2, NULL),
(4, 'CRM Applications', 1, 138, 3, NULL),
(5, 'نرم افزار', 1, 0, 4, NULL),
(6, 'خدمات', 1, 0, 5, NULL),
(7, 'پشتیبانی', 1, 0, 6, NULL);

-- --------------------------------------------------------

--
-- Table structure for table `vtiger_productcategory_seq`
--

CREATE TABLE `vtiger_productcategory_seq` (
  `id` int(11) NOT NULL
) ENGINE=InnoDB DEFAULT CHARSET=utf8mb4 COLLATE=utf8mb4_general_ci;

--
-- Dumping data for table `vtiger_productcategory_seq`
--

INSERT IGNORE INTO `vtiger_productcategory_seq` (`id`) VALUES
(4);

-- --------------------------------------------------------

--
-- Table structure for table `vtiger_productcf`
--

CREATE TABLE `vtiger_productcf` (
  `productid` int(19) NOT NULL DEFAULT 0
) ENGINE=InnoDB DEFAULT CHARSET=utf8 COLLATE=utf8_general_ci;

--
-- Dumping data for table `vtiger_productcf`
--

INSERT IGNORE INTO `vtiger_productcf` (`productid`) VALUES
(26),
(27),
(28),
(2053);

-- --------------------------------------------------------

--
-- Table structure for table `vtiger_productcurrencyrel`
--

CREATE TABLE `vtiger_productcurrencyrel` (
  `productid` int(11) NOT NULL,
  `currencyid` int(11) NOT NULL,
  `converted_price` decimal(28,8) DEFAULT NULL,
  `actual_price` decimal(28,8) DEFAULT NULL
) ENGINE=InnoDB DEFAULT CHARSET=utf8 COLLATE=utf8_general_ci;

-- --------------------------------------------------------

--
-- Table structure for table `vtiger_products`
--

CREATE TABLE `vtiger_products` (
  `productid` int(11) NOT NULL,
  `product_no` varchar(100) NOT NULL,
  `productname` varchar(255) DEFAULT NULL,
  `productcode` varchar(40) DEFAULT NULL,
  `productcategory` varchar(200) DEFAULT NULL,
  `manufacturer` varchar(200) DEFAULT NULL,
  `qty_per_unit` decimal(11,2) DEFAULT 0.00,
  `unit_price` decimal(25,8) DEFAULT NULL,
  `weight` decimal(11,3) DEFAULT NULL,
  `pack_size` int(11) DEFAULT NULL,
  `sales_start_date` date DEFAULT NULL,
  `sales_end_date` date DEFAULT NULL,
  `start_date` date DEFAULT NULL,
  `expiry_date` date DEFAULT NULL,
  `cost_factor` int(11) DEFAULT NULL,
  `commissionrate` decimal(7,3) DEFAULT NULL,
  `commissionmethod` varchar(50) DEFAULT NULL,
  `discontinued` int(1) NOT NULL DEFAULT 0,
  `usageunit` varchar(200) DEFAULT NULL,
  `reorderlevel` int(11) DEFAULT NULL,
  `website` varchar(100) DEFAULT NULL,
  `taxclass` varchar(200) DEFAULT NULL,
  `mfr_part_no` varchar(200) DEFAULT NULL,
  `vendor_part_no` varchar(200) DEFAULT NULL,
  `serialno` varchar(200) DEFAULT NULL,
  `qtyinstock` decimal(25,3) DEFAULT NULL,
  `productsheet` varchar(200) DEFAULT NULL,
  `qtyindemand` int(11) DEFAULT NULL,
  `glacct` varchar(200) DEFAULT NULL,
  `vendor_id` int(11) DEFAULT NULL,
  `imagename` text DEFAULT NULL,
  `currency_id` int(19) NOT NULL DEFAULT 1,
  `is_subproducts_viewable` int(1) DEFAULT 1,
  `purchase_cost` decimal(27,8) DEFAULT NULL,
  `tags` varchar(1) DEFAULT NULL
) ENGINE=InnoDB DEFAULT CHARSET=utf8 COLLATE=utf8_general_ci;

--
-- Dumping data for table `vtiger_products`
--

INSERT IGNORE INTO `vtiger_products` (`productid`, `product_no`, `productname`, `productcode`, `productcategory`, `manufacturer`, `qty_per_unit`, `unit_price`, `weight`, `pack_size`, `sales_start_date`, `sales_end_date`, `start_date`, `expiry_date`, `cost_factor`, `commissionrate`, `commissionmethod`, `discontinued`, `usageunit`, `reorderlevel`, `website`, `taxclass`, `mfr_part_no`, `vendor_part_no`, `serialno`, `qtyinstock`, `productsheet`, `qtyindemand`, `glacct`, `vendor_id`, `imagename`, `currency_id`, `is_subproducts_viewable`, `purchase_cost`, `tags`) VALUES
(26, 'PRO26', 'طراحی وب‌سایت (مثال)', NULL, 'خدمات', NULL, 0.00, 50000000.00000000, NULL, NULL, NULL, NULL, NULL, NULL, NULL, NULL, NULL, 1, NULL, NULL, NULL, NULL, NULL, NULL, NULL, 999.000, NULL, NULL, NULL, NULL, NULL, 1, 1, NULL, NULL),
(27, 'PRO27', 'اپلیکیشن موبایل (مثال)', NULL, 'نرم افزار', NULL, 0.00, 80000000.00000000, NULL, NULL, NULL, NULL, NULL, NULL, NULL, NULL, NULL, 1, NULL, NULL, NULL, NULL, NULL, NULL, NULL, 997.000, NULL, NULL, NULL, NULL, NULL, 1, 1, NULL, NULL),
(28, 'PRO28', 'پشتیبانی سالانه (مثال)', NULL, 'پشتیبانی', NULL, 0.00, 20000000.00000000, NULL, NULL, NULL, NULL, NULL, NULL, NULL, NULL, NULL, 1, NULL, NULL, NULL, NULL, NULL, NULL, NULL, 1000.000, NULL, NULL, NULL, NULL, NULL, 1, 1, NULL, NULL),
(2053, 'PRO2053', 'پکیج پیشرفته (مثال)', NULL, 'نرم افزار', NULL, 0.00, 15000000.00000000, NULL, NULL, NULL, NULL, NULL, NULL, NULL, NULL, NULL, 1, NULL, NULL, NULL, NULL, NULL, NULL, NULL, 999.000, NULL, NULL, NULL, NULL, NULL, 1, 1, NULL, NULL);

-- --------------------------------------------------------

--
-- Table structure for table `vtiger_producttaxrel`
--

CREATE TABLE `vtiger_producttaxrel` (
  `productid` int(11) NOT NULL,
  `taxid` int(3) NOT NULL,
  `taxpercentage` decimal(7,3) DEFAULT NULL,
  `regions` text DEFAULT NULL
) ENGINE=InnoDB DEFAULT CHARSET=utf8 COLLATE=utf8_general_ci;

-- --------------------------------------------------------

--
-- Table structure for table `vtiger_profile`
--

CREATE TABLE `vtiger_profile` (
  `profileid` int(10) NOT NULL,
  `profilename` varchar(50) NOT NULL,
  `description` text DEFAULT NULL,
  `directly_related_to_role` int(1) DEFAULT 0
) ENGINE=InnoDB DEFAULT CHARSET=utf8 COLLATE=utf8_general_ci;

--
-- Dumping data for table `vtiger_profile`
--

INSERT IGNORE INTO `vtiger_profile` (`profileid`, `profilename`, `description`, `directly_related_to_role`) VALUES
(1, 'Administrator', 'Admin Profile', 0),
(2, 'Sales Profile', 'Profile Related to Sales', 0),
(3, 'Support Profile', 'Profile Related to Support', 0),
(4, 'Guest Profile', 'Guest Profile for Test Users', 0),
(5, 'CEO - دسترسی نقش', 'پروفایل اختصاصی و قابل ممیزی برای نقش CEO', 1),
(6, 'Vice President - دسترسی نقش', 'پروفایل اختصاصی و قابل ممیزی برای نقش Vice President', 1),
(7, 'Sales Manager - دسترسی نقش', 'پروفایل اختصاصی و قابل ممیزی برای نقش Sales Manager', 1),
(8, 'Sales Person - دسترسی نقش', 'پروفایل اختصاصی و قابل ممیزی برای نقش Sales Person', 1),
(32, 'آزمون گویا - مجاز - 20260801-073004 - profile', 'نقش آزمایشی خودکار برای اعتبارسنجی دسترسی کاربران فاقد نقش - allow', 1),
(33, 'آزمون گویا - ارث‌بری - 20260801-073004 - profile', 'نقش آزمایشی خودکار برای اعتبارسنجی دسترسی کاربران فاقد نقش - inherit', 1),
(34, 'آزمون گویا - محدود - 20260801-073004 - دسترسی نقش', 'نقش آزمایشی خودکار برای اعتبارسنجی دسترسی کاربران فاقد نقش - deny', 1);

-- --------------------------------------------------------

--
-- Table structure for table `vtiger_profile2field`
--

CREATE TABLE `vtiger_profile2field` (
  `profileid` int(11) NOT NULL,
  `tabid` int(10) DEFAULT NULL,
  `fieldid` int(19) NOT NULL,
  `visible` int(19) DEFAULT NULL,
  `readonly` int(19) DEFAULT NULL
) ENGINE=InnoDB DEFAULT CHARSET=utf8 COLLATE=utf8_general_ci;

--
-- Dumping data for table `vtiger_profile2field`
--

INSERT IGNORE INTO `vtiger_profile2field` (`profileid`, `tabid`, `fieldid`, `visible`, `readonly`) VALUES
(1, 6, 1, 0, 0),
(1, 6, 2, 0, 0),
(1, 6, 3, 0, 0),
(1, 6, 4, 0, 0),
(1, 6, 5, 0, 0),
(1, 6, 6, 0, 0),
(1, 6, 7, 0, 0),
(1, 6, 8, 0, 0),
(1, 6, 9, 0, 0),
(1, 6, 10, 0, 0),
(1, 6, 11, 0, 0),
(1, 6, 12, 0, 0),
(1, 6, 13, 0, 0),
(1, 6, 14, 0, 0),
(1, 6, 15, 0, 0),
(1, 6, 16, 0, 0),
(1, 6, 17, 0, 0),
(1, 6, 18, 0, 0),
(1, 6, 19, 0, 0),
(1, 6, 20, 0, 0),
(1, 6, 21, 0, 0),
(1, 6, 22, 0, 0),
(1, 6, 23, 0, 0),
(1, 6, 24, 0, 0),
(1, 6, 25, 0, 0),
(1, 6, 26, 0, 0),
(1, 6, 27, 0, 0),
(1, 6, 28, 0, 0),
(1, 6, 29, 0, 0),
(1, 6, 30, 0, 0),
(1, 6, 31, 0, 0),
(1, 6, 32, 0, 0),
(1, 6, 33, 0, 0),
(1, 6, 34, 0, 0),
(1, 6, 35, 0, 0),
(1, 6, 36, 0, 0),
(1, 7, 37, 0, 0),
(1, 7, 38, 0, 0),
(1, 7, 39, 0, 0),
(1, 7, 40, 0, 0),
(1, 7, 41, 0, 0),
(1, 7, 42, 0, 0),
(1, 7, 43, 0, 0),
(1, 7, 44, 0, 0),
(1, 7, 45, 0, 0),
(1, 7, 46, 0, 0),
(1, 7, 47, 0, 0),
(1, 7, 48, 0, 0),
(1, 7, 49, 0, 0),
(1, 7, 50, 0, 0),
(1, 7, 51, 0, 0),
(1, 7, 52, 0, 0),
(1, 7, 53, 0, 0),
(1, 7, 54, 0, 0),
(1, 7, 55, 0, 0),
(1, 7, 56, 0, 0),
(1, 7, 57, 0, 0),
(1, 7, 58, 0, 0),
(1, 7, 59, 0, 0),
(1, 7, 60, 0, 0),
(1, 7, 61, 0, 0),
(1, 7, 62, 0, 0),
(1, 7, 63, 0, 0),
(1, 7, 64, 0, 0),
(1, 7, 65, 0, 0),
(1, 4, 66, 0, 0),
(1, 4, 67, 0, 0),
(1, 4, 68, 0, 0),
(1, 4, 69, 0, 0),
(1, 4, 70, 0, 0),
(1, 4, 71, 0, 0),
(1, 4, 72, 0, 0),
(1, 4, 73, 0, 0),
(1, 4, 74, 0, 0),
(1, 4, 75, 0, 0),
(1, 4, 76, 0, 0),
(1, 4, 77, 0, 0),
(1, 4, 78, 0, 0),
(1, 4, 79, 0, 0),
(1, 4, 80, 0, 0),
(1, 4, 81, 0, 0),
(1, 4, 82, 0, 0),
(1, 4, 83, 0, 0),
(1, 4, 84, 0, 0),
(1, 4, 85, 0, 0),
(1, 4, 86, 0, 0),
(1, 4, 87, 0, 0),
(1, 4, 88, 0, 0),
(1, 4, 89, 0, 0),
(1, 4, 90, 0, 0),
(1, 4, 91, 0, 0),
(1, 4, 92, 0, 0),
(1, 4, 93, 0, 0),
(1, 4, 94, 0, 0),
(1, 4, 95, 0, 0),
(1, 4, 96, 0, 0),
(1, 4, 97, 0, 0),
(1, 4, 98, 0, 0),
(1, 4, 99, 0, 0),
(1, 4, 100, 0, 0),
(1, 4, 101, 0, 0),
(1, 4, 102, 0, 0),
(1, 4, 103, 0, 0),
(1, 4, 104, 0, 0),
(1, 4, 105, 0, 0),
(1, 4, 106, 0, 0),
(1, 4, 107, 0, 0),
(1, 4, 108, 0, 0),
(1, 4, 109, 0, 0),
(1, 2, 110, 0, 0),
(1, 2, 111, 0, 0),
(1, 2, 112, 0, 0),
(1, 2, 113, 0, 0),
(1, 2, 114, 0, 0),
(1, 2, 115, 0, 0),
(1, 2, 116, 0, 0),
(1, 2, 117, 0, 0),
(1, 2, 118, 0, 0),
(1, 2, 119, 0, 0),
(1, 2, 120, 0, 0),
(1, 2, 121, 0, 0),
(1, 2, 122, 0, 0),
(1, 2, 123, 0, 0),
(1, 2, 124, 0, 0),
(1, 2, 125, 0, 0),
(1, 26, 126, 0, 0),
(1, 26, 127, 0, 0),
(1, 26, 128, 0, 0),
(1, 26, 129, 0, 0),
(1, 26, 130, 0, 0),
(1, 26, 131, 0, 0),
(1, 26, 132, 0, 0),
(1, 26, 133, 0, 0),
(1, 26, 134, 0, 0),
(1, 26, 135, 0, 0),
(1, 26, 136, 0, 0),
(1, 26, 137, 0, 0),
(1, 26, 138, 0, 0),
(1, 26, 139, 0, 0),
(1, 26, 140, 0, 0),
(1, 26, 141, 0, 0),
(1, 26, 142, 0, 0),
(1, 26, 143, 0, 0),
(1, 26, 144, 0, 0),
(1, 26, 145, 0, 0),
(1, 26, 146, 0, 0),
(1, 26, 147, 0, 0),
(1, 26, 148, 0, 0),
(1, 26, 149, 0, 0),
(1, 26, 150, 0, 0),
(1, 4, 151, 0, 0),
(1, 6, 152, 0, 0),
(1, 7, 153, 0, 0),
(1, 26, 154, 0, 0),
(1, 13, 155, 0, 0),
(1, 13, 156, 0, 0),
(1, 13, 157, 0, 0),
(1, 13, 158, 0, 0),
(1, 13, 159, 0, 0),
(1, 13, 160, 0, 0),
(1, 13, 161, 0, 0),
(1, 13, 162, 0, 0),
(1, 13, 163, 0, 0),
(1, 13, 164, 0, 0),
(1, 13, 165, 0, 0),
(1, 13, 166, 0, 0),
(1, 13, 167, 0, 0),
(1, 13, 168, 0, 0),
(1, 13, 169, 0, 0),
(1, 13, 170, 0, 0),
(1, 13, 171, 0, 0),
(1, 13, 172, 0, 0),
(1, 13, 173, 0, 0),
(1, 14, 174, 0, 0),
(1, 14, 175, 0, 0),
(1, 14, 176, 0, 0),
(1, 14, 177, 0, 0),
(1, 14, 178, 0, 0),
(1, 14, 179, 0, 0),
(1, 14, 180, 0, 0),
(1, 14, 181, 0, 0),
(1, 14, 182, 0, 0),
(1, 14, 183, 0, 0),
(1, 14, 184, 0, 0),
(1, 14, 185, 0, 0),
(1, 14, 186, 0, 0),
(1, 14, 187, 0, 0),
(1, 14, 188, 0, 0),
(1, 14, 189, 0, 0),
(1, 14, 190, 0, 0),
(1, 14, 191, 0, 0),
(1, 14, 192, 0, 0),
(1, 14, 193, 0, 0),
(1, 14, 194, 0, 0),
(1, 14, 195, 0, 0),
(1, 14, 196, 0, 0),
(1, 14, 197, 0, 0),
(1, 14, 198, 0, 0),
(1, 14, 199, 0, 0),
(1, 14, 200, 0, 0),
(1, 14, 201, 0, 0),
(1, 14, 202, 0, 0),
(1, 14, 203, 0, 0),
(1, 14, 204, 0, 0),
(1, 8, 205, 0, 0),
(1, 8, 206, 0, 0),
(1, 8, 207, 0, 0),
(1, 8, 208, 0, 0),
(1, 8, 209, 0, 0),
(1, 8, 210, 0, 0),
(1, 8, 211, 0, 0),
(1, 8, 212, 0, 0),
(1, 8, 213, 0, 0),
(1, 8, 214, 0, 0),
(1, 8, 215, 0, 0),
(1, 8, 216, 0, 0),
(1, 8, 217, 0, 0),
(1, 8, 218, 0, 0),
(1, 8, 219, 0, 0),
(1, 10, 220, 0, 0),
(1, 10, 221, 0, 0),
(1, 10, 222, 0, 0),
(1, 10, 223, 0, 0),
(1, 10, 224, 0, 0),
(1, 10, 225, 0, 0),
(1, 10, 226, 0, 0),
(1, 10, 227, 0, 0),
(1, 10, 228, 0, 0),
(1, 10, 229, 0, 0),
(1, 10, 230, 0, 0),
(1, 10, 231, 0, 0),
(1, 9, 232, 0, 0),
(1, 9, 233, 0, 0),
(1, 9, 234, 0, 0),
(1, 9, 235, 0, 0),
(1, 9, 236, 0, 0),
(1, 9, 237, 0, 0),
(1, 9, 238, 0, 0),
(1, 9, 239, 0, 0),
(1, 9, 240, 0, 0),
(1, 9, 241, 0, 0),
(1, 9, 242, 0, 0),
(1, 9, 243, 0, 0),
(1, 9, 244, 0, 0),
(1, 9, 245, 0, 0),
(1, 9, 246, 0, 0),
(1, 9, 247, 0, 0),
(1, 9, 248, 0, 0),
(1, 9, 249, 0, 0),
(1, 9, 250, 0, 0),
(1, 9, 251, 0, 0),
(1, 9, 252, 0, 0),
(1, 9, 253, 0, 0),
(1, 9, 254, 0, 0),
(1, 9, 255, 0, 0),
(1, 16, 256, 0, 0),
(1, 16, 257, 0, 0),
(1, 16, 258, 0, 0),
(1, 16, 259, 0, 0),
(1, 16, 260, 0, 0),
(1, 16, 261, 0, 0),
(1, 16, 262, 0, 0),
(1, 16, 263, 0, 0),
(1, 16, 264, 0, 0),
(1, 16, 265, 0, 0),
(1, 16, 266, 0, 0),
(1, 16, 267, 0, 0),
(1, 16, 268, 0, 0),
(1, 16, 269, 0, 0),
(1, 16, 270, 0, 0),
(1, 16, 271, 0, 0),
(1, 16, 272, 0, 0),
(1, 16, 273, 0, 0),
(1, 16, 274, 0, 0),
(1, 16, 275, 0, 0),
(1, 16, 276, 0, 0),
(1, 16, 277, 0, 0),
(1, 16, 278, 0, 0),
(1, 15, 279, 0, 0),
(1, 15, 280, 0, 0),
(1, 15, 281, 0, 0),
(1, 15, 282, 0, 0),
(1, 15, 283, 0, 0),
(1, 15, 284, 0, 0),
(1, 15, 285, 0, 0),
(1, 15, 286, 0, 0),
(1, 15, 287, 0, 0),
(1, 15, 288, 0, 0),
(1, 18, 289, 0, 0),
(1, 18, 290, 0, 0),
(1, 18, 291, 0, 0),
(1, 18, 292, 0, 0),
(1, 18, 293, 0, 0),
(1, 18, 294, 0, 0),
(1, 18, 295, 0, 0),
(1, 18, 296, 0, 0),
(1, 18, 297, 0, 0),
(1, 18, 298, 0, 0),
(1, 18, 299, 0, 0),
(1, 18, 300, 0, 0),
(1, 18, 301, 0, 0),
(1, 18, 302, 0, 0),
(1, 18, 303, 0, 0),
(1, 18, 304, 0, 0),
(1, 18, 305, 0, 0),
(1, 19, 306, 0, 0),
(1, 19, 307, 0, 0),
(1, 19, 308, 0, 0),
(1, 19, 309, 0, 0),
(1, 19, 310, 0, 0),
(1, 19, 311, 0, 0),
(1, 19, 312, 0, 0),
(1, 19, 313, 0, 0),
(1, 20, 314, 0, 0),
(1, 20, 315, 0, 0),
(1, 20, 316, 0, 0),
(1, 20, 317, 0, 0),
(1, 20, 318, 0, 0),
(1, 20, 319, 0, 0),
(1, 20, 320, 0, 0),
(1, 20, 321, 0, 0),
(1, 20, 322, 0, 0),
(1, 20, 323, 0, 0),
(1, 20, 324, 0, 0),
(1, 20, 325, 0, 0),
(1, 20, 326, 0, 0),
(1, 20, 327, 0, 0),
(1, 20, 328, 0, 0),
(1, 20, 329, 0, 0),
(1, 20, 330, 0, 0),
(1, 20, 331, 0, 0),
(1, 20, 332, 0, 0),
(1, 20, 333, 0, 0),
(1, 20, 334, 0, 0),
(1, 20, 335, 0, 0),
(1, 20, 336, 0, 0),
(1, 20, 337, 0, 0),
(1, 20, 338, 0, 0),
(1, 20, 339, 0, 0),
(1, 20, 340, 0, 0),
(1, 20, 341, 0, 0),
(1, 20, 342, 0, 0),
(1, 20, 343, 0, 0),
(1, 20, 344, 0, 0),
(1, 20, 345, 0, 0),
(1, 20, 346, 0, 0),
(1, 20, 347, 0, 0),
(1, 20, 348, 0, 0),
(1, 20, 349, 0, 0),
(1, 20, 350, 0, 0),
(1, 21, 351, 0, 0),
(1, 21, 352, 0, 0),
(1, 21, 353, 0, 0),
(1, 21, 354, 0, 0),
(1, 21, 355, 0, 0),
(1, 21, 356, 0, 0),
(1, 21, 357, 0, 0),
(1, 21, 358, 0, 0),
(1, 21, 359, 0, 0),
(1, 21, 360, 0, 0),
(1, 21, 361, 0, 0),
(1, 21, 362, 0, 0),
(1, 21, 363, 0, 0),
(1, 21, 364, 0, 0),
(1, 21, 365, 0, 0),
(1, 21, 366, 0, 0),
(1, 21, 367, 0, 0),
(1, 21, 368, 0, 0),
(1, 21, 369, 0, 0),
(1, 21, 370, 0, 0),
(1, 21, 371, 0, 0),
(1, 21, 372, 0, 0),
(1, 21, 373, 0, 0),
(1, 21, 374, 0, 0),
(1, 21, 375, 0, 0),
(1, 21, 376, 0, 0),
(1, 21, 377, 0, 0),
(1, 21, 378, 0, 0),
(1, 21, 379, 0, 0),
(1, 21, 380, 0, 0),
(1, 21, 381, 0, 0),
(1, 21, 382, 0, 0),
(1, 21, 383, 0, 0),
(1, 21, 384, 0, 0),
(1, 21, 385, 0, 0),
(1, 21, 386, 0, 0),
(1, 21, 387, 0, 0),
(1, 21, 388, 0, 0),
(1, 22, 389, 0, 0),
(1, 22, 390, 0, 0),
(1, 22, 391, 0, 0),
(1, 22, 392, 0, 0),
(1, 22, 393, 0, 0),
(1, 22, 394, 0, 0),
(1, 22, 395, 0, 0),
(1, 22, 396, 0, 0),
(1, 22, 397, 0, 0),
(1, 22, 398, 0, 0),
(1, 22, 399, 0, 0),
(1, 22, 400, 0, 0),
(1, 22, 401, 0, 0),
(1, 22, 402, 0, 0),
(1, 22, 403, 0, 0),
(1, 22, 404, 0, 0),
(1, 22, 405, 0, 0),
(1, 22, 406, 0, 0),
(1, 22, 407, 0, 0),
(1, 22, 408, 0, 0),
(1, 22, 409, 0, 0),
(1, 22, 410, 0, 0),
(1, 22, 411, 0, 0),
(1, 22, 412, 0, 0),
(1, 22, 413, 0, 0),
(1, 22, 414, 0, 0),
(1, 22, 415, 0, 0),
(1, 22, 416, 0, 0),
(1, 22, 417, 0, 0),
(1, 22, 418, 0, 0),
(1, 22, 419, 0, 0),
(1, 22, 420, 0, 0),
(1, 22, 421, 0, 0),
(1, 22, 422, 0, 0),
(1, 22, 423, 0, 0),
(1, 22, 424, 0, 0),
(1, 22, 425, 0, 0),
(1, 22, 426, 0, 0),
(1, 22, 427, 0, 0),
(1, 22, 428, 0, 0),
(1, 22, 429, 0, 0),
(1, 22, 430, 0, 0),
(1, 22, 431, 0, 0),
(1, 22, 432, 0, 0),
(1, 22, 433, 0, 0),
(1, 22, 434, 0, 0),
(1, 22, 435, 0, 0),
(1, 23, 436, 0, 0),
(1, 23, 437, 0, 0),
(1, 23, 438, 0, 0),
(1, 23, 439, 0, 0),
(1, 23, 440, 0, 0),
(1, 23, 441, 0, 0),
(1, 23, 442, 0, 0),
(1, 23, 443, 0, 0),
(1, 23, 444, 0, 0),
(1, 23, 445, 0, 0),
(1, 23, 446, 0, 0),
(1, 23, 447, 0, 0),
(1, 23, 448, 0, 0),
(1, 23, 449, 0, 0),
(1, 23, 450, 0, 0),
(1, 23, 451, 0, 0),
(1, 23, 452, 0, 0),
(1, 23, 453, 0, 0),
(1, 23, 454, 0, 0),
(1, 23, 455, 0, 0),
(1, 23, 456, 0, 0),
(1, 23, 457, 0, 0),
(1, 23, 458, 0, 0),
(1, 23, 459, 0, 0),
(1, 23, 460, 0, 0),
(1, 23, 461, 0, 0),
(1, 23, 462, 0, 0),
(1, 23, 463, 0, 0),
(1, 23, 464, 0, 0),
(1, 23, 465, 0, 0),
(1, 23, 466, 0, 0),
(1, 23, 467, 0, 0),
(1, 23, 468, 0, 0),
(1, 23, 469, 0, 0),
(1, 23, 470, 0, 0),
(1, 23, 471, 0, 0),
(1, 23, 472, 0, 0),
(1, 23, 473, 0, 0),
(1, 23, 474, 0, 0),
(1, 10, 520, 0, 0),
(1, 10, 521, 0, 0),
(1, 10, 522, 0, 0),
(1, 10, 523, 0, 0),
(1, 10, 524, 0, 0),
(1, 10, 525, 0, 0),
(1, 34, 526, 0, 0),
(1, 34, 527, 0, 0),
(1, 34, 528, 0, 0),
(1, 34, 529, 0, 0),
(1, 34, 530, 0, 0),
(1, 34, 531, 0, 0),
(1, 34, 532, 0, 0),
(1, 34, 533, 0, 0),
(1, 34, 534, 0, 0),
(1, 34, 535, 0, 0),
(1, 34, 536, 0, 0),
(1, 34, 537, 0, 0),
(1, 34, 538, 0, 0),
(1, 34, 539, 0, 0),
(1, 34, 540, 0, 0),
(1, 34, 541, 0, 0),
(1, 34, 542, 0, 0),
(1, 29, 543, 0, 0),
(1, 35, 544, 0, 0),
(1, 35, 545, 0, 0),
(1, 35, 546, 0, 0),
(1, 35, 547, 0, 0),
(1, 35, 548, 0, 0),
(1, 35, 549, 0, 0),
(1, 35, 550, 0, 0),
(1, 35, 551, 0, 0),
(1, 35, 552, 0, 0),
(1, 35, 553, 0, 0),
(1, 35, 554, 0, 0),
(1, 35, 555, 0, 0),
(1, 35, 556, 0, 0),
(1, 35, 557, 0, 0),
(1, 35, 558, 0, 0),
(1, 35, 559, 0, 0),
(1, 35, 560, 0, 0),
(1, 35, 561, 0, 0),
(1, 35, 562, 0, 0),
(1, 35, 563, 0, 0),
(1, 35, 564, 0, 0),
(1, 35, 565, 0, 0),
(1, 36, 566, 0, 0),
(1, 36, 567, 0, 0),
(1, 36, 568, 0, 0),
(1, 36, 569, 0, 0),
(1, 36, 570, 0, 0),
(1, 36, 571, 0, 0),
(1, 36, 572, 0, 0),
(1, 36, 573, 0, 0),
(1, 36, 574, 0, 0),
(1, 36, 575, 0, 0),
(1, 36, 576, 0, 0),
(1, 36, 577, 0, 0),
(1, 36, 578, 0, 0),
(1, 36, 579, 0, 0),
(1, 36, 580, 0, 0),
(1, 36, 581, 0, 0),
(1, 36, 582, 0, 0),
(1, 36, 583, 0, 0),
(1, 36, 584, 0, 0),
(1, 36, 585, 0, 0),
(1, 36, 586, 0, 0),
(1, 36, 587, 0, 0),
(1, 38, 588, 0, 0),
(1, 38, 589, 0, 0),
(1, 38, 590, 0, 0),
(1, 38, 591, 0, 0),
(1, 38, 592, 0, 0),
(1, 38, 593, 0, 0),
(1, 38, 594, 0, 0),
(1, 38, 595, 0, 0),
(1, 38, 596, 0, 0),
(1, 38, 597, 0, 0),
(1, 38, 598, 0, 0),
(1, 38, 599, 0, 0),
(1, 38, 600, 0, 0),
(1, 38, 601, 0, 0),
(1, 38, 602, 0, 0),
(1, 38, 603, 0, 0),
(1, 38, 604, 0, 0),
(1, 38, 605, 0, 0),
(1, 38, 606, 0, 0),
(1, 38, 607, 0, 0),
(1, 38, 608, 0, 0),
(1, 42, 609, 0, 0),
(1, 42, 610, 0, 0),
(1, 42, 611, 0, 0),
(1, 42, 612, 0, 0),
(1, 42, 613, 0, 0),
(1, 42, 614, 0, 0),
(1, 42, 615, 0, 0),
(1, 42, 616, 0, 0),
(1, 43, 617, 0, 0),
(1, 43, 618, 0, 0),
(1, 43, 619, 0, 0),
(1, 43, 620, 0, 0),
(1, 43, 621, 0, 0),
(1, 43, 622, 0, 0),
(1, 43, 623, 0, 0),
(1, 43, 624, 0, 0),
(1, 43, 625, 0, 0),
(1, 43, 626, 0, 0),
(1, 43, 627, 0, 0),
(1, 43, 628, 0, 0),
(1, 43, 629, 0, 0),
(1, 44, 630, 0, 0),
(1, 44, 631, 0, 0),
(1, 44, 632, 0, 0),
(1, 44, 633, 0, 0),
(1, 44, 634, 0, 0),
(1, 44, 635, 0, 0),
(1, 44, 636, 0, 0),
(1, 44, 637, 0, 0),
(1, 44, 638, 0, 0),
(1, 44, 639, 0, 0),
(1, 44, 640, 0, 0),
(1, 44, 641, 0, 0),
(1, 44, 642, 0, 0),
(1, 44, 643, 0, 0),
(1, 44, 644, 0, 0),
(1, 44, 645, 0, 0),
(1, 44, 646, 0, 0),
(1, 44, 647, 0, 0),
(1, 45, 648, 0, 0),
(1, 45, 649, 0, 0),
(1, 45, 650, 0, 0),
(1, 45, 651, 0, 0),
(1, 45, 652, 0, 0),
(1, 45, 653, 0, 0),
(1, 45, 654, 0, 0),
(1, 45, 655, 0, 0),
(1, 45, 656, 0, 0),
(1, 45, 657, 0, 0),
(1, 45, 658, 0, 0),
(1, 45, 659, 0, 0),
(1, 45, 660, 0, 0),
(1, 45, 661, 0, 0),
(1, 45, 662, 0, 0),
(1, 45, 663, 0, 0),
(1, 45, 664, 0, 0),
(1, 45, 665, 0, 0),
(1, 45, 666, 0, 0),
(1, 45, 667, 0, 0),
(1, 47, 668, 0, 0),
(1, 47, 669, 0, 0),
(1, 47, 670, 0, 0),
(1, 47, 671, 0, 0),
(1, 47, 672, 0, 0),
(1, 47, 673, 0, 0),
(1, 2, 674, 0, 0),
(1, 29, 675, 0, 0),
(1, 23, 676, 0, 0),
(1, 23, 677, 0, 0),
(1, 23, 678, 0, 0),
(1, 23, 679, 0, 0),
(1, 23, 680, 0, 0),
(1, 23, 681, 0, 0),
(1, 23, 682, 0, 0),
(1, 23, 683, 0, 0),
(1, 23, 684, 0, 0),
(1, 22, 685, 0, 0),
(1, 22, 686, 0, 0),
(1, 22, 687, 0, 0),
(1, 22, 688, 0, 0),
(1, 22, 689, 0, 0),
(1, 22, 690, 0, 0),
(1, 22, 691, 0, 0),
(1, 22, 692, 0, 0),
(1, 22, 693, 0, 0),
(1, 21, 694, 0, 0),
(1, 21, 695, 0, 0),
(1, 21, 696, 0, 0),
(1, 21, 697, 0, 0),
(1, 21, 698, 0, 0),
(1, 21, 699, 0, 0),
(1, 21, 700, 0, 0),
(1, 21, 701, 0, 0),
(1, 21, 702, 0, 0),
(1, 20, 703, 0, 0),
(1, 20, 704, 0, 0),
(1, 20, 705, 0, 0),
(1, 20, 706, 0, 0),
(1, 20, 707, 0, 0),
(1, 20, 708, 0, 0),
(1, 20, 709, 0, 0),
(1, 20, 710, 0, 0),
(1, 20, 711, 0, 0),
(1, 29, 712, 0, 0),
(1, 44, 713, 0, 0),
(1, 42, 714, 0, 0),
(1, 29, 715, 0, 0),
(1, 29, 716, 0, 0),
(1, 29, 717, 0, 0),
(1, 23, 718, 0, 0),
(1, 22, 719, 0, 0),
(1, 21, 720, 0, 0),
(1, 20, 721, 0, 0),
(1, 29, 722, 0, 0),
(1, 6, 723, 0, 0),
(1, 4, 724, 0, 0),
(1, 2, 725, 0, 0),
(1, 29, 726, 0, 0),
(1, 23, 727, 0, 0),
(1, 23, 728, 0, 0),
(1, 21, 729, 0, 0),
(1, 21, 730, 0, 0),
(1, 18, 731, 0, 0),
(1, 7, 732, 0, 0),
(1, 42, 733, 0, 0),
(1, 42, 734, 0, 0),
(1, 23, 735, 0, 0),
(1, 20, 736, 0, 0),
(1, 21, 737, 0, 0),
(1, 22, 738, 0, 0),
(1, 29, 739, 0, 0),
(1, 2, 740, 0, 0),
(1, 13, 741, 0, 0),
(1, 29, 742, 0, 0),
(1, 29, 743, 0, 0),
(1, 29, 744, 0, 0),
(1, 29, 745, 0, 0),
(1, 14, 772, 0, 0),
(1, 36, 773, 0, 0),
(1, 23, 774, 0, 0),
(1, 29, 775, 0, 0),
(1, 23, 776, 0, 0),
(1, 23, 777, 0, 0),
(1, 23, 778, 0, 0),
(1, 20, 779, 0, 0),
(1, 20, 780, 0, 0),
(1, 20, 781, 0, 0),
(1, 21, 782, 0, 0),
(1, 22, 783, 0, 0),
(1, 22, 784, 0, 0),
(1, 22, 785, 0, 0),
(1, 42, 786, 0, 0),
(1, 42, 787, 0, 0),
(1, 42, 788, 0, 0),
(1, 2, 789, 0, 0),
(1, 4, 790, 0, 0),
(1, 6, 791, 0, 0),
(1, 7, 792, 0, 0),
(1, 8, 793, 0, 0),
(1, 9, 794, 0, 0),
(1, 10, 795, 0, 0),
(1, 13, 796, 0, 0),
(1, 14, 797, 0, 0),
(1, 15, 798, 0, 0),
(1, 16, 799, 0, 0),
(1, 18, 800, 0, 0),
(1, 19, 801, 0, 0),
(1, 20, 802, 0, 0),
(1, 21, 803, 0, 0),
(1, 22, 804, 0, 0),
(1, 23, 805, 0, 0),
(1, 26, 806, 0, 0),
(1, 10, 807, 0, 0),
(1, 2, 808, 0, 0),
(1, 4, 809, 0, 0),
(1, 6, 810, 0, 0),
(1, 7, 811, 0, 0),
(1, 8, 812, 0, 0),
(1, 9, 813, 0, 0),
(1, 10, 814, 0, 0),
(1, 13, 815, 0, 0),
(1, 14, 816, 0, 0),
(1, 15, 817, 0, 0),
(1, 16, 818, 0, 0),
(1, 18, 819, 0, 0),
(1, 19, 820, 0, 0),
(1, 20, 821, 0, 0),
(1, 21, 822, 0, 0),
(1, 22, 823, 0, 0),
(1, 23, 824, 0, 0),
(1, 26, 825, 0, 0),
(1, 2, 826, 0, 0),
(1, 4, 827, 0, 0),
(1, 6, 828, 0, 0),
(1, 7, 829, 0, 0),
(1, 8, 830, 0, 0),
(1, 9, 831, 0, 0),
(1, 10, 832, 0, 0),
(1, 13, 833, 0, 0),
(1, 14, 834, 0, 0),
(1, 15, 835, 0, 0),
(1, 16, 836, 0, 0),
(1, 18, 837, 0, 0),
(1, 19, 838, 0, 0),
(1, 20, 839, 0, 0),
(1, 21, 840, 0, 0),
(1, 22, 841, 0, 0),
(1, 23, 842, 0, 0),
(1, 26, 843, 0, 0),
(1, 20, 844, 0, 0),
(1, 21, 845, 0, 0),
(1, 22, 846, 0, 0),
(1, 23, 847, 0, 0),
(1, 45, 848, 0, 0),
(1, 45, 849, 0, 0),
(1, 29, 850, 0, 0),
(1, 22, 851, 0, 0),
(1, 29, 852, 0, 0),
(1, 16, 853, 0, 0),
(1, 16, 854, 0, 0),
(1, 16, 855, 0, 0),
(1, 16, 856, 0, 0),
(1, 9, 857, 0, 0),
(1, 9, 858, 0, 0),
(1, 16, 859, 0, 0),
(1, 50, 860, 0, 0),
(1, 50, 861, 0, 0),
(1, 50, 862, 0, 0),
(1, 50, 863, 0, 0),
(1, 50, 864, 0, 0),
(1, 50, 865, 0, 0),
(1, 6, 892, 0, 0),
(1, 6, 893, 0, 0),
(1, 6, 894, 0, 0),
(1, 6, 895, 0, 0),
(1, 6, 896, 0, 0),
(1, 6, 897, 0, 0),
(1, 6, 898, 0, 0),
(1, 6, 899, 0, 0),
(1, 6, 900, 0, 0),
(1, 6, 901, 0, 0),
(1, 6, 902, 0, 0),
(1, 6, 903, 0, 0),
(1, 6, 904, 0, 0),
(1, 6, 905, 0, 0),
(1, 6, 906, 0, 0),
(1, 6, 907, 0, 0),
(1, 6, 908, 0, 0),
(1, 6, 909, 0, 0),
(1, 6, 910, 0, 0),
(1, 6, 911, 0, 0),
(1, 6, 912, 0, 0),
(1, 6, 913, 0, 0),
(1, 6, 914, 0, 0),
(1, 6, 915, 0, 0),
(1, 6, 916, 0, 0),
(1, 6, 917, 0, 0),
(1, 6, 918, 0, 0),
(1, 6, 919, 0, 0),
(1, 6, 920, 0, 0),
(1, 6, 921, 0, 0),
(1, 6, 922, 0, 0),
(1, 6, 923, 0, 0),
(1, 6, 924, 0, 0),
(1, 6, 925, 0, 0),
(1, 6, 926, 0, 0),
(1, 23, 927, 0, 0),
(1, 52, 928, 0, 0),
(1, 52, 929, 0, 0),
(1, 52, 930, 0, 0),
(1, 52, 931, 0, 0),
(1, 52, 932, 0, 0),
(1, 52, 933, 0, 0),
(1, 52, 934, 0, 0),
(1, 52, 935, 0, 0),
(1, 52, 936, 0, 0),
(1, 52, 937, 0, 0),
(1, 52, 938, 0, 0),
(1, 52, 939, 0, 0),
(1, 52, 940, 0, 0),
(1, 52, 941, 0, 0),
(1, 52, 942, 0, 0),
(1, 52, 943, 0, 0),
(1, 52, 944, 0, 0),
(1, 52, 945, 0, 0),
(1, 52, 946, 0, 0),
(1, 52, 947, 0, 0),
(1, 52, 948, 0, 0),
(1, 52, 949, 0, 0),
(1, 52, 950, 0, 0),
(1, 52, 951, 0, 0),
(1, 52, 952, 0, 0),
(1, 21, 953, 0, 0),
(1, 53, 954, 0, 0),
(1, 53, 955, 0, 0),
(1, 53, 956, 0, 0),
(1, 53, 957, 0, 0),
(1, 53, 958, 0, 0),
(1, 53, 959, 0, 0),
(1, 53, 960, 0, 0),
(1, 53, 961, 0, 0),
(1, 53, 962, 0, 0),
(1, 53, 963, 0, 0),
(1, 53, 964, 0, 0),
(1, 53, 965, 0, 0),
(1, 53, 966, 0, 0),
(1, 53, 967, 0, 0),
(1, 53, 968, 0, 0),
(1, 53, 969, 0, 0),
(1, 54, 970, 0, 0),
(1, 54, 971, 0, 0),
(1, 54, 972, 0, 0),
(1, 54, 973, 0, 0),
(1, 54, 974, 0, 0),
(1, 54, 975, 0, 0),
(1, 54, 976, 0, 0),
(1, 54, 977, 0, 0),
(1, 54, 978, 0, 0),
(1, 54, 979, 0, 0),
(1, 54, 980, 0, 0),
(1, 54, 981, 0, 0),
(1, 54, 982, 0, 0),
(1, 54, 983, 0, 0),
(1, 54, 984, 0, 0),
(1, 54, 985, 0, 0),
(1, 55, 986, 0, 0),
(1, 55, 987, 0, 0),
(1, 55, 988, 0, 0),
(1, 55, 989, 0, 0),
(1, 55, 990, 0, 0),
(1, 55, 991, 0, 0),
(1, 55, 992, 0, 0),
(1, 55, 993, 0, 0),
(1, 55, 994, 0, 0),
(1, 55, 995, 0, 0),
(1, 55, 996, 0, 0),
(1, 55, 997, 0, 0),
(1, 55, 998, 0, 0),
(1, 55, 999, 0, 0),
(1, 55, 1000, 0, 0),
(1, 55, 1001, 0, 0),
(1, 55, 1002, 0, 0),
(1, 55, 1003, 0, 0),
(1, 55, 1004, 0, 0),
(1, 55, 1005, 0, 0),
(1, 55, 1006, 0, 0),
(1, 55, 1007, 0, 0),
(1, 7, 1008, 0, 0),
(1, 7, 1009, 0, 0),
(1, 7, 1010, 0, 0),
(1, 7, 1011, 0, 0),
(1, 7, 1012, 0, 0),
(1, 7, 1013, 0, 0),
(1, 7, 1014, 0, 0),
(1, 7, 1015, 0, 0),
(1, 7, 1016, 0, 0),
(1, 7, 1017, 0, 0),
(1, 7, 1018, 0, 0),
(1, 7, 1019, 0, 0),
(1, 7, 1020, 0, 0),
(1, 7, 1021, 0, 0),
(1, 7, 1022, 0, 0),
(1, 7, 1023, 0, 0),
(1, 7, 1024, 0, 0),
(1, 7, 1025, 0, 0),
(1, 7, 1026, 0, 0),
(1, 7, 1027, 0, 0),
(1, 7, 1028, 0, 0),
(1, 7, 1029, 0, 0),
(1, 7, 1030, 0, 0),
(1, 7, 1031, 0, 0),
(1, 7, 1032, 0, 0),
(1, 7, 1033, 0, 0),
(1, 56, 1034, 0, 0),
(1, 56, 1035, 0, 0),
(1, 56, 1036, 0, 0),
(1, 56, 1037, 0, 0),
(1, 56, 1038, 0, 0),
(1, 56, 1039, 0, 0),
(1, 56, 1040, 0, 0),
(1, 56, 1041, 0, 0),
(1, 56, 1042, 0, 0),
(1, 56, 1043, 0, 0),
(1, 56, 1044, 0, 0),
(1, 56, 1045, 0, 0),
(1, 56, 1046, 0, 0),
(1, 57, 1047, 0, 0),
(1, 57, 1048, 0, 0),
(1, 57, 1049, 0, 0),
(1, 57, 1050, 0, 0),
(1, 57, 1051, 0, 0),
(1, 57, 1052, 0, 0),
(1, 57, 1053, 0, 0),
(1, 57, 1054, 0, 0),
(1, 57, 1055, 0, 0),
(1, 57, 1056, 0, 0),
(1, 57, 1057, 0, 0),
(1, 57, 1058, 0, 0),
(1, 57, 1059, 0, 0),
(1, 57, 1060, 0, 0),
(1, 57, 1061, 0, 0),
(1, 57, 1062, 0, 0),
(1, 57, 1063, 0, 0),
(1, 58, 1064, 0, 0),
(1, 58, 1065, 0, 0),
(1, 58, 1066, 0, 0),
(1, 58, 1067, 0, 0),
(1, 58, 1068, 0, 0),
(1, 58, 1069, 0, 0),
(1, 58, 1070, 0, 0),
(1, 58, 1071, 0, 0),
(1, 58, 1072, 0, 0),
(1, 58, 1073, 0, 0),
(1, 58, 1074, 0, 0),
(1, 58, 1075, 0, 0),
(1, 58, 1076, 0, 0),
(1, 58, 1077, 0, 0),
(1, 58, 1078, 0, 0),
(1, 58, 1079, 0, 0),
(1, 58, 1080, 0, 0),
(1, 58, 1081, 0, 0),
(1, 58, 1082, 0, 0),
(1, 58, 1083, 0, 0),
(1, 58, 1084, 0, 0),
(1, 58, 1085, 0, 0),
(1, 59, 1086, 0, 0),
(1, 59, 1087, 0, 0),
(1, 59, 1088, 0, 0),
(1, 59, 1089, 0, 0),
(1, 59, 1090, 0, 0),
(1, 59, 1091, 0, 0),
(1, 59, 1092, 0, 0),
(1, 59, 1093, 0, 0),
(1, 59, 1094, 0, 0),
(1, 59, 1095, 0, 0),
(1, 59, 1096, 0, 0),
(1, 59, 1097, 0, 0),
(1, 59, 1098, 0, 0),
(1, 59, 1099, 0, 0),
(1, 59, 1100, 0, 0),
(1, 59, 1101, 0, 0),
(1, 59, 1102, 0, 0),
(1, 59, 1103, 0, 0),
(1, 59, 1104, 0, 0),
(1, 59, 1105, 0, 0),
(1, 59, 1106, 0, 0),
(1, 59, 1107, 0, 0),
(1, 59, 1108, 0, 0),
(1, 59, 1109, 0, 0),
(1, 60, 1110, 0, 0),
(1, 60, 1111, 0, 0),
(1, 60, 1112, 0, 0),
(1, 60, 1113, 0, 0),
(1, 60, 1114, 0, 0),
(1, 60, 1115, 0, 0),
(1, 60, 1116, 0, 0),
(1, 60, 1117, 0, 0),
(1, 60, 1118, 0, 0),
(1, 60, 1119, 0, 0),
(1, 60, 1120, 0, 0),
(1, 60, 1121, 0, 0),
(1, 60, 1122, 0, 0),
(1, 60, 1123, 0, 0),
(1, 60, 1124, 0, 0),
(1, 60, 1125, 0, 0),
(1, 60, 1126, 0, 0),
(1, 60, 1127, 0, 0),
(1, 61, 1128, 0, 0),
(1, 61, 1129, 0, 0),
(1, 61, 1130, 0, 0),
(1, 61, 1131, 0, 0),
(1, 61, 1132, 0, 0),
(1, 61, 1133, 0, 0),
(1, 61, 1134, 0, 0),
(1, 61, 1135, 0, 0),
(1, 61, 1136, 0, 0),
(1, 61, 1137, 0, 0),
(1, 61, 1138, 0, 0),
(1, 61, 1139, 0, 0),
(1, 61, 1140, 0, 0),
(1, 61, 1141, 0, 0),
(1, 61, 1142, 0, 0),
(1, 61, 1143, 0, 0),
(1, 61, 1144, 0, 0),
(1, 61, 1145, 0, 0),
(1, 61, 1146, 0, 0),
(1, 62, 1147, 0, 0),
(1, 62, 1148, 0, 0),
(1, 62, 1149, 0, 0),
(1, 62, 1150, 0, 0),
(1, 62, 1151, 0, 0),
(1, 62, 1152, 0, 0),
(1, 62, 1153, 0, 0),
(1, 62, 1154, 0, 0),
(1, 62, 1155, 0, 0),
(1, 62, 1156, 0, 0),
(1, 62, 1157, 0, 0),
(1, 62, 1158, 0, 0),
(1, 62, 1159, 0, 0),
(1, 62, 1160, 0, 0),
(1, 62, 1161, 0, 0),
(1, 62, 1162, 0, 0),
(1, 62, 1163, 0, 0),
(1, 62, 1164, 0, 0),
(1, 62, 1165, 0, 0),
(1, 62, 1166, 0, 0),
(1, 63, 1167, 0, 0),
(1, 63, 1168, 0, 0),
(1, 63, 1169, 0, 0),
(1, 63, 1170, 0, 0),
(1, 63, 1171, 0, 0),
(1, 63, 1172, 0, 0),
(1, 63, 1173, 0, 0),
(1, 63, 1174, 0, 0),
(1, 63, 1175, 0, 0),
(1, 63, 1176, 0, 0),
(1, 63, 1177, 0, 0),
(1, 63, 1178, 0, 0),
(1, 63, 1179, 0, 0),
(1, 21, 1189, 0, 0),
(1, 21, 1190, 0, 0),
(1, 21, 1191, 0, 0),
(1, 21, 1192, 0, 0),
(1, 21, 1193, 0, 0),
(1, 21, 1194, 0, 0),
(1, 21, 1195, 0, 0),
(1, 21, 1196, 0, 0),
(1, 21, 1197, 0, 0),
(1, 21, 1198, 0, 0),
(1, 21, 1199, 0, 0),
(1, 21, 1200, 0, 0),
(1, 21, 1201, 0, 0),
(1, 21, 1202, 0, 0),
(1, 21, 1203, 0, 0),
(1, 21, 1204, 0, 0),
(1, 21, 1205, 0, 0),
(1, 21, 1206, 0, 0),
(1, 21, 1207, 0, 0),
(1, 20, 1208, 0, 0),
(1, 20, 1209, 0, 0),
(1, 20, 1210, 0, 0),
(1, 20, 1211, 0, 0),
(1, 20, 1212, 0, 0),
(1, 4, 1213, 0, 0),
(1, 4, 1214, 0, 0),
(1, 4, 1215, 0, 0),
(1, 4, 1216, 0, 0),
(1, 4, 1217, 0, 0),
(1, 4, 1218, 0, 0),
(1, 4, 1219, 0, 0),
(1, 65, 1220, 0, 0),
(1, 65, 1221, 0, 0),
(1, 65, 1222, 0, 0),
(1, 65, 1223, 0, 0),
(1, 65, 1224, 0, 0),
(1, 65, 1225, 0, 0),
(1, 65, 1226, 0, 0),
(1, 65, 1227, 0, 0),
(1, 65, 1228, 0, 0),
(1, 65, 1229, 0, 0),
(1, 65, 1230, 0, 0),
(1, 65, 1231, 0, 0),
(1, 65, 1232, 0, 0),
(1, 65, 1233, 0, 0),
(1, 65, 1234, 0, 0),
(1, 2, 1235, 0, 0),
(1, 2, 1236, 0, 0),
(1, 2, 1237, 0, 0),
(1, 2, 1238, 0, 0),
(1, 2, 1239, 0, 0),
(1, 2, 1240, 0, 0),
(1, 2, 1241, 0, 0),
(1, 2, 1242, 0, 0),
(1, 2, 1243, 0, 0),
(2, 6, 1, 0, 0),
(2, 6, 2, 0, 0),
(2, 6, 3, 0, 0),
(2, 6, 4, 0, 0),
(2, 6, 5, 0, 0),
(2, 6, 6, 0, 0),
(2, 6, 7, 0, 0),
(2, 6, 8, 0, 0),
(2, 6, 9, 0, 0),
(2, 6, 10, 0, 0),
(2, 6, 11, 0, 0),
(2, 6, 12, 0, 0),
(2, 6, 13, 0, 0),
(2, 6, 14, 0, 0),
(2, 6, 15, 0, 0),
(2, 6, 16, 0, 0),
(2, 6, 17, 0, 0),
(2, 6, 18, 0, 0),
(2, 6, 19, 0, 0),
(2, 6, 20, 0, 0),
(2, 6, 21, 0, 0),
(2, 6, 22, 0, 0),
(2, 6, 23, 0, 0),
(2, 6, 24, 0, 0),
(2, 6, 25, 0, 0),
(2, 6, 26, 0, 0),
(2, 6, 27, 0, 0),
(2, 6, 28, 0, 0),
(2, 6, 29, 0, 0),
(2, 6, 30, 0, 0),
(2, 6, 31, 0, 0),
(2, 6, 32, 0, 0),
(2, 6, 33, 0, 0),
(2, 6, 34, 0, 0),
(2, 6, 35, 0, 0),
(2, 6, 36, 0, 0),
(2, 7, 37, 0, 0),
(2, 7, 38, 0, 0),
(2, 7, 39, 0, 0),
(2, 7, 40, 0, 0),
(2, 7, 41, 0, 0),
(2, 7, 42, 0, 0),
(2, 7, 43, 0, 0),
(2, 7, 44, 0, 0),
(2, 7, 45, 0, 0),
(2, 7, 46, 0, 0),
(2, 7, 47, 0, 0),
(2, 7, 48, 0, 0),
(2, 7, 49, 0, 0),
(2, 7, 50, 0, 0),
(2, 7, 51, 0, 0),
(2, 7, 52, 0, 0),
(2, 7, 53, 0, 0),
(2, 7, 54, 0, 0),
(2, 7, 55, 0, 0),
(2, 7, 56, 0, 0),
(2, 7, 57, 0, 0),
(2, 7, 58, 0, 0),
(2, 7, 59, 0, 0),
(2, 7, 60, 0, 0),
(2, 7, 61, 0, 0),
(2, 7, 62, 0, 0),
(2, 7, 63, 0, 0),
(2, 7, 64, 0, 0),
(2, 7, 65, 0, 0),
(2, 4, 66, 0, 0),
(2, 4, 67, 0, 0),
(2, 4, 68, 0, 0),
(2, 4, 69, 0, 0),
(2, 4, 70, 0, 0),
(2, 4, 71, 0, 0),
(2, 4, 72, 0, 0),
(2, 4, 73, 0, 0),
(2, 4, 74, 0, 0),
(2, 4, 75, 0, 0),
(2, 4, 76, 0, 0),
(2, 4, 77, 0, 0),
(2, 4, 78, 0, 0),
(2, 4, 79, 0, 0),
(2, 4, 80, 0, 0),
(2, 4, 81, 0, 0),
(2, 4, 82, 0, 0),
(2, 4, 83, 0, 0),
(2, 4, 84, 0, 0),
(2, 4, 85, 0, 0),
(2, 4, 86, 0, 0),
(2, 4, 87, 0, 0),
(2, 4, 88, 0, 0),
(2, 4, 89, 0, 0),
(2, 4, 90, 0, 0),
(2, 4, 91, 0, 0),
(2, 4, 92, 0, 0),
(2, 4, 93, 0, 0),
(2, 4, 94, 0, 0),
(2, 4, 95, 0, 0),
(2, 4, 96, 0, 0),
(2, 4, 97, 0, 0),
(2, 4, 98, 0, 0),
(2, 4, 99, 0, 0),
(2, 4, 100, 0, 0),
(2, 4, 101, 0, 0),
(2, 4, 102, 0, 0),
(2, 4, 103, 0, 0),
(2, 4, 104, 0, 0),
(2, 4, 105, 0, 0),
(2, 4, 106, 0, 0),
(2, 4, 107, 0, 0),
(2, 4, 108, 0, 0),
(2, 4, 109, 0, 0),
(2, 2, 110, 0, 0),
(2, 2, 111, 0, 0),
(2, 2, 112, 0, 0),
(2, 2, 113, 0, 0),
(2, 2, 114, 0, 0),
(2, 2, 115, 0, 0),
(2, 2, 116, 0, 0),
(2, 2, 117, 0, 0),
(2, 2, 118, 0, 0),
(2, 2, 119, 0, 0),
(2, 2, 120, 0, 0),
(2, 2, 121, 0, 0),
(2, 2, 122, 0, 0),
(2, 2, 123, 0, 0),
(2, 2, 124, 0, 0),
(2, 2, 125, 0, 0),
(2, 26, 126, 0, 0),
(2, 26, 127, 0, 0),
(2, 26, 128, 0, 0),
(2, 26, 129, 0, 0),
(2, 26, 130, 0, 0),
(2, 26, 131, 0, 0),
(2, 26, 132, 0, 0),
(2, 26, 133, 0, 0),
(2, 26, 134, 0, 0),
(2, 26, 135, 0, 0),
(2, 26, 136, 0, 0),
(2, 26, 137, 0, 0),
(2, 26, 138, 0, 0),
(2, 26, 139, 0, 0),
(2, 26, 140, 0, 0),
(2, 26, 141, 0, 0),
(2, 26, 142, 0, 0),
(2, 26, 143, 0, 0),
(2, 26, 144, 0, 0),
(2, 26, 145, 0, 0),
(2, 26, 146, 0, 0),
(2, 26, 147, 0, 0),
(2, 26, 148, 0, 0),
(2, 26, 149, 0, 0),
(2, 26, 150, 0, 0),
(2, 4, 151, 0, 0),
(2, 6, 152, 0, 0),
(2, 7, 153, 0, 0),
(2, 26, 154, 0, 0),
(2, 13, 155, 0, 0),
(2, 13, 156, 0, 0),
(2, 13, 157, 0, 0),
(2, 13, 158, 0, 0),
(2, 13, 159, 0, 0),
(2, 13, 160, 0, 0),
(2, 13, 161, 0, 0),
(2, 13, 162, 0, 0),
(2, 13, 163, 0, 0),
(2, 13, 164, 0, 0),
(2, 13, 165, 0, 0),
(2, 13, 166, 0, 0),
(2, 13, 167, 0, 0),
(2, 13, 168, 0, 0),
(2, 13, 169, 0, 0),
(2, 13, 170, 0, 0),
(2, 13, 171, 0, 0),
(2, 13, 172, 0, 0),
(2, 13, 173, 0, 0),
(2, 14, 174, 0, 0),
(2, 14, 175, 0, 0),
(2, 14, 176, 0, 0),
(2, 14, 177, 0, 0),
(2, 14, 178, 0, 0),
(2, 14, 179, 0, 0),
(2, 14, 180, 0, 0),
(2, 14, 181, 0, 0),
(2, 14, 182, 0, 0),
(2, 14, 183, 0, 0),
(2, 14, 184, 0, 0),
(2, 14, 185, 0, 0),
(2, 14, 186, 0, 0),
(2, 14, 187, 0, 0),
(2, 14, 188, 0, 0),
(2, 14, 189, 0, 0),
(2, 14, 190, 0, 0),
(2, 14, 191, 0, 0),
(2, 14, 192, 0, 0),
(2, 14, 193, 0, 0),
(2, 14, 194, 0, 0),
(2, 14, 195, 0, 0),
(2, 14, 196, 0, 0),
(2, 14, 197, 0, 0),
(2, 14, 198, 0, 0),
(2, 14, 199, 0, 0),
(2, 14, 200, 0, 0),
(2, 14, 201, 0, 0),
(2, 14, 202, 0, 0),
(2, 14, 203, 0, 0),
(2, 14, 204, 0, 0),
(2, 8, 205, 0, 0),
(2, 8, 206, 0, 0),
(2, 8, 207, 0, 0),
(2, 8, 208, 0, 0),
(2, 8, 209, 0, 0),
(2, 8, 210, 0, 0),
(2, 8, 211, 0, 0),
(2, 8, 212, 0, 0),
(2, 8, 213, 0, 0),
(2, 8, 214, 0, 0),
(2, 8, 215, 0, 0),
(2, 8, 216, 0, 0),
(2, 8, 217, 0, 0),
(2, 8, 218, 0, 0),
(2, 8, 219, 0, 0),
(2, 10, 220, 0, 0),
(2, 10, 221, 0, 0),
(2, 10, 222, 0, 0),
(2, 10, 223, 0, 0),
(2, 10, 224, 0, 0),
(2, 10, 225, 0, 0),
(2, 10, 226, 0, 0),
(2, 10, 227, 0, 0),
(2, 10, 228, 0, 0),
(2, 10, 229, 0, 0),
(2, 10, 230, 0, 0),
(2, 10, 231, 0, 0),
(2, 9, 232, 0, 0),
(2, 9, 233, 0, 0),
(2, 9, 234, 0, 0),
(2, 9, 235, 0, 0),
(2, 9, 236, 0, 0),
(2, 9, 237, 0, 0),
(2, 9, 238, 0, 0),
(2, 9, 239, 0, 0),
(2, 9, 240, 0, 0),
(2, 9, 241, 0, 0),
(2, 9, 242, 0, 0),
(2, 9, 243, 0, 0),
(2, 9, 244, 0, 0),
(2, 9, 245, 0, 0),
(2, 9, 246, 0, 0),
(2, 9, 247, 0, 0),
(2, 9, 248, 0, 0),
(2, 9, 249, 0, 0),
(2, 9, 250, 0, 0),
(2, 9, 251, 0, 0),
(2, 9, 252, 0, 0),
(2, 9, 253, 0, 0),
(2, 9, 254, 0, 0),
(2, 9, 255, 0, 0),
(2, 16, 256, 0, 0),
(2, 16, 257, 0, 0),
(2, 16, 258, 0, 0),
(2, 16, 259, 0, 0),
(2, 16, 260, 0, 0),
(2, 16, 261, 0, 0),
(2, 16, 262, 0, 0),
(2, 16, 263, 0, 0),
(2, 16, 264, 0, 0),
(2, 16, 265, 0, 0),
(2, 16, 266, 0, 0),
(2, 16, 267, 0, 0),
(2, 16, 268, 0, 0),
(2, 16, 269, 0, 0),
(2, 16, 270, 0, 0),
(2, 16, 271, 0, 0),
(2, 16, 272, 0, 0),
(2, 16, 273, 0, 0),
(2, 16, 274, 0, 0),
(2, 16, 275, 0, 0),
(2, 16, 276, 0, 0),
(2, 16, 277, 0, 0),
(2, 16, 278, 0, 0),
(2, 15, 279, 0, 0),
(2, 15, 280, 0, 0),
(2, 15, 281, 0, 0),
(2, 15, 282, 0, 0),
(2, 15, 283, 0, 0),
(2, 15, 284, 0, 0),
(2, 15, 285, 0, 0),
(2, 15, 286, 0, 0),
(2, 15, 287, 0, 0),
(2, 15, 288, 0, 0),
(2, 18, 289, 0, 0),
(2, 18, 290, 0, 0),
(2, 18, 291, 0, 0),
(2, 18, 292, 0, 0),
(2, 18, 293, 0, 0),
(2, 18, 294, 0, 0),
(2, 18, 295, 0, 0),
(2, 18, 296, 0, 0),
(2, 18, 297, 0, 0),
(2, 18, 298, 0, 0),
(2, 18, 299, 0, 0),
(2, 18, 300, 0, 0),
(2, 18, 301, 0, 0),
(2, 18, 302, 0, 0),
(2, 18, 303, 0, 0),
(2, 18, 304, 0, 0),
(2, 18, 305, 0, 0),
(2, 19, 306, 0, 0),
(2, 19, 307, 0, 0),
(2, 19, 308, 0, 0),
(2, 19, 309, 0, 0),
(2, 19, 310, 0, 0),
(2, 19, 311, 0, 0),
(2, 19, 312, 0, 0),
(2, 19, 313, 0, 0),
(2, 20, 314, 0, 0),
(2, 20, 315, 0, 0),
(2, 20, 316, 0, 0),
(2, 20, 317, 0, 0),
(2, 20, 318, 0, 0),
(2, 20, 319, 0, 0),
(2, 20, 320, 0, 0),
(2, 20, 321, 0, 0),
(2, 20, 322, 0, 0),
(2, 20, 323, 0, 0),
(2, 20, 324, 0, 0),
(2, 20, 325, 0, 0),
(2, 20, 326, 0, 0),
(2, 20, 327, 0, 0),
(2, 20, 328, 0, 0),
(2, 20, 329, 0, 0),
(2, 20, 330, 0, 0),
(2, 20, 331, 0, 0),
(2, 20, 332, 0, 0),
(2, 20, 333, 0, 0),
(2, 20, 334, 0, 0),
(2, 20, 335, 0, 0),
(2, 20, 336, 0, 0),
(2, 20, 337, 0, 0),
(2, 20, 338, 0, 0),
(2, 20, 339, 0, 0),
(2, 20, 340, 0, 0),
(2, 20, 341, 0, 0),
(2, 20, 342, 0, 0),
(2, 20, 343, 0, 0),
(2, 20, 344, 0, 0),
(2, 20, 345, 0, 0),
(2, 20, 346, 0, 0),
(2, 20, 347, 0, 0),
(2, 20, 348, 0, 0),
(2, 20, 349, 0, 0),
(2, 20, 350, 0, 0),
(2, 21, 351, 0, 0),
(2, 21, 352, 0, 0),
(2, 21, 353, 0, 0),
(2, 21, 354, 0, 0),
(2, 21, 355, 0, 0),
(2, 21, 356, 0, 0),
(2, 21, 357, 0, 0),
(2, 21, 358, 0, 0),
(2, 21, 359, 0, 0),
(2, 21, 360, 0, 0),
(2, 21, 361, 0, 0),
(2, 21, 362, 0, 0),
(2, 21, 363, 0, 0),
(2, 21, 364, 0, 0),
(2, 21, 365, 0, 0),
(2, 21, 366, 0, 0),
(2, 21, 367, 0, 0),
(2, 21, 368, 0, 0),
(2, 21, 369, 0, 0),
(2, 21, 370, 0, 0),
(2, 21, 371, 0, 0),
(2, 21, 372, 0, 0),
(2, 21, 373, 0, 0),
(2, 21, 374, 0, 0),
(2, 21, 375, 0, 0),
(2, 21, 376, 0, 0),
(2, 21, 377, 0, 0),
(2, 21, 378, 0, 0),
(2, 21, 379, 0, 0),
(2, 21, 380, 0, 0),
(2, 21, 381, 0, 0),
(2, 21, 382, 0, 0),
(2, 21, 383, 0, 0),
(2, 21, 384, 0, 0),
(2, 21, 385, 0, 0),
(2, 21, 386, 0, 0),
(2, 21, 387, 0, 0),
(2, 21, 388, 0, 0),
(2, 22, 389, 0, 0),
(2, 22, 390, 0, 0),
(2, 22, 391, 0, 0),
(2, 22, 392, 0, 0),
(2, 22, 393, 0, 0),
(2, 22, 394, 0, 0),
(2, 22, 395, 0, 0),
(2, 22, 396, 0, 0),
(2, 22, 397, 0, 0),
(2, 22, 398, 0, 0),
(2, 22, 399, 0, 0),
(2, 22, 400, 0, 0),
(2, 22, 401, 0, 0),
(2, 22, 402, 0, 0),
(2, 22, 403, 0, 0),
(2, 22, 404, 0, 0),
(2, 22, 405, 0, 0),
(2, 22, 406, 0, 0),
(2, 22, 407, 0, 0),
(2, 22, 408, 0, 0),
(2, 22, 409, 0, 0),
(2, 22, 410, 0, 0),
(2, 22, 411, 0, 0),
(2, 22, 412, 0, 0),
(2, 22, 413, 0, 0),
(2, 22, 414, 0, 0),
(2, 22, 415, 0, 0),
(2, 22, 416, 0, 0),
(2, 22, 417, 0, 0),
(2, 22, 418, 0, 0),
(2, 22, 419, 0, 0),
(2, 22, 420, 0, 0),
(2, 22, 421, 0, 0),
(2, 22, 422, 0, 0),
(2, 22, 423, 0, 0),
(2, 22, 424, 0, 0),
(2, 22, 425, 0, 0),
(2, 22, 426, 0, 0),
(2, 22, 427, 0, 0),
(2, 22, 428, 0, 0),
(2, 22, 429, 0, 0),
(2, 22, 430, 0, 0),
(2, 22, 431, 0, 0),
(2, 22, 432, 0, 0),
(2, 22, 433, 0, 0),
(2, 22, 434, 0, 0),
(2, 22, 435, 0, 0),
(2, 23, 436, 0, 0),
(2, 23, 437, 0, 0),
(2, 23, 438, 0, 0),
(2, 23, 439, 0, 0),
(2, 23, 440, 0, 0),
(2, 23, 441, 0, 0),
(2, 23, 442, 0, 0),
(2, 23, 443, 0, 0),
(2, 23, 444, 0, 0),
(2, 23, 445, 0, 0),
(2, 23, 446, 0, 0),
(2, 23, 447, 0, 0),
(2, 23, 448, 0, 0),
(2, 23, 449, 0, 0),
(2, 23, 450, 0, 0),
(2, 23, 451, 0, 0),
(2, 23, 452, 0, 0),
(2, 23, 453, 0, 0),
(2, 23, 454, 0, 0),
(2, 23, 455, 0, 0),
(2, 23, 456, 0, 0),
(2, 23, 457, 0, 0),
(2, 23, 458, 0, 0),
(2, 23, 459, 0, 0),
(2, 23, 460, 0, 0),
(2, 23, 461, 0, 0),
(2, 23, 462, 0, 0),
(2, 23, 463, 0, 0),
(2, 23, 464, 0, 0),
(2, 23, 465, 0, 0),
(2, 23, 466, 0, 0),
(2, 23, 467, 0, 0),
(2, 23, 468, 0, 0),
(2, 23, 469, 0, 0),
(2, 23, 470, 0, 0),
(2, 23, 471, 0, 0),
(2, 23, 472, 0, 0),
(2, 23, 473, 0, 0),
(2, 23, 474, 0, 0),
(2, 10, 520, 0, 0),
(2, 10, 521, 0, 0),
(2, 10, 522, 0, 0),
(2, 10, 523, 0, 0),
(2, 10, 524, 0, 0),
(2, 10, 525, 0, 0),
(2, 34, 526, 0, 0),
(2, 34, 527, 0, 0),
(2, 34, 528, 0, 0),
(2, 34, 529, 0, 0),
(2, 34, 530, 0, 0),
(2, 34, 531, 0, 0),
(2, 34, 532, 0, 0),
(2, 34, 533, 0, 0),
(2, 34, 534, 0, 0),
(2, 34, 535, 0, 0),
(2, 34, 536, 0, 0),
(2, 34, 537, 0, 0),
(2, 34, 538, 0, 0),
(2, 34, 539, 0, 0),
(2, 34, 540, 0, 0),
(2, 34, 541, 0, 0),
(2, 34, 542, 0, 0),
(2, 29, 543, 0, 0),
(2, 35, 544, 0, 0),
(2, 35, 545, 0, 0),
(2, 35, 546, 0, 0),
(2, 35, 547, 0, 0),
(2, 35, 548, 0, 0),
(2, 35, 549, 0, 0),
(2, 35, 550, 0, 0),
(2, 35, 551, 0, 0),
(2, 35, 552, 0, 0),
(2, 35, 553, 0, 0),
(2, 35, 554, 0, 0),
(2, 35, 555, 0, 0),
(2, 35, 556, 0, 0),
(2, 35, 557, 0, 0),
(2, 35, 558, 0, 0),
(2, 35, 559, 0, 0),
(2, 35, 560, 0, 0),
(2, 35, 561, 0, 0),
(2, 35, 562, 0, 0),
(2, 35, 563, 0, 0),
(2, 35, 564, 0, 0),
(2, 35, 565, 0, 0),
(2, 36, 566, 0, 0),
(2, 36, 567, 0, 0),
(2, 36, 568, 0, 0),
(2, 36, 569, 0, 0),
(2, 36, 570, 0, 0),
(2, 36, 571, 0, 0),
(2, 36, 572, 0, 0),
(2, 36, 573, 0, 0),
(2, 36, 574, 0, 0),
(2, 36, 575, 0, 0),
(2, 36, 576, 0, 0),
(2, 36, 577, 0, 0),
(2, 36, 578, 0, 0),
(2, 36, 579, 0, 0),
(2, 36, 580, 0, 0),
(2, 36, 581, 0, 0),
(2, 36, 582, 0, 0),
(2, 36, 583, 0, 0),
(2, 36, 584, 0, 0),
(2, 36, 585, 0, 0),
(2, 36, 586, 0, 0),
(2, 36, 587, 0, 0),
(2, 38, 588, 0, 0),
(2, 38, 589, 0, 0),
(2, 38, 590, 0, 0),
(2, 38, 591, 0, 0),
(2, 38, 592, 0, 0),
(2, 38, 593, 0, 0),
(2, 38, 594, 0, 0),
(2, 38, 595, 0, 0),
(2, 38, 596, 0, 0),
(2, 38, 597, 0, 0),
(2, 38, 598, 0, 0),
(2, 38, 599, 0, 0),
(2, 38, 600, 0, 0),
(2, 38, 601, 0, 0),
(2, 38, 602, 0, 0),
(2, 38, 603, 0, 0),
(2, 38, 604, 0, 0),
(2, 38, 605, 0, 0),
(2, 38, 606, 0, 0),
(2, 38, 607, 0, 0),
(2, 38, 608, 0, 0),
(2, 42, 609, 0, 0),
(2, 42, 610, 0, 0),
(2, 42, 611, 0, 0),
(2, 42, 612, 0, 0),
(2, 42, 613, 0, 0),
(2, 42, 614, 0, 0),
(2, 42, 615, 0, 0),
(2, 42, 616, 0, 0),
(2, 43, 617, 0, 0),
(2, 43, 618, 0, 0),
(2, 43, 619, 0, 0),
(2, 43, 620, 0, 0),
(2, 43, 621, 0, 0),
(2, 43, 622, 0, 0),
(2, 43, 623, 0, 0),
(2, 43, 624, 0, 0),
(2, 43, 625, 0, 0),
(2, 43, 626, 0, 0),
(2, 43, 627, 0, 0),
(2, 43, 628, 0, 0),
(2, 43, 629, 0, 0),
(2, 44, 630, 0, 0),
(2, 44, 631, 0, 0),
(2, 44, 632, 0, 0),
(2, 44, 633, 0, 0),
(2, 44, 634, 0, 0),
(2, 44, 635, 0, 0),
(2, 44, 636, 0, 0),
(2, 44, 637, 0, 0),
(2, 44, 638, 0, 0),
(2, 44, 639, 0, 0),
(2, 44, 640, 0, 0),
(2, 44, 641, 0, 0),
(2, 44, 642, 0, 0),
(2, 44, 643, 0, 0),
(2, 44, 644, 0, 0),
(2, 44, 645, 0, 0),
(2, 44, 646, 0, 0),
(2, 44, 647, 0, 0),
(2, 45, 648, 0, 0),
(2, 45, 649, 0, 0),
(2, 45, 650, 0, 0),
(2, 45, 651, 0, 0),
(2, 45, 652, 0, 0),
(2, 45, 653, 0, 0),
(2, 45, 654, 0, 0),
(2, 45, 655, 0, 0),
(2, 45, 656, 0, 0),
(2, 45, 657, 0, 0),
(2, 45, 658, 0, 0),
(2, 45, 659, 0, 0),
(2, 45, 660, 0, 0),
(2, 45, 661, 0, 0),
(2, 45, 662, 0, 0),
(2, 45, 663, 0, 0),
(2, 45, 664, 0, 0),
(2, 45, 665, 0, 0),
(2, 45, 666, 0, 0),
(2, 45, 667, 0, 0),
(2, 47, 668, 0, 0),
(2, 47, 669, 0, 0),
(2, 47, 670, 0, 0),
(2, 47, 671, 0, 0),
(2, 47, 672, 0, 0),
(2, 47, 673, 0, 0),
(2, 2, 674, 0, 0),
(2, 29, 675, 0, 0),
(2, 23, 676, 0, 0),
(2, 23, 677, 0, 0),
(2, 23, 678, 0, 0),
(2, 23, 679, 0, 0),
(2, 23, 680, 0, 0),
(2, 23, 681, 0, 0),
(2, 23, 682, 0, 0),
(2, 23, 683, 0, 0),
(2, 23, 684, 0, 0),
(2, 22, 685, 0, 0),
(2, 22, 686, 0, 0),
(2, 22, 687, 0, 0),
(2, 22, 688, 0, 0),
(2, 22, 689, 0, 0),
(2, 22, 690, 0, 0),
(2, 22, 691, 0, 0),
(2, 22, 692, 0, 0),
(2, 22, 693, 0, 0),
(2, 21, 694, 0, 0),
(2, 21, 695, 0, 0),
(2, 21, 696, 0, 0),
(2, 21, 697, 0, 0),
(2, 21, 698, 0, 0),
(2, 21, 699, 0, 0),
(2, 21, 700, 0, 0),
(2, 21, 701, 0, 0),
(2, 21, 702, 0, 0),
(2, 20, 703, 0, 0),
(2, 20, 704, 0, 0),
(2, 20, 705, 0, 0),
(2, 20, 706, 0, 0),
(2, 20, 707, 0, 0),
(2, 20, 708, 0, 0),
(2, 20, 709, 0, 0),
(2, 20, 710, 0, 0),
(2, 20, 711, 0, 0),
(2, 29, 712, 0, 0),
(2, 44, 713, 0, 0),
(2, 42, 714, 0, 0),
(2, 29, 715, 0, 0),
(2, 29, 716, 0, 0),
(2, 29, 717, 0, 0),
(2, 23, 718, 0, 0),
(2, 22, 719, 0, 0),
(2, 21, 720, 0, 0),
(2, 20, 721, 0, 0),
(2, 29, 722, 0, 0),
(2, 6, 723, 0, 0),
(2, 4, 724, 0, 0),
(2, 2, 725, 0, 0),
(2, 29, 726, 0, 0),
(2, 23, 727, 0, 0),
(2, 23, 728, 0, 0),
(2, 21, 729, 0, 0),
(2, 21, 730, 0, 0),
(2, 18, 731, 0, 0),
(2, 7, 732, 0, 0),
(2, 42, 733, 0, 0),
(2, 42, 734, 0, 0),
(2, 23, 735, 0, 0),
(2, 20, 736, 0, 0),
(2, 21, 737, 0, 0),
(2, 22, 738, 0, 0),
(2, 29, 739, 0, 0),
(2, 2, 740, 0, 0),
(2, 13, 741, 0, 0),
(2, 29, 742, 0, 0),
(2, 29, 743, 0, 0),
(2, 29, 744, 0, 0),
(2, 29, 745, 0, 0),
(2, 14, 772, 0, 0),
(2, 36, 773, 0, 0),
(2, 23, 774, 0, 0),
(2, 29, 775, 0, 0),
(2, 23, 776, 0, 0),
(2, 23, 777, 0, 0),
(2, 23, 778, 0, 0),
(2, 20, 779, 0, 0),
(2, 20, 780, 0, 0),
(2, 20, 781, 0, 0),
(2, 21, 782, 0, 0),
(2, 22, 783, 0, 0),
(2, 22, 784, 0, 0),
(2, 22, 785, 0, 0),
(2, 42, 786, 0, 0),
(2, 42, 787, 0, 0),
(2, 42, 788, 0, 0),
(2, 2, 789, 0, 0),
(2, 4, 790, 0, 0),
(2, 6, 791, 0, 0),
(2, 7, 792, 0, 0),
(2, 8, 793, 0, 0),
(2, 9, 794, 0, 0),
(2, 10, 795, 0, 0),
(2, 13, 796, 0, 0),
(2, 14, 797, 0, 0),
(2, 15, 798, 0, 0),
(2, 16, 799, 0, 0),
(2, 18, 800, 0, 0),
(2, 19, 801, 0, 0),
(2, 20, 802, 0, 0),
(2, 21, 803, 0, 0),
(2, 22, 804, 0, 0),
(2, 23, 805, 0, 0),
(2, 26, 806, 0, 0),
(2, 10, 807, 0, 0),
(2, 2, 808, 0, 0),
(2, 4, 809, 0, 0),
(2, 6, 810, 0, 0),
(2, 7, 811, 0, 0),
(2, 8, 812, 0, 0),
(2, 9, 813, 0, 0),
(2, 10, 814, 0, 0),
(2, 13, 815, 0, 0),
(2, 14, 816, 0, 0),
(2, 15, 817, 0, 0),
(2, 16, 818, 0, 0),
(2, 18, 819, 0, 0),
(2, 19, 820, 0, 0),
(2, 20, 821, 0, 0),
(2, 21, 822, 0, 0),
(2, 22, 823, 0, 0),
(2, 23, 824, 0, 0),
(2, 26, 825, 0, 0),
(2, 2, 826, 0, 0),
(2, 4, 827, 0, 0),
(2, 6, 828, 0, 0),
(2, 7, 829, 0, 0),
(2, 8, 830, 0, 0),
(2, 9, 831, 0, 0),
(2, 10, 832, 0, 0),
(2, 13, 833, 0, 0),
(2, 14, 834, 0, 0),
(2, 15, 835, 0, 0),
(2, 16, 836, 0, 0),
(2, 18, 837, 0, 0),
(2, 19, 838, 0, 0),
(2, 20, 839, 0, 0),
(2, 21, 840, 0, 0),
(2, 22, 841, 0, 0),
(2, 23, 842, 0, 0),
(2, 26, 843, 0, 0),
(2, 20, 844, 0, 0),
(2, 21, 845, 0, 0),
(2, 22, 846, 0, 0),
(2, 23, 847, 0, 0),
(2, 45, 848, 0, 0),
(2, 45, 849, 0, 0),
(2, 29, 850, 0, 0),
(2, 22, 851, 0, 0),
(2, 29, 852, 0, 0),
(2, 16, 853, 0, 0),
(2, 16, 854, 0, 0),
(2, 16, 855, 0, 0),
(2, 16, 856, 0, 0),
(2, 9, 857, 0, 0),
(2, 9, 858, 0, 0),
(2, 16, 859, 0, 0),
(2, 50, 860, 0, 0),
(2, 50, 861, 0, 0),
(2, 50, 862, 0, 0),
(2, 50, 863, 0, 0),
(2, 50, 864, 0, 0),
(2, 50, 865, 0, 0),
(2, 6, 892, 0, 0),
(2, 6, 893, 0, 0),
(2, 6, 894, 0, 0),
(2, 6, 895, 0, 0),
(2, 6, 896, 0, 0),
(2, 6, 897, 0, 0),
(2, 6, 898, 0, 0),
(2, 6, 899, 0, 0),
(2, 6, 900, 0, 0),
(2, 6, 901, 0, 0),
(2, 6, 902, 0, 0),
(2, 6, 903, 0, 0),
(2, 6, 904, 0, 0),
(2, 6, 905, 0, 0),
(2, 6, 906, 0, 0),
(2, 6, 907, 0, 0),
(2, 6, 908, 0, 0),
(2, 6, 909, 0, 0),
(2, 6, 910, 0, 0),
(2, 6, 911, 0, 0),
(2, 6, 912, 0, 0),
(2, 6, 913, 0, 0),
(2, 6, 914, 0, 0),
(2, 6, 915, 0, 0),
(2, 6, 916, 0, 0),
(2, 6, 917, 0, 0),
(2, 6, 918, 0, 0),
(2, 6, 919, 0, 0),
(2, 6, 920, 0, 0),
(2, 6, 921, 0, 0),
(2, 6, 922, 0, 0),
(2, 6, 923, 0, 0),
(2, 6, 924, 0, 0),
(2, 6, 925, 0, 0),
(2, 6, 926, 0, 0),
(2, 23, 927, 0, 0),
(2, 52, 928, 0, 0),
(2, 52, 929, 0, 0),
(2, 52, 930, 0, 0),
(2, 52, 931, 0, 0),
(2, 52, 932, 0, 0),
(2, 52, 933, 0, 0),
(2, 52, 934, 0, 0),
(2, 52, 935, 0, 0),
(2, 52, 936, 0, 0),
(2, 52, 937, 0, 0),
(2, 52, 938, 0, 0),
(2, 52, 939, 0, 0),
(2, 52, 940, 0, 0),
(2, 52, 941, 0, 0),
(2, 52, 942, 0, 0),
(2, 52, 943, 0, 0),
(2, 52, 944, 0, 0),
(2, 52, 945, 0, 0),
(2, 52, 946, 0, 0),
(2, 52, 947, 0, 0),
(2, 52, 948, 0, 0),
(2, 52, 949, 0, 0),
(2, 52, 950, 0, 0),
(2, 52, 951, 0, 0),
(2, 52, 952, 0, 0),
(2, 21, 953, 0, 0),
(2, 53, 954, 0, 0),
(2, 53, 955, 0, 0),
(2, 53, 956, 0, 0),
(2, 53, 957, 0, 0),
(2, 53, 958, 0, 0),
(2, 53, 959, 0, 0),
(2, 53, 960, 0, 0),
(2, 53, 961, 0, 0),
(2, 53, 962, 0, 0),
(2, 53, 963, 0, 0),
(2, 53, 964, 0, 0),
(2, 53, 965, 0, 0),
(2, 53, 966, 0, 0),
(2, 53, 967, 0, 0),
(2, 53, 968, 0, 0),
(2, 53, 969, 0, 0),
(2, 54, 970, 0, 0),
(2, 54, 971, 0, 0),
(2, 54, 972, 0, 0),
(2, 54, 973, 0, 0),
(2, 54, 974, 0, 0),
(2, 54, 975, 0, 0),
(2, 54, 976, 0, 0),
(2, 54, 977, 0, 0),
(2, 54, 978, 0, 0),
(2, 54, 979, 0, 0),
(2, 54, 980, 0, 0),
(2, 54, 981, 0, 0),
(2, 54, 982, 0, 0),
(2, 54, 983, 0, 0),
(2, 54, 984, 0, 0),
(2, 54, 985, 0, 0),
(2, 55, 986, 0, 0),
(2, 55, 987, 0, 0),
(2, 55, 988, 0, 0),
(2, 55, 989, 0, 0),
(2, 55, 990, 0, 0),
(2, 55, 991, 0, 0),
(2, 55, 992, 0, 0),
(2, 55, 993, 0, 0),
(2, 55, 994, 0, 0),
(2, 55, 995, 0, 0),
(2, 55, 996, 0, 0),
(2, 55, 997, 0, 0),
(2, 55, 998, 0, 0),
(2, 55, 999, 0, 0),
(2, 55, 1000, 0, 0),
(2, 55, 1001, 0, 0),
(2, 55, 1002, 0, 0),
(2, 55, 1003, 0, 0),
(2, 55, 1004, 0, 0),
(2, 55, 1005, 0, 0),
(2, 55, 1006, 0, 0),
(2, 55, 1007, 0, 0),
(2, 7, 1008, 0, 0),
(2, 7, 1009, 0, 0),
(2, 7, 1010, 0, 0),
(2, 7, 1011, 0, 0),
(2, 7, 1012, 0, 0),
(2, 7, 1013, 0, 0),
(2, 7, 1014, 0, 0),
(2, 7, 1015, 0, 0),
(2, 7, 1016, 0, 0),
(2, 7, 1017, 0, 0),
(2, 7, 1018, 0, 0),
(2, 7, 1019, 0, 0),
(2, 7, 1020, 0, 0),
(2, 7, 1021, 0, 0),
(2, 7, 1022, 0, 0),
(2, 7, 1023, 0, 0),
(2, 7, 1024, 0, 0),
(2, 7, 1025, 0, 0),
(2, 7, 1026, 0, 0),
(2, 7, 1027, 0, 0),
(2, 7, 1028, 0, 0),
(2, 7, 1029, 0, 0),
(2, 7, 1030, 0, 0),
(2, 7, 1031, 0, 0),
(2, 7, 1032, 0, 0),
(2, 7, 1033, 0, 0),
(2, 56, 1034, 0, 0),
(2, 56, 1035, 0, 0),
(2, 56, 1036, 0, 0),
(2, 56, 1037, 0, 0),
(2, 56, 1038, 0, 0),
(2, 56, 1039, 0, 0),
(2, 56, 1040, 0, 0),
(2, 56, 1041, 0, 0),
(2, 56, 1042, 0, 0),
(2, 56, 1043, 0, 0),
(2, 56, 1044, 0, 0),
(2, 56, 1045, 0, 0),
(2, 56, 1046, 0, 0),
(2, 57, 1047, 0, 0),
(2, 57, 1048, 0, 0),
(2, 57, 1049, 0, 0),
(2, 57, 1050, 0, 0),
(2, 57, 1051, 0, 0),
(2, 57, 1052, 0, 0),
(2, 57, 1053, 0, 0),
(2, 57, 1054, 0, 0),
(2, 57, 1055, 0, 0),
(2, 57, 1056, 0, 0),
(2, 57, 1057, 0, 0),
(2, 57, 1058, 0, 0),
(2, 57, 1059, 0, 0),
(2, 57, 1060, 0, 0),
(2, 57, 1061, 0, 0),
(2, 57, 1062, 0, 0),
(2, 57, 1063, 0, 0),
(2, 58, 1064, 0, 0),
(2, 58, 1065, 0, 0),
(2, 58, 1066, 0, 0),
(2, 58, 1067, 0, 0),
(2, 58, 1068, 0, 0),
(2, 58, 1069, 0, 0),
(2, 58, 1070, 0, 0),
(2, 58, 1071, 0, 0),
(2, 58, 1072, 0, 0),
(2, 58, 1073, 0, 0),
(2, 58, 1074, 0, 0),
(2, 58, 1075, 0, 0),
(2, 58, 1076, 0, 0),
(2, 58, 1077, 0, 0),
(2, 58, 1078, 0, 0),
(2, 58, 1079, 0, 0),
(2, 58, 1080, 0, 0),
(2, 58, 1081, 0, 0),
(2, 58, 1082, 0, 0),
(2, 58, 1083, 0, 0),
(2, 58, 1084, 0, 0),
(2, 58, 1085, 0, 0),
(2, 59, 1086, 0, 0),
(2, 59, 1087, 0, 0),
(2, 59, 1088, 0, 0),
(2, 59, 1089, 0, 0),
(2, 59, 1090, 0, 0),
(2, 59, 1091, 0, 0),
(2, 59, 1092, 0, 0),
(2, 59, 1093, 0, 0),
(2, 59, 1094, 0, 0),
(2, 59, 1095, 0, 0),
(2, 59, 1096, 0, 0),
(2, 59, 1097, 0, 0),
(2, 59, 1098, 0, 0),
(2, 59, 1099, 0, 0),
(2, 59, 1100, 0, 0),
(2, 59, 1101, 0, 0),
(2, 59, 1102, 0, 0),
(2, 59, 1103, 0, 0),
(2, 59, 1104, 0, 0),
(2, 59, 1105, 0, 0),
(2, 59, 1106, 0, 0),
(2, 59, 1107, 0, 0),
(2, 59, 1108, 0, 0),
(2, 59, 1109, 0, 0),
(2, 60, 1110, 0, 0),
(2, 60, 1111, 0, 0),
(2, 60, 1112, 0, 0),
(2, 60, 1113, 0, 0),
(2, 60, 1114, 0, 0),
(2, 60, 1115, 0, 0),
(2, 60, 1116, 0, 0),
(2, 60, 1117, 0, 0),
(2, 60, 1118, 0, 0),
(2, 60, 1119, 0, 0),
(2, 60, 1120, 0, 0),
(2, 60, 1121, 0, 0),
(2, 60, 1122, 0, 0),
(2, 60, 1123, 0, 0),
(2, 60, 1124, 0, 0),
(2, 60, 1125, 0, 0),
(2, 60, 1126, 0, 0),
(2, 60, 1127, 0, 0),
(2, 61, 1128, 0, 0),
(2, 61, 1129, 0, 0),
(2, 61, 1130, 0, 0),
(2, 61, 1131, 0, 0),
(2, 61, 1132, 0, 0),
(2, 61, 1133, 0, 0),
(2, 61, 1134, 0, 0),
(2, 61, 1135, 0, 0),
(2, 61, 1136, 0, 0),
(2, 61, 1137, 0, 0),
(2, 61, 1138, 0, 0),
(2, 61, 1139, 0, 0),
(2, 61, 1140, 0, 0),
(2, 61, 1141, 0, 0),
(2, 61, 1142, 0, 0),
(2, 61, 1143, 0, 0),
(2, 61, 1144, 0, 0),
(2, 61, 1145, 0, 0),
(2, 61, 1146, 0, 0),
(2, 62, 1147, 0, 0),
(2, 62, 1148, 0, 0),
(2, 62, 1149, 0, 0),
(2, 62, 1150, 0, 0),
(2, 62, 1151, 0, 0),
(2, 62, 1152, 0, 0),
(2, 62, 1153, 0, 0),
(2, 62, 1154, 0, 0),
(2, 62, 1155, 0, 0),
(2, 62, 1156, 0, 0),
(2, 62, 1157, 0, 0),
(2, 62, 1158, 0, 0),
(2, 62, 1159, 0, 0),
(2, 62, 1160, 0, 0),
(2, 62, 1161, 0, 0),
(2, 62, 1162, 0, 0),
(2, 62, 1163, 0, 0),
(2, 62, 1164, 0, 0),
(2, 62, 1165, 0, 0),
(2, 62, 1166, 0, 0),
(2, 63, 1167, 0, 0),
(2, 63, 1168, 0, 0),
(2, 63, 1169, 0, 0),
(2, 63, 1170, 0, 0),
(2, 63, 1171, 0, 0),
(2, 63, 1172, 0, 0),
(2, 63, 1173, 0, 0),
(2, 63, 1174, 0, 0),
(2, 63, 1175, 0, 0),
(2, 63, 1176, 0, 0),
(2, 63, 1177, 0, 0),
(2, 63, 1178, 0, 0),
(2, 63, 1179, 0, 0),
(2, 21, 1189, 0, 0),
(2, 21, 1190, 0, 0),
(2, 21, 1191, 0, 0),
(2, 21, 1192, 0, 0),
(2, 21, 1193, 0, 0),
(2, 21, 1194, 0, 0),
(2, 21, 1195, 0, 0),
(2, 21, 1196, 0, 0),
(2, 21, 1197, 0, 0),
(2, 21, 1198, 0, 0),
(2, 21, 1199, 0, 0),
(2, 21, 1200, 0, 0),
(2, 21, 1201, 0, 0),
(2, 21, 1202, 0, 0),
(2, 21, 1203, 0, 0),
(2, 21, 1204, 0, 0),
(2, 21, 1205, 0, 0),
(2, 21, 1206, 0, 0),
(2, 21, 1207, 0, 0),
(2, 20, 1208, 0, 0),
(2, 20, 1209, 0, 0),
(2, 20, 1210, 0, 0),
(2, 20, 1211, 0, 0),
(2, 20, 1212, 0, 0),
(2, 4, 1213, 0, 0),
(2, 4, 1214, 0, 0),
(2, 4, 1215, 0, 0),
(2, 4, 1216, 0, 0),
(2, 4, 1217, 0, 0),
(2, 4, 1218, 0, 0),
(2, 4, 1219, 0, 0),
(2, 65, 1220, 0, 0),
(2, 65, 1221, 0, 0),
(2, 65, 1222, 0, 0),
(2, 65, 1223, 0, 0),
(2, 65, 1224, 0, 0),
(2, 65, 1225, 0, 0),
(2, 65, 1226, 0, 0),
(2, 65, 1227, 0, 0),
(2, 65, 1228, 0, 0),
(2, 65, 1229, 0, 0),
(2, 65, 1230, 0, 0),
(2, 65, 1231, 0, 0),
(2, 65, 1232, 0, 0),
(2, 65, 1233, 0, 0),
(2, 65, 1234, 0, 0),
(2, 2, 1235, 0, 0),
(2, 2, 1236, 0, 0),
(2, 2, 1237, 0, 0),
(2, 2, 1238, 0, 0),
(2, 2, 1239, 0, 0),
(2, 2, 1240, 0, 0),
(2, 2, 1241, 0, 0),
(2, 2, 1242, 0, 0),
(2, 2, 1243, 0, 0),
(3, 6, 1, 0, 0),
(3, 6, 2, 0, 0),
(3, 6, 3, 0, 0),
(3, 6, 4, 0, 0),
(3, 6, 5, 0, 0),
(3, 6, 6, 0, 0),
(3, 6, 7, 0, 0),
(3, 6, 8, 0, 0),
(3, 6, 9, 0, 0),
(3, 6, 10, 0, 0),
(3, 6, 11, 0, 0),
(3, 6, 12, 0, 0),
(3, 6, 13, 0, 0),
(3, 6, 14, 0, 0),
(3, 6, 15, 0, 0),
(3, 6, 16, 0, 0),
(3, 6, 17, 0, 0),
(3, 6, 18, 0, 0),
(3, 6, 19, 0, 0),
(3, 6, 20, 0, 0),
(3, 6, 21, 0, 0),
(3, 6, 22, 0, 0),
(3, 6, 23, 0, 0),
(3, 6, 24, 0, 0),
(3, 6, 25, 0, 0),
(3, 6, 26, 0, 0),
(3, 6, 27, 0, 0),
(3, 6, 28, 0, 0),
(3, 6, 29, 0, 0),
(3, 6, 30, 0, 0),
(3, 6, 31, 0, 0),
(3, 6, 32, 0, 0),
(3, 6, 33, 0, 0),
(3, 6, 34, 0, 0),
(3, 6, 35, 0, 0),
(3, 6, 36, 0, 0),
(3, 7, 37, 0, 0),
(3, 7, 38, 0, 0),
(3, 7, 39, 0, 0),
(3, 7, 40, 0, 0),
(3, 7, 41, 0, 0),
(3, 7, 42, 0, 0),
(3, 7, 43, 0, 0),
(3, 7, 44, 0, 0),
(3, 7, 45, 0, 0),
(3, 7, 46, 0, 0),
(3, 7, 47, 0, 0),
(3, 7, 48, 0, 0),
(3, 7, 49, 0, 0),
(3, 7, 50, 0, 0),
(3, 7, 51, 0, 0),
(3, 7, 52, 0, 0),
(3, 7, 53, 0, 0),
(3, 7, 54, 0, 0),
(3, 7, 55, 0, 0),
(3, 7, 56, 0, 0),
(3, 7, 57, 0, 0),
(3, 7, 58, 0, 0),
(3, 7, 59, 0, 0),
(3, 7, 60, 0, 0),
(3, 7, 61, 0, 0),
(3, 7, 62, 0, 0),
(3, 7, 63, 0, 0),
(3, 7, 64, 0, 0),
(3, 7, 65, 0, 0),
(3, 4, 66, 0, 0),
(3, 4, 67, 0, 0),
(3, 4, 68, 0, 0),
(3, 4, 69, 0, 0),
(3, 4, 70, 0, 0),
(3, 4, 71, 0, 0),
(3, 4, 72, 0, 0),
(3, 4, 73, 0, 0),
(3, 4, 74, 0, 0),
(3, 4, 75, 0, 0),
(3, 4, 76, 0, 0),
(3, 4, 77, 0, 0),
(3, 4, 78, 0, 0),
(3, 4, 79, 0, 0),
(3, 4, 80, 0, 0),
(3, 4, 81, 0, 0),
(3, 4, 82, 0, 0),
(3, 4, 83, 0, 0),
(3, 4, 84, 0, 0),
(3, 4, 85, 0, 0),
(3, 4, 86, 0, 0),
(3, 4, 87, 0, 0),
(3, 4, 88, 0, 0),
(3, 4, 89, 0, 0),
(3, 4, 90, 0, 0),
(3, 4, 91, 0, 0),
(3, 4, 92, 0, 0),
(3, 4, 93, 0, 0),
(3, 4, 94, 0, 0),
(3, 4, 95, 0, 0),
(3, 4, 96, 0, 0),
(3, 4, 97, 0, 0),
(3, 4, 98, 0, 0),
(3, 4, 99, 0, 0),
(3, 4, 100, 0, 0),
(3, 4, 101, 0, 0),
(3, 4, 102, 0, 0),
(3, 4, 103, 0, 0),
(3, 4, 104, 0, 0),
(3, 4, 105, 0, 0),
(3, 4, 106, 0, 0),
(3, 4, 107, 0, 0),
(3, 4, 108, 0, 0),
(3, 4, 109, 0, 0),
(3, 2, 110, 0, 0),
(3, 2, 111, 0, 0),
(3, 2, 112, 0, 0),
(3, 2, 113, 0, 0),
(3, 2, 114, 0, 0),
(3, 2, 115, 0, 0),
(3, 2, 116, 0, 0),
(3, 2, 117, 0, 0),
(3, 2, 118, 0, 0),
(3, 2, 119, 0, 0),
(3, 2, 120, 0, 0),
(3, 2, 121, 0, 0),
(3, 2, 122, 0, 0),
(3, 2, 123, 0, 0),
(3, 2, 124, 0, 0),
(3, 2, 125, 0, 0),
(3, 26, 126, 0, 0),
(3, 26, 127, 0, 0),
(3, 26, 128, 0, 0),
(3, 26, 129, 0, 0),
(3, 26, 130, 0, 0),
(3, 26, 131, 0, 0),
(3, 26, 132, 0, 0),
(3, 26, 133, 0, 0),
(3, 26, 134, 0, 0),
(3, 26, 135, 0, 0),
(3, 26, 136, 0, 0),
(3, 26, 137, 0, 0),
(3, 26, 138, 0, 0),
(3, 26, 139, 0, 0),
(3, 26, 140, 0, 0),
(3, 26, 141, 0, 0),
(3, 26, 142, 0, 0),
(3, 26, 143, 0, 0),
(3, 26, 144, 0, 0),
(3, 26, 145, 0, 0),
(3, 26, 146, 0, 0),
(3, 26, 147, 0, 0),
(3, 26, 148, 0, 0),
(3, 26, 149, 0, 0),
(3, 26, 150, 0, 0),
(3, 4, 151, 0, 0),
(3, 6, 152, 0, 0),
(3, 7, 153, 0, 0),
(3, 26, 154, 0, 0),
(3, 13, 155, 0, 0),
(3, 13, 156, 0, 0),
(3, 13, 157, 0, 0),
(3, 13, 158, 0, 0),
(3, 13, 159, 0, 0),
(3, 13, 160, 0, 0),
(3, 13, 161, 0, 0),
(3, 13, 162, 0, 0),
(3, 13, 163, 0, 0),
(3, 13, 164, 0, 0),
(3, 13, 165, 0, 0),
(3, 13, 166, 0, 0),
(3, 13, 167, 0, 0),
(3, 13, 168, 0, 0),
(3, 13, 169, 0, 0),
(3, 13, 170, 0, 0),
(3, 13, 171, 0, 0),
(3, 13, 172, 0, 0),
(3, 13, 173, 0, 0),
(3, 14, 174, 0, 0),
(3, 14, 175, 0, 0),
(3, 14, 176, 0, 0),
(3, 14, 177, 0, 0),
(3, 14, 178, 0, 0),
(3, 14, 179, 0, 0),
(3, 14, 180, 0, 0),
(3, 14, 181, 0, 0),
(3, 14, 182, 0, 0),
(3, 14, 183, 0, 0),
(3, 14, 184, 0, 0),
(3, 14, 185, 0, 0),
(3, 14, 186, 0, 0),
(3, 14, 187, 0, 0),
(3, 14, 188, 0, 0),
(3, 14, 189, 0, 0),
(3, 14, 190, 0, 0),
(3, 14, 191, 0, 0),
(3, 14, 192, 0, 0),
(3, 14, 193, 0, 0),
(3, 14, 194, 0, 0),
(3, 14, 195, 0, 0),
(3, 14, 196, 0, 0),
(3, 14, 197, 0, 0),
(3, 14, 198, 0, 0),
(3, 14, 199, 0, 0),
(3, 14, 200, 0, 0),
(3, 14, 201, 0, 0),
(3, 14, 202, 0, 0),
(3, 14, 203, 0, 0),
(3, 14, 204, 0, 0),
(3, 8, 205, 0, 0),
(3, 8, 206, 0, 0),
(3, 8, 207, 0, 0),
(3, 8, 208, 0, 0),
(3, 8, 209, 0, 0),
(3, 8, 210, 0, 0),
(3, 8, 211, 0, 0),
(3, 8, 212, 0, 0),
(3, 8, 213, 0, 0),
(3, 8, 214, 0, 0),
(3, 8, 215, 0, 0),
(3, 8, 216, 0, 0),
(3, 8, 217, 0, 0),
(3, 8, 218, 0, 0),
(3, 8, 219, 0, 0),
(3, 10, 220, 0, 0),
(3, 10, 221, 0, 0),
(3, 10, 222, 0, 0),
(3, 10, 223, 0, 0),
(3, 10, 224, 0, 0),
(3, 10, 225, 0, 0),
(3, 10, 226, 0, 0),
(3, 10, 227, 0, 0),
(3, 10, 228, 0, 0),
(3, 10, 229, 0, 0),
(3, 10, 230, 0, 0),
(3, 10, 231, 0, 0),
(3, 9, 232, 0, 0),
(3, 9, 233, 0, 0),
(3, 9, 234, 0, 0),
(3, 9, 235, 0, 0),
(3, 9, 236, 0, 0),
(3, 9, 237, 0, 0),
(3, 9, 238, 0, 0),
(3, 9, 239, 0, 0),
(3, 9, 240, 0, 0),
(3, 9, 241, 0, 0),
(3, 9, 242, 0, 0),
(3, 9, 243, 0, 0),
(3, 9, 244, 0, 0),
(3, 9, 245, 0, 0),
(3, 9, 246, 0, 0),
(3, 9, 247, 0, 0),
(3, 9, 248, 0, 0),
(3, 9, 249, 0, 0),
(3, 9, 250, 0, 0),
(3, 9, 251, 0, 0),
(3, 9, 252, 0, 0),
(3, 9, 253, 0, 0),
(3, 9, 254, 0, 0),
(3, 9, 255, 0, 0),
(3, 16, 256, 0, 0),
(3, 16, 257, 0, 0),
(3, 16, 258, 0, 0),
(3, 16, 259, 0, 0),
(3, 16, 260, 0, 0),
(3, 16, 261, 0, 0),
(3, 16, 262, 0, 0),
(3, 16, 263, 0, 0),
(3, 16, 264, 0, 0),
(3, 16, 265, 0, 0),
(3, 16, 266, 0, 0),
(3, 16, 267, 0, 0),
(3, 16, 268, 0, 0),
(3, 16, 269, 0, 0),
(3, 16, 270, 0, 0),
(3, 16, 271, 0, 0),
(3, 16, 272, 0, 0),
(3, 16, 273, 0, 0),
(3, 16, 274, 0, 0),
(3, 16, 275, 0, 0),
(3, 16, 276, 0, 0),
(3, 16, 277, 0, 0),
(3, 16, 278, 0, 0),
(3, 15, 279, 0, 0),
(3, 15, 280, 0, 0),
(3, 15, 281, 0, 0),
(3, 15, 282, 0, 0),
(3, 15, 283, 0, 0),
(3, 15, 284, 0, 0),
(3, 15, 285, 0, 0),
(3, 15, 286, 0, 0),
(3, 15, 287, 0, 0),
(3, 15, 288, 0, 0),
(3, 18, 289, 0, 0),
(3, 18, 290, 0, 0),
(3, 18, 291, 0, 0),
(3, 18, 292, 0, 0),
(3, 18, 293, 0, 0),
(3, 18, 294, 0, 0),
(3, 18, 295, 0, 0),
(3, 18, 296, 0, 0),
(3, 18, 297, 0, 0),
(3, 18, 298, 0, 0),
(3, 18, 299, 0, 0),
(3, 18, 300, 0, 0),
(3, 18, 301, 0, 0),
(3, 18, 302, 0, 0),
(3, 18, 303, 0, 0),
(3, 18, 304, 0, 0),
(3, 18, 305, 0, 0),
(3, 19, 306, 0, 0),
(3, 19, 307, 0, 0),
(3, 19, 308, 0, 0),
(3, 19, 309, 0, 0),
(3, 19, 310, 0, 0),
(3, 19, 311, 0, 0),
(3, 19, 312, 0, 0),
(3, 19, 313, 0, 0),
(3, 20, 314, 0, 0),
(3, 20, 315, 0, 0),
(3, 20, 316, 0, 0),
(3, 20, 317, 0, 0),
(3, 20, 318, 0, 0),
(3, 20, 319, 0, 0),
(3, 20, 320, 0, 0),
(3, 20, 321, 0, 0),
(3, 20, 322, 0, 0),
(3, 20, 323, 0, 0),
(3, 20, 324, 0, 0),
(3, 20, 325, 0, 0),
(3, 20, 326, 0, 0),
(3, 20, 327, 0, 0),
(3, 20, 328, 0, 0),
(3, 20, 329, 0, 0),
(3, 20, 330, 0, 0),
(3, 20, 331, 0, 0),
(3, 20, 332, 0, 0),
(3, 20, 333, 0, 0),
(3, 20, 334, 0, 0),
(3, 20, 335, 0, 0),
(3, 20, 336, 0, 0),
(3, 20, 337, 0, 0),
(3, 20, 338, 0, 0),
(3, 20, 339, 0, 0),
(3, 20, 340, 0, 0),
(3, 20, 341, 0, 0),
(3, 20, 342, 0, 0),
(3, 20, 343, 0, 0),
(3, 20, 344, 0, 0),
(3, 20, 345, 0, 0),
(3, 20, 346, 0, 0),
(3, 20, 347, 0, 0),
(3, 20, 348, 0, 0),
(3, 20, 349, 0, 0),
(3, 20, 350, 0, 0),
(3, 21, 351, 0, 0),
(3, 21, 352, 0, 0),
(3, 21, 353, 0, 0),
(3, 21, 354, 0, 0),
(3, 21, 355, 0, 0),
(3, 21, 356, 0, 0),
(3, 21, 357, 0, 0),
(3, 21, 358, 0, 0),
(3, 21, 359, 0, 0),
(3, 21, 360, 0, 0),
(3, 21, 361, 0, 0),
(3, 21, 362, 0, 0),
(3, 21, 363, 0, 0),
(3, 21, 364, 0, 0),
(3, 21, 365, 0, 0),
(3, 21, 366, 0, 0),
(3, 21, 367, 0, 0),
(3, 21, 368, 0, 0),
(3, 21, 369, 0, 0),
(3, 21, 370, 0, 0),
(3, 21, 371, 0, 0),
(3, 21, 372, 0, 0),
(3, 21, 373, 0, 0),
(3, 21, 374, 0, 0),
(3, 21, 375, 0, 0),
(3, 21, 376, 0, 0),
(3, 21, 377, 0, 0),
(3, 21, 378, 0, 0),
(3, 21, 379, 0, 0),
(3, 21, 380, 0, 0),
(3, 21, 381, 0, 0),
(3, 21, 382, 0, 0),
(3, 21, 383, 0, 0),
(3, 21, 384, 0, 0),
(3, 21, 385, 0, 0),
(3, 21, 386, 0, 0),
(3, 21, 387, 0, 0),
(3, 21, 388, 0, 0),
(3, 22, 389, 0, 0),
(3, 22, 390, 0, 0),
(3, 22, 391, 0, 0),
(3, 22, 392, 0, 0),
(3, 22, 393, 0, 0),
(3, 22, 394, 0, 0),
(3, 22, 395, 0, 0),
(3, 22, 396, 0, 0),
(3, 22, 397, 0, 0),
(3, 22, 398, 0, 0),
(3, 22, 399, 0, 0),
(3, 22, 400, 0, 0),
(3, 22, 401, 0, 0),
(3, 22, 402, 0, 0),
(3, 22, 403, 0, 0),
(3, 22, 404, 0, 0),
(3, 22, 405, 0, 0),
(3, 22, 406, 0, 0),
(3, 22, 407, 0, 0),
(3, 22, 408, 0, 0),
(3, 22, 409, 0, 0),
(3, 22, 410, 0, 0),
(3, 22, 411, 0, 0),
(3, 22, 412, 0, 0),
(3, 22, 413, 0, 0),
(3, 22, 414, 0, 0),
(3, 22, 415, 0, 0),
(3, 22, 416, 0, 0),
(3, 22, 417, 0, 0),
(3, 22, 418, 0, 0),
(3, 22, 419, 0, 0),
(3, 22, 420, 0, 0),
(3, 22, 421, 0, 0),
(3, 22, 422, 0, 0),
(3, 22, 423, 0, 0),
(3, 22, 424, 0, 0),
(3, 22, 425, 0, 0),
(3, 22, 426, 0, 0),
(3, 22, 427, 0, 0),
(3, 22, 428, 0, 0),
(3, 22, 429, 0, 0),
(3, 22, 430, 0, 0),
(3, 22, 431, 0, 0),
(3, 22, 432, 0, 0),
(3, 22, 433, 0, 0),
(3, 22, 434, 0, 0),
(3, 22, 435, 0, 0),
(3, 23, 436, 0, 0),
(3, 23, 437, 0, 0),
(3, 23, 438, 0, 0),
(3, 23, 439, 0, 0),
(3, 23, 440, 0, 0),
(3, 23, 441, 0, 0),
(3, 23, 442, 0, 0),
(3, 23, 443, 0, 0),
(3, 23, 444, 0, 0),
(3, 23, 445, 0, 0),
(3, 23, 446, 0, 0),
(3, 23, 447, 0, 0),
(3, 23, 448, 0, 0),
(3, 23, 449, 0, 0),
(3, 23, 450, 0, 0),
(3, 23, 451, 0, 0),
(3, 23, 452, 0, 0),
(3, 23, 453, 0, 0),
(3, 23, 454, 0, 0),
(3, 23, 455, 0, 0),
(3, 23, 456, 0, 0),
(3, 23, 457, 0, 0),
(3, 23, 458, 0, 0),
(3, 23, 459, 0, 0),
(3, 23, 460, 0, 0),
(3, 23, 461, 0, 0),
(3, 23, 462, 0, 0),
(3, 23, 463, 0, 0),
(3, 23, 464, 0, 0),
(3, 23, 465, 0, 0),
(3, 23, 466, 0, 0),
(3, 23, 467, 0, 0),
(3, 23, 468, 0, 0),
(3, 23, 469, 0, 0),
(3, 23, 470, 0, 0),
(3, 23, 471, 0, 0),
(3, 23, 472, 0, 0),
(3, 23, 473, 0, 0),
(3, 23, 474, 0, 0),
(3, 10, 520, 0, 0),
(3, 10, 521, 0, 0),
(3, 10, 522, 0, 0),
(3, 10, 523, 0, 0),
(3, 10, 524, 0, 0),
(3, 10, 525, 0, 0),
(3, 34, 526, 0, 0),
(3, 34, 527, 0, 0),
(3, 34, 528, 0, 0),
(3, 34, 529, 0, 0),
(3, 34, 530, 0, 0),
(3, 34, 531, 0, 0),
(3, 34, 532, 0, 0),
(3, 34, 533, 0, 0),
(3, 34, 534, 0, 0),
(3, 34, 535, 0, 0),
(3, 34, 536, 0, 0),
(3, 34, 537, 0, 0),
(3, 34, 538, 0, 0),
(3, 34, 539, 0, 0),
(3, 34, 540, 0, 0),
(3, 34, 541, 0, 0),
(3, 34, 542, 0, 0),
(3, 29, 543, 0, 0),
(3, 35, 544, 0, 0),
(3, 35, 545, 0, 0),
(3, 35, 546, 0, 0),
(3, 35, 547, 0, 0),
(3, 35, 548, 0, 0),
(3, 35, 549, 0, 0),
(3, 35, 550, 0, 0),
(3, 35, 551, 0, 0),
(3, 35, 552, 0, 0),
(3, 35, 553, 0, 0),
(3, 35, 554, 0, 0),
(3, 35, 555, 0, 0),
(3, 35, 556, 0, 0),
(3, 35, 557, 0, 0),
(3, 35, 558, 0, 0),
(3, 35, 559, 0, 0),
(3, 35, 560, 0, 0),
(3, 35, 561, 0, 0),
(3, 35, 562, 0, 0),
(3, 35, 563, 0, 0),
(3, 35, 564, 0, 0),
(3, 35, 565, 0, 0),
(3, 36, 566, 0, 0),
(3, 36, 567, 0, 0),
(3, 36, 568, 0, 0),
(3, 36, 569, 0, 0),
(3, 36, 570, 0, 0),
(3, 36, 571, 0, 0),
(3, 36, 572, 0, 0),
(3, 36, 573, 0, 0),
(3, 36, 574, 0, 0);
INSERT IGNORE INTO `vtiger_profile2field` (`profileid`, `tabid`, `fieldid`, `visible`, `readonly`) VALUES
(3, 36, 575, 0, 0),
(3, 36, 576, 0, 0),
(3, 36, 577, 0, 0),
(3, 36, 578, 0, 0),
(3, 36, 579, 0, 0),
(3, 36, 580, 0, 0),
(3, 36, 581, 0, 0),
(3, 36, 582, 0, 0),
(3, 36, 583, 0, 0),
(3, 36, 584, 0, 0),
(3, 36, 585, 0, 0),
(3, 36, 586, 0, 0),
(3, 36, 587, 0, 0),
(3, 38, 588, 0, 0),
(3, 38, 589, 0, 0),
(3, 38, 590, 0, 0),
(3, 38, 591, 0, 0),
(3, 38, 592, 0, 0),
(3, 38, 593, 0, 0),
(3, 38, 594, 0, 0),
(3, 38, 595, 0, 0),
(3, 38, 596, 0, 0),
(3, 38, 597, 0, 0),
(3, 38, 598, 0, 0),
(3, 38, 599, 0, 0),
(3, 38, 600, 0, 0),
(3, 38, 601, 0, 0),
(3, 38, 602, 0, 0),
(3, 38, 603, 0, 0),
(3, 38, 604, 0, 0),
(3, 38, 605, 0, 0),
(3, 38, 606, 0, 0),
(3, 38, 607, 0, 0),
(3, 38, 608, 0, 0),
(3, 42, 609, 0, 0),
(3, 42, 610, 0, 0),
(3, 42, 611, 0, 0),
(3, 42, 612, 0, 0),
(3, 42, 613, 0, 0),
(3, 42, 614, 0, 0),
(3, 42, 615, 0, 0),
(3, 42, 616, 0, 0),
(3, 43, 617, 0, 0),
(3, 43, 618, 0, 0),
(3, 43, 619, 0, 0),
(3, 43, 620, 0, 0),
(3, 43, 621, 0, 0),
(3, 43, 622, 0, 0),
(3, 43, 623, 0, 0),
(3, 43, 624, 0, 0),
(3, 43, 625, 0, 0),
(3, 43, 626, 0, 0),
(3, 43, 627, 0, 0),
(3, 43, 628, 0, 0),
(3, 43, 629, 0, 0),
(3, 44, 630, 0, 0),
(3, 44, 631, 0, 0),
(3, 44, 632, 0, 0),
(3, 44, 633, 0, 0),
(3, 44, 634, 0, 0),
(3, 44, 635, 0, 0),
(3, 44, 636, 0, 0),
(3, 44, 637, 0, 0),
(3, 44, 638, 0, 0),
(3, 44, 639, 0, 0),
(3, 44, 640, 0, 0),
(3, 44, 641, 0, 0),
(3, 44, 642, 0, 0),
(3, 44, 643, 0, 0),
(3, 44, 644, 0, 0),
(3, 44, 645, 0, 0),
(3, 44, 646, 0, 0),
(3, 44, 647, 0, 0),
(3, 45, 648, 0, 0),
(3, 45, 649, 0, 0),
(3, 45, 650, 0, 0),
(3, 45, 651, 0, 0),
(3, 45, 652, 0, 0),
(3, 45, 653, 0, 0),
(3, 45, 654, 0, 0),
(3, 45, 655, 0, 0),
(3, 45, 656, 0, 0),
(3, 45, 657, 0, 0),
(3, 45, 658, 0, 0),
(3, 45, 659, 0, 0),
(3, 45, 660, 0, 0),
(3, 45, 661, 0, 0),
(3, 45, 662, 0, 0),
(3, 45, 663, 0, 0),
(3, 45, 664, 0, 0),
(3, 45, 665, 0, 0),
(3, 45, 666, 0, 0),
(3, 45, 667, 0, 0),
(3, 47, 668, 0, 0),
(3, 47, 669, 0, 0),
(3, 47, 670, 0, 0),
(3, 47, 671, 0, 0),
(3, 47, 672, 0, 0),
(3, 47, 673, 0, 0),
(3, 2, 674, 0, 0),
(3, 29, 675, 0, 0),
(3, 23, 676, 0, 0),
(3, 23, 677, 0, 0),
(3, 23, 678, 0, 0),
(3, 23, 679, 0, 0),
(3, 23, 680, 0, 0),
(3, 23, 681, 0, 0),
(3, 23, 682, 0, 0),
(3, 23, 683, 0, 0),
(3, 23, 684, 0, 0),
(3, 22, 685, 0, 0),
(3, 22, 686, 0, 0),
(3, 22, 687, 0, 0),
(3, 22, 688, 0, 0),
(3, 22, 689, 0, 0),
(3, 22, 690, 0, 0),
(3, 22, 691, 0, 0),
(3, 22, 692, 0, 0),
(3, 22, 693, 0, 0),
(3, 21, 694, 0, 0),
(3, 21, 695, 0, 0),
(3, 21, 696, 0, 0),
(3, 21, 697, 0, 0),
(3, 21, 698, 0, 0),
(3, 21, 699, 0, 0),
(3, 21, 700, 0, 0),
(3, 21, 701, 0, 0),
(3, 21, 702, 0, 0),
(3, 20, 703, 0, 0),
(3, 20, 704, 0, 0),
(3, 20, 705, 0, 0),
(3, 20, 706, 0, 0),
(3, 20, 707, 0, 0),
(3, 20, 708, 0, 0),
(3, 20, 709, 0, 0),
(3, 20, 710, 0, 0),
(3, 20, 711, 0, 0),
(3, 29, 712, 0, 0),
(3, 44, 713, 0, 0),
(3, 42, 714, 0, 0),
(3, 29, 715, 0, 0),
(3, 29, 716, 0, 0),
(3, 29, 717, 0, 0),
(3, 23, 718, 0, 0),
(3, 22, 719, 0, 0),
(3, 21, 720, 0, 0),
(3, 20, 721, 0, 0),
(3, 29, 722, 0, 0),
(3, 6, 723, 0, 0),
(3, 4, 724, 0, 0),
(3, 2, 725, 0, 0),
(3, 29, 726, 0, 0),
(3, 23, 727, 0, 0),
(3, 23, 728, 0, 0),
(3, 21, 729, 0, 0),
(3, 21, 730, 0, 0),
(3, 18, 731, 0, 0),
(3, 7, 732, 0, 0),
(3, 42, 733, 0, 0),
(3, 42, 734, 0, 0),
(3, 23, 735, 0, 0),
(3, 20, 736, 0, 0),
(3, 21, 737, 0, 0),
(3, 22, 738, 0, 0),
(3, 29, 739, 0, 0),
(3, 2, 740, 0, 0),
(3, 13, 741, 0, 0),
(3, 29, 742, 0, 0),
(3, 29, 743, 0, 0),
(3, 29, 744, 0, 0),
(3, 29, 745, 0, 0),
(3, 14, 772, 0, 0),
(3, 36, 773, 0, 0),
(3, 23, 774, 0, 0),
(3, 29, 775, 0, 0),
(3, 23, 776, 0, 0),
(3, 23, 777, 0, 0),
(3, 23, 778, 0, 0),
(3, 20, 779, 0, 0),
(3, 20, 780, 0, 0),
(3, 20, 781, 0, 0),
(3, 21, 782, 0, 0),
(3, 22, 783, 0, 0),
(3, 22, 784, 0, 0),
(3, 22, 785, 0, 0),
(3, 42, 786, 0, 0),
(3, 42, 787, 0, 0),
(3, 42, 788, 0, 0),
(3, 2, 789, 0, 0),
(3, 4, 790, 0, 0),
(3, 6, 791, 0, 0),
(3, 7, 792, 0, 0),
(3, 8, 793, 0, 0),
(3, 9, 794, 0, 0),
(3, 10, 795, 0, 0),
(3, 13, 796, 0, 0),
(3, 14, 797, 0, 0),
(3, 15, 798, 0, 0),
(3, 16, 799, 0, 0),
(3, 18, 800, 0, 0),
(3, 19, 801, 0, 0),
(3, 20, 802, 0, 0),
(3, 21, 803, 0, 0),
(3, 22, 804, 0, 0),
(3, 23, 805, 0, 0),
(3, 26, 806, 0, 0),
(3, 10, 807, 0, 0),
(3, 2, 808, 0, 0),
(3, 4, 809, 0, 0),
(3, 6, 810, 0, 0),
(3, 7, 811, 0, 0),
(3, 8, 812, 0, 0),
(3, 9, 813, 0, 0),
(3, 10, 814, 0, 0),
(3, 13, 815, 0, 0),
(3, 14, 816, 0, 0),
(3, 15, 817, 0, 0),
(3, 16, 818, 0, 0),
(3, 18, 819, 0, 0),
(3, 19, 820, 0, 0),
(3, 20, 821, 0, 0),
(3, 21, 822, 0, 0),
(3, 22, 823, 0, 0),
(3, 23, 824, 0, 0),
(3, 26, 825, 0, 0),
(3, 2, 826, 0, 0),
(3, 4, 827, 0, 0),
(3, 6, 828, 0, 0),
(3, 7, 829, 0, 0),
(3, 8, 830, 0, 0),
(3, 9, 831, 0, 0),
(3, 10, 832, 0, 0),
(3, 13, 833, 0, 0),
(3, 14, 834, 0, 0),
(3, 15, 835, 0, 0),
(3, 16, 836, 0, 0),
(3, 18, 837, 0, 0),
(3, 19, 838, 0, 0),
(3, 20, 839, 0, 0),
(3, 21, 840, 0, 0),
(3, 22, 841, 0, 0),
(3, 23, 842, 0, 0),
(3, 26, 843, 0, 0),
(3, 20, 844, 0, 0),
(3, 21, 845, 0, 0),
(3, 22, 846, 0, 0),
(3, 23, 847, 0, 0),
(3, 45, 848, 0, 0),
(3, 45, 849, 0, 0),
(3, 29, 850, 0, 0),
(3, 22, 851, 0, 0),
(3, 29, 852, 0, 0),
(3, 16, 853, 0, 0),
(3, 16, 854, 0, 0),
(3, 16, 855, 0, 0),
(3, 16, 856, 0, 0),
(3, 9, 857, 0, 0),
(3, 9, 858, 0, 0),
(3, 16, 859, 0, 0),
(3, 50, 860, 0, 0),
(3, 50, 861, 0, 0),
(3, 50, 862, 0, 0),
(3, 50, 863, 0, 0),
(3, 50, 864, 0, 0),
(3, 50, 865, 0, 0),
(3, 6, 892, 0, 0),
(3, 6, 893, 0, 0),
(3, 6, 894, 0, 0),
(3, 6, 895, 0, 0),
(3, 6, 896, 0, 0),
(3, 6, 897, 0, 0),
(3, 6, 898, 0, 0),
(3, 6, 899, 0, 0),
(3, 6, 900, 0, 0),
(3, 6, 901, 0, 0),
(3, 6, 902, 0, 0),
(3, 6, 903, 0, 0),
(3, 6, 904, 0, 0),
(3, 6, 905, 0, 0),
(3, 6, 906, 0, 0),
(3, 6, 907, 0, 0),
(3, 6, 908, 0, 0),
(3, 6, 909, 0, 0),
(3, 6, 910, 0, 0),
(3, 6, 911, 0, 0),
(3, 6, 912, 0, 0),
(3, 6, 913, 0, 0),
(3, 6, 914, 0, 0),
(3, 6, 915, 0, 0),
(3, 6, 916, 0, 0),
(3, 6, 917, 0, 0),
(3, 6, 918, 0, 0),
(3, 6, 919, 0, 0),
(3, 6, 920, 0, 0),
(3, 6, 921, 0, 0),
(3, 6, 922, 0, 0),
(3, 6, 923, 0, 0),
(3, 6, 924, 0, 0),
(3, 6, 925, 0, 0),
(3, 6, 926, 0, 0),
(3, 23, 927, 0, 0),
(3, 52, 928, 0, 0),
(3, 52, 929, 0, 0),
(3, 52, 930, 0, 0),
(3, 52, 931, 0, 0),
(3, 52, 932, 0, 0),
(3, 52, 933, 0, 0),
(3, 52, 934, 0, 0),
(3, 52, 935, 0, 0),
(3, 52, 936, 0, 0),
(3, 52, 937, 0, 0),
(3, 52, 938, 0, 0),
(3, 52, 939, 0, 0),
(3, 52, 940, 0, 0),
(3, 52, 941, 0, 0),
(3, 52, 942, 0, 0),
(3, 52, 943, 0, 0),
(3, 52, 944, 0, 0),
(3, 52, 945, 0, 0),
(3, 52, 946, 0, 0),
(3, 52, 947, 0, 0),
(3, 52, 948, 0, 0),
(3, 52, 949, 0, 0),
(3, 52, 950, 0, 0),
(3, 52, 951, 0, 0),
(3, 52, 952, 0, 0),
(3, 21, 953, 0, 0),
(3, 53, 954, 0, 0),
(3, 53, 955, 0, 0),
(3, 53, 956, 0, 0),
(3, 53, 957, 0, 0),
(3, 53, 958, 0, 0),
(3, 53, 959, 0, 0),
(3, 53, 960, 0, 0),
(3, 53, 961, 0, 0),
(3, 53, 962, 0, 0),
(3, 53, 963, 0, 0),
(3, 53, 964, 0, 0),
(3, 53, 965, 0, 0),
(3, 53, 966, 0, 0),
(3, 53, 967, 0, 0),
(3, 53, 968, 0, 0),
(3, 53, 969, 0, 0),
(3, 54, 970, 0, 0),
(3, 54, 971, 0, 0),
(3, 54, 972, 0, 0),
(3, 54, 973, 0, 0),
(3, 54, 974, 0, 0),
(3, 54, 975, 0, 0),
(3, 54, 976, 0, 0),
(3, 54, 977, 0, 0),
(3, 54, 978, 0, 0),
(3, 54, 979, 0, 0),
(3, 54, 980, 0, 0),
(3, 54, 981, 0, 0),
(3, 54, 982, 0, 0),
(3, 54, 983, 0, 0),
(3, 54, 984, 0, 0),
(3, 54, 985, 0, 0),
(3, 55, 986, 0, 0),
(3, 55, 987, 0, 0),
(3, 55, 988, 0, 0),
(3, 55, 989, 0, 0),
(3, 55, 990, 0, 0),
(3, 55, 991, 0, 0),
(3, 55, 992, 0, 0),
(3, 55, 993, 0, 0),
(3, 55, 994, 0, 0),
(3, 55, 995, 0, 0),
(3, 55, 996, 0, 0),
(3, 55, 997, 0, 0),
(3, 55, 998, 0, 0),
(3, 55, 999, 0, 0),
(3, 55, 1000, 0, 0),
(3, 55, 1001, 0, 0),
(3, 55, 1002, 0, 0),
(3, 55, 1003, 0, 0),
(3, 55, 1004, 0, 0),
(3, 55, 1005, 0, 0),
(3, 55, 1006, 0, 0),
(3, 55, 1007, 0, 0),
(3, 7, 1008, 0, 0),
(3, 7, 1009, 0, 0),
(3, 7, 1010, 0, 0),
(3, 7, 1011, 0, 0),
(3, 7, 1012, 0, 0),
(3, 7, 1013, 0, 0),
(3, 7, 1014, 0, 0),
(3, 7, 1015, 0, 0),
(3, 7, 1016, 0, 0),
(3, 7, 1017, 0, 0),
(3, 7, 1018, 0, 0),
(3, 7, 1019, 0, 0),
(3, 7, 1020, 0, 0),
(3, 7, 1021, 0, 0),
(3, 7, 1022, 0, 0),
(3, 7, 1023, 0, 0),
(3, 7, 1024, 0, 0),
(3, 7, 1025, 0, 0),
(3, 7, 1026, 0, 0),
(3, 7, 1027, 0, 0),
(3, 7, 1028, 0, 0),
(3, 7, 1029, 0, 0),
(3, 7, 1030, 0, 0),
(3, 7, 1031, 0, 0),
(3, 7, 1032, 0, 0),
(3, 7, 1033, 0, 0),
(3, 56, 1034, 0, 0),
(3, 56, 1035, 0, 0),
(3, 56, 1036, 0, 0),
(3, 56, 1037, 0, 0),
(3, 56, 1038, 0, 0),
(3, 56, 1039, 0, 0),
(3, 56, 1040, 0, 0),
(3, 56, 1041, 0, 0),
(3, 56, 1042, 0, 0),
(3, 56, 1043, 0, 0),
(3, 56, 1044, 0, 0),
(3, 56, 1045, 0, 0),
(3, 56, 1046, 0, 0),
(3, 57, 1047, 0, 0),
(3, 57, 1048, 0, 0),
(3, 57, 1049, 0, 0),
(3, 57, 1050, 0, 0),
(3, 57, 1051, 0, 0),
(3, 57, 1052, 0, 0),
(3, 57, 1053, 0, 0),
(3, 57, 1054, 0, 0),
(3, 57, 1055, 0, 0),
(3, 57, 1056, 0, 0),
(3, 57, 1057, 0, 0),
(3, 57, 1058, 0, 0),
(3, 57, 1059, 0, 0),
(3, 57, 1060, 0, 0),
(3, 57, 1061, 0, 0),
(3, 57, 1062, 0, 0),
(3, 57, 1063, 0, 0),
(3, 58, 1064, 0, 0),
(3, 58, 1065, 0, 0),
(3, 58, 1066, 0, 0),
(3, 58, 1067, 0, 0),
(3, 58, 1068, 0, 0),
(3, 58, 1069, 0, 0),
(3, 58, 1070, 0, 0),
(3, 58, 1071, 0, 0),
(3, 58, 1072, 0, 0),
(3, 58, 1073, 0, 0),
(3, 58, 1074, 0, 0),
(3, 58, 1075, 0, 0),
(3, 58, 1076, 0, 0),
(3, 58, 1077, 0, 0),
(3, 58, 1078, 0, 0),
(3, 58, 1079, 0, 0),
(3, 58, 1080, 0, 0),
(3, 58, 1081, 0, 0),
(3, 58, 1082, 0, 0),
(3, 58, 1083, 0, 0),
(3, 58, 1084, 0, 0),
(3, 58, 1085, 0, 0),
(3, 59, 1086, 0, 0),
(3, 59, 1087, 0, 0),
(3, 59, 1088, 0, 0),
(3, 59, 1089, 0, 0),
(3, 59, 1090, 0, 0),
(3, 59, 1091, 0, 0),
(3, 59, 1092, 0, 0),
(3, 59, 1093, 0, 0),
(3, 59, 1094, 0, 0),
(3, 59, 1095, 0, 0),
(3, 59, 1096, 0, 0),
(3, 59, 1097, 0, 0),
(3, 59, 1098, 0, 0),
(3, 59, 1099, 0, 0),
(3, 59, 1100, 0, 0),
(3, 59, 1101, 0, 0),
(3, 59, 1102, 0, 0),
(3, 59, 1103, 0, 0),
(3, 59, 1104, 0, 0),
(3, 59, 1105, 0, 0),
(3, 59, 1106, 0, 0),
(3, 59, 1107, 0, 0),
(3, 59, 1108, 0, 0),
(3, 59, 1109, 0, 0),
(3, 60, 1110, 0, 0),
(3, 60, 1111, 0, 0),
(3, 60, 1112, 0, 0),
(3, 60, 1113, 0, 0),
(3, 60, 1114, 0, 0),
(3, 60, 1115, 0, 0),
(3, 60, 1116, 0, 0),
(3, 60, 1117, 0, 0),
(3, 60, 1118, 0, 0),
(3, 60, 1119, 0, 0),
(3, 60, 1120, 0, 0),
(3, 60, 1121, 0, 0),
(3, 60, 1122, 0, 0),
(3, 60, 1123, 0, 0),
(3, 60, 1124, 0, 0),
(3, 60, 1125, 0, 0),
(3, 60, 1126, 0, 0),
(3, 60, 1127, 0, 0),
(3, 61, 1128, 0, 0),
(3, 61, 1129, 0, 0),
(3, 61, 1130, 0, 0),
(3, 61, 1131, 0, 0),
(3, 61, 1132, 0, 0),
(3, 61, 1133, 0, 0),
(3, 61, 1134, 0, 0),
(3, 61, 1135, 0, 0),
(3, 61, 1136, 0, 0),
(3, 61, 1137, 0, 0),
(3, 61, 1138, 0, 0),
(3, 61, 1139, 0, 0),
(3, 61, 1140, 0, 0),
(3, 61, 1141, 0, 0),
(3, 61, 1142, 0, 0),
(3, 61, 1143, 0, 0),
(3, 61, 1144, 0, 0),
(3, 61, 1145, 0, 0),
(3, 61, 1146, 0, 0),
(3, 62, 1147, 0, 0),
(3, 62, 1148, 0, 0),
(3, 62, 1149, 0, 0),
(3, 62, 1150, 0, 0),
(3, 62, 1151, 0, 0),
(3, 62, 1152, 0, 0),
(3, 62, 1153, 0, 0),
(3, 62, 1154, 0, 0),
(3, 62, 1155, 0, 0),
(3, 62, 1156, 0, 0),
(3, 62, 1157, 0, 0),
(3, 62, 1158, 0, 0),
(3, 62, 1159, 0, 0),
(3, 62, 1160, 0, 0),
(3, 62, 1161, 0, 0),
(3, 62, 1162, 0, 0),
(3, 62, 1163, 0, 0),
(3, 62, 1164, 0, 0),
(3, 62, 1165, 0, 0),
(3, 62, 1166, 0, 0),
(3, 63, 1167, 0, 0),
(3, 63, 1168, 0, 0),
(3, 63, 1169, 0, 0),
(3, 63, 1170, 0, 0),
(3, 63, 1171, 0, 0),
(3, 63, 1172, 0, 0),
(3, 63, 1173, 0, 0),
(3, 63, 1174, 0, 0),
(3, 63, 1175, 0, 0),
(3, 63, 1176, 0, 0),
(3, 63, 1177, 0, 0),
(3, 63, 1178, 0, 0),
(3, 63, 1179, 0, 0),
(3, 21, 1189, 0, 0),
(3, 21, 1190, 0, 0),
(3, 21, 1191, 0, 0),
(3, 21, 1192, 0, 0),
(3, 21, 1193, 0, 0),
(3, 21, 1194, 0, 0),
(3, 21, 1195, 0, 0),
(3, 21, 1196, 0, 0),
(3, 21, 1197, 0, 0),
(3, 21, 1198, 0, 0),
(3, 21, 1199, 0, 0),
(3, 21, 1200, 0, 0),
(3, 21, 1201, 0, 0),
(3, 21, 1202, 0, 0),
(3, 21, 1203, 0, 0),
(3, 21, 1204, 0, 0),
(3, 21, 1205, 0, 0),
(3, 21, 1206, 0, 0),
(3, 21, 1207, 0, 0),
(3, 20, 1208, 0, 0),
(3, 20, 1209, 0, 0),
(3, 20, 1210, 0, 0),
(3, 20, 1211, 0, 0),
(3, 20, 1212, 0, 0),
(3, 4, 1213, 0, 0),
(3, 4, 1214, 0, 0),
(3, 4, 1215, 0, 0),
(3, 4, 1216, 0, 0),
(3, 4, 1217, 0, 0),
(3, 4, 1218, 0, 0),
(3, 4, 1219, 0, 0),
(3, 65, 1220, 0, 0),
(3, 65, 1221, 0, 0),
(3, 65, 1222, 0, 0),
(3, 65, 1223, 0, 0),
(3, 65, 1224, 0, 0),
(3, 65, 1225, 0, 0),
(3, 65, 1226, 0, 0),
(3, 65, 1227, 0, 0),
(3, 65, 1228, 0, 0),
(3, 65, 1229, 0, 0),
(3, 65, 1230, 0, 0),
(3, 65, 1231, 0, 0),
(3, 65, 1232, 0, 0),
(3, 65, 1233, 0, 0),
(3, 65, 1234, 0, 0),
(3, 2, 1235, 0, 0),
(3, 2, 1236, 0, 0),
(3, 2, 1237, 0, 0),
(3, 2, 1238, 0, 0),
(3, 2, 1239, 0, 0),
(3, 2, 1240, 0, 0),
(3, 2, 1241, 0, 0),
(3, 2, 1242, 0, 0),
(3, 2, 1243, 0, 0),
(4, 6, 1, 0, 0),
(4, 6, 2, 0, 0),
(4, 6, 3, 0, 0),
(4, 6, 4, 0, 0),
(4, 6, 5, 0, 0),
(4, 6, 6, 0, 0),
(4, 6, 7, 0, 0),
(4, 6, 8, 0, 0),
(4, 6, 9, 0, 0),
(4, 6, 10, 0, 0),
(4, 6, 11, 0, 0),
(4, 6, 12, 0, 0),
(4, 6, 13, 0, 0),
(4, 6, 14, 0, 0),
(4, 6, 15, 0, 0),
(4, 6, 16, 0, 0),
(4, 6, 17, 0, 0),
(4, 6, 18, 0, 0),
(4, 6, 19, 0, 0),
(4, 6, 20, 0, 0),
(4, 6, 21, 0, 0),
(4, 6, 22, 0, 0),
(4, 6, 23, 0, 0),
(4, 6, 24, 0, 0),
(4, 6, 25, 0, 0),
(4, 6, 26, 0, 0),
(4, 6, 27, 0, 0),
(4, 6, 28, 0, 0),
(4, 6, 29, 0, 0),
(4, 6, 30, 0, 0),
(4, 6, 31, 0, 0),
(4, 6, 32, 0, 0),
(4, 6, 33, 0, 0),
(4, 6, 34, 0, 0),
(4, 6, 35, 0, 0),
(4, 6, 36, 0, 0),
(4, 7, 37, 0, 0),
(4, 7, 38, 0, 0),
(4, 7, 39, 0, 0),
(4, 7, 40, 0, 0),
(4, 7, 41, 0, 0),
(4, 7, 42, 0, 0),
(4, 7, 43, 0, 0),
(4, 7, 44, 0, 0),
(4, 7, 45, 0, 0),
(4, 7, 46, 0, 0),
(4, 7, 47, 0, 0),
(4, 7, 48, 0, 0),
(4, 7, 49, 0, 0),
(4, 7, 50, 0, 0),
(4, 7, 51, 0, 0),
(4, 7, 52, 0, 0),
(4, 7, 53, 0, 0),
(4, 7, 54, 0, 0),
(4, 7, 55, 0, 0),
(4, 7, 56, 0, 0),
(4, 7, 57, 0, 0),
(4, 7, 58, 0, 0),
(4, 7, 59, 0, 0),
(4, 7, 60, 0, 0),
(4, 7, 61, 0, 0),
(4, 7, 62, 0, 0),
(4, 7, 63, 0, 0),
(4, 7, 64, 0, 0),
(4, 7, 65, 0, 0),
(4, 4, 66, 0, 0),
(4, 4, 67, 0, 0),
(4, 4, 68, 0, 0),
(4, 4, 69, 0, 0),
(4, 4, 70, 0, 0),
(4, 4, 71, 0, 0),
(4, 4, 72, 0, 0),
(4, 4, 73, 0, 0),
(4, 4, 74, 0, 0),
(4, 4, 75, 0, 0),
(4, 4, 76, 0, 0),
(4, 4, 77, 0, 0),
(4, 4, 78, 0, 0),
(4, 4, 79, 0, 0),
(4, 4, 80, 0, 0),
(4, 4, 81, 0, 0),
(4, 4, 82, 0, 0),
(4, 4, 83, 0, 0),
(4, 4, 84, 0, 0),
(4, 4, 85, 0, 0),
(4, 4, 86, 0, 0),
(4, 4, 87, 0, 0),
(4, 4, 88, 0, 0),
(4, 4, 89, 0, 0),
(4, 4, 90, 0, 0),
(4, 4, 91, 0, 0),
(4, 4, 92, 0, 0),
(4, 4, 93, 0, 0),
(4, 4, 94, 0, 0),
(4, 4, 95, 0, 0),
(4, 4, 96, 0, 0),
(4, 4, 97, 0, 0),
(4, 4, 98, 0, 0),
(4, 4, 99, 0, 0),
(4, 4, 100, 0, 0),
(4, 4, 101, 0, 0),
(4, 4, 102, 0, 0),
(4, 4, 103, 0, 0),
(4, 4, 104, 0, 0),
(4, 4, 105, 0, 0),
(4, 4, 106, 0, 0),
(4, 4, 107, 0, 0),
(4, 4, 108, 0, 0),
(4, 4, 109, 0, 0),
(4, 2, 110, 0, 0),
(4, 2, 111, 0, 0),
(4, 2, 112, 0, 0),
(4, 2, 113, 0, 0),
(4, 2, 114, 0, 0),
(4, 2, 115, 0, 0),
(4, 2, 116, 0, 0),
(4, 2, 117, 0, 0),
(4, 2, 118, 0, 0),
(4, 2, 119, 0, 0),
(4, 2, 120, 0, 0),
(4, 2, 121, 0, 0),
(4, 2, 122, 0, 0),
(4, 2, 123, 0, 0),
(4, 2, 124, 0, 0),
(4, 2, 125, 0, 0),
(4, 26, 126, 0, 0),
(4, 26, 127, 0, 0),
(4, 26, 128, 0, 0),
(4, 26, 129, 0, 0),
(4, 26, 130, 0, 0),
(4, 26, 131, 0, 0),
(4, 26, 132, 0, 0),
(4, 26, 133, 0, 0),
(4, 26, 134, 0, 0),
(4, 26, 135, 0, 0),
(4, 26, 136, 0, 0),
(4, 26, 137, 0, 0),
(4, 26, 138, 0, 0),
(4, 26, 139, 0, 0),
(4, 26, 140, 0, 0),
(4, 26, 141, 0, 0),
(4, 26, 142, 0, 0),
(4, 26, 143, 0, 0),
(4, 26, 144, 0, 0),
(4, 26, 145, 0, 0),
(4, 26, 146, 0, 0),
(4, 26, 147, 0, 0),
(4, 26, 148, 0, 0),
(4, 26, 149, 0, 0),
(4, 26, 150, 0, 0),
(4, 4, 151, 0, 0),
(4, 6, 152, 0, 0),
(4, 7, 153, 0, 0),
(4, 26, 154, 0, 0),
(4, 13, 155, 0, 0),
(4, 13, 156, 0, 0),
(4, 13, 157, 0, 0),
(4, 13, 158, 0, 0),
(4, 13, 159, 0, 0),
(4, 13, 160, 0, 0),
(4, 13, 161, 0, 0),
(4, 13, 162, 0, 0),
(4, 13, 163, 0, 0),
(4, 13, 164, 0, 0),
(4, 13, 165, 0, 0),
(4, 13, 166, 0, 0),
(4, 13, 167, 0, 0),
(4, 13, 168, 0, 0),
(4, 13, 169, 0, 0),
(4, 13, 170, 0, 0),
(4, 13, 171, 0, 0),
(4, 13, 172, 0, 0),
(4, 13, 173, 0, 0),
(4, 14, 174, 0, 0),
(4, 14, 175, 0, 0),
(4, 14, 176, 0, 0),
(4, 14, 177, 0, 0),
(4, 14, 178, 0, 0),
(4, 14, 179, 0, 0),
(4, 14, 180, 0, 0),
(4, 14, 181, 0, 0),
(4, 14, 182, 0, 0),
(4, 14, 183, 0, 0),
(4, 14, 184, 0, 0),
(4, 14, 185, 0, 0),
(4, 14, 186, 0, 0),
(4, 14, 187, 0, 0),
(4, 14, 188, 0, 0),
(4, 14, 189, 0, 0),
(4, 14, 190, 0, 0),
(4, 14, 191, 0, 0),
(4, 14, 192, 0, 0),
(4, 14, 193, 0, 0),
(4, 14, 194, 0, 0),
(4, 14, 195, 0, 0),
(4, 14, 196, 0, 0),
(4, 14, 197, 0, 0),
(4, 14, 198, 0, 0),
(4, 14, 199, 0, 0),
(4, 14, 200, 0, 0),
(4, 14, 201, 0, 0),
(4, 14, 202, 0, 0),
(4, 14, 203, 0, 0),
(4, 14, 204, 0, 0),
(4, 8, 205, 0, 0),
(4, 8, 206, 0, 0),
(4, 8, 207, 0, 0),
(4, 8, 208, 0, 0),
(4, 8, 209, 0, 0),
(4, 8, 210, 0, 0),
(4, 8, 211, 0, 0),
(4, 8, 212, 0, 0),
(4, 8, 213, 0, 0),
(4, 8, 214, 0, 0),
(4, 8, 215, 0, 0),
(4, 8, 216, 0, 0),
(4, 8, 217, 0, 0),
(4, 8, 218, 0, 0),
(4, 8, 219, 0, 0),
(4, 10, 220, 0, 0),
(4, 10, 221, 0, 0),
(4, 10, 222, 0, 0),
(4, 10, 223, 0, 0),
(4, 10, 224, 0, 0),
(4, 10, 225, 0, 0),
(4, 10, 226, 0, 0),
(4, 10, 227, 0, 0),
(4, 10, 228, 0, 0),
(4, 10, 229, 0, 0),
(4, 10, 230, 0, 0),
(4, 10, 231, 0, 0),
(4, 9, 232, 0, 0),
(4, 9, 233, 0, 0),
(4, 9, 234, 0, 0),
(4, 9, 235, 0, 0),
(4, 9, 236, 0, 0),
(4, 9, 237, 0, 0),
(4, 9, 238, 0, 0),
(4, 9, 239, 0, 0),
(4, 9, 240, 0, 0),
(4, 9, 241, 0, 0),
(4, 9, 242, 0, 0),
(4, 9, 243, 0, 0),
(4, 9, 244, 0, 0),
(4, 9, 245, 0, 0),
(4, 9, 246, 0, 0),
(4, 9, 247, 0, 0),
(4, 9, 248, 0, 0),
(4, 9, 249, 0, 0),
(4, 9, 250, 0, 0),
(4, 9, 251, 0, 0),
(4, 9, 252, 0, 0),
(4, 9, 253, 0, 0),
(4, 9, 254, 0, 0),
(4, 9, 255, 0, 0),
(4, 16, 256, 0, 0),
(4, 16, 257, 0, 0),
(4, 16, 258, 0, 0),
(4, 16, 259, 0, 0),
(4, 16, 260, 0, 0),
(4, 16, 261, 0, 0),
(4, 16, 262, 0, 0),
(4, 16, 263, 0, 0),
(4, 16, 264, 0, 0),
(4, 16, 265, 0, 0),
(4, 16, 266, 0, 0),
(4, 16, 267, 0, 0),
(4, 16, 268, 0, 0),
(4, 16, 269, 0, 0),
(4, 16, 270, 0, 0),
(4, 16, 271, 0, 0),
(4, 16, 272, 0, 0),
(4, 16, 273, 0, 0),
(4, 16, 274, 0, 0),
(4, 16, 275, 0, 0),
(4, 16, 276, 0, 0),
(4, 16, 277, 0, 0),
(4, 16, 278, 0, 0),
(4, 15, 279, 0, 0),
(4, 15, 280, 0, 0),
(4, 15, 281, 0, 0),
(4, 15, 282, 0, 0),
(4, 15, 283, 0, 0),
(4, 15, 284, 0, 0),
(4, 15, 285, 0, 0),
(4, 15, 286, 0, 0),
(4, 15, 287, 0, 0),
(4, 15, 288, 0, 0),
(4, 18, 289, 0, 0),
(4, 18, 290, 0, 0),
(4, 18, 291, 0, 0),
(4, 18, 292, 0, 0),
(4, 18, 293, 0, 0),
(4, 18, 294, 0, 0),
(4, 18, 295, 0, 0),
(4, 18, 296, 0, 0),
(4, 18, 297, 0, 0),
(4, 18, 298, 0, 0),
(4, 18, 299, 0, 0),
(4, 18, 300, 0, 0),
(4, 18, 301, 0, 0),
(4, 18, 302, 0, 0),
(4, 18, 303, 0, 0),
(4, 18, 304, 0, 0),
(4, 18, 305, 0, 0),
(4, 19, 306, 0, 0),
(4, 19, 307, 0, 0),
(4, 19, 308, 0, 0),
(4, 19, 309, 0, 0),
(4, 19, 310, 0, 0),
(4, 19, 311, 0, 0),
(4, 19, 312, 0, 0),
(4, 19, 313, 0, 0),
(4, 20, 314, 0, 0),
(4, 20, 315, 0, 0),
(4, 20, 316, 0, 0),
(4, 20, 317, 0, 0),
(4, 20, 318, 0, 0),
(4, 20, 319, 0, 0),
(4, 20, 320, 0, 0),
(4, 20, 321, 0, 0),
(4, 20, 322, 0, 0),
(4, 20, 323, 0, 0),
(4, 20, 324, 0, 0),
(4, 20, 325, 0, 0),
(4, 20, 326, 0, 0),
(4, 20, 327, 0, 0),
(4, 20, 328, 0, 0),
(4, 20, 329, 0, 0),
(4, 20, 330, 0, 0),
(4, 20, 331, 0, 0),
(4, 20, 332, 0, 0),
(4, 20, 333, 0, 0),
(4, 20, 334, 0, 0),
(4, 20, 335, 0, 0),
(4, 20, 336, 0, 0),
(4, 20, 337, 0, 0),
(4, 20, 338, 0, 0),
(4, 20, 339, 0, 0),
(4, 20, 340, 0, 0),
(4, 20, 341, 0, 0),
(4, 20, 342, 0, 0),
(4, 20, 343, 0, 0),
(4, 20, 344, 0, 0),
(4, 20, 345, 0, 0),
(4, 20, 346, 0, 0),
(4, 20, 347, 0, 0),
(4, 20, 348, 0, 0),
(4, 20, 349, 0, 0),
(4, 20, 350, 0, 0),
(4, 21, 351, 0, 0),
(4, 21, 352, 0, 0),
(4, 21, 353, 0, 0),
(4, 21, 354, 0, 0),
(4, 21, 355, 0, 0),
(4, 21, 356, 0, 0),
(4, 21, 357, 0, 0),
(4, 21, 358, 0, 0),
(4, 21, 359, 0, 0),
(4, 21, 360, 0, 0),
(4, 21, 361, 0, 0),
(4, 21, 362, 0, 0),
(4, 21, 363, 0, 0),
(4, 21, 364, 0, 0),
(4, 21, 365, 0, 0),
(4, 21, 366, 0, 0),
(4, 21, 367, 0, 0),
(4, 21, 368, 0, 0),
(4, 21, 369, 0, 0),
(4, 21, 370, 0, 0),
(4, 21, 371, 0, 0),
(4, 21, 372, 0, 0),
(4, 21, 373, 0, 0),
(4, 21, 374, 0, 0),
(4, 21, 375, 0, 0),
(4, 21, 376, 0, 0),
(4, 21, 377, 0, 0),
(4, 21, 378, 0, 0),
(4, 21, 379, 0, 0),
(4, 21, 380, 0, 0),
(4, 21, 381, 0, 0),
(4, 21, 382, 0, 0),
(4, 21, 383, 0, 0),
(4, 21, 384, 0, 0),
(4, 21, 385, 0, 0),
(4, 21, 386, 0, 0),
(4, 21, 387, 0, 0),
(4, 21, 388, 0, 0),
(4, 22, 389, 0, 0),
(4, 22, 390, 0, 0),
(4, 22, 391, 0, 0),
(4, 22, 392, 0, 0),
(4, 22, 393, 0, 0),
(4, 22, 394, 0, 0),
(4, 22, 395, 0, 0),
(4, 22, 396, 0, 0),
(4, 22, 397, 0, 0),
(4, 22, 398, 0, 0),
(4, 22, 399, 0, 0),
(4, 22, 400, 0, 0),
(4, 22, 401, 0, 0),
(4, 22, 402, 0, 0),
(4, 22, 403, 0, 0),
(4, 22, 404, 0, 0),
(4, 22, 405, 0, 0),
(4, 22, 406, 0, 0),
(4, 22, 407, 0, 0),
(4, 22, 408, 0, 0),
(4, 22, 409, 0, 0),
(4, 22, 410, 0, 0),
(4, 22, 411, 0, 0),
(4, 22, 412, 0, 0),
(4, 22, 413, 0, 0),
(4, 22, 414, 0, 0),
(4, 22, 415, 0, 0),
(4, 22, 416, 0, 0),
(4, 22, 417, 0, 0),
(4, 22, 418, 0, 0),
(4, 22, 419, 0, 0),
(4, 22, 420, 0, 0),
(4, 22, 421, 0, 0),
(4, 22, 422, 0, 0),
(4, 22, 423, 0, 0),
(4, 22, 424, 0, 0),
(4, 22, 425, 0, 0),
(4, 22, 426, 0, 0),
(4, 22, 427, 0, 0),
(4, 22, 428, 0, 0),
(4, 22, 429, 0, 0),
(4, 22, 430, 0, 0),
(4, 22, 431, 0, 0),
(4, 22, 432, 0, 0),
(4, 22, 433, 0, 0),
(4, 22, 434, 0, 0),
(4, 22, 435, 0, 0),
(4, 23, 436, 0, 0),
(4, 23, 437, 0, 0),
(4, 23, 438, 0, 0),
(4, 23, 439, 0, 0),
(4, 23, 440, 0, 0),
(4, 23, 441, 0, 0),
(4, 23, 442, 0, 0),
(4, 23, 443, 0, 0),
(4, 23, 444, 0, 0),
(4, 23, 445, 0, 0),
(4, 23, 446, 0, 0),
(4, 23, 447, 0, 0),
(4, 23, 448, 0, 0),
(4, 23, 449, 0, 0),
(4, 23, 450, 0, 0),
(4, 23, 451, 0, 0),
(4, 23, 452, 0, 0),
(4, 23, 453, 0, 0),
(4, 23, 454, 0, 0),
(4, 23, 455, 0, 0),
(4, 23, 456, 0, 0),
(4, 23, 457, 0, 0),
(4, 23, 458, 0, 0),
(4, 23, 459, 0, 0),
(4, 23, 460, 0, 0),
(4, 23, 461, 0, 0),
(4, 23, 462, 0, 0),
(4, 23, 463, 0, 0),
(4, 23, 464, 0, 0),
(4, 23, 465, 0, 0),
(4, 23, 466, 0, 0),
(4, 23, 467, 0, 0),
(4, 23, 468, 0, 0),
(4, 23, 469, 0, 0),
(4, 23, 470, 0, 0),
(4, 23, 471, 0, 0),
(4, 23, 472, 0, 0),
(4, 23, 473, 0, 0),
(4, 23, 474, 0, 0),
(4, 10, 520, 0, 0),
(4, 10, 521, 0, 0),
(4, 10, 522, 0, 0),
(4, 10, 523, 0, 0),
(4, 10, 524, 0, 0),
(4, 10, 525, 0, 0),
(4, 34, 526, 0, 0),
(4, 34, 527, 0, 0),
(4, 34, 528, 0, 0),
(4, 34, 529, 0, 0),
(4, 34, 530, 0, 0),
(4, 34, 531, 0, 0),
(4, 34, 532, 0, 0),
(4, 34, 533, 0, 0),
(4, 34, 534, 0, 0),
(4, 34, 535, 0, 0),
(4, 34, 536, 0, 0),
(4, 34, 537, 0, 0),
(4, 34, 538, 0, 0),
(4, 34, 539, 0, 0),
(4, 34, 540, 0, 0),
(4, 34, 541, 0, 0),
(4, 34, 542, 0, 0),
(4, 29, 543, 0, 0),
(4, 35, 544, 0, 0),
(4, 35, 545, 0, 0),
(4, 35, 546, 0, 0),
(4, 35, 547, 0, 0),
(4, 35, 548, 0, 0),
(4, 35, 549, 0, 0),
(4, 35, 550, 0, 0),
(4, 35, 551, 0, 0),
(4, 35, 552, 0, 0),
(4, 35, 553, 0, 0),
(4, 35, 554, 0, 0),
(4, 35, 555, 0, 0),
(4, 35, 556, 0, 0),
(4, 35, 557, 0, 0),
(4, 35, 558, 0, 0),
(4, 35, 559, 0, 0),
(4, 35, 560, 0, 0),
(4, 35, 561, 0, 0),
(4, 35, 562, 0, 0),
(4, 35, 563, 0, 0),
(4, 35, 564, 0, 0),
(4, 35, 565, 0, 0),
(4, 36, 566, 0, 0),
(4, 36, 567, 0, 0),
(4, 36, 568, 0, 0),
(4, 36, 569, 0, 0),
(4, 36, 570, 0, 0),
(4, 36, 571, 0, 0),
(4, 36, 572, 0, 0),
(4, 36, 573, 0, 0),
(4, 36, 574, 0, 0),
(4, 36, 575, 0, 0),
(4, 36, 576, 0, 0),
(4, 36, 577, 0, 0),
(4, 36, 578, 0, 0),
(4, 36, 579, 0, 0),
(4, 36, 580, 0, 0),
(4, 36, 581, 0, 0),
(4, 36, 582, 0, 0),
(4, 36, 583, 0, 0),
(4, 36, 584, 0, 0),
(4, 36, 585, 0, 0),
(4, 36, 586, 0, 0),
(4, 36, 587, 0, 0),
(4, 38, 588, 0, 0),
(4, 38, 589, 0, 0),
(4, 38, 590, 0, 0),
(4, 38, 591, 0, 0),
(4, 38, 592, 0, 0),
(4, 38, 593, 0, 0),
(4, 38, 594, 0, 0),
(4, 38, 595, 0, 0),
(4, 38, 596, 0, 0),
(4, 38, 597, 0, 0),
(4, 38, 598, 0, 0),
(4, 38, 599, 0, 0),
(4, 38, 600, 0, 0),
(4, 38, 601, 0, 0),
(4, 38, 602, 0, 0),
(4, 38, 603, 0, 0),
(4, 38, 604, 0, 0),
(4, 38, 605, 0, 0),
(4, 38, 606, 0, 0),
(4, 38, 607, 0, 0),
(4, 38, 608, 0, 0),
(4, 42, 609, 0, 0),
(4, 42, 610, 0, 0),
(4, 42, 611, 0, 0),
(4, 42, 612, 0, 0),
(4, 42, 613, 0, 0),
(4, 42, 614, 0, 0),
(4, 42, 615, 0, 0),
(4, 42, 616, 0, 0),
(4, 43, 617, 0, 0),
(4, 43, 618, 0, 0),
(4, 43, 619, 0, 0),
(4, 43, 620, 0, 0),
(4, 43, 621, 0, 0),
(4, 43, 622, 0, 0),
(4, 43, 623, 0, 0),
(4, 43, 624, 0, 0),
(4, 43, 625, 0, 0),
(4, 43, 626, 0, 0),
(4, 43, 627, 0, 0),
(4, 43, 628, 0, 0),
(4, 43, 629, 0, 0),
(4, 44, 630, 0, 0),
(4, 44, 631, 0, 0),
(4, 44, 632, 0, 0),
(4, 44, 633, 0, 0),
(4, 44, 634, 0, 0),
(4, 44, 635, 0, 0),
(4, 44, 636, 0, 0),
(4, 44, 637, 0, 0),
(4, 44, 638, 0, 0),
(4, 44, 639, 0, 0),
(4, 44, 640, 0, 0),
(4, 44, 641, 0, 0),
(4, 44, 642, 0, 0),
(4, 44, 643, 0, 0),
(4, 44, 644, 0, 0),
(4, 44, 645, 0, 0),
(4, 44, 646, 0, 0),
(4, 44, 647, 0, 0),
(4, 45, 648, 0, 0),
(4, 45, 649, 0, 0),
(4, 45, 650, 0, 0),
(4, 45, 651, 0, 0),
(4, 45, 652, 0, 0),
(4, 45, 653, 0, 0),
(4, 45, 654, 0, 0),
(4, 45, 655, 0, 0),
(4, 45, 656, 0, 0),
(4, 45, 657, 0, 0),
(4, 45, 658, 0, 0),
(4, 45, 659, 0, 0),
(4, 45, 660, 0, 0),
(4, 45, 661, 0, 0),
(4, 45, 662, 0, 0),
(4, 45, 663, 0, 0),
(4, 45, 664, 0, 0),
(4, 45, 665, 0, 0),
(4, 45, 666, 0, 0),
(4, 45, 667, 0, 0),
(4, 47, 668, 0, 0),
(4, 47, 669, 0, 0),
(4, 47, 670, 0, 0),
(4, 47, 671, 0, 0),
(4, 47, 672, 0, 0),
(4, 47, 673, 0, 0),
(4, 2, 674, 0, 0),
(4, 29, 675, 0, 0),
(4, 23, 676, 0, 0),
(4, 23, 677, 0, 0),
(4, 23, 678, 0, 0),
(4, 23, 679, 0, 0),
(4, 23, 680, 0, 0),
(4, 23, 681, 0, 0),
(4, 23, 682, 0, 0),
(4, 23, 683, 0, 0),
(4, 23, 684, 0, 0),
(4, 22, 685, 0, 0),
(4, 22, 686, 0, 0),
(4, 22, 687, 0, 0),
(4, 22, 688, 0, 0),
(4, 22, 689, 0, 0),
(4, 22, 690, 0, 0),
(4, 22, 691, 0, 0),
(4, 22, 692, 0, 0),
(4, 22, 693, 0, 0),
(4, 21, 694, 0, 0),
(4, 21, 695, 0, 0),
(4, 21, 696, 0, 0),
(4, 21, 697, 0, 0),
(4, 21, 698, 0, 0),
(4, 21, 699, 0, 0),
(4, 21, 700, 0, 0),
(4, 21, 701, 0, 0),
(4, 21, 702, 0, 0),
(4, 20, 703, 0, 0),
(4, 20, 704, 0, 0),
(4, 20, 705, 0, 0),
(4, 20, 706, 0, 0),
(4, 20, 707, 0, 0),
(4, 20, 708, 0, 0),
(4, 20, 709, 0, 0),
(4, 20, 710, 0, 0),
(4, 20, 711, 0, 0),
(4, 29, 712, 0, 0),
(4, 44, 713, 0, 0),
(4, 42, 714, 0, 0),
(4, 29, 715, 0, 0),
(4, 29, 716, 0, 0),
(4, 29, 717, 0, 0),
(4, 23, 718, 0, 0),
(4, 22, 719, 0, 0),
(4, 21, 720, 0, 0),
(4, 20, 721, 0, 0),
(4, 29, 722, 0, 0),
(4, 6, 723, 0, 0),
(4, 4, 724, 0, 0),
(4, 2, 725, 0, 0),
(4, 29, 726, 0, 0),
(4, 23, 727, 0, 0),
(4, 23, 728, 0, 0),
(4, 21, 729, 0, 0),
(4, 21, 730, 0, 0),
(4, 18, 731, 0, 0),
(4, 7, 732, 0, 0),
(4, 42, 733, 0, 0),
(4, 42, 734, 0, 0),
(4, 23, 735, 0, 0),
(4, 20, 736, 0, 0),
(4, 21, 737, 0, 0),
(4, 22, 738, 0, 0),
(4, 29, 739, 0, 0),
(4, 2, 740, 0, 0),
(4, 13, 741, 0, 0),
(4, 29, 742, 0, 0),
(4, 29, 743, 0, 0),
(4, 29, 744, 0, 0),
(4, 29, 745, 0, 0),
(4, 14, 772, 0, 0),
(4, 36, 773, 0, 0),
(4, 23, 774, 0, 0),
(4, 29, 775, 0, 0),
(4, 23, 776, 0, 0),
(4, 23, 777, 0, 0),
(4, 23, 778, 0, 0),
(4, 20, 779, 0, 0),
(4, 20, 780, 0, 0),
(4, 20, 781, 0, 0),
(4, 21, 782, 0, 0),
(4, 22, 783, 0, 0),
(4, 22, 784, 0, 0),
(4, 22, 785, 0, 0),
(4, 42, 786, 0, 0),
(4, 42, 787, 0, 0),
(4, 42, 788, 0, 0),
(4, 2, 789, 0, 0),
(4, 4, 790, 0, 0),
(4, 6, 791, 0, 0),
(4, 7, 792, 0, 0),
(4, 8, 793, 0, 0),
(4, 9, 794, 0, 0),
(4, 10, 795, 0, 0),
(4, 13, 796, 0, 0),
(4, 14, 797, 0, 0),
(4, 15, 798, 0, 0),
(4, 16, 799, 0, 0),
(4, 18, 800, 0, 0),
(4, 19, 801, 0, 0),
(4, 20, 802, 0, 0),
(4, 21, 803, 0, 0),
(4, 22, 804, 0, 0),
(4, 23, 805, 0, 0),
(4, 26, 806, 0, 0),
(4, 10, 807, 0, 0),
(4, 2, 808, 0, 0),
(4, 4, 809, 0, 0),
(4, 6, 810, 0, 0),
(4, 7, 811, 0, 0),
(4, 8, 812, 0, 0),
(4, 9, 813, 0, 0),
(4, 10, 814, 0, 0),
(4, 13, 815, 0, 0),
(4, 14, 816, 0, 0),
(4, 15, 817, 0, 0),
(4, 16, 818, 0, 0),
(4, 18, 819, 0, 0),
(4, 19, 820, 0, 0),
(4, 20, 821, 0, 0),
(4, 21, 822, 0, 0),
(4, 22, 823, 0, 0),
(4, 23, 824, 0, 0),
(4, 26, 825, 0, 0),
(4, 2, 826, 0, 0),
(4, 4, 827, 0, 0),
(4, 6, 828, 0, 0),
(4, 7, 829, 0, 0),
(4, 8, 830, 0, 0),
(4, 9, 831, 0, 0),
(4, 10, 832, 0, 0),
(4, 13, 833, 0, 0),
(4, 14, 834, 0, 0),
(4, 15, 835, 0, 0),
(4, 16, 836, 0, 0),
(4, 18, 837, 0, 0),
(4, 19, 838, 0, 0),
(4, 20, 839, 0, 0),
(4, 21, 840, 0, 0),
(4, 22, 841, 0, 0),
(4, 23, 842, 0, 0),
(4, 26, 843, 0, 0),
(4, 20, 844, 0, 0),
(4, 21, 845, 0, 0),
(4, 22, 846, 0, 0),
(4, 23, 847, 0, 0),
(4, 45, 848, 0, 0),
(4, 45, 849, 0, 0),
(4, 29, 850, 0, 0),
(4, 22, 851, 0, 0),
(4, 29, 852, 0, 0),
(4, 16, 853, 0, 0),
(4, 16, 854, 0, 0),
(4, 16, 855, 0, 0),
(4, 16, 856, 0, 0),
(4, 9, 857, 0, 0),
(4, 9, 858, 0, 0),
(4, 16, 859, 0, 0),
(4, 50, 860, 0, 0),
(4, 50, 861, 0, 0),
(4, 50, 862, 0, 0),
(4, 50, 863, 0, 0),
(4, 50, 864, 0, 0),
(4, 50, 865, 0, 0),
(4, 6, 892, 0, 0),
(4, 6, 893, 0, 0),
(4, 6, 894, 0, 0),
(4, 6, 895, 0, 0),
(4, 6, 896, 0, 0),
(4, 6, 897, 0, 0),
(4, 6, 898, 0, 0),
(4, 6, 899, 0, 0),
(4, 6, 900, 0, 0),
(4, 6, 901, 0, 0),
(4, 6, 902, 0, 0),
(4, 6, 903, 0, 0),
(4, 6, 904, 0, 0),
(4, 6, 905, 0, 0),
(4, 6, 906, 0, 0),
(4, 6, 907, 0, 0),
(4, 6, 908, 0, 0),
(4, 6, 909, 0, 0),
(4, 6, 910, 0, 0),
(4, 6, 911, 0, 0),
(4, 6, 912, 0, 0),
(4, 6, 913, 0, 0),
(4, 6, 914, 0, 0),
(4, 6, 915, 0, 0),
(4, 6, 916, 0, 0),
(4, 6, 917, 0, 0),
(4, 6, 918, 0, 0),
(4, 6, 919, 0, 0),
(4, 6, 920, 0, 0),
(4, 6, 921, 0, 0),
(4, 6, 922, 0, 0),
(4, 6, 923, 0, 0),
(4, 6, 924, 0, 0),
(4, 6, 925, 0, 0),
(4, 6, 926, 0, 0),
(4, 23, 927, 0, 0),
(4, 52, 928, 0, 0),
(4, 52, 929, 0, 0),
(4, 52, 930, 0, 0),
(4, 52, 931, 0, 0),
(4, 52, 932, 0, 0),
(4, 52, 933, 0, 0),
(4, 52, 934, 0, 0),
(4, 52, 935, 0, 0),
(4, 52, 936, 0, 0),
(4, 52, 937, 0, 0),
(4, 52, 938, 0, 0),
(4, 52, 939, 0, 0),
(4, 52, 940, 0, 0),
(4, 52, 941, 0, 0),
(4, 52, 942, 0, 0),
(4, 52, 943, 0, 0),
(4, 52, 944, 0, 0),
(4, 52, 945, 0, 0),
(4, 52, 946, 0, 0),
(4, 52, 947, 0, 0),
(4, 52, 948, 0, 0),
(4, 52, 949, 0, 0),
(4, 52, 950, 0, 0),
(4, 52, 951, 0, 0),
(4, 52, 952, 0, 0),
(4, 21, 953, 0, 0),
(4, 53, 954, 0, 0),
(4, 53, 955, 0, 0),
(4, 53, 956, 0, 0),
(4, 53, 957, 0, 0),
(4, 53, 958, 0, 0),
(4, 53, 959, 0, 0),
(4, 53, 960, 0, 0),
(4, 53, 961, 0, 0),
(4, 53, 962, 0, 0),
(4, 53, 963, 0, 0),
(4, 53, 964, 0, 0),
(4, 53, 965, 0, 0),
(4, 53, 966, 0, 0),
(4, 53, 967, 0, 0),
(4, 53, 968, 0, 0),
(4, 53, 969, 0, 0),
(4, 54, 970, 0, 0),
(4, 54, 971, 0, 0),
(4, 54, 972, 0, 0),
(4, 54, 973, 0, 0),
(4, 54, 974, 0, 0),
(4, 54, 975, 0, 0),
(4, 54, 976, 0, 0),
(4, 54, 977, 0, 0),
(4, 54, 978, 0, 0),
(4, 54, 979, 0, 0),
(4, 54, 980, 0, 0),
(4, 54, 981, 0, 0),
(4, 54, 982, 0, 0),
(4, 54, 983, 0, 0),
(4, 54, 984, 0, 0),
(4, 54, 985, 0, 0),
(4, 55, 986, 0, 0),
(4, 55, 987, 0, 0),
(4, 55, 988, 0, 0),
(4, 55, 989, 0, 0),
(4, 55, 990, 0, 0),
(4, 55, 991, 0, 0),
(4, 55, 992, 0, 0),
(4, 55, 993, 0, 0),
(4, 55, 994, 0, 0),
(4, 55, 995, 0, 0),
(4, 55, 996, 0, 0),
(4, 55, 997, 0, 0),
(4, 55, 998, 0, 0),
(4, 55, 999, 0, 0),
(4, 55, 1000, 0, 0),
(4, 55, 1001, 0, 0),
(4, 55, 1002, 0, 0),
(4, 55, 1003, 0, 0),
(4, 55, 1004, 0, 0),
(4, 55, 1005, 0, 0),
(4, 55, 1006, 0, 0),
(4, 55, 1007, 0, 0),
(4, 7, 1008, 0, 0),
(4, 7, 1009, 0, 0),
(4, 7, 1010, 0, 0),
(4, 7, 1011, 0, 0),
(4, 7, 1012, 0, 0),
(4, 7, 1013, 0, 0),
(4, 7, 1014, 0, 0),
(4, 7, 1015, 0, 0),
(4, 7, 1016, 0, 0),
(4, 7, 1017, 0, 0),
(4, 7, 1018, 0, 0),
(4, 7, 1019, 0, 0),
(4, 7, 1020, 0, 0),
(4, 7, 1021, 0, 0),
(4, 7, 1022, 0, 0),
(4, 7, 1023, 0, 0),
(4, 7, 1024, 0, 0),
(4, 7, 1025, 0, 0),
(4, 7, 1026, 0, 0),
(4, 7, 1027, 0, 0),
(4, 7, 1028, 0, 0),
(4, 7, 1029, 0, 0),
(4, 7, 1030, 0, 0),
(4, 7, 1031, 0, 0),
(4, 7, 1032, 0, 0),
(4, 7, 1033, 0, 0),
(4, 56, 1034, 0, 0),
(4, 56, 1035, 0, 0),
(4, 56, 1036, 0, 0),
(4, 56, 1037, 0, 0),
(4, 56, 1038, 0, 0),
(4, 56, 1039, 0, 0),
(4, 56, 1040, 0, 0),
(4, 56, 1041, 0, 0),
(4, 56, 1042, 0, 0),
(4, 56, 1043, 0, 0),
(4, 56, 1044, 0, 0),
(4, 56, 1045, 0, 0),
(4, 56, 1046, 0, 0),
(4, 57, 1047, 0, 0),
(4, 57, 1048, 0, 0),
(4, 57, 1049, 0, 0),
(4, 57, 1050, 0, 0),
(4, 57, 1051, 0, 0),
(4, 57, 1052, 0, 0),
(4, 57, 1053, 0, 0),
(4, 57, 1054, 0, 0),
(4, 57, 1055, 0, 0),
(4, 57, 1056, 0, 0),
(4, 57, 1057, 0, 0),
(4, 57, 1058, 0, 0),
(4, 57, 1059, 0, 0),
(4, 57, 1060, 0, 0),
(4, 57, 1061, 0, 0),
(4, 57, 1062, 0, 0),
(4, 57, 1063, 0, 0),
(4, 58, 1064, 0, 0),
(4, 58, 1065, 0, 0),
(4, 58, 1066, 0, 0),
(4, 58, 1067, 0, 0),
(4, 58, 1068, 0, 0),
(4, 58, 1069, 0, 0),
(4, 58, 1070, 0, 0),
(4, 58, 1071, 0, 0),
(4, 58, 1072, 0, 0),
(4, 58, 1073, 0, 0),
(4, 58, 1074, 0, 0),
(4, 58, 1075, 0, 0),
(4, 58, 1076, 0, 0),
(4, 58, 1077, 0, 0),
(4, 58, 1078, 0, 0),
(4, 58, 1079, 0, 0),
(4, 58, 1080, 0, 0),
(4, 58, 1081, 0, 0),
(4, 58, 1082, 0, 0),
(4, 58, 1083, 0, 0),
(4, 58, 1084, 0, 0),
(4, 58, 1085, 0, 0),
(4, 59, 1086, 0, 0),
(4, 59, 1087, 0, 0),
(4, 59, 1088, 0, 0),
(4, 59, 1089, 0, 0),
(4, 59, 1090, 0, 0),
(4, 59, 1091, 0, 0),
(4, 59, 1092, 0, 0),
(4, 59, 1093, 0, 0),
(4, 59, 1094, 0, 0),
(4, 59, 1095, 0, 0),
(4, 59, 1096, 0, 0),
(4, 59, 1097, 0, 0),
(4, 59, 1098, 0, 0),
(4, 59, 1099, 0, 0),
(4, 59, 1100, 0, 0),
(4, 59, 1101, 0, 0),
(4, 59, 1102, 0, 0),
(4, 59, 1103, 0, 0),
(4, 59, 1104, 0, 0),
(4, 59, 1105, 0, 0),
(4, 59, 1106, 0, 0),
(4, 59, 1107, 0, 0),
(4, 59, 1108, 0, 0),
(4, 59, 1109, 0, 0),
(4, 60, 1110, 0, 0),
(4, 60, 1111, 0, 0),
(4, 60, 1112, 0, 0),
(4, 60, 1113, 0, 0),
(4, 60, 1114, 0, 0),
(4, 60, 1115, 0, 0),
(4, 60, 1116, 0, 0),
(4, 60, 1117, 0, 0),
(4, 60, 1118, 0, 0),
(4, 60, 1119, 0, 0),
(4, 60, 1120, 0, 0),
(4, 60, 1121, 0, 0),
(4, 60, 1122, 0, 0),
(4, 60, 1123, 0, 0),
(4, 60, 1124, 0, 0),
(4, 60, 1125, 0, 0),
(4, 60, 1126, 0, 0),
(4, 60, 1127, 0, 0),
(4, 61, 1128, 0, 0),
(4, 61, 1129, 0, 0),
(4, 61, 1130, 0, 0),
(4, 61, 1131, 0, 0),
(4, 61, 1132, 0, 0),
(4, 61, 1133, 0, 0),
(4, 61, 1134, 0, 0),
(4, 61, 1135, 0, 0),
(4, 61, 1136, 0, 0),
(4, 61, 1137, 0, 0),
(4, 61, 1138, 0, 0),
(4, 61, 1139, 0, 0),
(4, 61, 1140, 0, 0),
(4, 61, 1141, 0, 0),
(4, 61, 1142, 0, 0),
(4, 61, 1143, 0, 0),
(4, 61, 1144, 0, 0),
(4, 61, 1145, 0, 0),
(4, 61, 1146, 0, 0),
(4, 62, 1147, 0, 0),
(4, 62, 1148, 0, 0),
(4, 62, 1149, 0, 0),
(4, 62, 1150, 0, 0),
(4, 62, 1151, 0, 0),
(4, 62, 1152, 0, 0),
(4, 62, 1153, 0, 0),
(4, 62, 1154, 0, 0),
(4, 62, 1155, 0, 0),
(4, 62, 1156, 0, 0),
(4, 62, 1157, 0, 0),
(4, 62, 1158, 0, 0),
(4, 62, 1159, 0, 0),
(4, 62, 1160, 0, 0),
(4, 62, 1161, 0, 0),
(4, 62, 1162, 0, 0),
(4, 62, 1163, 0, 0),
(4, 62, 1164, 0, 0),
(4, 62, 1165, 0, 0),
(4, 62, 1166, 0, 0),
(4, 63, 1167, 0, 0),
(4, 63, 1168, 0, 0),
(4, 63, 1169, 0, 0),
(4, 63, 1170, 0, 0),
(4, 63, 1171, 0, 0),
(4, 63, 1172, 0, 0),
(4, 63, 1173, 0, 0),
(4, 63, 1174, 0, 0),
(4, 63, 1175, 0, 0),
(4, 63, 1176, 0, 0),
(4, 63, 1177, 0, 0),
(4, 63, 1178, 0, 0),
(4, 63, 1179, 0, 0),
(4, 21, 1189, 0, 0),
(4, 21, 1190, 0, 0),
(4, 21, 1191, 0, 0),
(4, 21, 1192, 0, 0),
(4, 21, 1193, 0, 0),
(4, 21, 1194, 0, 0),
(4, 21, 1195, 0, 0),
(4, 21, 1196, 0, 0),
(4, 21, 1197, 0, 0),
(4, 21, 1198, 0, 0),
(4, 21, 1199, 0, 0),
(4, 21, 1200, 0, 0),
(4, 21, 1201, 0, 0),
(4, 21, 1202, 0, 0),
(4, 21, 1203, 0, 0),
(4, 21, 1204, 0, 0),
(4, 21, 1205, 0, 0),
(4, 21, 1206, 0, 0),
(4, 21, 1207, 0, 0),
(4, 20, 1208, 0, 0),
(4, 20, 1209, 0, 0),
(4, 20, 1210, 0, 0),
(4, 20, 1211, 0, 0),
(4, 20, 1212, 0, 0),
(4, 4, 1213, 0, 0),
(4, 4, 1214, 0, 0),
(4, 4, 1215, 0, 0),
(4, 4, 1216, 0, 0),
(4, 4, 1217, 0, 0),
(4, 4, 1218, 0, 0),
(4, 4, 1219, 0, 0),
(4, 65, 1220, 0, 0),
(4, 65, 1221, 0, 0),
(4, 65, 1222, 0, 0),
(4, 65, 1223, 0, 0),
(4, 65, 1224, 0, 0),
(4, 65, 1225, 0, 0),
(4, 65, 1226, 0, 0),
(4, 65, 1227, 0, 0),
(4, 65, 1228, 0, 0),
(4, 65, 1229, 0, 0),
(4, 65, 1230, 0, 0),
(4, 65, 1231, 0, 0),
(4, 65, 1232, 0, 0),
(4, 65, 1233, 0, 0),
(4, 65, 1234, 0, 0),
(4, 2, 1235, 0, 0),
(4, 2, 1236, 0, 0),
(4, 2, 1237, 0, 0),
(4, 2, 1238, 0, 0),
(4, 2, 1239, 0, 0),
(4, 2, 1240, 0, 0),
(4, 2, 1241, 0, 0),
(4, 2, 1242, 0, 0),
(4, 2, 1243, 0, 0),
(5, 6, 1, 0, 0),
(5, 6, 2, 0, 0),
(5, 6, 3, 0, 0),
(5, 6, 4, 0, 0),
(5, 6, 5, 0, 0),
(5, 6, 6, 0, 0),
(5, 6, 7, 0, 0),
(5, 6, 8, 0, 0),
(5, 6, 9, 0, 0),
(5, 6, 10, 0, 0),
(5, 6, 11, 0, 0),
(5, 6, 12, 0, 0),
(5, 6, 13, 0, 0),
(5, 6, 14, 0, 0),
(5, 6, 15, 0, 0),
(5, 6, 16, 0, 0),
(5, 6, 17, 0, 0),
(5, 6, 18, 0, 0),
(5, 6, 19, 0, 0),
(5, 6, 20, 0, 0),
(5, 6, 21, 0, 0),
(5, 6, 22, 0, 0),
(5, 6, 23, 0, 0),
(5, 6, 24, 0, 0),
(5, 6, 25, 0, 0),
(5, 6, 26, 0, 0),
(5, 6, 27, 0, 0),
(5, 6, 28, 0, 0),
(5, 6, 29, 0, 0),
(5, 6, 30, 0, 0),
(5, 6, 31, 0, 0),
(5, 6, 32, 0, 0),
(5, 6, 33, 0, 0),
(5, 6, 34, 0, 0),
(5, 6, 35, 0, 0),
(5, 6, 36, 0, 0),
(5, 7, 37, 0, 0),
(5, 7, 38, 0, 0),
(5, 7, 39, 0, 0),
(5, 7, 40, 0, 0),
(5, 7, 41, 0, 0),
(5, 7, 42, 0, 0),
(5, 7, 43, 0, 0),
(5, 7, 44, 0, 0),
(5, 7, 45, 0, 0),
(5, 7, 46, 0, 0),
(5, 7, 47, 0, 0),
(5, 7, 48, 0, 0),
(5, 7, 49, 0, 0),
(5, 7, 50, 0, 0),
(5, 7, 51, 0, 0),
(5, 7, 52, 0, 0),
(5, 7, 53, 0, 0),
(5, 7, 54, 0, 0),
(5, 7, 55, 0, 0),
(5, 7, 56, 0, 0),
(5, 7, 57, 0, 0),
(5, 7, 58, 0, 0),
(5, 7, 59, 0, 0),
(5, 7, 60, 0, 0),
(5, 7, 61, 0, 0),
(5, 7, 62, 0, 0),
(5, 7, 63, 0, 0),
(5, 7, 64, 0, 0),
(5, 7, 65, 0, 0),
(5, 4, 66, 0, 0),
(5, 4, 67, 0, 0),
(5, 4, 68, 0, 0),
(5, 4, 69, 0, 0),
(5, 4, 70, 0, 0),
(5, 4, 71, 0, 0),
(5, 4, 72, 0, 0),
(5, 4, 73, 0, 0),
(5, 4, 74, 0, 0),
(5, 4, 75, 0, 0),
(5, 4, 76, 0, 0),
(5, 4, 77, 0, 0),
(5, 4, 78, 0, 0),
(5, 4, 79, 0, 0),
(5, 4, 80, 0, 0),
(5, 4, 81, 0, 0),
(5, 4, 82, 0, 0),
(5, 4, 83, 0, 0),
(5, 4, 84, 0, 0),
(5, 4, 85, 0, 0),
(5, 4, 86, 0, 0),
(5, 4, 87, 0, 0),
(5, 4, 88, 0, 0),
(5, 4, 89, 0, 0),
(5, 4, 90, 0, 0),
(5, 4, 91, 0, 0),
(5, 4, 92, 0, 0),
(5, 4, 93, 0, 0),
(5, 4, 94, 0, 0),
(5, 4, 95, 0, 0),
(5, 4, 96, 0, 0),
(5, 4, 97, 0, 0),
(5, 4, 98, 0, 0),
(5, 4, 99, 0, 0),
(5, 4, 100, 0, 0),
(5, 4, 101, 0, 0),
(5, 4, 102, 0, 0),
(5, 4, 103, 0, 0),
(5, 4, 104, 0, 0),
(5, 4, 105, 0, 0),
(5, 4, 106, 0, 0),
(5, 4, 107, 0, 0),
(5, 4, 108, 0, 0),
(5, 4, 109, 0, 0),
(5, 2, 110, 0, 0),
(5, 2, 111, 0, 0),
(5, 2, 112, 0, 0),
(5, 2, 113, 0, 0),
(5, 2, 114, 0, 0),
(5, 2, 115, 0, 0),
(5, 2, 116, 0, 0),
(5, 2, 117, 0, 0),
(5, 2, 118, 0, 0),
(5, 2, 119, 0, 0),
(5, 2, 120, 0, 0),
(5, 2, 121, 0, 0),
(5, 2, 122, 0, 0),
(5, 2, 123, 0, 0),
(5, 2, 124, 0, 0),
(5, 2, 125, 0, 0),
(5, 26, 126, 0, 0),
(5, 26, 127, 0, 0),
(5, 26, 128, 0, 0),
(5, 26, 129, 0, 0),
(5, 26, 130, 0, 0),
(5, 26, 131, 0, 0),
(5, 26, 132, 0, 0),
(5, 26, 133, 0, 0),
(5, 26, 134, 0, 0),
(5, 26, 135, 0, 0),
(5, 26, 136, 0, 0),
(5, 26, 137, 0, 0),
(5, 26, 138, 0, 0),
(5, 26, 139, 0, 0),
(5, 26, 140, 0, 0),
(5, 26, 141, 0, 0),
(5, 26, 142, 0, 0),
(5, 26, 143, 0, 0),
(5, 26, 144, 0, 0),
(5, 26, 145, 0, 0),
(5, 26, 146, 0, 0),
(5, 26, 147, 0, 0),
(5, 26, 148, 0, 0),
(5, 26, 149, 0, 0),
(5, 26, 150, 0, 0),
(5, 4, 151, 0, 0),
(5, 6, 152, 0, 0),
(5, 7, 153, 0, 0),
(5, 26, 154, 0, 0),
(5, 13, 155, 0, 0),
(5, 13, 156, 0, 0),
(5, 13, 157, 0, 0),
(5, 13, 158, 0, 0),
(5, 13, 159, 0, 0),
(5, 13, 160, 0, 0),
(5, 13, 161, 0, 0),
(5, 13, 162, 0, 0),
(5, 13, 163, 0, 0),
(5, 13, 164, 0, 0),
(5, 13, 165, 0, 0),
(5, 13, 166, 0, 0),
(5, 13, 167, 0, 0),
(5, 13, 168, 0, 0),
(5, 13, 169, 0, 0),
(5, 13, 170, 0, 0),
(5, 13, 171, 0, 0),
(5, 13, 172, 0, 0),
(5, 13, 173, 0, 0),
(5, 14, 174, 0, 0),
(5, 14, 175, 0, 0),
(5, 14, 176, 0, 0),
(5, 14, 177, 0, 0),
(5, 14, 178, 0, 0),
(5, 14, 179, 0, 0),
(5, 14, 180, 0, 0),
(5, 14, 181, 0, 0),
(5, 14, 182, 0, 0),
(5, 14, 183, 0, 0),
(5, 14, 184, 0, 0),
(5, 14, 185, 0, 0),
(5, 14, 186, 0, 0),
(5, 14, 187, 0, 0),
(5, 14, 188, 0, 0),
(5, 14, 189, 0, 0),
(5, 14, 190, 0, 0),
(5, 14, 191, 0, 0),
(5, 14, 192, 0, 0),
(5, 14, 193, 0, 0),
(5, 14, 194, 0, 0),
(5, 14, 195, 0, 0),
(5, 14, 196, 0, 0),
(5, 14, 197, 0, 0),
(5, 14, 198, 0, 0),
(5, 14, 199, 0, 0),
(5, 14, 200, 0, 0),
(5, 14, 201, 0, 0),
(5, 14, 202, 0, 0),
(5, 14, 203, 0, 0),
(5, 14, 204, 0, 0),
(5, 8, 205, 0, 0),
(5, 8, 206, 0, 0),
(5, 8, 207, 0, 0),
(5, 8, 208, 0, 0),
(5, 8, 209, 0, 0),
(5, 8, 210, 0, 0),
(5, 8, 211, 0, 0),
(5, 8, 212, 0, 0),
(5, 8, 213, 0, 0),
(5, 8, 214, 0, 0),
(5, 8, 215, 0, 0),
(5, 8, 216, 0, 0),
(5, 8, 217, 0, 0),
(5, 8, 218, 0, 0),
(5, 8, 219, 0, 0),
(5, 10, 220, 0, 0),
(5, 10, 221, 0, 0),
(5, 10, 222, 0, 0),
(5, 10, 223, 0, 0),
(5, 10, 224, 0, 0),
(5, 10, 225, 0, 0),
(5, 10, 226, 0, 0),
(5, 10, 227, 0, 0),
(5, 10, 228, 0, 0),
(5, 10, 229, 0, 0),
(5, 10, 230, 0, 0),
(5, 10, 231, 0, 0),
(5, 9, 232, 0, 0),
(5, 9, 233, 0, 0),
(5, 9, 234, 0, 0),
(5, 9, 235, 0, 0),
(5, 9, 236, 0, 0),
(5, 9, 237, 0, 0),
(5, 9, 238, 0, 0),
(5, 9, 239, 0, 0),
(5, 9, 240, 0, 0),
(5, 9, 241, 0, 0),
(5, 9, 242, 0, 0),
(5, 9, 243, 0, 0),
(5, 9, 244, 0, 0),
(5, 9, 245, 0, 0),
(5, 9, 246, 0, 0),
(5, 9, 247, 0, 0),
(5, 9, 248, 0, 0),
(5, 9, 249, 0, 0),
(5, 9, 250, 0, 0),
(5, 9, 251, 0, 0),
(5, 9, 252, 0, 0),
(5, 9, 253, 0, 0),
(5, 9, 254, 0, 0),
(5, 9, 255, 0, 0),
(5, 16, 256, 0, 0),
(5, 16, 257, 0, 0),
(5, 16, 258, 0, 0),
(5, 16, 259, 0, 0),
(5, 16, 260, 0, 0),
(5, 16, 261, 0, 0),
(5, 16, 262, 0, 0),
(5, 16, 263, 0, 0),
(5, 16, 264, 0, 0),
(5, 16, 265, 0, 0),
(5, 16, 266, 0, 0),
(5, 16, 267, 0, 0),
(5, 16, 268, 0, 0),
(5, 16, 269, 0, 0),
(5, 16, 270, 0, 0),
(5, 16, 271, 0, 0),
(5, 16, 272, 0, 0),
(5, 16, 273, 0, 0),
(5, 16, 274, 0, 0),
(5, 16, 275, 0, 0),
(5, 16, 276, 0, 0),
(5, 16, 277, 0, 0),
(5, 16, 278, 0, 0),
(5, 15, 279, 0, 0),
(5, 15, 280, 0, 0),
(5, 15, 281, 0, 0),
(5, 15, 282, 0, 0),
(5, 15, 283, 0, 0),
(5, 15, 284, 0, 0),
(5, 15, 285, 0, 0),
(5, 15, 286, 0, 0),
(5, 15, 287, 0, 0),
(5, 15, 288, 0, 0),
(5, 18, 289, 0, 0),
(5, 18, 290, 0, 0),
(5, 18, 291, 0, 0),
(5, 18, 292, 0, 0),
(5, 18, 293, 0, 0),
(5, 18, 294, 0, 0),
(5, 18, 295, 0, 0),
(5, 18, 296, 0, 0),
(5, 18, 297, 0, 0),
(5, 18, 298, 0, 0),
(5, 18, 299, 0, 0),
(5, 18, 300, 0, 0),
(5, 18, 301, 0, 0),
(5, 18, 302, 0, 0),
(5, 18, 303, 0, 0),
(5, 18, 304, 0, 0),
(5, 18, 305, 0, 0),
(5, 19, 306, 0, 0),
(5, 19, 307, 0, 0),
(5, 19, 308, 0, 0),
(5, 19, 309, 0, 0),
(5, 19, 310, 0, 0),
(5, 19, 311, 0, 0),
(5, 19, 312, 0, 0),
(5, 19, 313, 0, 0),
(5, 20, 314, 0, 0),
(5, 20, 315, 0, 0),
(5, 20, 316, 0, 0),
(5, 20, 317, 0, 0),
(5, 20, 318, 0, 0),
(5, 20, 319, 0, 0),
(5, 20, 320, 0, 0),
(5, 20, 321, 0, 0),
(5, 20, 322, 0, 0),
(5, 20, 323, 0, 0),
(5, 20, 324, 0, 0),
(5, 20, 325, 0, 0),
(5, 20, 326, 0, 0),
(5, 20, 327, 0, 0),
(5, 20, 328, 0, 0),
(5, 20, 329, 0, 0),
(5, 20, 330, 0, 0),
(5, 20, 331, 0, 0),
(5, 20, 332, 0, 0),
(5, 20, 333, 0, 0),
(5, 20, 334, 0, 0),
(5, 20, 335, 0, 0),
(5, 20, 336, 0, 0),
(5, 20, 337, 0, 0),
(5, 20, 338, 0, 0),
(5, 20, 339, 0, 0),
(5, 20, 340, 0, 0),
(5, 20, 341, 0, 0),
(5, 20, 342, 0, 0),
(5, 20, 343, 0, 0),
(5, 20, 344, 0, 0),
(5, 20, 345, 0, 0),
(5, 20, 346, 0, 0),
(5, 20, 347, 0, 0),
(5, 20, 348, 0, 0),
(5, 20, 349, 0, 0),
(5, 20, 350, 0, 0),
(5, 21, 351, 0, 0),
(5, 21, 352, 0, 0),
(5, 21, 353, 0, 0),
(5, 21, 354, 0, 0),
(5, 21, 355, 0, 0),
(5, 21, 356, 0, 0),
(5, 21, 357, 0, 0),
(5, 21, 358, 0, 0),
(5, 21, 359, 0, 0),
(5, 21, 360, 0, 0),
(5, 21, 361, 0, 0),
(5, 21, 362, 0, 0),
(5, 21, 363, 0, 0),
(5, 21, 364, 0, 0),
(5, 21, 365, 0, 0),
(5, 21, 366, 0, 0),
(5, 21, 367, 0, 0),
(5, 21, 368, 0, 0),
(5, 21, 369, 0, 0),
(5, 21, 370, 0, 0),
(5, 21, 371, 0, 0),
(5, 21, 372, 0, 0),
(5, 21, 373, 0, 0),
(5, 21, 374, 0, 0),
(5, 21, 375, 0, 0),
(5, 21, 376, 0, 0),
(5, 21, 377, 0, 0),
(5, 21, 378, 0, 0),
(5, 21, 379, 0, 0),
(5, 21, 380, 0, 0),
(5, 21, 381, 0, 0),
(5, 21, 382, 0, 0),
(5, 21, 383, 0, 0),
(5, 21, 384, 0, 0),
(5, 21, 385, 0, 0),
(5, 21, 386, 0, 0),
(5, 21, 387, 0, 0),
(5, 21, 388, 0, 0),
(5, 22, 389, 0, 0),
(5, 22, 390, 0, 0),
(5, 22, 391, 0, 0),
(5, 22, 392, 0, 0),
(5, 22, 393, 0, 0),
(5, 22, 394, 0, 0),
(5, 22, 395, 0, 0),
(5, 22, 396, 0, 0),
(5, 22, 397, 0, 0),
(5, 22, 398, 0, 0),
(5, 22, 399, 0, 0),
(5, 22, 400, 0, 0),
(5, 22, 401, 0, 0),
(5, 22, 402, 0, 0),
(5, 22, 403, 0, 0),
(5, 22, 404, 0, 0),
(5, 22, 405, 0, 0),
(5, 22, 406, 0, 0),
(5, 22, 407, 0, 0),
(5, 22, 408, 0, 0),
(5, 22, 409, 0, 0),
(5, 22, 410, 0, 0),
(5, 22, 411, 0, 0),
(5, 22, 412, 0, 0),
(5, 22, 413, 0, 0),
(5, 22, 414, 0, 0),
(5, 22, 415, 0, 0),
(5, 22, 416, 0, 0),
(5, 22, 417, 0, 0),
(5, 22, 418, 0, 0),
(5, 22, 419, 0, 0),
(5, 22, 420, 0, 0),
(5, 22, 421, 0, 0),
(5, 22, 422, 0, 0),
(5, 22, 423, 0, 0),
(5, 22, 424, 0, 0),
(5, 22, 425, 0, 0),
(5, 22, 426, 0, 0),
(5, 22, 427, 0, 0),
(5, 22, 428, 0, 0),
(5, 22, 429, 0, 0),
(5, 22, 430, 0, 0),
(5, 22, 431, 0, 0),
(5, 22, 432, 0, 0),
(5, 22, 433, 0, 0),
(5, 22, 434, 0, 0),
(5, 22, 435, 0, 0),
(5, 23, 436, 0, 0),
(5, 23, 437, 0, 0),
(5, 23, 438, 0, 0),
(5, 23, 439, 0, 0),
(5, 23, 440, 0, 0),
(5, 23, 441, 0, 0),
(5, 23, 442, 0, 0),
(5, 23, 443, 0, 0),
(5, 23, 444, 0, 0),
(5, 23, 445, 0, 0),
(5, 23, 446, 0, 0),
(5, 23, 447, 0, 0),
(5, 23, 448, 0, 0),
(5, 23, 449, 0, 0),
(5, 23, 450, 0, 0),
(5, 23, 451, 0, 0),
(5, 23, 452, 0, 0),
(5, 23, 453, 0, 0),
(5, 23, 454, 0, 0),
(5, 23, 455, 0, 0),
(5, 23, 456, 0, 0),
(5, 23, 457, 0, 0),
(5, 23, 458, 0, 0),
(5, 23, 459, 0, 0),
(5, 23, 460, 0, 0),
(5, 23, 461, 0, 0),
(5, 23, 462, 0, 0),
(5, 23, 463, 0, 0),
(5, 23, 464, 0, 0),
(5, 23, 465, 0, 0),
(5, 23, 466, 0, 0),
(5, 23, 467, 0, 0),
(5, 23, 468, 0, 0),
(5, 23, 469, 0, 0),
(5, 23, 470, 0, 0),
(5, 23, 471, 0, 0),
(5, 23, 472, 0, 0),
(5, 23, 473, 0, 0),
(5, 23, 474, 0, 0),
(5, 10, 520, 0, 0),
(5, 10, 521, 0, 0),
(5, 10, 522, 0, 0),
(5, 10, 523, 0, 0),
(5, 10, 524, 0, 0),
(5, 10, 525, 0, 0),
(5, 34, 526, 0, 0),
(5, 34, 527, 0, 0),
(5, 34, 528, 0, 0),
(5, 34, 529, 0, 0),
(5, 34, 530, 0, 0),
(5, 34, 531, 0, 0),
(5, 34, 532, 0, 0),
(5, 34, 533, 0, 0),
(5, 34, 534, 0, 0),
(5, 34, 535, 0, 0),
(5, 34, 536, 0, 0),
(5, 34, 537, 0, 0),
(5, 34, 538, 0, 0),
(5, 34, 539, 0, 0),
(5, 34, 540, 0, 0),
(5, 34, 541, 0, 0),
(5, 34, 542, 0, 0),
(5, 29, 543, 0, 0),
(5, 35, 544, 0, 0),
(5, 35, 545, 0, 0),
(5, 35, 546, 0, 0),
(5, 35, 547, 0, 0),
(5, 35, 548, 0, 0),
(5, 35, 549, 0, 0),
(5, 35, 550, 0, 0),
(5, 35, 551, 0, 0),
(5, 35, 552, 0, 0),
(5, 35, 553, 0, 0),
(5, 35, 554, 0, 0),
(5, 35, 555, 0, 0),
(5, 35, 556, 0, 0),
(5, 35, 557, 0, 0),
(5, 35, 558, 0, 0),
(5, 35, 559, 0, 0),
(5, 35, 560, 0, 0),
(5, 35, 561, 0, 0),
(5, 35, 562, 0, 0),
(5, 35, 563, 0, 0),
(5, 35, 564, 0, 0),
(5, 35, 565, 0, 0),
(5, 36, 566, 0, 0),
(5, 36, 567, 0, 0),
(5, 36, 568, 0, 0),
(5, 36, 569, 0, 0),
(5, 36, 570, 0, 0),
(5, 36, 571, 0, 0),
(5, 36, 572, 0, 0),
(5, 36, 573, 0, 0),
(5, 36, 574, 0, 0),
(5, 36, 575, 0, 0),
(5, 36, 576, 0, 0),
(5, 36, 577, 0, 0),
(5, 36, 578, 0, 0),
(5, 36, 579, 0, 0),
(5, 36, 580, 0, 0),
(5, 36, 581, 0, 0),
(5, 36, 582, 0, 0),
(5, 36, 583, 0, 0),
(5, 36, 584, 0, 0),
(5, 36, 585, 0, 0),
(5, 36, 586, 0, 0),
(5, 36, 587, 0, 0),
(5, 38, 588, 0, 0),
(5, 38, 589, 0, 0),
(5, 38, 590, 0, 0),
(5, 38, 591, 0, 0),
(5, 38, 592, 0, 0),
(5, 38, 593, 0, 0),
(5, 38, 594, 0, 0),
(5, 38, 595, 0, 0),
(5, 38, 596, 0, 0),
(5, 38, 597, 0, 0),
(5, 38, 598, 0, 0),
(5, 38, 599, 0, 0),
(5, 38, 600, 0, 0),
(5, 38, 601, 0, 0),
(5, 38, 602, 0, 0),
(5, 38, 603, 0, 0),
(5, 38, 604, 0, 0),
(5, 38, 605, 0, 0),
(5, 38, 606, 0, 0),
(5, 38, 607, 0, 0),
(5, 38, 608, 0, 0),
(5, 42, 609, 0, 0),
(5, 42, 610, 0, 0),
(5, 42, 611, 0, 0),
(5, 42, 612, 0, 0),
(5, 42, 613, 0, 0),
(5, 42, 614, 0, 0),
(5, 42, 615, 0, 0),
(5, 42, 616, 0, 0),
(5, 43, 617, 0, 0),
(5, 43, 618, 0, 0),
(5, 43, 619, 0, 0),
(5, 43, 620, 0, 0),
(5, 43, 621, 0, 0),
(5, 43, 622, 0, 0),
(5, 43, 623, 0, 0),
(5, 43, 624, 0, 0),
(5, 43, 625, 0, 0),
(5, 43, 626, 0, 0),
(5, 43, 627, 0, 0),
(5, 43, 628, 0, 0),
(5, 43, 629, 0, 0),
(5, 44, 630, 0, 0),
(5, 44, 631, 0, 0),
(5, 44, 632, 0, 0),
(5, 44, 633, 0, 0),
(5, 44, 634, 0, 0),
(5, 44, 635, 0, 0),
(5, 44, 636, 0, 0),
(5, 44, 637, 0, 0),
(5, 44, 638, 0, 0),
(5, 44, 639, 0, 0),
(5, 44, 640, 0, 0),
(5, 44, 641, 0, 0),
(5, 44, 642, 0, 0),
(5, 44, 643, 0, 0),
(5, 44, 644, 0, 0),
(5, 44, 645, 0, 0),
(5, 44, 646, 0, 0),
(5, 44, 647, 0, 0),
(5, 45, 648, 0, 0),
(5, 45, 649, 0, 0),
(5, 45, 650, 0, 0),
(5, 45, 651, 0, 0),
(5, 45, 652, 0, 0),
(5, 45, 653, 0, 0),
(5, 45, 654, 0, 0),
(5, 45, 655, 0, 0),
(5, 45, 656, 0, 0),
(5, 45, 657, 0, 0),
(5, 45, 658, 0, 0),
(5, 45, 659, 0, 0),
(5, 45, 660, 0, 0),
(5, 45, 661, 0, 0),
(5, 45, 662, 0, 0),
(5, 45, 663, 0, 0),
(5, 45, 664, 0, 0),
(5, 45, 665, 0, 0),
(5, 45, 666, 0, 0),
(5, 45, 667, 0, 0),
(5, 47, 668, 0, 0),
(5, 47, 669, 0, 0),
(5, 47, 670, 0, 0),
(5, 47, 671, 0, 0),
(5, 47, 672, 0, 0),
(5, 47, 673, 0, 0),
(5, 2, 674, 0, 0),
(5, 29, 675, 0, 0),
(5, 23, 676, 0, 0),
(5, 23, 677, 0, 0),
(5, 23, 678, 0, 0),
(5, 23, 679, 0, 0),
(5, 23, 680, 0, 0),
(5, 23, 681, 0, 0),
(5, 23, 682, 0, 0),
(5, 23, 683, 0, 0),
(5, 23, 684, 0, 0),
(5, 22, 685, 0, 0),
(5, 22, 686, 0, 0),
(5, 22, 687, 0, 0),
(5, 22, 688, 0, 0),
(5, 22, 689, 0, 0),
(5, 22, 690, 0, 0),
(5, 22, 691, 0, 0),
(5, 22, 692, 0, 0),
(5, 22, 693, 0, 0),
(5, 21, 694, 0, 0),
(5, 21, 695, 0, 0),
(5, 21, 696, 0, 0),
(5, 21, 697, 0, 0),
(5, 21, 698, 0, 0),
(5, 21, 699, 0, 0),
(5, 21, 700, 0, 0),
(5, 21, 701, 0, 0),
(5, 21, 702, 0, 0),
(5, 20, 703, 0, 0),
(5, 20, 704, 0, 0),
(5, 20, 705, 0, 0),
(5, 20, 706, 0, 0),
(5, 20, 707, 0, 0),
(5, 20, 708, 0, 0),
(5, 20, 709, 0, 0),
(5, 20, 710, 0, 0),
(5, 20, 711, 0, 0),
(5, 29, 712, 0, 0),
(5, 44, 713, 0, 0),
(5, 42, 714, 0, 0),
(5, 29, 715, 0, 0),
(5, 29, 716, 0, 0),
(5, 29, 717, 0, 0),
(5, 23, 718, 0, 0),
(5, 22, 719, 0, 0),
(5, 21, 720, 0, 0),
(5, 20, 721, 0, 0),
(5, 29, 722, 0, 0),
(5, 6, 723, 0, 0),
(5, 4, 724, 0, 0),
(5, 2, 725, 0, 0),
(5, 29, 726, 0, 0),
(5, 23, 727, 0, 0),
(5, 23, 728, 0, 0),
(5, 21, 729, 0, 0),
(5, 21, 730, 0, 0),
(5, 18, 731, 0, 0),
(5, 7, 732, 0, 0),
(5, 42, 733, 0, 0),
(5, 42, 734, 0, 0),
(5, 23, 735, 0, 0),
(5, 20, 736, 0, 0),
(5, 21, 737, 0, 0),
(5, 22, 738, 0, 0),
(5, 29, 739, 0, 0),
(5, 2, 740, 0, 0),
(5, 13, 741, 0, 0),
(5, 29, 742, 0, 0),
(5, 29, 743, 0, 0),
(5, 29, 744, 0, 0),
(5, 29, 745, 0, 0),
(5, 14, 772, 0, 0),
(5, 36, 773, 0, 0),
(5, 23, 774, 0, 0),
(5, 29, 775, 0, 0),
(5, 23, 776, 0, 0),
(5, 23, 777, 0, 0),
(5, 23, 778, 0, 0),
(5, 20, 779, 0, 0),
(5, 20, 780, 0, 0),
(5, 20, 781, 0, 0),
(5, 21, 782, 0, 0),
(5, 22, 783, 0, 0),
(5, 22, 784, 0, 0),
(5, 22, 785, 0, 0),
(5, 42, 786, 0, 0),
(5, 42, 787, 0, 0),
(5, 42, 788, 0, 0),
(5, 2, 789, 0, 0),
(5, 4, 790, 0, 0),
(5, 6, 791, 0, 0),
(5, 7, 792, 0, 0),
(5, 8, 793, 0, 0),
(5, 9, 794, 0, 0),
(5, 10, 795, 0, 0),
(5, 13, 796, 0, 0),
(5, 14, 797, 0, 0),
(5, 15, 798, 0, 0),
(5, 16, 799, 0, 0),
(5, 18, 800, 0, 0),
(5, 19, 801, 0, 0),
(5, 20, 802, 0, 0),
(5, 21, 803, 0, 0),
(5, 22, 804, 0, 0),
(5, 23, 805, 0, 0),
(5, 26, 806, 0, 0),
(5, 10, 807, 0, 0),
(5, 2, 808, 0, 0),
(5, 4, 809, 0, 0),
(5, 6, 810, 0, 0),
(5, 7, 811, 0, 0),
(5, 8, 812, 0, 0),
(5, 9, 813, 0, 0),
(5, 10, 814, 0, 0),
(5, 13, 815, 0, 0),
(5, 14, 816, 0, 0),
(5, 15, 817, 0, 0),
(5, 16, 818, 0, 0),
(5, 18, 819, 0, 0),
(5, 19, 820, 0, 0),
(5, 20, 821, 0, 0),
(5, 21, 822, 0, 0),
(5, 22, 823, 0, 0),
(5, 23, 824, 0, 0),
(5, 26, 825, 0, 0),
(5, 2, 826, 0, 0),
(5, 4, 827, 0, 0),
(5, 6, 828, 0, 0),
(5, 7, 829, 0, 0),
(5, 8, 830, 0, 0),
(5, 9, 831, 0, 0),
(5, 10, 832, 0, 0),
(5, 13, 833, 0, 0),
(5, 14, 834, 0, 0),
(5, 15, 835, 0, 0),
(5, 16, 836, 0, 0),
(5, 18, 837, 0, 0),
(5, 19, 838, 0, 0),
(5, 20, 839, 0, 0),
(5, 21, 840, 0, 0),
(5, 22, 841, 0, 0),
(5, 23, 842, 0, 0),
(5, 26, 843, 0, 0),
(5, 20, 844, 0, 0),
(5, 21, 845, 0, 0),
(5, 22, 846, 0, 0),
(5, 23, 847, 0, 0),
(5, 45, 848, 0, 0),
(5, 45, 849, 0, 0),
(5, 29, 850, 0, 0),
(5, 22, 851, 0, 0),
(5, 29, 852, 0, 0),
(5, 16, 853, 0, 0),
(5, 16, 854, 0, 0),
(5, 16, 855, 0, 0),
(5, 16, 856, 0, 0),
(5, 9, 857, 0, 0),
(5, 9, 858, 0, 0),
(5, 16, 859, 0, 0),
(5, 50, 860, 0, 0),
(5, 50, 861, 0, 0),
(5, 50, 862, 0, 0),
(5, 50, 863, 0, 0),
(5, 50, 864, 0, 0),
(5, 50, 865, 0, 0),
(5, 6, 892, 0, 0),
(5, 6, 893, 0, 0),
(5, 6, 894, 0, 0),
(5, 6, 895, 0, 0),
(5, 6, 896, 0, 0),
(5, 6, 897, 0, 0),
(5, 6, 898, 0, 0),
(5, 6, 899, 0, 0),
(5, 6, 900, 0, 0),
(5, 6, 901, 0, 0),
(5, 6, 902, 0, 0),
(5, 6, 903, 0, 0),
(5, 6, 904, 0, 0),
(5, 6, 905, 0, 0),
(5, 6, 906, 0, 0),
(5, 6, 907, 0, 0),
(5, 6, 908, 0, 0),
(5, 6, 909, 0, 0),
(5, 6, 910, 0, 0),
(5, 6, 911, 0, 0),
(5, 6, 912, 0, 0),
(5, 6, 913, 0, 0),
(5, 6, 914, 0, 0),
(5, 6, 915, 0, 0),
(5, 6, 916, 0, 0),
(5, 6, 917, 0, 0),
(5, 6, 918, 0, 0),
(5, 6, 919, 0, 0),
(5, 6, 920, 0, 0),
(5, 6, 921, 0, 0),
(5, 6, 922, 0, 0),
(5, 6, 923, 0, 0),
(5, 6, 924, 0, 0),
(5, 6, 925, 0, 0),
(5, 6, 926, 0, 0),
(5, 23, 927, 0, 0),
(5, 52, 928, 0, 0),
(5, 52, 929, 0, 0),
(5, 52, 930, 0, 0),
(5, 52, 931, 0, 0),
(5, 52, 932, 0, 0),
(5, 52, 933, 0, 0),
(5, 52, 934, 0, 0),
(5, 52, 935, 0, 0),
(5, 52, 936, 0, 0),
(5, 52, 937, 0, 0),
(5, 52, 938, 0, 0),
(5, 52, 939, 0, 0),
(5, 52, 940, 0, 0),
(5, 52, 941, 0, 0),
(5, 52, 942, 0, 0),
(5, 52, 943, 0, 0),
(5, 52, 944, 0, 0),
(5, 52, 945, 0, 0),
(5, 52, 946, 0, 0),
(5, 52, 947, 0, 0),
(5, 52, 948, 0, 0),
(5, 52, 949, 0, 0),
(5, 52, 950, 0, 0),
(5, 52, 951, 0, 0),
(5, 52, 952, 0, 0),
(5, 21, 953, 0, 0),
(5, 53, 954, 0, 0),
(5, 53, 955, 0, 0),
(5, 53, 956, 0, 0),
(5, 53, 957, 0, 0),
(5, 53, 958, 0, 0),
(5, 53, 959, 0, 0),
(5, 53, 960, 0, 0),
(5, 53, 961, 0, 0),
(5, 53, 962, 0, 0),
(5, 53, 963, 0, 0),
(5, 53, 964, 0, 0),
(5, 53, 965, 0, 0),
(5, 53, 966, 0, 0),
(5, 53, 967, 0, 0),
(5, 53, 968, 0, 0),
(5, 53, 969, 0, 0),
(5, 54, 970, 0, 0),
(5, 54, 971, 0, 0),
(5, 54, 972, 0, 0),
(5, 54, 973, 0, 0),
(5, 54, 974, 0, 0),
(5, 54, 975, 0, 0),
(5, 54, 976, 0, 0),
(5, 54, 977, 0, 0),
(5, 54, 978, 0, 0),
(5, 54, 979, 0, 0),
(5, 54, 980, 0, 0),
(5, 54, 981, 0, 0),
(5, 54, 982, 0, 0),
(5, 54, 983, 0, 0),
(5, 54, 984, 0, 0),
(5, 54, 985, 0, 0),
(5, 55, 986, 0, 0),
(5, 55, 987, 0, 0),
(5, 55, 988, 0, 0),
(5, 55, 989, 0, 0),
(5, 55, 990, 0, 0),
(5, 55, 991, 0, 0),
(5, 55, 992, 0, 0),
(5, 55, 993, 0, 0),
(5, 55, 994, 0, 0),
(5, 55, 995, 0, 0),
(5, 55, 996, 0, 0),
(5, 55, 997, 0, 0),
(5, 55, 998, 0, 0),
(5, 55, 999, 0, 0),
(5, 55, 1000, 0, 0),
(5, 55, 1001, 0, 0),
(5, 55, 1002, 0, 0),
(5, 55, 1003, 0, 0),
(5, 55, 1004, 0, 0),
(5, 55, 1005, 0, 0),
(5, 55, 1006, 0, 0),
(5, 55, 1007, 0, 0),
(5, 7, 1008, 0, 0),
(5, 7, 1009, 0, 0),
(5, 7, 1010, 0, 0),
(5, 7, 1011, 0, 0),
(5, 7, 1012, 0, 0),
(5, 7, 1013, 0, 0),
(5, 7, 1014, 0, 0),
(5, 7, 1015, 0, 0),
(5, 7, 1016, 0, 0),
(5, 7, 1017, 0, 0),
(5, 7, 1018, 0, 0),
(5, 7, 1019, 0, 0),
(5, 7, 1020, 0, 0),
(5, 7, 1021, 0, 0),
(5, 7, 1022, 0, 0),
(5, 7, 1023, 0, 0),
(5, 7, 1024, 0, 0),
(5, 7, 1025, 0, 0),
(5, 7, 1026, 0, 0),
(5, 7, 1027, 0, 0),
(5, 7, 1028, 0, 0),
(5, 7, 1029, 0, 0),
(5, 7, 1030, 0, 0),
(5, 7, 1031, 0, 0),
(5, 7, 1032, 0, 0),
(5, 7, 1033, 0, 0),
(5, 56, 1034, 0, 0),
(5, 56, 1035, 0, 0),
(5, 56, 1036, 0, 0),
(5, 56, 1037, 0, 0),
(5, 56, 1038, 0, 0),
(5, 56, 1039, 0, 0),
(5, 56, 1040, 0, 0),
(5, 56, 1041, 0, 0),
(5, 56, 1042, 0, 0),
(5, 56, 1043, 0, 0),
(5, 56, 1044, 0, 0),
(5, 56, 1045, 0, 0),
(5, 56, 1046, 0, 0),
(5, 57, 1047, 0, 0),
(5, 57, 1048, 0, 0),
(5, 57, 1049, 0, 0),
(5, 57, 1050, 0, 0),
(5, 57, 1051, 0, 0),
(5, 57, 1052, 0, 0),
(5, 57, 1053, 0, 0),
(5, 57, 1054, 0, 0),
(5, 57, 1055, 0, 0),
(5, 57, 1056, 0, 0),
(5, 57, 1057, 0, 0),
(5, 57, 1058, 0, 0),
(5, 57, 1059, 0, 0),
(5, 57, 1060, 0, 0),
(5, 57, 1061, 0, 0),
(5, 57, 1062, 0, 0),
(5, 57, 1063, 0, 0),
(5, 58, 1064, 0, 0),
(5, 58, 1065, 0, 0),
(5, 58, 1066, 0, 0),
(5, 58, 1067, 0, 0),
(5, 58, 1068, 0, 0),
(5, 58, 1069, 0, 0),
(5, 58, 1070, 0, 0),
(5, 58, 1071, 0, 0),
(5, 58, 1072, 0, 0),
(5, 58, 1073, 0, 0),
(5, 58, 1074, 0, 0),
(5, 58, 1075, 0, 0),
(5, 58, 1076, 0, 0),
(5, 58, 1077, 0, 0),
(5, 58, 1078, 0, 0),
(5, 58, 1079, 0, 0),
(5, 58, 1080, 0, 0),
(5, 58, 1081, 0, 0),
(5, 58, 1082, 0, 0),
(5, 58, 1083, 0, 0),
(5, 58, 1084, 0, 0),
(5, 58, 1085, 0, 0),
(5, 59, 1086, 0, 0),
(5, 59, 1087, 0, 0),
(5, 59, 1088, 0, 0),
(5, 59, 1089, 0, 0),
(5, 59, 1090, 0, 0),
(5, 59, 1091, 0, 0),
(5, 59, 1092, 0, 0),
(5, 59, 1093, 0, 0),
(5, 59, 1094, 0, 0),
(5, 59, 1095, 0, 0),
(5, 59, 1096, 0, 0),
(5, 59, 1097, 0, 0),
(5, 59, 1098, 0, 0),
(5, 59, 1099, 0, 0),
(5, 59, 1100, 0, 0),
(5, 59, 1101, 0, 0),
(5, 59, 1102, 0, 0),
(5, 59, 1103, 0, 0),
(5, 59, 1104, 0, 0),
(5, 59, 1105, 0, 0),
(5, 59, 1106, 0, 0),
(5, 59, 1107, 0, 0),
(5, 59, 1108, 0, 0),
(5, 59, 1109, 0, 0),
(5, 60, 1110, 0, 0),
(5, 60, 1111, 0, 0),
(5, 60, 1112, 0, 0),
(5, 60, 1113, 0, 0),
(5, 60, 1114, 0, 0),
(5, 60, 1115, 0, 0),
(5, 60, 1116, 0, 0),
(5, 60, 1117, 0, 0),
(5, 60, 1118, 0, 0),
(5, 60, 1119, 0, 0),
(5, 60, 1120, 0, 0),
(5, 60, 1121, 0, 0),
(5, 60, 1122, 0, 0),
(5, 60, 1123, 0, 0),
(5, 60, 1124, 0, 0),
(5, 60, 1125, 0, 0),
(5, 60, 1126, 0, 0),
(5, 60, 1127, 0, 0),
(5, 61, 1128, 0, 0),
(5, 61, 1129, 0, 0),
(5, 61, 1130, 0, 0),
(5, 61, 1131, 0, 0),
(5, 61, 1132, 0, 0),
(5, 61, 1133, 0, 0),
(5, 61, 1134, 0, 0),
(5, 61, 1135, 0, 0),
(5, 61, 1136, 0, 0);
INSERT IGNORE INTO `vtiger_profile2field` (`profileid`, `tabid`, `fieldid`, `visible`, `readonly`) VALUES
(5, 61, 1137, 0, 0),
(5, 61, 1138, 0, 0),
(5, 61, 1139, 0, 0),
(5, 61, 1140, 0, 0),
(5, 61, 1141, 0, 0),
(5, 61, 1142, 0, 0),
(5, 61, 1143, 0, 0),
(5, 61, 1144, 0, 0),
(5, 61, 1145, 0, 0),
(5, 61, 1146, 0, 0),
(5, 62, 1147, 0, 0),
(5, 62, 1148, 0, 0),
(5, 62, 1149, 0, 0),
(5, 62, 1150, 0, 0),
(5, 62, 1151, 0, 0),
(5, 62, 1152, 0, 0),
(5, 62, 1153, 0, 0),
(5, 62, 1154, 0, 0),
(5, 62, 1155, 0, 0),
(5, 62, 1156, 0, 0),
(5, 62, 1157, 0, 0),
(5, 62, 1158, 0, 0),
(5, 62, 1159, 0, 0),
(5, 62, 1160, 0, 0),
(5, 62, 1161, 0, 0),
(5, 62, 1162, 0, 0),
(5, 62, 1163, 0, 0),
(5, 62, 1164, 0, 0),
(5, 62, 1165, 0, 0),
(5, 62, 1166, 0, 0),
(5, 63, 1167, 0, 0),
(5, 63, 1168, 0, 0),
(5, 63, 1169, 0, 0),
(5, 63, 1170, 0, 0),
(5, 63, 1171, 0, 0),
(5, 63, 1172, 0, 0),
(5, 63, 1173, 0, 0),
(5, 63, 1174, 0, 0),
(5, 63, 1175, 0, 0),
(5, 63, 1176, 0, 0),
(5, 63, 1177, 0, 0),
(5, 63, 1178, 0, 0),
(5, 63, 1179, 0, 0),
(5, 21, 1189, 0, 0),
(5, 21, 1190, 0, 0),
(5, 21, 1191, 0, 0),
(5, 21, 1192, 0, 0),
(5, 21, 1193, 0, 0),
(5, 21, 1194, 0, 0),
(5, 21, 1195, 0, 0),
(5, 21, 1196, 0, 0),
(5, 21, 1197, 0, 0),
(5, 21, 1198, 0, 0),
(5, 21, 1199, 0, 0),
(5, 21, 1200, 0, 0),
(5, 21, 1201, 0, 0),
(5, 21, 1202, 0, 0),
(5, 21, 1203, 0, 0),
(5, 21, 1204, 0, 0),
(5, 21, 1205, 0, 0),
(5, 21, 1206, 0, 0),
(5, 21, 1207, 0, 0),
(5, 20, 1208, 0, 0),
(5, 20, 1209, 0, 0),
(5, 20, 1210, 0, 0),
(5, 20, 1211, 0, 0),
(5, 20, 1212, 0, 0),
(5, 4, 1213, 0, 0),
(5, 4, 1214, 0, 0),
(5, 4, 1215, 0, 0),
(5, 4, 1216, 0, 0),
(5, 4, 1217, 0, 0),
(5, 4, 1218, 0, 0),
(5, 4, 1219, 0, 0),
(5, 65, 1220, 0, 0),
(5, 65, 1221, 0, 0),
(5, 65, 1222, 0, 0),
(5, 65, 1223, 0, 0),
(5, 65, 1224, 0, 0),
(5, 65, 1225, 0, 0),
(5, 65, 1226, 0, 0),
(5, 65, 1227, 0, 0),
(5, 65, 1228, 0, 0),
(5, 65, 1229, 0, 0),
(5, 65, 1230, 0, 0),
(5, 65, 1231, 0, 0),
(5, 65, 1232, 0, 0),
(5, 65, 1233, 0, 0),
(5, 65, 1234, 0, 0),
(5, 2, 1235, 0, 0),
(5, 2, 1236, 0, 0),
(5, 2, 1237, 0, 0),
(5, 2, 1238, 0, 0),
(5, 2, 1239, 0, 0),
(5, 2, 1240, 0, 0),
(5, 2, 1241, 0, 0),
(5, 2, 1242, 0, 0),
(5, 2, 1243, 0, 0),
(6, 6, 1, 0, 0),
(6, 6, 2, 0, 0),
(6, 6, 3, 0, 0),
(6, 6, 4, 0, 0),
(6, 6, 5, 0, 0),
(6, 6, 6, 0, 0),
(6, 6, 7, 0, 0),
(6, 6, 8, 0, 0),
(6, 6, 9, 0, 0),
(6, 6, 10, 0, 0),
(6, 6, 11, 0, 0),
(6, 6, 12, 0, 0),
(6, 6, 13, 0, 0),
(6, 6, 14, 0, 0),
(6, 6, 15, 0, 0),
(6, 6, 16, 0, 0),
(6, 6, 17, 0, 0),
(6, 6, 18, 0, 0),
(6, 6, 19, 0, 0),
(6, 6, 20, 0, 0),
(6, 6, 21, 0, 0),
(6, 6, 22, 0, 0),
(6, 6, 23, 0, 0),
(6, 6, 24, 0, 0),
(6, 6, 25, 0, 0),
(6, 6, 26, 0, 0),
(6, 6, 27, 0, 0),
(6, 6, 28, 0, 0),
(6, 6, 29, 0, 0),
(6, 6, 30, 0, 0),
(6, 6, 31, 0, 0),
(6, 6, 32, 0, 0),
(6, 6, 33, 0, 0),
(6, 6, 34, 0, 0),
(6, 6, 35, 0, 0),
(6, 6, 36, 0, 0),
(6, 7, 37, 0, 0),
(6, 7, 38, 0, 0),
(6, 7, 39, 0, 0),
(6, 7, 40, 0, 0),
(6, 7, 41, 0, 0),
(6, 7, 42, 0, 0),
(6, 7, 43, 0, 0),
(6, 7, 44, 0, 0),
(6, 7, 45, 0, 0),
(6, 7, 46, 0, 0),
(6, 7, 47, 0, 0),
(6, 7, 48, 0, 0),
(6, 7, 49, 0, 0),
(6, 7, 50, 0, 0),
(6, 7, 51, 0, 0),
(6, 7, 52, 0, 0),
(6, 7, 53, 0, 0),
(6, 7, 54, 0, 0),
(6, 7, 55, 0, 0),
(6, 7, 56, 0, 0),
(6, 7, 57, 0, 0),
(6, 7, 58, 0, 0),
(6, 7, 59, 0, 0),
(6, 7, 60, 0, 0),
(6, 7, 61, 0, 0),
(6, 7, 62, 0, 0),
(6, 7, 63, 0, 0),
(6, 7, 64, 0, 0),
(6, 7, 65, 0, 0),
(6, 4, 66, 0, 0),
(6, 4, 67, 0, 0),
(6, 4, 68, 0, 0),
(6, 4, 69, 0, 0),
(6, 4, 70, 0, 0),
(6, 4, 71, 0, 0),
(6, 4, 72, 0, 0),
(6, 4, 73, 0, 0),
(6, 4, 74, 0, 0),
(6, 4, 75, 0, 0),
(6, 4, 76, 0, 0),
(6, 4, 77, 0, 0),
(6, 4, 78, 0, 0),
(6, 4, 79, 0, 0),
(6, 4, 80, 0, 0),
(6, 4, 81, 0, 0),
(6, 4, 82, 0, 0),
(6, 4, 83, 0, 0),
(6, 4, 84, 0, 0),
(6, 4, 85, 0, 0),
(6, 4, 86, 0, 0),
(6, 4, 87, 0, 0),
(6, 4, 88, 0, 0),
(6, 4, 89, 0, 0),
(6, 4, 90, 0, 0),
(6, 4, 91, 0, 0),
(6, 4, 92, 0, 0),
(6, 4, 93, 0, 0),
(6, 4, 94, 0, 0),
(6, 4, 95, 0, 0),
(6, 4, 96, 0, 0),
(6, 4, 97, 0, 0),
(6, 4, 98, 0, 0),
(6, 4, 99, 0, 0),
(6, 4, 100, 0, 0),
(6, 4, 101, 0, 0),
(6, 4, 102, 0, 0),
(6, 4, 103, 0, 0),
(6, 4, 104, 0, 0),
(6, 4, 105, 0, 0),
(6, 4, 106, 0, 0),
(6, 4, 107, 0, 0),
(6, 4, 108, 0, 0),
(6, 4, 109, 0, 0),
(6, 2, 110, 0, 0),
(6, 2, 111, 0, 0),
(6, 2, 112, 0, 0),
(6, 2, 113, 0, 0),
(6, 2, 114, 0, 0),
(6, 2, 115, 0, 0),
(6, 2, 116, 0, 0),
(6, 2, 117, 0, 0),
(6, 2, 118, 0, 0),
(6, 2, 119, 0, 0),
(6, 2, 120, 0, 0),
(6, 2, 121, 0, 0),
(6, 2, 122, 0, 0),
(6, 2, 123, 0, 0),
(6, 2, 124, 0, 0),
(6, 2, 125, 0, 0),
(6, 26, 126, 0, 0),
(6, 26, 127, 0, 0),
(6, 26, 128, 0, 0),
(6, 26, 129, 0, 0),
(6, 26, 130, 0, 0),
(6, 26, 131, 0, 0),
(6, 26, 132, 0, 0),
(6, 26, 133, 0, 0),
(6, 26, 134, 0, 0),
(6, 26, 135, 0, 0),
(6, 26, 136, 0, 0),
(6, 26, 137, 0, 0),
(6, 26, 138, 0, 0),
(6, 26, 139, 0, 0),
(6, 26, 140, 0, 0),
(6, 26, 141, 0, 0),
(6, 26, 142, 0, 0),
(6, 26, 143, 0, 0),
(6, 26, 144, 0, 0),
(6, 26, 145, 0, 0),
(6, 26, 146, 0, 0),
(6, 26, 147, 0, 0),
(6, 26, 148, 0, 0),
(6, 26, 149, 0, 0),
(6, 26, 150, 0, 0),
(6, 4, 151, 0, 0),
(6, 6, 152, 0, 0),
(6, 7, 153, 0, 0),
(6, 26, 154, 0, 0),
(6, 13, 155, 0, 0),
(6, 13, 156, 0, 0),
(6, 13, 157, 0, 0),
(6, 13, 158, 0, 0),
(6, 13, 159, 0, 0),
(6, 13, 160, 0, 0),
(6, 13, 161, 0, 0),
(6, 13, 162, 0, 0),
(6, 13, 163, 0, 0),
(6, 13, 164, 0, 0),
(6, 13, 165, 0, 0),
(6, 13, 166, 0, 0),
(6, 13, 167, 0, 0),
(6, 13, 168, 0, 0),
(6, 13, 169, 0, 0),
(6, 13, 170, 0, 0),
(6, 13, 171, 0, 0),
(6, 13, 172, 0, 0),
(6, 13, 173, 0, 0),
(6, 14, 174, 0, 0),
(6, 14, 175, 0, 0),
(6, 14, 176, 0, 0),
(6, 14, 177, 0, 0),
(6, 14, 178, 0, 0),
(6, 14, 179, 0, 0),
(6, 14, 180, 0, 0),
(6, 14, 181, 0, 0),
(6, 14, 182, 0, 0),
(6, 14, 183, 0, 0),
(6, 14, 184, 0, 0),
(6, 14, 185, 0, 0),
(6, 14, 186, 0, 0),
(6, 14, 187, 0, 0),
(6, 14, 188, 0, 0),
(6, 14, 189, 0, 0),
(6, 14, 190, 0, 0),
(6, 14, 191, 0, 0),
(6, 14, 192, 0, 0),
(6, 14, 193, 0, 0),
(6, 14, 194, 0, 0),
(6, 14, 195, 0, 0),
(6, 14, 196, 0, 0),
(6, 14, 197, 0, 0),
(6, 14, 198, 0, 0),
(6, 14, 199, 0, 0),
(6, 14, 200, 0, 0),
(6, 14, 201, 0, 0),
(6, 14, 202, 0, 0),
(6, 14, 203, 0, 0),
(6, 14, 204, 0, 0),
(6, 8, 205, 0, 0),
(6, 8, 206, 0, 0),
(6, 8, 207, 0, 0),
(6, 8, 208, 0, 0),
(6, 8, 209, 0, 0),
(6, 8, 210, 0, 0),
(6, 8, 211, 0, 0),
(6, 8, 212, 0, 0),
(6, 8, 213, 0, 0),
(6, 8, 214, 0, 0),
(6, 8, 215, 0, 0),
(6, 8, 216, 0, 0),
(6, 8, 217, 0, 0),
(6, 8, 218, 0, 0),
(6, 8, 219, 0, 0),
(6, 10, 220, 0, 0),
(6, 10, 221, 0, 0),
(6, 10, 222, 0, 0),
(6, 10, 223, 0, 0),
(6, 10, 224, 0, 0),
(6, 10, 225, 0, 0),
(6, 10, 226, 0, 0),
(6, 10, 227, 0, 0),
(6, 10, 228, 0, 0),
(6, 10, 229, 0, 0),
(6, 10, 230, 0, 0),
(6, 10, 231, 0, 0),
(6, 9, 232, 0, 0),
(6, 9, 233, 0, 0),
(6, 9, 234, 0, 0),
(6, 9, 235, 0, 0),
(6, 9, 236, 0, 0),
(6, 9, 237, 0, 0),
(6, 9, 238, 0, 0),
(6, 9, 239, 0, 0),
(6, 9, 240, 0, 0),
(6, 9, 241, 0, 0),
(6, 9, 242, 0, 0),
(6, 9, 243, 0, 0),
(6, 9, 244, 0, 0),
(6, 9, 245, 0, 0),
(6, 9, 246, 0, 0),
(6, 9, 247, 0, 0),
(6, 9, 248, 0, 0),
(6, 9, 249, 0, 0),
(6, 9, 250, 0, 0),
(6, 9, 251, 0, 0),
(6, 9, 252, 0, 0),
(6, 9, 253, 0, 0),
(6, 9, 254, 0, 0),
(6, 9, 255, 0, 0),
(6, 16, 256, 0, 0),
(6, 16, 257, 0, 0),
(6, 16, 258, 0, 0),
(6, 16, 259, 0, 0),
(6, 16, 260, 0, 0),
(6, 16, 261, 0, 0),
(6, 16, 262, 0, 0),
(6, 16, 263, 0, 0),
(6, 16, 264, 0, 0),
(6, 16, 265, 0, 0),
(6, 16, 266, 0, 0),
(6, 16, 267, 0, 0),
(6, 16, 268, 0, 0),
(6, 16, 269, 0, 0),
(6, 16, 270, 0, 0),
(6, 16, 271, 0, 0),
(6, 16, 272, 0, 0),
(6, 16, 273, 0, 0),
(6, 16, 274, 0, 0),
(6, 16, 275, 0, 0),
(6, 16, 276, 0, 0),
(6, 16, 277, 0, 0),
(6, 16, 278, 0, 0),
(6, 15, 279, 0, 0),
(6, 15, 280, 0, 0),
(6, 15, 281, 0, 0),
(6, 15, 282, 0, 0),
(6, 15, 283, 0, 0),
(6, 15, 284, 0, 0),
(6, 15, 285, 0, 0),
(6, 15, 286, 0, 0),
(6, 15, 287, 0, 0),
(6, 15, 288, 0, 0),
(6, 18, 289, 0, 0),
(6, 18, 290, 0, 0),
(6, 18, 291, 0, 0),
(6, 18, 292, 0, 0),
(6, 18, 293, 0, 0),
(6, 18, 294, 0, 0),
(6, 18, 295, 0, 0),
(6, 18, 296, 0, 0),
(6, 18, 297, 0, 0),
(6, 18, 298, 0, 0),
(6, 18, 299, 0, 0),
(6, 18, 300, 0, 0),
(6, 18, 301, 0, 0),
(6, 18, 302, 0, 0),
(6, 18, 303, 0, 0),
(6, 18, 304, 0, 0),
(6, 18, 305, 0, 0),
(6, 19, 306, 0, 0),
(6, 19, 307, 0, 0),
(6, 19, 308, 0, 0),
(6, 19, 309, 0, 0),
(6, 19, 310, 0, 0),
(6, 19, 311, 0, 0),
(6, 19, 312, 0, 0),
(6, 19, 313, 0, 0),
(6, 20, 314, 0, 0),
(6, 20, 315, 0, 0),
(6, 20, 316, 0, 0),
(6, 20, 317, 0, 0),
(6, 20, 318, 0, 0),
(6, 20, 319, 0, 0),
(6, 20, 320, 0, 0),
(6, 20, 321, 0, 0),
(6, 20, 322, 0, 0),
(6, 20, 323, 0, 0),
(6, 20, 324, 0, 0),
(6, 20, 325, 0, 0),
(6, 20, 326, 0, 0),
(6, 20, 327, 0, 0),
(6, 20, 328, 0, 0),
(6, 20, 329, 0, 0),
(6, 20, 330, 0, 0),
(6, 20, 331, 0, 0),
(6, 20, 332, 0, 0),
(6, 20, 333, 0, 0),
(6, 20, 334, 0, 0),
(6, 20, 335, 0, 0),
(6, 20, 336, 0, 0),
(6, 20, 337, 0, 0),
(6, 20, 338, 0, 0),
(6, 20, 339, 0, 0),
(6, 20, 340, 0, 0),
(6, 20, 341, 0, 0),
(6, 20, 342, 0, 0),
(6, 20, 343, 0, 0),
(6, 20, 344, 0, 0),
(6, 20, 345, 0, 0),
(6, 20, 346, 0, 0),
(6, 20, 347, 0, 0),
(6, 20, 348, 0, 0),
(6, 20, 349, 0, 0),
(6, 20, 350, 0, 0),
(6, 21, 351, 0, 0),
(6, 21, 352, 0, 0),
(6, 21, 353, 0, 0),
(6, 21, 354, 0, 0),
(6, 21, 355, 0, 0),
(6, 21, 356, 0, 0),
(6, 21, 357, 0, 0),
(6, 21, 358, 0, 0),
(6, 21, 359, 0, 0),
(6, 21, 360, 0, 0),
(6, 21, 361, 0, 0),
(6, 21, 362, 0, 0),
(6, 21, 363, 0, 0),
(6, 21, 364, 0, 0),
(6, 21, 365, 0, 0),
(6, 21, 366, 0, 0),
(6, 21, 367, 0, 0),
(6, 21, 368, 0, 0),
(6, 21, 369, 0, 0),
(6, 21, 370, 0, 0),
(6, 21, 371, 0, 0),
(6, 21, 372, 0, 0),
(6, 21, 373, 0, 0),
(6, 21, 374, 0, 0),
(6, 21, 375, 0, 0),
(6, 21, 376, 0, 0),
(6, 21, 377, 0, 0),
(6, 21, 378, 0, 0),
(6, 21, 379, 0, 0),
(6, 21, 380, 0, 0),
(6, 21, 381, 0, 0),
(6, 21, 382, 0, 0),
(6, 21, 383, 0, 0),
(6, 21, 384, 0, 0),
(6, 21, 385, 0, 0),
(6, 21, 386, 0, 0),
(6, 21, 387, 0, 0),
(6, 21, 388, 0, 0),
(6, 22, 389, 0, 0),
(6, 22, 390, 0, 0),
(6, 22, 391, 0, 0),
(6, 22, 392, 0, 0),
(6, 22, 393, 0, 0),
(6, 22, 394, 0, 0),
(6, 22, 395, 0, 0),
(6, 22, 396, 0, 0),
(6, 22, 397, 0, 0),
(6, 22, 398, 0, 0),
(6, 22, 399, 0, 0),
(6, 22, 400, 0, 0),
(6, 22, 401, 0, 0),
(6, 22, 402, 0, 0),
(6, 22, 403, 0, 0),
(6, 22, 404, 0, 0),
(6, 22, 405, 0, 0),
(6, 22, 406, 0, 0),
(6, 22, 407, 0, 0),
(6, 22, 408, 0, 0),
(6, 22, 409, 0, 0),
(6, 22, 410, 0, 0),
(6, 22, 411, 0, 0),
(6, 22, 412, 0, 0),
(6, 22, 413, 0, 0),
(6, 22, 414, 0, 0),
(6, 22, 415, 0, 0),
(6, 22, 416, 0, 0),
(6, 22, 417, 0, 0),
(6, 22, 418, 0, 0),
(6, 22, 419, 0, 0),
(6, 22, 420, 0, 0),
(6, 22, 421, 0, 0),
(6, 22, 422, 0, 0),
(6, 22, 423, 0, 0),
(6, 22, 424, 0, 0),
(6, 22, 425, 0, 0),
(6, 22, 426, 0, 0),
(6, 22, 427, 0, 0),
(6, 22, 428, 0, 0),
(6, 22, 429, 0, 0),
(6, 22, 430, 0, 0),
(6, 22, 431, 0, 0),
(6, 22, 432, 0, 0),
(6, 22, 433, 0, 0),
(6, 22, 434, 0, 0),
(6, 22, 435, 0, 0),
(6, 23, 436, 0, 0),
(6, 23, 437, 0, 0),
(6, 23, 438, 0, 0),
(6, 23, 439, 0, 0),
(6, 23, 440, 0, 0),
(6, 23, 441, 0, 0),
(6, 23, 442, 0, 0),
(6, 23, 443, 0, 0),
(6, 23, 444, 0, 0),
(6, 23, 445, 0, 0),
(6, 23, 446, 0, 0),
(6, 23, 447, 0, 0),
(6, 23, 448, 0, 0),
(6, 23, 449, 0, 0),
(6, 23, 450, 0, 0),
(6, 23, 451, 0, 0),
(6, 23, 452, 0, 0),
(6, 23, 453, 0, 0),
(6, 23, 454, 0, 0),
(6, 23, 455, 0, 0),
(6, 23, 456, 0, 0),
(6, 23, 457, 0, 0),
(6, 23, 458, 0, 0),
(6, 23, 459, 0, 0),
(6, 23, 460, 0, 0),
(6, 23, 461, 0, 0),
(6, 23, 462, 0, 0),
(6, 23, 463, 0, 0),
(6, 23, 464, 0, 0),
(6, 23, 465, 0, 0),
(6, 23, 466, 0, 0),
(6, 23, 467, 0, 0),
(6, 23, 468, 0, 0),
(6, 23, 469, 0, 0),
(6, 23, 470, 0, 0),
(6, 23, 471, 0, 0),
(6, 23, 472, 0, 0),
(6, 23, 473, 0, 0),
(6, 23, 474, 0, 0),
(6, 10, 520, 0, 0),
(6, 10, 521, 0, 0),
(6, 10, 522, 0, 0),
(6, 10, 523, 0, 0),
(6, 10, 524, 0, 0),
(6, 10, 525, 0, 0),
(6, 34, 526, 0, 0),
(6, 34, 527, 0, 0),
(6, 34, 528, 0, 0),
(6, 34, 529, 0, 0),
(6, 34, 530, 0, 0),
(6, 34, 531, 0, 0),
(6, 34, 532, 0, 0),
(6, 34, 533, 0, 0),
(6, 34, 534, 0, 0),
(6, 34, 535, 0, 0),
(6, 34, 536, 0, 0),
(6, 34, 537, 0, 0),
(6, 34, 538, 0, 0),
(6, 34, 539, 0, 0),
(6, 34, 540, 0, 0),
(6, 34, 541, 0, 0),
(6, 34, 542, 0, 0),
(6, 29, 543, 0, 0),
(6, 35, 544, 0, 0),
(6, 35, 545, 0, 0),
(6, 35, 546, 0, 0),
(6, 35, 547, 0, 0),
(6, 35, 548, 0, 0),
(6, 35, 549, 0, 0),
(6, 35, 550, 0, 0),
(6, 35, 551, 0, 0),
(6, 35, 552, 0, 0),
(6, 35, 553, 0, 0),
(6, 35, 554, 0, 0),
(6, 35, 555, 0, 0),
(6, 35, 556, 0, 0),
(6, 35, 557, 0, 0),
(6, 35, 558, 0, 0),
(6, 35, 559, 0, 0),
(6, 35, 560, 0, 0),
(6, 35, 561, 0, 0),
(6, 35, 562, 0, 0),
(6, 35, 563, 0, 0),
(6, 35, 564, 0, 0),
(6, 35, 565, 0, 0),
(6, 36, 566, 0, 0),
(6, 36, 567, 0, 0),
(6, 36, 568, 0, 0),
(6, 36, 569, 0, 0),
(6, 36, 570, 0, 0),
(6, 36, 571, 0, 0),
(6, 36, 572, 0, 0),
(6, 36, 573, 0, 0),
(6, 36, 574, 0, 0),
(6, 36, 575, 0, 0),
(6, 36, 576, 0, 0),
(6, 36, 577, 0, 0),
(6, 36, 578, 0, 0),
(6, 36, 579, 0, 0),
(6, 36, 580, 0, 0),
(6, 36, 581, 0, 0),
(6, 36, 582, 0, 0),
(6, 36, 583, 0, 0),
(6, 36, 584, 0, 0),
(6, 36, 585, 0, 0),
(6, 36, 586, 0, 0),
(6, 36, 587, 0, 0),
(6, 38, 588, 0, 0),
(6, 38, 589, 0, 0),
(6, 38, 590, 0, 0),
(6, 38, 591, 0, 0),
(6, 38, 592, 0, 0),
(6, 38, 593, 0, 0),
(6, 38, 594, 0, 0),
(6, 38, 595, 0, 0),
(6, 38, 596, 0, 0),
(6, 38, 597, 0, 0),
(6, 38, 598, 0, 0),
(6, 38, 599, 0, 0),
(6, 38, 600, 0, 0),
(6, 38, 601, 0, 0),
(6, 38, 602, 0, 0),
(6, 38, 603, 0, 0),
(6, 38, 604, 0, 0),
(6, 38, 605, 0, 0),
(6, 38, 606, 0, 0),
(6, 38, 607, 0, 0),
(6, 38, 608, 0, 0),
(6, 42, 609, 0, 0),
(6, 42, 610, 0, 0),
(6, 42, 611, 0, 0),
(6, 42, 612, 0, 0),
(6, 42, 613, 0, 0),
(6, 42, 614, 0, 0),
(6, 42, 615, 0, 0),
(6, 42, 616, 0, 0),
(6, 43, 617, 0, 0),
(6, 43, 618, 0, 0),
(6, 43, 619, 0, 0),
(6, 43, 620, 0, 0),
(6, 43, 621, 0, 0),
(6, 43, 622, 0, 0),
(6, 43, 623, 0, 0),
(6, 43, 624, 0, 0),
(6, 43, 625, 0, 0),
(6, 43, 626, 0, 0),
(6, 43, 627, 0, 0),
(6, 43, 628, 0, 0),
(6, 43, 629, 0, 0),
(6, 44, 630, 0, 0),
(6, 44, 631, 0, 0),
(6, 44, 632, 0, 0),
(6, 44, 633, 0, 0),
(6, 44, 634, 0, 0),
(6, 44, 635, 0, 0),
(6, 44, 636, 0, 0),
(6, 44, 637, 0, 0),
(6, 44, 638, 0, 0),
(6, 44, 639, 0, 0),
(6, 44, 640, 0, 0),
(6, 44, 641, 0, 0),
(6, 44, 642, 0, 0),
(6, 44, 643, 0, 0),
(6, 44, 644, 0, 0),
(6, 44, 645, 0, 0),
(6, 44, 646, 0, 0),
(6, 44, 647, 0, 0),
(6, 45, 648, 0, 0),
(6, 45, 649, 0, 0),
(6, 45, 650, 0, 0),
(6, 45, 651, 0, 0),
(6, 45, 652, 0, 0),
(6, 45, 653, 0, 0),
(6, 45, 654, 0, 0),
(6, 45, 655, 0, 0),
(6, 45, 656, 0, 0),
(6, 45, 657, 0, 0),
(6, 45, 658, 0, 0),
(6, 45, 659, 0, 0),
(6, 45, 660, 0, 0),
(6, 45, 661, 0, 0),
(6, 45, 662, 0, 0),
(6, 45, 663, 0, 0),
(6, 45, 664, 0, 0),
(6, 45, 665, 0, 0),
(6, 45, 666, 0, 0),
(6, 45, 667, 0, 0),
(6, 47, 668, 0, 0),
(6, 47, 669, 0, 0),
(6, 47, 670, 0, 0),
(6, 47, 671, 0, 0),
(6, 47, 672, 0, 0),
(6, 47, 673, 0, 0),
(6, 2, 674, 0, 0),
(6, 29, 675, 0, 0),
(6, 23, 676, 0, 0),
(6, 23, 677, 0, 0),
(6, 23, 678, 0, 0),
(6, 23, 679, 0, 0),
(6, 23, 680, 0, 0),
(6, 23, 681, 0, 0),
(6, 23, 682, 0, 0),
(6, 23, 683, 0, 0),
(6, 23, 684, 0, 0),
(6, 22, 685, 0, 0),
(6, 22, 686, 0, 0),
(6, 22, 687, 0, 0),
(6, 22, 688, 0, 0),
(6, 22, 689, 0, 0),
(6, 22, 690, 0, 0),
(6, 22, 691, 0, 0),
(6, 22, 692, 0, 0),
(6, 22, 693, 0, 0),
(6, 21, 694, 0, 0),
(6, 21, 695, 0, 0),
(6, 21, 696, 0, 0),
(6, 21, 697, 0, 0),
(6, 21, 698, 0, 0),
(6, 21, 699, 0, 0),
(6, 21, 700, 0, 0),
(6, 21, 701, 0, 0),
(6, 21, 702, 0, 0),
(6, 20, 703, 0, 0),
(6, 20, 704, 0, 0),
(6, 20, 705, 0, 0),
(6, 20, 706, 0, 0),
(6, 20, 707, 0, 0),
(6, 20, 708, 0, 0),
(6, 20, 709, 0, 0),
(6, 20, 710, 0, 0),
(6, 20, 711, 0, 0),
(6, 29, 712, 0, 0),
(6, 44, 713, 0, 0),
(6, 42, 714, 0, 0),
(6, 29, 715, 0, 0),
(6, 29, 716, 0, 0),
(6, 29, 717, 0, 0),
(6, 23, 718, 0, 0),
(6, 22, 719, 0, 0),
(6, 21, 720, 0, 0),
(6, 20, 721, 0, 0),
(6, 29, 722, 0, 0),
(6, 6, 723, 0, 0),
(6, 4, 724, 0, 0),
(6, 2, 725, 0, 0),
(6, 29, 726, 0, 0),
(6, 23, 727, 0, 0),
(6, 23, 728, 0, 0),
(6, 21, 729, 0, 0),
(6, 21, 730, 0, 0),
(6, 18, 731, 0, 0),
(6, 7, 732, 0, 0),
(6, 42, 733, 0, 0),
(6, 42, 734, 0, 0),
(6, 23, 735, 0, 0),
(6, 20, 736, 0, 0),
(6, 21, 737, 0, 0),
(6, 22, 738, 0, 0),
(6, 29, 739, 0, 0),
(6, 2, 740, 0, 0),
(6, 13, 741, 0, 0),
(6, 29, 742, 0, 0),
(6, 29, 743, 0, 0),
(6, 29, 744, 0, 0),
(6, 29, 745, 0, 0),
(6, 14, 772, 0, 0),
(6, 36, 773, 0, 0),
(6, 23, 774, 0, 0),
(6, 29, 775, 0, 0),
(6, 23, 776, 0, 0),
(6, 23, 777, 0, 0),
(6, 23, 778, 0, 0),
(6, 20, 779, 0, 0),
(6, 20, 780, 0, 0),
(6, 20, 781, 0, 0),
(6, 21, 782, 0, 0),
(6, 22, 783, 0, 0),
(6, 22, 784, 0, 0),
(6, 22, 785, 0, 0),
(6, 42, 786, 0, 0),
(6, 42, 787, 0, 0),
(6, 42, 788, 0, 0),
(6, 2, 789, 0, 0),
(6, 4, 790, 0, 0),
(6, 6, 791, 0, 0),
(6, 7, 792, 0, 0),
(6, 8, 793, 0, 0),
(6, 9, 794, 0, 0),
(6, 10, 795, 0, 0),
(6, 13, 796, 0, 0),
(6, 14, 797, 0, 0),
(6, 15, 798, 0, 0),
(6, 16, 799, 0, 0),
(6, 18, 800, 0, 0),
(6, 19, 801, 0, 0),
(6, 20, 802, 0, 0),
(6, 21, 803, 0, 0),
(6, 22, 804, 0, 0),
(6, 23, 805, 0, 0),
(6, 26, 806, 0, 0),
(6, 10, 807, 0, 0),
(6, 2, 808, 0, 0),
(6, 4, 809, 0, 0),
(6, 6, 810, 0, 0),
(6, 7, 811, 0, 0),
(6, 8, 812, 0, 0),
(6, 9, 813, 0, 0),
(6, 10, 814, 0, 0),
(6, 13, 815, 0, 0),
(6, 14, 816, 0, 0),
(6, 15, 817, 0, 0),
(6, 16, 818, 0, 0),
(6, 18, 819, 0, 0),
(6, 19, 820, 0, 0),
(6, 20, 821, 0, 0),
(6, 21, 822, 0, 0),
(6, 22, 823, 0, 0),
(6, 23, 824, 0, 0),
(6, 26, 825, 0, 0),
(6, 2, 826, 0, 0),
(6, 4, 827, 0, 0),
(6, 6, 828, 0, 0),
(6, 7, 829, 0, 0),
(6, 8, 830, 0, 0),
(6, 9, 831, 0, 0),
(6, 10, 832, 0, 0),
(6, 13, 833, 0, 0),
(6, 14, 834, 0, 0),
(6, 15, 835, 0, 0),
(6, 16, 836, 0, 0),
(6, 18, 837, 0, 0),
(6, 19, 838, 0, 0),
(6, 20, 839, 0, 0),
(6, 21, 840, 0, 0),
(6, 22, 841, 0, 0),
(6, 23, 842, 0, 0),
(6, 26, 843, 0, 0),
(6, 20, 844, 0, 0),
(6, 21, 845, 0, 0),
(6, 22, 846, 0, 0),
(6, 23, 847, 0, 0),
(6, 45, 848, 0, 0),
(6, 45, 849, 0, 0),
(6, 29, 850, 0, 0),
(6, 22, 851, 0, 0),
(6, 29, 852, 0, 0),
(6, 16, 853, 0, 0),
(6, 16, 854, 0, 0),
(6, 16, 855, 0, 0),
(6, 16, 856, 0, 0),
(6, 9, 857, 0, 0),
(6, 9, 858, 0, 0),
(6, 16, 859, 0, 0),
(6, 50, 860, 0, 0),
(6, 50, 861, 0, 0),
(6, 50, 862, 0, 0),
(6, 50, 863, 0, 0),
(6, 50, 864, 0, 0),
(6, 50, 865, 0, 0),
(6, 6, 892, 0, 0),
(6, 6, 893, 0, 0),
(6, 6, 894, 0, 0),
(6, 6, 895, 0, 0),
(6, 6, 896, 0, 0),
(6, 6, 897, 0, 0),
(6, 6, 898, 0, 0),
(6, 6, 899, 0, 0),
(6, 6, 900, 0, 0),
(6, 6, 901, 0, 0),
(6, 6, 902, 0, 0),
(6, 6, 903, 0, 0),
(6, 6, 904, 0, 0),
(6, 6, 905, 0, 0),
(6, 6, 906, 0, 0),
(6, 6, 907, 0, 0),
(6, 6, 908, 0, 0),
(6, 6, 909, 0, 0),
(6, 6, 910, 0, 0),
(6, 6, 911, 0, 0),
(6, 6, 912, 0, 0),
(6, 6, 913, 0, 0),
(6, 6, 914, 0, 0),
(6, 6, 915, 0, 0),
(6, 6, 916, 0, 0),
(6, 6, 917, 0, 0),
(6, 6, 918, 0, 0),
(6, 6, 919, 0, 0),
(6, 6, 920, 0, 0),
(6, 6, 921, 0, 0),
(6, 6, 922, 0, 0),
(6, 6, 923, 0, 0),
(6, 6, 924, 0, 0),
(6, 6, 925, 0, 0),
(6, 6, 926, 0, 0),
(6, 23, 927, 0, 0),
(6, 52, 928, 0, 0),
(6, 52, 929, 0, 0),
(6, 52, 930, 0, 0),
(6, 52, 931, 0, 0),
(6, 52, 932, 0, 0),
(6, 52, 933, 0, 0),
(6, 52, 934, 0, 0),
(6, 52, 935, 0, 0),
(6, 52, 936, 0, 0),
(6, 52, 937, 0, 0),
(6, 52, 938, 0, 0),
(6, 52, 939, 0, 0),
(6, 52, 940, 0, 0),
(6, 52, 941, 0, 0),
(6, 52, 942, 0, 0),
(6, 52, 943, 0, 0),
(6, 52, 944, 0, 0),
(6, 52, 945, 0, 0),
(6, 52, 946, 0, 0),
(6, 52, 947, 0, 0),
(6, 52, 948, 0, 0),
(6, 52, 949, 0, 0),
(6, 52, 950, 0, 0),
(6, 52, 951, 0, 0),
(6, 52, 952, 0, 0),
(6, 21, 953, 0, 0),
(6, 53, 954, 0, 0),
(6, 53, 955, 0, 0),
(6, 53, 956, 0, 0),
(6, 53, 957, 0, 0),
(6, 53, 958, 0, 0),
(6, 53, 959, 0, 0),
(6, 53, 960, 0, 0),
(6, 53, 961, 0, 0),
(6, 53, 962, 0, 0),
(6, 53, 963, 0, 0),
(6, 53, 964, 0, 0),
(6, 53, 965, 0, 0),
(6, 53, 966, 0, 0),
(6, 53, 967, 0, 0),
(6, 53, 968, 0, 0),
(6, 53, 969, 0, 0),
(6, 54, 970, 0, 0),
(6, 54, 971, 0, 0),
(6, 54, 972, 0, 0),
(6, 54, 973, 0, 0),
(6, 54, 974, 0, 0),
(6, 54, 975, 0, 0),
(6, 54, 976, 0, 0),
(6, 54, 977, 0, 0),
(6, 54, 978, 0, 0),
(6, 54, 979, 0, 0),
(6, 54, 980, 0, 0),
(6, 54, 981, 0, 0),
(6, 54, 982, 0, 0),
(6, 54, 983, 0, 0),
(6, 54, 984, 0, 0),
(6, 54, 985, 0, 0),
(6, 55, 986, 0, 0),
(6, 55, 987, 0, 0),
(6, 55, 988, 0, 0),
(6, 55, 989, 0, 0),
(6, 55, 990, 0, 0),
(6, 55, 991, 0, 0),
(6, 55, 992, 0, 0),
(6, 55, 993, 0, 0),
(6, 55, 994, 0, 0),
(6, 55, 995, 0, 0),
(6, 55, 996, 0, 0),
(6, 55, 997, 0, 0),
(6, 55, 998, 0, 0),
(6, 55, 999, 0, 0),
(6, 55, 1000, 0, 0),
(6, 55, 1001, 0, 0),
(6, 55, 1002, 0, 0),
(6, 55, 1003, 0, 0),
(6, 55, 1004, 0, 0),
(6, 55, 1005, 0, 0),
(6, 55, 1006, 0, 0),
(6, 55, 1007, 0, 0),
(6, 7, 1008, 0, 0),
(6, 7, 1009, 0, 0),
(6, 7, 1010, 0, 0),
(6, 7, 1011, 0, 0),
(6, 7, 1012, 0, 0),
(6, 7, 1013, 0, 0),
(6, 7, 1014, 0, 0),
(6, 7, 1015, 0, 0),
(6, 7, 1016, 0, 0),
(6, 7, 1017, 0, 0),
(6, 7, 1018, 0, 0),
(6, 7, 1019, 0, 0),
(6, 7, 1020, 0, 0),
(6, 7, 1021, 0, 0),
(6, 7, 1022, 0, 0),
(6, 7, 1023, 0, 0),
(6, 7, 1024, 0, 0),
(6, 7, 1025, 0, 0),
(6, 7, 1026, 0, 0),
(6, 7, 1027, 0, 0),
(6, 7, 1028, 0, 0),
(6, 7, 1029, 0, 0),
(6, 7, 1030, 0, 0),
(6, 7, 1031, 0, 0),
(6, 7, 1032, 0, 0),
(6, 7, 1033, 0, 0),
(6, 56, 1034, 0, 0),
(6, 56, 1035, 0, 0),
(6, 56, 1036, 0, 0),
(6, 56, 1037, 0, 0),
(6, 56, 1038, 0, 0),
(6, 56, 1039, 0, 0),
(6, 56, 1040, 0, 0),
(6, 56, 1041, 0, 0),
(6, 56, 1042, 0, 0),
(6, 56, 1043, 0, 0),
(6, 56, 1044, 0, 0),
(6, 56, 1045, 0, 0),
(6, 56, 1046, 0, 0),
(6, 57, 1047, 0, 0),
(6, 57, 1048, 0, 0),
(6, 57, 1049, 0, 0),
(6, 57, 1050, 0, 0),
(6, 57, 1051, 0, 0),
(6, 57, 1052, 0, 0),
(6, 57, 1053, 0, 0),
(6, 57, 1054, 0, 0),
(6, 57, 1055, 0, 0),
(6, 57, 1056, 0, 0),
(6, 57, 1057, 0, 0),
(6, 57, 1058, 0, 0),
(6, 57, 1059, 0, 0),
(6, 57, 1060, 0, 0),
(6, 57, 1061, 0, 0),
(6, 57, 1062, 0, 0),
(6, 57, 1063, 0, 0),
(6, 58, 1064, 0, 0),
(6, 58, 1065, 0, 0),
(6, 58, 1066, 0, 0),
(6, 58, 1067, 0, 0),
(6, 58, 1068, 0, 0),
(6, 58, 1069, 0, 0),
(6, 58, 1070, 0, 0),
(6, 58, 1071, 0, 0),
(6, 58, 1072, 0, 0),
(6, 58, 1073, 0, 0),
(6, 58, 1074, 0, 0),
(6, 58, 1075, 0, 0),
(6, 58, 1076, 0, 0),
(6, 58, 1077, 0, 0),
(6, 58, 1078, 0, 0),
(6, 58, 1079, 0, 0),
(6, 58, 1080, 0, 0),
(6, 58, 1081, 0, 0),
(6, 58, 1082, 0, 0),
(6, 58, 1083, 0, 0),
(6, 58, 1084, 0, 0),
(6, 58, 1085, 0, 0),
(6, 59, 1086, 0, 0),
(6, 59, 1087, 0, 0),
(6, 59, 1088, 0, 0),
(6, 59, 1089, 0, 0),
(6, 59, 1090, 0, 0),
(6, 59, 1091, 0, 0),
(6, 59, 1092, 0, 0),
(6, 59, 1093, 0, 0),
(6, 59, 1094, 0, 0),
(6, 59, 1095, 0, 0),
(6, 59, 1096, 0, 0),
(6, 59, 1097, 0, 0),
(6, 59, 1098, 0, 0),
(6, 59, 1099, 0, 0),
(6, 59, 1100, 0, 0),
(6, 59, 1101, 0, 0),
(6, 59, 1102, 0, 0),
(6, 59, 1103, 0, 0),
(6, 59, 1104, 0, 0),
(6, 59, 1105, 0, 0),
(6, 59, 1106, 0, 0),
(6, 59, 1107, 0, 0),
(6, 59, 1108, 0, 0),
(6, 59, 1109, 0, 0),
(6, 60, 1110, 0, 0),
(6, 60, 1111, 0, 0),
(6, 60, 1112, 0, 0),
(6, 60, 1113, 0, 0),
(6, 60, 1114, 0, 0),
(6, 60, 1115, 0, 0),
(6, 60, 1116, 0, 0),
(6, 60, 1117, 0, 0),
(6, 60, 1118, 0, 0),
(6, 60, 1119, 0, 0),
(6, 60, 1120, 0, 0),
(6, 60, 1121, 0, 0),
(6, 60, 1122, 0, 0),
(6, 60, 1123, 0, 0),
(6, 60, 1124, 0, 0),
(6, 60, 1125, 0, 0),
(6, 60, 1126, 0, 0),
(6, 60, 1127, 0, 0),
(6, 61, 1128, 0, 0),
(6, 61, 1129, 0, 0),
(6, 61, 1130, 0, 0),
(6, 61, 1131, 0, 0),
(6, 61, 1132, 0, 0),
(6, 61, 1133, 0, 0),
(6, 61, 1134, 0, 0),
(6, 61, 1135, 0, 0),
(6, 61, 1136, 0, 0),
(6, 61, 1137, 0, 0),
(6, 61, 1138, 0, 0),
(6, 61, 1139, 0, 0),
(6, 61, 1140, 0, 0),
(6, 61, 1141, 0, 0),
(6, 61, 1142, 0, 0),
(6, 61, 1143, 0, 0),
(6, 61, 1144, 0, 0),
(6, 61, 1145, 0, 0),
(6, 61, 1146, 0, 0),
(6, 62, 1147, 0, 0),
(6, 62, 1148, 0, 0),
(6, 62, 1149, 0, 0),
(6, 62, 1150, 0, 0),
(6, 62, 1151, 0, 0),
(6, 62, 1152, 0, 0),
(6, 62, 1153, 0, 0),
(6, 62, 1154, 0, 0),
(6, 62, 1155, 0, 0),
(6, 62, 1156, 0, 0),
(6, 62, 1157, 0, 0),
(6, 62, 1158, 0, 0),
(6, 62, 1159, 0, 0),
(6, 62, 1160, 0, 0),
(6, 62, 1161, 0, 0),
(6, 62, 1162, 0, 0),
(6, 62, 1163, 0, 0),
(6, 62, 1164, 0, 0),
(6, 62, 1165, 0, 0),
(6, 62, 1166, 0, 0),
(6, 63, 1167, 0, 0),
(6, 63, 1168, 0, 0),
(6, 63, 1169, 0, 0),
(6, 63, 1170, 0, 0),
(6, 63, 1171, 0, 0),
(6, 63, 1172, 0, 0),
(6, 63, 1173, 0, 0),
(6, 63, 1174, 0, 0),
(6, 63, 1175, 0, 0),
(6, 63, 1176, 0, 0),
(6, 63, 1177, 0, 0),
(6, 63, 1178, 0, 0),
(6, 63, 1179, 0, 0),
(6, 21, 1189, 0, 0),
(6, 21, 1190, 0, 0),
(6, 21, 1191, 0, 0),
(6, 21, 1192, 0, 0),
(6, 21, 1193, 0, 0),
(6, 21, 1194, 0, 0),
(6, 21, 1195, 0, 0),
(6, 21, 1196, 0, 0),
(6, 21, 1197, 0, 0),
(6, 21, 1198, 0, 0),
(6, 21, 1199, 0, 0),
(6, 21, 1200, 0, 0),
(6, 21, 1201, 0, 0),
(6, 21, 1202, 0, 0),
(6, 21, 1203, 0, 0),
(6, 21, 1204, 0, 0),
(6, 21, 1205, 0, 0),
(6, 21, 1206, 0, 0),
(6, 21, 1207, 0, 0),
(6, 20, 1208, 0, 0),
(6, 20, 1209, 0, 0),
(6, 20, 1210, 0, 0),
(6, 20, 1211, 0, 0),
(6, 20, 1212, 0, 0),
(6, 4, 1213, 0, 0),
(6, 4, 1214, 0, 0),
(6, 4, 1215, 0, 0),
(6, 4, 1216, 0, 0),
(6, 4, 1217, 0, 0),
(6, 4, 1218, 0, 0),
(6, 4, 1219, 0, 0),
(6, 65, 1220, 0, 0),
(6, 65, 1221, 0, 0),
(6, 65, 1222, 0, 0),
(6, 65, 1223, 0, 0),
(6, 65, 1224, 0, 0),
(6, 65, 1225, 0, 0),
(6, 65, 1226, 0, 0),
(6, 65, 1227, 0, 0),
(6, 65, 1228, 0, 0),
(6, 65, 1229, 0, 0),
(6, 65, 1230, 0, 0),
(6, 65, 1231, 0, 0),
(6, 65, 1232, 0, 0),
(6, 65, 1233, 0, 0),
(6, 65, 1234, 0, 0),
(6, 2, 1235, 0, 0),
(6, 2, 1236, 0, 0),
(6, 2, 1237, 0, 0),
(6, 2, 1238, 0, 0),
(6, 2, 1239, 0, 0),
(6, 2, 1240, 0, 0),
(6, 2, 1241, 0, 0),
(6, 2, 1242, 0, 0),
(6, 2, 1243, 0, 0),
(7, 6, 1, 0, 0),
(7, 6, 2, 0, 0),
(7, 6, 3, 0, 0),
(7, 6, 4, 0, 0),
(7, 6, 5, 0, 0),
(7, 6, 6, 0, 0),
(7, 6, 7, 0, 0),
(7, 6, 8, 0, 0),
(7, 6, 9, 0, 0),
(7, 6, 10, 0, 0),
(7, 6, 11, 0, 0),
(7, 6, 12, 0, 0),
(7, 6, 13, 0, 0),
(7, 6, 14, 0, 0),
(7, 6, 15, 0, 0),
(7, 6, 16, 0, 0),
(7, 6, 17, 0, 0),
(7, 6, 18, 0, 0),
(7, 6, 19, 0, 0),
(7, 6, 20, 0, 0),
(7, 6, 21, 0, 0),
(7, 6, 22, 0, 0),
(7, 6, 23, 0, 0),
(7, 6, 24, 0, 0),
(7, 6, 25, 0, 0),
(7, 6, 26, 0, 0),
(7, 6, 27, 0, 0),
(7, 6, 28, 0, 0),
(7, 6, 29, 0, 0),
(7, 6, 30, 0, 0),
(7, 6, 31, 0, 0),
(7, 6, 32, 0, 0),
(7, 6, 33, 0, 0),
(7, 6, 34, 0, 0),
(7, 6, 35, 0, 0),
(7, 6, 36, 0, 0),
(7, 7, 37, 0, 0),
(7, 7, 38, 0, 0),
(7, 7, 39, 0, 0),
(7, 7, 40, 0, 0),
(7, 7, 41, 0, 0),
(7, 7, 42, 0, 0),
(7, 7, 43, 0, 0),
(7, 7, 44, 0, 0),
(7, 7, 45, 0, 0),
(7, 7, 46, 0, 0),
(7, 7, 47, 0, 0),
(7, 7, 48, 0, 0),
(7, 7, 49, 0, 0),
(7, 7, 50, 0, 0),
(7, 7, 51, 0, 0),
(7, 7, 52, 0, 0),
(7, 7, 53, 0, 0),
(7, 7, 54, 0, 0),
(7, 7, 55, 0, 0),
(7, 7, 56, 0, 0),
(7, 7, 57, 0, 0),
(7, 7, 58, 0, 0),
(7, 7, 59, 0, 0),
(7, 7, 60, 0, 0),
(7, 7, 61, 0, 0),
(7, 7, 62, 0, 0),
(7, 7, 63, 0, 0),
(7, 7, 64, 0, 0),
(7, 7, 65, 0, 0),
(7, 4, 66, 0, 0),
(7, 4, 67, 0, 0),
(7, 4, 68, 0, 0),
(7, 4, 69, 0, 0),
(7, 4, 70, 0, 0),
(7, 4, 71, 0, 0),
(7, 4, 72, 0, 0),
(7, 4, 73, 0, 0),
(7, 4, 74, 0, 0),
(7, 4, 75, 0, 0),
(7, 4, 76, 0, 0),
(7, 4, 77, 0, 0),
(7, 4, 78, 0, 0),
(7, 4, 79, 0, 0),
(7, 4, 80, 0, 0),
(7, 4, 81, 0, 0),
(7, 4, 82, 0, 0),
(7, 4, 83, 0, 0),
(7, 4, 84, 0, 0),
(7, 4, 85, 0, 0),
(7, 4, 86, 0, 0),
(7, 4, 87, 0, 0),
(7, 4, 88, 0, 0),
(7, 4, 89, 0, 0),
(7, 4, 90, 0, 0),
(7, 4, 91, 0, 0),
(7, 4, 92, 0, 0),
(7, 4, 93, 0, 0),
(7, 4, 94, 0, 0),
(7, 4, 95, 0, 0),
(7, 4, 96, 0, 0),
(7, 4, 97, 0, 0),
(7, 4, 98, 0, 0),
(7, 4, 99, 0, 0),
(7, 4, 100, 0, 0),
(7, 4, 101, 0, 0),
(7, 4, 102, 0, 0),
(7, 4, 103, 0, 0),
(7, 4, 104, 0, 0),
(7, 4, 105, 0, 0),
(7, 4, 106, 0, 0),
(7, 4, 107, 0, 0),
(7, 4, 108, 0, 0),
(7, 4, 109, 0, 0),
(7, 2, 110, 0, 0),
(7, 2, 111, 0, 0),
(7, 2, 112, 0, 0),
(7, 2, 113, 0, 0),
(7, 2, 114, 0, 0),
(7, 2, 115, 0, 0),
(7, 2, 116, 0, 0),
(7, 2, 117, 0, 0),
(7, 2, 118, 0, 0),
(7, 2, 119, 0, 0),
(7, 2, 120, 0, 0),
(7, 2, 121, 0, 0),
(7, 2, 122, 0, 0),
(7, 2, 123, 0, 0),
(7, 2, 124, 0, 0),
(7, 2, 125, 0, 0),
(7, 26, 126, 0, 0),
(7, 26, 127, 0, 0),
(7, 26, 128, 0, 0),
(7, 26, 129, 0, 0),
(7, 26, 130, 0, 0),
(7, 26, 131, 0, 0),
(7, 26, 132, 0, 0),
(7, 26, 133, 0, 0),
(7, 26, 134, 0, 0),
(7, 26, 135, 0, 0),
(7, 26, 136, 0, 0),
(7, 26, 137, 0, 0),
(7, 26, 138, 0, 0),
(7, 26, 139, 0, 0),
(7, 26, 140, 0, 0),
(7, 26, 141, 0, 0),
(7, 26, 142, 0, 0),
(7, 26, 143, 0, 0),
(7, 26, 144, 0, 0),
(7, 26, 145, 0, 0),
(7, 26, 146, 0, 0),
(7, 26, 147, 0, 0),
(7, 26, 148, 0, 0),
(7, 26, 149, 0, 0),
(7, 26, 150, 0, 0),
(7, 4, 151, 0, 0),
(7, 6, 152, 0, 0),
(7, 7, 153, 0, 0),
(7, 26, 154, 0, 0),
(7, 13, 155, 0, 0),
(7, 13, 156, 0, 0),
(7, 13, 157, 0, 0),
(7, 13, 158, 0, 0),
(7, 13, 159, 0, 0),
(7, 13, 160, 0, 0),
(7, 13, 161, 0, 0),
(7, 13, 162, 0, 0),
(7, 13, 163, 0, 0),
(7, 13, 164, 0, 0),
(7, 13, 165, 0, 0),
(7, 13, 166, 0, 0),
(7, 13, 167, 0, 0),
(7, 13, 168, 0, 0),
(7, 13, 169, 0, 0),
(7, 13, 170, 0, 0),
(7, 13, 171, 0, 0),
(7, 13, 172, 0, 0),
(7, 13, 173, 0, 0),
(7, 14, 174, 0, 0),
(7, 14, 175, 0, 0),
(7, 14, 176, 0, 0),
(7, 14, 177, 0, 0),
(7, 14, 178, 0, 0),
(7, 14, 179, 0, 0),
(7, 14, 180, 0, 0),
(7, 14, 181, 0, 0),
(7, 14, 182, 0, 0),
(7, 14, 183, 0, 0),
(7, 14, 184, 0, 0),
(7, 14, 185, 0, 0),
(7, 14, 186, 0, 0),
(7, 14, 187, 0, 0),
(7, 14, 188, 0, 0),
(7, 14, 189, 0, 0),
(7, 14, 190, 0, 0),
(7, 14, 191, 0, 0),
(7, 14, 192, 0, 0),
(7, 14, 193, 0, 0),
(7, 14, 194, 0, 0),
(7, 14, 195, 0, 0),
(7, 14, 196, 0, 0),
(7, 14, 197, 0, 0),
(7, 14, 198, 0, 0),
(7, 14, 199, 0, 0),
(7, 14, 200, 0, 0),
(7, 14, 201, 0, 0),
(7, 14, 202, 0, 0),
(7, 14, 203, 0, 0),
(7, 14, 204, 0, 0),
(7, 8, 205, 0, 0),
(7, 8, 206, 0, 0),
(7, 8, 207, 0, 0),
(7, 8, 208, 0, 0),
(7, 8, 209, 0, 0),
(7, 8, 210, 0, 0),
(7, 8, 211, 0, 0),
(7, 8, 212, 0, 0),
(7, 8, 213, 0, 0),
(7, 8, 214, 0, 0),
(7, 8, 215, 0, 0),
(7, 8, 216, 0, 0),
(7, 8, 217, 0, 0),
(7, 8, 218, 0, 0),
(7, 8, 219, 0, 0),
(7, 10, 220, 0, 0),
(7, 10, 221, 0, 0),
(7, 10, 222, 0, 0),
(7, 10, 223, 0, 0),
(7, 10, 224, 0, 0),
(7, 10, 225, 0, 0),
(7, 10, 226, 0, 0),
(7, 10, 227, 0, 0),
(7, 10, 228, 0, 0),
(7, 10, 229, 0, 0),
(7, 10, 230, 0, 0),
(7, 10, 231, 0, 0),
(7, 9, 232, 0, 0),
(7, 9, 233, 0, 0),
(7, 9, 234, 0, 0),
(7, 9, 235, 0, 0),
(7, 9, 236, 0, 0),
(7, 9, 237, 0, 0),
(7, 9, 238, 0, 0),
(7, 9, 239, 0, 0),
(7, 9, 240, 0, 0),
(7, 9, 241, 0, 0),
(7, 9, 242, 0, 0),
(7, 9, 243, 0, 0),
(7, 9, 244, 0, 0),
(7, 9, 245, 0, 0),
(7, 9, 246, 0, 0),
(7, 9, 247, 0, 0),
(7, 9, 248, 0, 0),
(7, 9, 249, 0, 0),
(7, 9, 250, 0, 0),
(7, 9, 251, 0, 0),
(7, 9, 252, 0, 0),
(7, 9, 253, 0, 0),
(7, 9, 254, 0, 0),
(7, 9, 255, 0, 0),
(7, 16, 256, 0, 0),
(7, 16, 257, 0, 0),
(7, 16, 258, 0, 0),
(7, 16, 259, 0, 0),
(7, 16, 260, 0, 0),
(7, 16, 261, 0, 0),
(7, 16, 262, 0, 0),
(7, 16, 263, 0, 0),
(7, 16, 264, 0, 0),
(7, 16, 265, 0, 0),
(7, 16, 266, 0, 0),
(7, 16, 267, 0, 0),
(7, 16, 268, 0, 0),
(7, 16, 269, 0, 0),
(7, 16, 270, 0, 0),
(7, 16, 271, 0, 0),
(7, 16, 272, 0, 0),
(7, 16, 273, 0, 0),
(7, 16, 274, 0, 0),
(7, 16, 275, 0, 0),
(7, 16, 276, 0, 0),
(7, 16, 277, 0, 0),
(7, 16, 278, 0, 0),
(7, 15, 279, 0, 0),
(7, 15, 280, 0, 0),
(7, 15, 281, 0, 0),
(7, 15, 282, 0, 0),
(7, 15, 283, 0, 0),
(7, 15, 284, 0, 0),
(7, 15, 285, 0, 0),
(7, 15, 286, 0, 0),
(7, 15, 287, 0, 0),
(7, 15, 288, 0, 0),
(7, 18, 289, 0, 0),
(7, 18, 290, 0, 0),
(7, 18, 291, 0, 0),
(7, 18, 292, 0, 0),
(7, 18, 293, 0, 0),
(7, 18, 294, 0, 0),
(7, 18, 295, 0, 0),
(7, 18, 296, 0, 0),
(7, 18, 297, 0, 0),
(7, 18, 298, 0, 0),
(7, 18, 299, 0, 0),
(7, 18, 300, 0, 0),
(7, 18, 301, 0, 0),
(7, 18, 302, 0, 0),
(7, 18, 303, 0, 0),
(7, 18, 304, 0, 0),
(7, 18, 305, 0, 0),
(7, 19, 306, 0, 0),
(7, 19, 307, 0, 0),
(7, 19, 308, 0, 0),
(7, 19, 309, 0, 0),
(7, 19, 310, 0, 0),
(7, 19, 311, 0, 0),
(7, 19, 312, 0, 0),
(7, 19, 313, 0, 0),
(7, 20, 314, 0, 0),
(7, 20, 315, 0, 0),
(7, 20, 316, 0, 0),
(7, 20, 317, 0, 0),
(7, 20, 318, 0, 0),
(7, 20, 319, 0, 0),
(7, 20, 320, 0, 0),
(7, 20, 321, 0, 0),
(7, 20, 322, 0, 0),
(7, 20, 323, 0, 0),
(7, 20, 324, 0, 0),
(7, 20, 325, 0, 0),
(7, 20, 326, 0, 0),
(7, 20, 327, 0, 0),
(7, 20, 328, 0, 0),
(7, 20, 329, 0, 0),
(7, 20, 330, 0, 0),
(7, 20, 331, 0, 0),
(7, 20, 332, 0, 0),
(7, 20, 333, 0, 0),
(7, 20, 334, 0, 0),
(7, 20, 335, 0, 0),
(7, 20, 336, 0, 0),
(7, 20, 337, 0, 0),
(7, 20, 338, 0, 0),
(7, 20, 339, 0, 0),
(7, 20, 340, 0, 0),
(7, 20, 341, 0, 0),
(7, 20, 342, 0, 0),
(7, 20, 343, 0, 0),
(7, 20, 344, 0, 0),
(7, 20, 345, 0, 0),
(7, 20, 346, 0, 0),
(7, 20, 347, 0, 0),
(7, 20, 348, 0, 0),
(7, 20, 349, 0, 0),
(7, 20, 350, 0, 0),
(7, 21, 351, 0, 0),
(7, 21, 352, 0, 0),
(7, 21, 353, 0, 0),
(7, 21, 354, 0, 0),
(7, 21, 355, 0, 0),
(7, 21, 356, 0, 0),
(7, 21, 357, 0, 0),
(7, 21, 358, 0, 0),
(7, 21, 359, 0, 0),
(7, 21, 360, 0, 0),
(7, 21, 361, 0, 0),
(7, 21, 362, 0, 0),
(7, 21, 363, 0, 0),
(7, 21, 364, 0, 0),
(7, 21, 365, 0, 0),
(7, 21, 366, 0, 0),
(7, 21, 367, 0, 0),
(7, 21, 368, 0, 0),
(7, 21, 369, 0, 0),
(7, 21, 370, 0, 0),
(7, 21, 371, 0, 0),
(7, 21, 372, 0, 0),
(7, 21, 373, 0, 0),
(7, 21, 374, 0, 0),
(7, 21, 375, 0, 0),
(7, 21, 376, 0, 0),
(7, 21, 377, 0, 0),
(7, 21, 378, 0, 0),
(7, 21, 379, 0, 0),
(7, 21, 380, 0, 0),
(7, 21, 381, 0, 0),
(7, 21, 382, 0, 0),
(7, 21, 383, 0, 0),
(7, 21, 384, 0, 0),
(7, 21, 385, 0, 0),
(7, 21, 386, 0, 0),
(7, 21, 387, 0, 0),
(7, 21, 388, 0, 0),
(7, 22, 389, 0, 0),
(7, 22, 390, 0, 0),
(7, 22, 391, 0, 0),
(7, 22, 392, 0, 0),
(7, 22, 393, 0, 0),
(7, 22, 394, 0, 0),
(7, 22, 395, 0, 0),
(7, 22, 396, 0, 0),
(7, 22, 397, 0, 0),
(7, 22, 398, 0, 0),
(7, 22, 399, 0, 0),
(7, 22, 400, 0, 0),
(7, 22, 401, 0, 0),
(7, 22, 402, 0, 0),
(7, 22, 403, 0, 0),
(7, 22, 404, 0, 0),
(7, 22, 405, 0, 0),
(7, 22, 406, 0, 0),
(7, 22, 407, 0, 0),
(7, 22, 408, 0, 0),
(7, 22, 409, 0, 0),
(7, 22, 410, 0, 0),
(7, 22, 411, 0, 0),
(7, 22, 412, 0, 0),
(7, 22, 413, 0, 0),
(7, 22, 414, 0, 0),
(7, 22, 415, 0, 0),
(7, 22, 416, 0, 0),
(7, 22, 417, 0, 0),
(7, 22, 418, 0, 0),
(7, 22, 419, 0, 0),
(7, 22, 420, 0, 0),
(7, 22, 421, 0, 0),
(7, 22, 422, 0, 0),
(7, 22, 423, 0, 0),
(7, 22, 424, 0, 0),
(7, 22, 425, 0, 0),
(7, 22, 426, 0, 0),
(7, 22, 427, 0, 0),
(7, 22, 428, 0, 0),
(7, 22, 429, 0, 0),
(7, 22, 430, 0, 0),
(7, 22, 431, 0, 0),
(7, 22, 432, 0, 0),
(7, 22, 433, 0, 0),
(7, 22, 434, 0, 0),
(7, 22, 435, 0, 0),
(7, 23, 436, 0, 0),
(7, 23, 437, 0, 0),
(7, 23, 438, 0, 0),
(7, 23, 439, 0, 0),
(7, 23, 440, 0, 0),
(7, 23, 441, 0, 0),
(7, 23, 442, 0, 0),
(7, 23, 443, 0, 0),
(7, 23, 444, 0, 0),
(7, 23, 445, 0, 0),
(7, 23, 446, 0, 0),
(7, 23, 447, 0, 0),
(7, 23, 448, 0, 0),
(7, 23, 449, 0, 0),
(7, 23, 450, 0, 0),
(7, 23, 451, 0, 0),
(7, 23, 452, 0, 0),
(7, 23, 453, 0, 0),
(7, 23, 454, 0, 0),
(7, 23, 455, 0, 0),
(7, 23, 456, 0, 0),
(7, 23, 457, 0, 0),
(7, 23, 458, 0, 0),
(7, 23, 459, 0, 0),
(7, 23, 460, 0, 0),
(7, 23, 461, 0, 0),
(7, 23, 462, 0, 0),
(7, 23, 463, 0, 0),
(7, 23, 464, 0, 0),
(7, 23, 465, 0, 0),
(7, 23, 466, 0, 0),
(7, 23, 467, 0, 0),
(7, 23, 468, 0, 0),
(7, 23, 469, 0, 0),
(7, 23, 470, 0, 0),
(7, 23, 471, 0, 0),
(7, 23, 472, 0, 0),
(7, 23, 473, 0, 0),
(7, 23, 474, 0, 0),
(7, 10, 520, 0, 0),
(7, 10, 521, 0, 0),
(7, 10, 522, 0, 0),
(7, 10, 523, 0, 0),
(7, 10, 524, 0, 0),
(7, 10, 525, 0, 0),
(7, 34, 526, 0, 0),
(7, 34, 527, 0, 0),
(7, 34, 528, 0, 0),
(7, 34, 529, 0, 0),
(7, 34, 530, 0, 0),
(7, 34, 531, 0, 0),
(7, 34, 532, 0, 0),
(7, 34, 533, 0, 0),
(7, 34, 534, 0, 0),
(7, 34, 535, 0, 0),
(7, 34, 536, 0, 0),
(7, 34, 537, 0, 0),
(7, 34, 538, 0, 0),
(7, 34, 539, 0, 0),
(7, 34, 540, 0, 0),
(7, 34, 541, 0, 0),
(7, 34, 542, 0, 0),
(7, 29, 543, 0, 0),
(7, 35, 544, 0, 0),
(7, 35, 545, 0, 0),
(7, 35, 546, 0, 0),
(7, 35, 547, 0, 0),
(7, 35, 548, 0, 0),
(7, 35, 549, 0, 0),
(7, 35, 550, 0, 0),
(7, 35, 551, 0, 0),
(7, 35, 552, 0, 0),
(7, 35, 553, 0, 0),
(7, 35, 554, 0, 0),
(7, 35, 555, 0, 0),
(7, 35, 556, 0, 0),
(7, 35, 557, 0, 0),
(7, 35, 558, 0, 0),
(7, 35, 559, 0, 0),
(7, 35, 560, 0, 0),
(7, 35, 561, 0, 0),
(7, 35, 562, 0, 0),
(7, 35, 563, 0, 0),
(7, 35, 564, 0, 0),
(7, 35, 565, 0, 0),
(7, 36, 566, 0, 0),
(7, 36, 567, 0, 0),
(7, 36, 568, 0, 0),
(7, 36, 569, 0, 0),
(7, 36, 570, 0, 0),
(7, 36, 571, 0, 0),
(7, 36, 572, 0, 0),
(7, 36, 573, 0, 0),
(7, 36, 574, 0, 0),
(7, 36, 575, 0, 0),
(7, 36, 576, 0, 0),
(7, 36, 577, 0, 0),
(7, 36, 578, 0, 0),
(7, 36, 579, 0, 0),
(7, 36, 580, 0, 0),
(7, 36, 581, 0, 0),
(7, 36, 582, 0, 0),
(7, 36, 583, 0, 0),
(7, 36, 584, 0, 0),
(7, 36, 585, 0, 0),
(7, 36, 586, 0, 0),
(7, 36, 587, 0, 0),
(7, 38, 588, 0, 0),
(7, 38, 589, 0, 0),
(7, 38, 590, 0, 0),
(7, 38, 591, 0, 0),
(7, 38, 592, 0, 0),
(7, 38, 593, 0, 0),
(7, 38, 594, 0, 0),
(7, 38, 595, 0, 0),
(7, 38, 596, 0, 0),
(7, 38, 597, 0, 0),
(7, 38, 598, 0, 0),
(7, 38, 599, 0, 0),
(7, 38, 600, 0, 0),
(7, 38, 601, 0, 0),
(7, 38, 602, 0, 0),
(7, 38, 603, 0, 0),
(7, 38, 604, 0, 0),
(7, 38, 605, 0, 0),
(7, 38, 606, 0, 0),
(7, 38, 607, 0, 0),
(7, 38, 608, 0, 0),
(7, 42, 609, 0, 0),
(7, 42, 610, 0, 0),
(7, 42, 611, 0, 0),
(7, 42, 612, 0, 0),
(7, 42, 613, 0, 0),
(7, 42, 614, 0, 0),
(7, 42, 615, 0, 0),
(7, 42, 616, 0, 0),
(7, 43, 617, 0, 0),
(7, 43, 618, 0, 0),
(7, 43, 619, 0, 0),
(7, 43, 620, 0, 0),
(7, 43, 621, 0, 0),
(7, 43, 622, 0, 0),
(7, 43, 623, 0, 0),
(7, 43, 624, 0, 0),
(7, 43, 625, 0, 0),
(7, 43, 626, 0, 0),
(7, 43, 627, 0, 0),
(7, 43, 628, 0, 0),
(7, 43, 629, 0, 0),
(7, 44, 630, 0, 0),
(7, 44, 631, 0, 0),
(7, 44, 632, 0, 0),
(7, 44, 633, 0, 0),
(7, 44, 634, 0, 0),
(7, 44, 635, 0, 0),
(7, 44, 636, 0, 0),
(7, 44, 637, 0, 0),
(7, 44, 638, 0, 0),
(7, 44, 639, 0, 0),
(7, 44, 640, 0, 0),
(7, 44, 641, 0, 0),
(7, 44, 642, 0, 0),
(7, 44, 643, 0, 0),
(7, 44, 644, 0, 0),
(7, 44, 645, 0, 0),
(7, 44, 646, 0, 0),
(7, 44, 647, 0, 0),
(7, 45, 648, 0, 0),
(7, 45, 649, 0, 0),
(7, 45, 650, 0, 0),
(7, 45, 651, 0, 0),
(7, 45, 652, 0, 0),
(7, 45, 653, 0, 0),
(7, 45, 654, 0, 0),
(7, 45, 655, 0, 0),
(7, 45, 656, 0, 0),
(7, 45, 657, 0, 0),
(7, 45, 658, 0, 0),
(7, 45, 659, 0, 0),
(7, 45, 660, 0, 0),
(7, 45, 661, 0, 0),
(7, 45, 662, 0, 0),
(7, 45, 663, 0, 0),
(7, 45, 664, 0, 0),
(7, 45, 665, 0, 0),
(7, 45, 666, 0, 0),
(7, 45, 667, 0, 0),
(7, 47, 668, 0, 0),
(7, 47, 669, 0, 0),
(7, 47, 670, 0, 0),
(7, 47, 671, 0, 0),
(7, 47, 672, 0, 0),
(7, 47, 673, 0, 0),
(7, 2, 674, 0, 0),
(7, 29, 675, 0, 0),
(7, 23, 676, 0, 0),
(7, 23, 677, 0, 0),
(7, 23, 678, 0, 0),
(7, 23, 679, 0, 0),
(7, 23, 680, 0, 0),
(7, 23, 681, 0, 0),
(7, 23, 682, 0, 0),
(7, 23, 683, 0, 0),
(7, 23, 684, 0, 0),
(7, 22, 685, 0, 0),
(7, 22, 686, 0, 0),
(7, 22, 687, 0, 0),
(7, 22, 688, 0, 0),
(7, 22, 689, 0, 0),
(7, 22, 690, 0, 0),
(7, 22, 691, 0, 0),
(7, 22, 692, 0, 0),
(7, 22, 693, 0, 0),
(7, 21, 694, 0, 0),
(7, 21, 695, 0, 0),
(7, 21, 696, 0, 0),
(7, 21, 697, 0, 0),
(7, 21, 698, 0, 0),
(7, 21, 699, 0, 0),
(7, 21, 700, 0, 0),
(7, 21, 701, 0, 0),
(7, 21, 702, 0, 0),
(7, 20, 703, 0, 0),
(7, 20, 704, 0, 0),
(7, 20, 705, 0, 0),
(7, 20, 706, 0, 0),
(7, 20, 707, 0, 0),
(7, 20, 708, 0, 0),
(7, 20, 709, 0, 0),
(7, 20, 710, 0, 0),
(7, 20, 711, 0, 0),
(7, 29, 712, 0, 0),
(7, 44, 713, 0, 0),
(7, 42, 714, 0, 0),
(7, 29, 715, 0, 0),
(7, 29, 716, 0, 0),
(7, 29, 717, 0, 0),
(7, 23, 718, 0, 0),
(7, 22, 719, 0, 0),
(7, 21, 720, 0, 0),
(7, 20, 721, 0, 0),
(7, 29, 722, 0, 0),
(7, 6, 723, 0, 0),
(7, 4, 724, 0, 0),
(7, 2, 725, 0, 0),
(7, 29, 726, 0, 0),
(7, 23, 727, 0, 0),
(7, 23, 728, 0, 0),
(7, 21, 729, 0, 0),
(7, 21, 730, 0, 0),
(7, 18, 731, 0, 0),
(7, 7, 732, 0, 0),
(7, 42, 733, 0, 0),
(7, 42, 734, 0, 0),
(7, 23, 735, 0, 0),
(7, 20, 736, 0, 0),
(7, 21, 737, 0, 0),
(7, 22, 738, 0, 0),
(7, 29, 739, 0, 0),
(7, 2, 740, 0, 0),
(7, 13, 741, 0, 0),
(7, 29, 742, 0, 0),
(7, 29, 743, 0, 0),
(7, 29, 744, 0, 0),
(7, 29, 745, 0, 0),
(7, 14, 772, 0, 0),
(7, 36, 773, 0, 0),
(7, 23, 774, 0, 0),
(7, 29, 775, 0, 0),
(7, 23, 776, 0, 0),
(7, 23, 777, 0, 0),
(7, 23, 778, 0, 0),
(7, 20, 779, 0, 0),
(7, 20, 780, 0, 0),
(7, 20, 781, 0, 0),
(7, 21, 782, 0, 0),
(7, 22, 783, 0, 0),
(7, 22, 784, 0, 0),
(7, 22, 785, 0, 0),
(7, 42, 786, 0, 0),
(7, 42, 787, 0, 0),
(7, 42, 788, 0, 0),
(7, 2, 789, 0, 0),
(7, 4, 790, 0, 0),
(7, 6, 791, 0, 0),
(7, 7, 792, 0, 0),
(7, 8, 793, 0, 0),
(7, 9, 794, 0, 0),
(7, 10, 795, 0, 0),
(7, 13, 796, 0, 0),
(7, 14, 797, 0, 0),
(7, 15, 798, 0, 0),
(7, 16, 799, 0, 0),
(7, 18, 800, 0, 0),
(7, 19, 801, 0, 0),
(7, 20, 802, 0, 0),
(7, 21, 803, 0, 0),
(7, 22, 804, 0, 0),
(7, 23, 805, 0, 0),
(7, 26, 806, 0, 0),
(7, 10, 807, 0, 0),
(7, 2, 808, 0, 0),
(7, 4, 809, 0, 0),
(7, 6, 810, 0, 0),
(7, 7, 811, 0, 0),
(7, 8, 812, 0, 0),
(7, 9, 813, 0, 0),
(7, 10, 814, 0, 0),
(7, 13, 815, 0, 0),
(7, 14, 816, 0, 0),
(7, 15, 817, 0, 0),
(7, 16, 818, 0, 0),
(7, 18, 819, 0, 0),
(7, 19, 820, 0, 0),
(7, 20, 821, 0, 0),
(7, 21, 822, 0, 0),
(7, 22, 823, 0, 0),
(7, 23, 824, 0, 0),
(7, 26, 825, 0, 0),
(7, 2, 826, 0, 0),
(7, 4, 827, 0, 0),
(7, 6, 828, 0, 0),
(7, 7, 829, 0, 0),
(7, 8, 830, 0, 0),
(7, 9, 831, 0, 0),
(7, 10, 832, 0, 0),
(7, 13, 833, 0, 0),
(7, 14, 834, 0, 0),
(7, 15, 835, 0, 0),
(7, 16, 836, 0, 0),
(7, 18, 837, 0, 0),
(7, 19, 838, 0, 0),
(7, 20, 839, 0, 0),
(7, 21, 840, 0, 0),
(7, 22, 841, 0, 0),
(7, 23, 842, 0, 0),
(7, 26, 843, 0, 0),
(7, 20, 844, 0, 0),
(7, 21, 845, 0, 0),
(7, 22, 846, 0, 0),
(7, 23, 847, 0, 0),
(7, 45, 848, 0, 0),
(7, 45, 849, 0, 0),
(7, 29, 850, 0, 0),
(7, 22, 851, 0, 0),
(7, 29, 852, 0, 0),
(7, 16, 853, 0, 0),
(7, 16, 854, 0, 0),
(7, 16, 855, 0, 0),
(7, 16, 856, 0, 0),
(7, 9, 857, 0, 0),
(7, 9, 858, 0, 0),
(7, 16, 859, 0, 0),
(7, 50, 860, 0, 0),
(7, 50, 861, 0, 0),
(7, 50, 862, 0, 0),
(7, 50, 863, 0, 0),
(7, 50, 864, 0, 0),
(7, 50, 865, 0, 0),
(7, 6, 892, 0, 0),
(7, 6, 893, 0, 0),
(7, 6, 894, 0, 0),
(7, 6, 895, 0, 0),
(7, 6, 896, 0, 0),
(7, 6, 897, 0, 0),
(7, 6, 898, 0, 0),
(7, 6, 899, 0, 0),
(7, 6, 900, 0, 0),
(7, 6, 901, 0, 0),
(7, 6, 902, 0, 0),
(7, 6, 903, 0, 0),
(7, 6, 904, 0, 0),
(7, 6, 905, 0, 0),
(7, 6, 906, 0, 0),
(7, 6, 907, 0, 0),
(7, 6, 908, 0, 0),
(7, 6, 909, 0, 0),
(7, 6, 910, 0, 0),
(7, 6, 911, 0, 0),
(7, 6, 912, 0, 0),
(7, 6, 913, 0, 0),
(7, 6, 914, 0, 0),
(7, 6, 915, 0, 0),
(7, 6, 916, 0, 0),
(7, 6, 917, 0, 0),
(7, 6, 918, 0, 0),
(7, 6, 919, 0, 0),
(7, 6, 920, 0, 0),
(7, 6, 921, 0, 0),
(7, 6, 922, 0, 0),
(7, 6, 923, 0, 0),
(7, 6, 924, 0, 0),
(7, 6, 925, 0, 0),
(7, 6, 926, 0, 0),
(7, 23, 927, 0, 0),
(7, 52, 928, 0, 0),
(7, 52, 929, 0, 0),
(7, 52, 930, 0, 0),
(7, 52, 931, 0, 0),
(7, 52, 932, 0, 0),
(7, 52, 933, 0, 0),
(7, 52, 934, 0, 0),
(7, 52, 935, 0, 0),
(7, 52, 936, 0, 0),
(7, 52, 937, 0, 0),
(7, 52, 938, 0, 0),
(7, 52, 939, 0, 0),
(7, 52, 940, 0, 0),
(7, 52, 941, 0, 0),
(7, 52, 942, 0, 0),
(7, 52, 943, 0, 0),
(7, 52, 944, 0, 0),
(7, 52, 945, 0, 0),
(7, 52, 946, 0, 0),
(7, 52, 947, 0, 0),
(7, 52, 948, 0, 0),
(7, 52, 949, 0, 0),
(7, 52, 950, 0, 0),
(7, 52, 951, 0, 0),
(7, 52, 952, 0, 0),
(7, 21, 953, 0, 0),
(7, 53, 954, 0, 0),
(7, 53, 955, 0, 0),
(7, 53, 956, 0, 0),
(7, 53, 957, 0, 0),
(7, 53, 958, 0, 0),
(7, 53, 959, 0, 0),
(7, 53, 960, 0, 0),
(7, 53, 961, 0, 0),
(7, 53, 962, 0, 0),
(7, 53, 963, 0, 0),
(7, 53, 964, 0, 0),
(7, 53, 965, 0, 0),
(7, 53, 966, 0, 0),
(7, 53, 967, 0, 0),
(7, 53, 968, 0, 0),
(7, 53, 969, 0, 0),
(7, 54, 970, 0, 0),
(7, 54, 971, 0, 0),
(7, 54, 972, 0, 0),
(7, 54, 973, 0, 0),
(7, 54, 974, 0, 0),
(7, 54, 975, 0, 0),
(7, 54, 976, 0, 0),
(7, 54, 977, 0, 0),
(7, 54, 978, 0, 0),
(7, 54, 979, 0, 0),
(7, 54, 980, 0, 0),
(7, 54, 981, 0, 0),
(7, 54, 982, 0, 0),
(7, 54, 983, 0, 0),
(7, 54, 984, 0, 0),
(7, 54, 985, 0, 0),
(7, 55, 986, 0, 0),
(7, 55, 987, 0, 0),
(7, 55, 988, 0, 0),
(7, 55, 989, 0, 0),
(7, 55, 990, 0, 0),
(7, 55, 991, 0, 0),
(7, 55, 992, 0, 0),
(7, 55, 993, 0, 0),
(7, 55, 994, 0, 0),
(7, 55, 995, 0, 0),
(7, 55, 996, 0, 0),
(7, 55, 997, 0, 0),
(7, 55, 998, 0, 0),
(7, 55, 999, 0, 0),
(7, 55, 1000, 0, 0),
(7, 55, 1001, 0, 0),
(7, 55, 1002, 0, 0),
(7, 55, 1003, 0, 0),
(7, 55, 1004, 0, 0),
(7, 55, 1005, 0, 0),
(7, 55, 1006, 0, 0),
(7, 55, 1007, 0, 0),
(7, 7, 1008, 0, 0),
(7, 7, 1009, 0, 0),
(7, 7, 1010, 0, 0),
(7, 7, 1011, 0, 0),
(7, 7, 1012, 0, 0),
(7, 7, 1013, 0, 0),
(7, 7, 1014, 0, 0),
(7, 7, 1015, 0, 0),
(7, 7, 1016, 0, 0),
(7, 7, 1017, 0, 0),
(7, 7, 1018, 0, 0),
(7, 7, 1019, 0, 0),
(7, 7, 1020, 0, 0),
(7, 7, 1021, 0, 0),
(7, 7, 1022, 0, 0),
(7, 7, 1023, 0, 0),
(7, 7, 1024, 0, 0),
(7, 7, 1025, 0, 0),
(7, 7, 1026, 0, 0),
(7, 7, 1027, 0, 0),
(7, 7, 1028, 0, 0),
(7, 7, 1029, 0, 0),
(7, 7, 1030, 0, 0),
(7, 7, 1031, 0, 0),
(7, 7, 1032, 0, 0),
(7, 7, 1033, 0, 0),
(7, 56, 1034, 0, 0),
(7, 56, 1035, 0, 0),
(7, 56, 1036, 0, 0),
(7, 56, 1037, 0, 0),
(7, 56, 1038, 0, 0),
(7, 56, 1039, 0, 0),
(7, 56, 1040, 0, 0),
(7, 56, 1041, 0, 0),
(7, 56, 1042, 0, 0),
(7, 56, 1043, 0, 0),
(7, 56, 1044, 0, 0),
(7, 56, 1045, 0, 0),
(7, 56, 1046, 0, 0),
(7, 57, 1047, 0, 0),
(7, 57, 1048, 0, 0),
(7, 57, 1049, 0, 0),
(7, 57, 1050, 0, 0),
(7, 57, 1051, 0, 0),
(7, 57, 1052, 0, 0),
(7, 57, 1053, 0, 0),
(7, 57, 1054, 0, 0),
(7, 57, 1055, 0, 0),
(7, 57, 1056, 0, 0),
(7, 57, 1057, 0, 0),
(7, 57, 1058, 0, 0),
(7, 57, 1059, 0, 0),
(7, 57, 1060, 0, 0),
(7, 57, 1061, 0, 0),
(7, 57, 1062, 0, 0),
(7, 57, 1063, 0, 0),
(7, 58, 1064, 0, 0),
(7, 58, 1065, 0, 0),
(7, 58, 1066, 0, 0),
(7, 58, 1067, 0, 0),
(7, 58, 1068, 0, 0),
(7, 58, 1069, 0, 0),
(7, 58, 1070, 0, 0),
(7, 58, 1071, 0, 0),
(7, 58, 1072, 0, 0),
(7, 58, 1073, 0, 0),
(7, 58, 1074, 0, 0),
(7, 58, 1075, 0, 0),
(7, 58, 1076, 0, 0),
(7, 58, 1077, 0, 0),
(7, 58, 1078, 0, 0),
(7, 58, 1079, 0, 0),
(7, 58, 1080, 0, 0),
(7, 58, 1081, 0, 0),
(7, 58, 1082, 0, 0),
(7, 58, 1083, 0, 0),
(7, 58, 1084, 0, 0),
(7, 58, 1085, 0, 0),
(7, 59, 1086, 0, 0),
(7, 59, 1087, 0, 0),
(7, 59, 1088, 0, 0),
(7, 59, 1089, 0, 0),
(7, 59, 1090, 0, 0),
(7, 59, 1091, 0, 0),
(7, 59, 1092, 0, 0),
(7, 59, 1093, 0, 0),
(7, 59, 1094, 0, 0),
(7, 59, 1095, 0, 0),
(7, 59, 1096, 0, 0),
(7, 59, 1097, 0, 0),
(7, 59, 1098, 0, 0),
(7, 59, 1099, 0, 0),
(7, 59, 1100, 0, 0),
(7, 59, 1101, 0, 0),
(7, 59, 1102, 0, 0),
(7, 59, 1103, 0, 0),
(7, 59, 1104, 0, 0),
(7, 59, 1105, 0, 0),
(7, 59, 1106, 0, 0),
(7, 59, 1107, 0, 0),
(7, 59, 1108, 0, 0),
(7, 59, 1109, 0, 0),
(7, 60, 1110, 0, 0),
(7, 60, 1111, 0, 0),
(7, 60, 1112, 0, 0),
(7, 60, 1113, 0, 0),
(7, 60, 1114, 0, 0),
(7, 60, 1115, 0, 0),
(7, 60, 1116, 0, 0),
(7, 60, 1117, 0, 0),
(7, 60, 1118, 0, 0),
(7, 60, 1119, 0, 0),
(7, 60, 1120, 0, 0),
(7, 60, 1121, 0, 0),
(7, 60, 1122, 0, 0),
(7, 60, 1123, 0, 0),
(7, 60, 1124, 0, 0),
(7, 60, 1125, 0, 0),
(7, 60, 1126, 0, 0),
(7, 60, 1127, 0, 0),
(7, 61, 1128, 0, 0),
(7, 61, 1129, 0, 0),
(7, 61, 1130, 0, 0),
(7, 61, 1131, 0, 0),
(7, 61, 1132, 0, 0),
(7, 61, 1133, 0, 0),
(7, 61, 1134, 0, 0),
(7, 61, 1135, 0, 0),
(7, 61, 1136, 0, 0),
(7, 61, 1137, 0, 0),
(7, 61, 1138, 0, 0),
(7, 61, 1139, 0, 0),
(7, 61, 1140, 0, 0),
(7, 61, 1141, 0, 0),
(7, 61, 1142, 0, 0),
(7, 61, 1143, 0, 0),
(7, 61, 1144, 0, 0),
(7, 61, 1145, 0, 0),
(7, 61, 1146, 0, 0),
(7, 62, 1147, 0, 0),
(7, 62, 1148, 0, 0),
(7, 62, 1149, 0, 0),
(7, 62, 1150, 0, 0),
(7, 62, 1151, 0, 0),
(7, 62, 1152, 0, 0),
(7, 62, 1153, 0, 0),
(7, 62, 1154, 0, 0),
(7, 62, 1155, 0, 0),
(7, 62, 1156, 0, 0),
(7, 62, 1157, 0, 0),
(7, 62, 1158, 0, 0),
(7, 62, 1159, 0, 0),
(7, 62, 1160, 0, 0),
(7, 62, 1161, 0, 0),
(7, 62, 1162, 0, 0),
(7, 62, 1163, 0, 0),
(7, 62, 1164, 0, 0),
(7, 62, 1165, 0, 0),
(7, 62, 1166, 0, 0),
(7, 63, 1167, 0, 0),
(7, 63, 1168, 0, 0),
(7, 63, 1169, 0, 0),
(7, 63, 1170, 0, 0),
(7, 63, 1171, 0, 0),
(7, 63, 1172, 0, 0),
(7, 63, 1173, 0, 0),
(7, 63, 1174, 0, 0),
(7, 63, 1175, 0, 0),
(7, 63, 1176, 0, 0),
(7, 63, 1177, 0, 0),
(7, 63, 1178, 0, 0),
(7, 63, 1179, 0, 0),
(7, 21, 1189, 0, 0),
(7, 21, 1190, 0, 0),
(7, 21, 1191, 0, 0),
(7, 21, 1192, 0, 0),
(7, 21, 1193, 0, 0),
(7, 21, 1194, 0, 0),
(7, 21, 1195, 0, 0),
(7, 21, 1196, 0, 0),
(7, 21, 1197, 0, 0),
(7, 21, 1198, 0, 0),
(7, 21, 1199, 0, 0),
(7, 21, 1200, 0, 0),
(7, 21, 1201, 0, 0),
(7, 21, 1202, 0, 0),
(7, 21, 1203, 0, 0),
(7, 21, 1204, 0, 0),
(7, 21, 1205, 0, 0),
(7, 21, 1206, 0, 0),
(7, 21, 1207, 0, 0),
(7, 20, 1208, 0, 0),
(7, 20, 1209, 0, 0),
(7, 20, 1210, 0, 0),
(7, 20, 1211, 0, 0),
(7, 20, 1212, 0, 0),
(7, 4, 1213, 0, 0),
(7, 4, 1214, 0, 0),
(7, 4, 1215, 0, 0),
(7, 4, 1216, 0, 0),
(7, 4, 1217, 0, 0),
(7, 4, 1218, 0, 0),
(7, 4, 1219, 0, 0),
(7, 65, 1220, 0, 0),
(7, 65, 1221, 0, 0),
(7, 65, 1222, 0, 0),
(7, 65, 1223, 0, 0),
(7, 65, 1224, 0, 0),
(7, 65, 1225, 0, 0),
(7, 65, 1226, 0, 0),
(7, 65, 1227, 0, 0),
(7, 65, 1228, 0, 0),
(7, 65, 1229, 0, 0),
(7, 65, 1230, 0, 0),
(7, 65, 1231, 0, 0),
(7, 65, 1232, 0, 0),
(7, 65, 1233, 0, 0),
(7, 65, 1234, 0, 0),
(7, 2, 1235, 0, 0),
(7, 2, 1236, 0, 0),
(7, 2, 1237, 0, 0),
(7, 2, 1238, 0, 0),
(7, 2, 1239, 0, 0),
(7, 2, 1240, 0, 0),
(7, 2, 1241, 0, 0),
(7, 2, 1242, 0, 0),
(7, 2, 1243, 0, 0),
(8, 6, 1, 0, 0),
(8, 6, 2, 0, 0),
(8, 6, 3, 0, 0),
(8, 6, 4, 0, 0),
(8, 6, 5, 0, 0),
(8, 6, 6, 0, 0),
(8, 6, 7, 0, 0),
(8, 6, 8, 0, 0),
(8, 6, 9, 0, 0),
(8, 6, 10, 0, 0),
(8, 6, 11, 0, 0),
(8, 6, 12, 0, 0),
(8, 6, 13, 0, 0),
(8, 6, 14, 0, 0),
(8, 6, 15, 0, 0),
(8, 6, 16, 0, 0),
(8, 6, 17, 0, 0),
(8, 6, 18, 0, 0),
(8, 6, 19, 0, 0),
(8, 6, 20, 0, 0),
(8, 6, 21, 0, 0),
(8, 6, 22, 0, 0),
(8, 6, 23, 0, 0),
(8, 6, 24, 0, 0),
(8, 6, 25, 0, 0),
(8, 6, 26, 0, 0),
(8, 6, 27, 0, 0),
(8, 6, 28, 0, 0),
(8, 6, 29, 0, 0),
(8, 6, 30, 0, 0),
(8, 6, 31, 0, 0),
(8, 6, 32, 0, 0),
(8, 6, 33, 0, 0),
(8, 6, 34, 0, 0),
(8, 6, 35, 0, 0),
(8, 6, 36, 0, 0),
(8, 7, 37, 0, 0),
(8, 7, 38, 0, 0),
(8, 7, 39, 0, 0),
(8, 7, 40, 0, 0),
(8, 7, 41, 0, 0),
(8, 7, 42, 0, 0),
(8, 7, 43, 0, 0),
(8, 7, 44, 0, 0),
(8, 7, 45, 0, 0),
(8, 7, 46, 0, 0),
(8, 7, 47, 0, 0),
(8, 7, 48, 0, 0),
(8, 7, 49, 0, 0),
(8, 7, 50, 0, 0),
(8, 7, 51, 0, 0),
(8, 7, 52, 0, 0),
(8, 7, 53, 0, 0),
(8, 7, 54, 0, 0),
(8, 7, 55, 0, 0),
(8, 7, 56, 0, 0),
(8, 7, 57, 0, 0),
(8, 7, 58, 0, 0),
(8, 7, 59, 0, 0),
(8, 7, 60, 0, 0),
(8, 7, 61, 0, 0),
(8, 7, 62, 0, 0),
(8, 7, 63, 0, 0),
(8, 7, 64, 0, 0),
(8, 7, 65, 0, 0),
(8, 4, 66, 0, 0),
(8, 4, 67, 0, 0),
(8, 4, 68, 0, 0),
(8, 4, 69, 0, 0),
(8, 4, 70, 0, 0),
(8, 4, 71, 0, 0),
(8, 4, 72, 0, 0),
(8, 4, 73, 0, 0),
(8, 4, 74, 0, 0),
(8, 4, 75, 0, 0),
(8, 4, 76, 0, 0),
(8, 4, 77, 0, 0),
(8, 4, 78, 0, 0),
(8, 4, 79, 0, 0),
(8, 4, 80, 0, 0),
(8, 4, 81, 0, 0),
(8, 4, 82, 0, 0),
(8, 4, 83, 0, 0),
(8, 4, 84, 0, 0),
(8, 4, 85, 0, 0),
(8, 4, 86, 0, 0),
(8, 4, 87, 0, 0),
(8, 4, 88, 0, 0),
(8, 4, 89, 0, 0),
(8, 4, 90, 0, 0),
(8, 4, 91, 0, 0),
(8, 4, 92, 0, 0),
(8, 4, 93, 0, 0),
(8, 4, 94, 0, 0),
(8, 4, 95, 0, 0),
(8, 4, 96, 0, 0),
(8, 4, 97, 0, 0),
(8, 4, 98, 0, 0),
(8, 4, 99, 0, 0),
(8, 4, 100, 0, 0),
(8, 4, 101, 0, 0),
(8, 4, 102, 0, 0),
(8, 4, 103, 0, 0),
(8, 4, 104, 0, 0),
(8, 4, 105, 0, 0),
(8, 4, 106, 0, 0),
(8, 4, 107, 0, 0),
(8, 4, 108, 0, 0),
(8, 4, 109, 0, 0),
(8, 2, 110, 0, 0),
(8, 2, 111, 0, 0),
(8, 2, 112, 0, 0),
(8, 2, 113, 0, 0),
(8, 2, 114, 0, 0),
(8, 2, 115, 0, 0),
(8, 2, 116, 0, 0),
(8, 2, 117, 0, 0),
(8, 2, 118, 0, 0),
(8, 2, 119, 0, 0),
(8, 2, 120, 0, 0),
(8, 2, 121, 0, 0),
(8, 2, 122, 0, 0),
(8, 2, 123, 0, 0),
(8, 2, 124, 0, 0),
(8, 2, 125, 0, 0),
(8, 26, 126, 0, 0),
(8, 26, 127, 0, 0),
(8, 26, 128, 0, 0),
(8, 26, 129, 0, 0),
(8, 26, 130, 0, 0),
(8, 26, 131, 0, 0),
(8, 26, 132, 0, 0),
(8, 26, 133, 0, 0),
(8, 26, 134, 0, 0),
(8, 26, 135, 0, 0),
(8, 26, 136, 0, 0),
(8, 26, 137, 0, 0),
(8, 26, 138, 0, 0),
(8, 26, 139, 0, 0),
(8, 26, 140, 0, 0),
(8, 26, 141, 0, 0),
(8, 26, 142, 0, 0),
(8, 26, 143, 0, 0),
(8, 26, 144, 0, 0),
(8, 26, 145, 0, 0),
(8, 26, 146, 0, 0),
(8, 26, 147, 0, 0),
(8, 26, 148, 0, 0),
(8, 26, 149, 0, 0),
(8, 26, 150, 0, 0),
(8, 4, 151, 0, 0),
(8, 6, 152, 0, 0),
(8, 7, 153, 0, 0),
(8, 26, 154, 0, 0),
(8, 13, 155, 0, 0),
(8, 13, 156, 0, 0),
(8, 13, 157, 0, 0),
(8, 13, 158, 0, 0),
(8, 13, 159, 0, 0),
(8, 13, 160, 0, 0),
(8, 13, 161, 0, 0),
(8, 13, 162, 0, 0),
(8, 13, 163, 0, 0),
(8, 13, 164, 0, 0),
(8, 13, 165, 0, 0),
(8, 13, 166, 0, 0),
(8, 13, 167, 0, 0),
(8, 13, 168, 0, 0),
(8, 13, 169, 0, 0),
(8, 13, 170, 0, 0),
(8, 13, 171, 0, 0),
(8, 13, 172, 0, 0),
(8, 13, 173, 0, 0),
(8, 14, 174, 0, 0),
(8, 14, 175, 0, 0),
(8, 14, 176, 0, 0),
(8, 14, 177, 0, 0),
(8, 14, 178, 0, 0),
(8, 14, 179, 0, 0),
(8, 14, 180, 0, 0),
(8, 14, 181, 0, 0),
(8, 14, 182, 0, 0),
(8, 14, 183, 0, 0),
(8, 14, 184, 0, 0),
(8, 14, 185, 0, 0),
(8, 14, 186, 0, 0),
(8, 14, 187, 0, 0),
(8, 14, 188, 0, 0),
(8, 14, 189, 0, 0),
(8, 14, 190, 0, 0),
(8, 14, 191, 0, 0),
(8, 14, 192, 0, 0),
(8, 14, 193, 0, 0),
(8, 14, 194, 0, 0),
(8, 14, 195, 0, 0),
(8, 14, 196, 0, 0),
(8, 14, 197, 0, 0),
(8, 14, 198, 0, 0),
(8, 14, 199, 0, 0),
(8, 14, 200, 0, 0),
(8, 14, 201, 0, 0),
(8, 14, 202, 0, 0),
(8, 14, 203, 0, 0),
(8, 14, 204, 0, 0),
(8, 8, 205, 0, 0),
(8, 8, 206, 0, 0),
(8, 8, 207, 0, 0),
(8, 8, 208, 0, 0),
(8, 8, 209, 0, 0),
(8, 8, 210, 0, 0),
(8, 8, 211, 0, 0),
(8, 8, 212, 0, 0),
(8, 8, 213, 0, 0),
(8, 8, 214, 0, 0),
(8, 8, 215, 0, 0),
(8, 8, 216, 0, 0),
(8, 8, 217, 0, 0),
(8, 8, 218, 0, 0),
(8, 8, 219, 0, 0),
(8, 10, 220, 0, 0),
(8, 10, 221, 0, 0),
(8, 10, 222, 0, 0),
(8, 10, 223, 0, 0),
(8, 10, 224, 0, 0),
(8, 10, 225, 0, 0),
(8, 10, 226, 0, 0),
(8, 10, 227, 0, 0),
(8, 10, 228, 0, 0),
(8, 10, 229, 0, 0),
(8, 10, 230, 0, 0),
(8, 10, 231, 0, 0),
(8, 9, 232, 0, 0),
(8, 9, 233, 0, 0),
(8, 9, 234, 0, 0),
(8, 9, 235, 0, 0),
(8, 9, 236, 0, 0),
(8, 9, 237, 0, 0),
(8, 9, 238, 0, 0),
(8, 9, 239, 0, 0),
(8, 9, 240, 0, 0),
(8, 9, 241, 0, 0),
(8, 9, 242, 0, 0),
(8, 9, 243, 0, 0),
(8, 9, 244, 0, 0),
(8, 9, 245, 0, 0),
(8, 9, 246, 0, 0),
(8, 9, 247, 0, 0),
(8, 9, 248, 0, 0),
(8, 9, 249, 0, 0),
(8, 9, 250, 0, 0),
(8, 9, 251, 0, 0),
(8, 9, 252, 0, 0),
(8, 9, 253, 0, 0),
(8, 9, 254, 0, 0),
(8, 9, 255, 0, 0),
(8, 16, 256, 0, 0),
(8, 16, 257, 0, 0),
(8, 16, 258, 0, 0),
(8, 16, 259, 0, 0),
(8, 16, 260, 0, 0),
(8, 16, 261, 0, 0),
(8, 16, 262, 0, 0),
(8, 16, 263, 0, 0),
(8, 16, 264, 0, 0),
(8, 16, 265, 0, 0),
(8, 16, 266, 0, 0),
(8, 16, 267, 0, 0),
(8, 16, 268, 0, 0),
(8, 16, 269, 0, 0),
(8, 16, 270, 0, 0),
(8, 16, 271, 0, 0),
(8, 16, 272, 0, 0),
(8, 16, 273, 0, 0),
(8, 16, 274, 0, 0),
(8, 16, 275, 0, 0),
(8, 16, 276, 0, 0),
(8, 16, 277, 0, 0),
(8, 16, 278, 0, 0),
(8, 15, 279, 0, 0),
(8, 15, 280, 0, 0),
(8, 15, 281, 0, 0),
(8, 15, 282, 0, 0),
(8, 15, 283, 0, 0),
(8, 15, 284, 0, 0),
(8, 15, 285, 0, 0),
(8, 15, 286, 0, 0),
(8, 15, 287, 0, 0),
(8, 15, 288, 0, 0),
(8, 18, 289, 0, 0),
(8, 18, 290, 0, 0),
(8, 18, 291, 0, 0),
(8, 18, 292, 0, 0),
(8, 18, 293, 0, 0),
(8, 18, 294, 0, 0),
(8, 18, 295, 0, 0),
(8, 18, 296, 0, 0),
(8, 18, 297, 0, 0),
(8, 18, 298, 0, 0),
(8, 18, 299, 0, 0),
(8, 18, 300, 0, 0),
(8, 18, 301, 0, 0),
(8, 18, 302, 0, 0),
(8, 18, 303, 0, 0),
(8, 18, 304, 0, 0),
(8, 18, 305, 0, 0),
(8, 19, 306, 0, 0),
(8, 19, 307, 0, 0),
(8, 19, 308, 0, 0),
(8, 19, 309, 0, 0),
(8, 19, 310, 0, 0),
(8, 19, 311, 0, 0),
(8, 19, 312, 0, 0),
(8, 19, 313, 0, 0),
(8, 20, 314, 0, 0),
(8, 20, 315, 0, 0),
(8, 20, 316, 0, 0),
(8, 20, 317, 0, 0),
(8, 20, 318, 0, 0),
(8, 20, 319, 0, 0),
(8, 20, 320, 0, 0),
(8, 20, 321, 0, 0),
(8, 20, 322, 0, 0),
(8, 20, 323, 0, 0),
(8, 20, 324, 0, 0),
(8, 20, 325, 0, 0),
(8, 20, 326, 0, 0),
(8, 20, 327, 0, 0),
(8, 20, 328, 0, 0),
(8, 20, 329, 0, 0),
(8, 20, 330, 0, 0),
(8, 20, 331, 0, 0),
(8, 20, 332, 0, 0),
(8, 20, 333, 0, 0),
(8, 20, 334, 0, 0),
(8, 20, 335, 0, 0),
(8, 20, 336, 0, 0),
(8, 20, 337, 0, 0),
(8, 20, 338, 0, 0),
(8, 20, 339, 0, 0),
(8, 20, 340, 0, 0),
(8, 20, 341, 0, 0),
(8, 20, 342, 0, 0),
(8, 20, 343, 0, 0),
(8, 20, 344, 0, 0),
(8, 20, 345, 0, 0),
(8, 20, 346, 0, 0),
(8, 20, 347, 0, 0),
(8, 20, 348, 0, 0),
(8, 20, 349, 0, 0),
(8, 20, 350, 0, 0),
(8, 21, 351, 0, 0),
(8, 21, 352, 0, 0),
(8, 21, 353, 0, 0),
(8, 21, 354, 0, 0),
(8, 21, 355, 0, 0),
(8, 21, 356, 0, 0),
(8, 21, 357, 0, 0),
(8, 21, 358, 0, 0),
(8, 21, 359, 0, 0),
(8, 21, 360, 0, 0),
(8, 21, 361, 0, 0),
(8, 21, 362, 0, 0),
(8, 21, 363, 0, 0),
(8, 21, 364, 0, 0),
(8, 21, 365, 0, 0),
(8, 21, 366, 0, 0),
(8, 21, 367, 0, 0),
(8, 21, 368, 0, 0),
(8, 21, 369, 0, 0),
(8, 21, 370, 0, 0),
(8, 21, 371, 0, 0),
(8, 21, 372, 0, 0),
(8, 21, 373, 0, 0),
(8, 21, 374, 0, 0),
(8, 21, 375, 0, 0),
(8, 21, 376, 0, 0),
(8, 21, 377, 0, 0),
(8, 21, 378, 0, 0),
(8, 21, 379, 0, 0),
(8, 21, 380, 0, 0),
(8, 21, 381, 0, 0),
(8, 21, 382, 0, 0),
(8, 21, 383, 0, 0),
(8, 21, 384, 0, 0),
(8, 21, 385, 0, 0),
(8, 21, 386, 0, 0),
(8, 21, 387, 0, 0),
(8, 21, 388, 0, 0),
(8, 22, 389, 0, 0),
(8, 22, 390, 0, 0),
(8, 22, 391, 0, 0),
(8, 22, 392, 0, 0),
(8, 22, 393, 0, 0),
(8, 22, 394, 0, 0),
(8, 22, 395, 0, 0),
(8, 22, 396, 0, 0),
(8, 22, 397, 0, 0),
(8, 22, 398, 0, 0),
(8, 22, 399, 0, 0),
(8, 22, 400, 0, 0),
(8, 22, 401, 0, 0),
(8, 22, 402, 0, 0),
(8, 22, 403, 0, 0),
(8, 22, 404, 0, 0),
(8, 22, 405, 0, 0),
(8, 22, 406, 0, 0),
(8, 22, 407, 0, 0),
(8, 22, 408, 0, 0),
(8, 22, 409, 0, 0),
(8, 22, 410, 0, 0),
(8, 22, 411, 0, 0),
(8, 22, 412, 0, 0),
(8, 22, 413, 0, 0),
(8, 22, 414, 0, 0),
(8, 22, 415, 0, 0),
(8, 22, 416, 0, 0),
(8, 22, 417, 0, 0),
(8, 22, 418, 0, 0),
(8, 22, 419, 0, 0),
(8, 22, 420, 0, 0),
(8, 22, 421, 0, 0),
(8, 22, 422, 0, 0),
(8, 22, 423, 0, 0),
(8, 22, 424, 0, 0),
(8, 22, 425, 0, 0),
(8, 22, 426, 0, 0);
INSERT IGNORE INTO `vtiger_profile2field` (`profileid`, `tabid`, `fieldid`, `visible`, `readonly`) VALUES
(8, 22, 427, 0, 0),
(8, 22, 428, 0, 0),
(8, 22, 429, 0, 0),
(8, 22, 430, 0, 0),
(8, 22, 431, 0, 0),
(8, 22, 432, 0, 0),
(8, 22, 433, 0, 0),
(8, 22, 434, 0, 0),
(8, 22, 435, 0, 0),
(8, 23, 436, 0, 0),
(8, 23, 437, 0, 0),
(8, 23, 438, 0, 0),
(8, 23, 439, 0, 0),
(8, 23, 440, 0, 0),
(8, 23, 441, 0, 0),
(8, 23, 442, 0, 0),
(8, 23, 443, 0, 0),
(8, 23, 444, 0, 0),
(8, 23, 445, 0, 0),
(8, 23, 446, 0, 0),
(8, 23, 447, 0, 0),
(8, 23, 448, 0, 0),
(8, 23, 449, 0, 0),
(8, 23, 450, 0, 0),
(8, 23, 451, 0, 0),
(8, 23, 452, 0, 0),
(8, 23, 453, 0, 0),
(8, 23, 454, 0, 0),
(8, 23, 455, 0, 0),
(8, 23, 456, 0, 0),
(8, 23, 457, 0, 0),
(8, 23, 458, 0, 0),
(8, 23, 459, 0, 0),
(8, 23, 460, 0, 0),
(8, 23, 461, 0, 0),
(8, 23, 462, 0, 0),
(8, 23, 463, 0, 0),
(8, 23, 464, 0, 0),
(8, 23, 465, 0, 0),
(8, 23, 466, 0, 0),
(8, 23, 467, 0, 0),
(8, 23, 468, 0, 0),
(8, 23, 469, 0, 0),
(8, 23, 470, 0, 0),
(8, 23, 471, 0, 0),
(8, 23, 472, 0, 0),
(8, 23, 473, 0, 0),
(8, 23, 474, 0, 0),
(8, 10, 520, 0, 0),
(8, 10, 521, 0, 0),
(8, 10, 522, 0, 0),
(8, 10, 523, 0, 0),
(8, 10, 524, 0, 0),
(8, 10, 525, 0, 0),
(8, 34, 526, 0, 0),
(8, 34, 527, 0, 0),
(8, 34, 528, 0, 0),
(8, 34, 529, 0, 0),
(8, 34, 530, 0, 0),
(8, 34, 531, 0, 0),
(8, 34, 532, 0, 0),
(8, 34, 533, 0, 0),
(8, 34, 534, 0, 0),
(8, 34, 535, 0, 0),
(8, 34, 536, 0, 0),
(8, 34, 537, 0, 0),
(8, 34, 538, 0, 0),
(8, 34, 539, 0, 0),
(8, 34, 540, 0, 0),
(8, 34, 541, 0, 0),
(8, 34, 542, 0, 0),
(8, 29, 543, 0, 0),
(8, 35, 544, 0, 0),
(8, 35, 545, 0, 0),
(8, 35, 546, 0, 0),
(8, 35, 547, 0, 0),
(8, 35, 548, 0, 0),
(8, 35, 549, 0, 0),
(8, 35, 550, 0, 0),
(8, 35, 551, 0, 0),
(8, 35, 552, 0, 0),
(8, 35, 553, 0, 0),
(8, 35, 554, 0, 0),
(8, 35, 555, 0, 0),
(8, 35, 556, 0, 0),
(8, 35, 557, 0, 0),
(8, 35, 558, 0, 0),
(8, 35, 559, 0, 0),
(8, 35, 560, 0, 0),
(8, 35, 561, 0, 0),
(8, 35, 562, 0, 0),
(8, 35, 563, 0, 0),
(8, 35, 564, 0, 0),
(8, 35, 565, 0, 0),
(8, 36, 566, 0, 0),
(8, 36, 567, 0, 0),
(8, 36, 568, 0, 0),
(8, 36, 569, 0, 0),
(8, 36, 570, 0, 0),
(8, 36, 571, 0, 0),
(8, 36, 572, 0, 0),
(8, 36, 573, 0, 0),
(8, 36, 574, 0, 0),
(8, 36, 575, 0, 0),
(8, 36, 576, 0, 0),
(8, 36, 577, 0, 0),
(8, 36, 578, 0, 0),
(8, 36, 579, 0, 0),
(8, 36, 580, 0, 0),
(8, 36, 581, 0, 0),
(8, 36, 582, 0, 0),
(8, 36, 583, 0, 0),
(8, 36, 584, 0, 0),
(8, 36, 585, 0, 0),
(8, 36, 586, 0, 0),
(8, 36, 587, 0, 0),
(8, 38, 588, 0, 0),
(8, 38, 589, 0, 0),
(8, 38, 590, 0, 0),
(8, 38, 591, 0, 0),
(8, 38, 592, 0, 0),
(8, 38, 593, 0, 0),
(8, 38, 594, 0, 0),
(8, 38, 595, 0, 0),
(8, 38, 596, 0, 0),
(8, 38, 597, 0, 0),
(8, 38, 598, 0, 0),
(8, 38, 599, 0, 0),
(8, 38, 600, 0, 0),
(8, 38, 601, 0, 0),
(8, 38, 602, 0, 0),
(8, 38, 603, 0, 0),
(8, 38, 604, 0, 0),
(8, 38, 605, 0, 0),
(8, 38, 606, 0, 0),
(8, 38, 607, 0, 0),
(8, 38, 608, 0, 0),
(8, 42, 609, 0, 0),
(8, 42, 610, 0, 0),
(8, 42, 611, 0, 0),
(8, 42, 612, 0, 0),
(8, 42, 613, 0, 0),
(8, 42, 614, 0, 0),
(8, 42, 615, 0, 0),
(8, 42, 616, 0, 0),
(8, 43, 617, 0, 0),
(8, 43, 618, 0, 0),
(8, 43, 619, 0, 0),
(8, 43, 620, 0, 0),
(8, 43, 621, 0, 0),
(8, 43, 622, 0, 0),
(8, 43, 623, 0, 0),
(8, 43, 624, 0, 0),
(8, 43, 625, 0, 0),
(8, 43, 626, 0, 0),
(8, 43, 627, 0, 0),
(8, 43, 628, 0, 0),
(8, 43, 629, 0, 0),
(8, 44, 630, 0, 0),
(8, 44, 631, 0, 0),
(8, 44, 632, 0, 0),
(8, 44, 633, 0, 0),
(8, 44, 634, 0, 0),
(8, 44, 635, 0, 0),
(8, 44, 636, 0, 0),
(8, 44, 637, 0, 0),
(8, 44, 638, 0, 0),
(8, 44, 639, 0, 0),
(8, 44, 640, 0, 0),
(8, 44, 641, 0, 0),
(8, 44, 642, 0, 0),
(8, 44, 643, 0, 0),
(8, 44, 644, 0, 0),
(8, 44, 645, 0, 0),
(8, 44, 646, 0, 0),
(8, 44, 647, 0, 0),
(8, 45, 648, 0, 0),
(8, 45, 649, 0, 0),
(8, 45, 650, 0, 0),
(8, 45, 651, 0, 0),
(8, 45, 652, 0, 0),
(8, 45, 653, 0, 0),
(8, 45, 654, 0, 0),
(8, 45, 655, 0, 0),
(8, 45, 656, 0, 0),
(8, 45, 657, 0, 0),
(8, 45, 658, 0, 0),
(8, 45, 659, 0, 0),
(8, 45, 660, 0, 0),
(8, 45, 661, 0, 0),
(8, 45, 662, 0, 0),
(8, 45, 663, 0, 0),
(8, 45, 664, 0, 0),
(8, 45, 665, 0, 0),
(8, 45, 666, 0, 0),
(8, 45, 667, 0, 0),
(8, 47, 668, 0, 0),
(8, 47, 669, 0, 0),
(8, 47, 670, 0, 0),
(8, 47, 671, 0, 0),
(8, 47, 672, 0, 0),
(8, 47, 673, 0, 0),
(8, 2, 674, 0, 0),
(8, 29, 675, 0, 0),
(8, 23, 676, 0, 0),
(8, 23, 677, 0, 0),
(8, 23, 678, 0, 0),
(8, 23, 679, 0, 0),
(8, 23, 680, 0, 0),
(8, 23, 681, 0, 0),
(8, 23, 682, 0, 0),
(8, 23, 683, 0, 0),
(8, 23, 684, 0, 0),
(8, 22, 685, 0, 0),
(8, 22, 686, 0, 0),
(8, 22, 687, 0, 0),
(8, 22, 688, 0, 0),
(8, 22, 689, 0, 0),
(8, 22, 690, 0, 0),
(8, 22, 691, 0, 0),
(8, 22, 692, 0, 0),
(8, 22, 693, 0, 0),
(8, 21, 694, 0, 0),
(8, 21, 695, 0, 0),
(8, 21, 696, 0, 0),
(8, 21, 697, 0, 0),
(8, 21, 698, 0, 0),
(8, 21, 699, 0, 0),
(8, 21, 700, 0, 0),
(8, 21, 701, 0, 0),
(8, 21, 702, 0, 0),
(8, 20, 703, 0, 0),
(8, 20, 704, 0, 0),
(8, 20, 705, 0, 0),
(8, 20, 706, 0, 0),
(8, 20, 707, 0, 0),
(8, 20, 708, 0, 0),
(8, 20, 709, 0, 0),
(8, 20, 710, 0, 0),
(8, 20, 711, 0, 0),
(8, 29, 712, 0, 0),
(8, 44, 713, 0, 0),
(8, 42, 714, 0, 0),
(8, 29, 715, 0, 0),
(8, 29, 716, 0, 0),
(8, 29, 717, 0, 0),
(8, 23, 718, 0, 0),
(8, 22, 719, 0, 0),
(8, 21, 720, 0, 0),
(8, 20, 721, 0, 0),
(8, 29, 722, 0, 0),
(8, 6, 723, 0, 0),
(8, 4, 724, 0, 0),
(8, 2, 725, 0, 0),
(8, 29, 726, 0, 0),
(8, 23, 727, 0, 0),
(8, 23, 728, 0, 0),
(8, 21, 729, 0, 0),
(8, 21, 730, 0, 0),
(8, 18, 731, 0, 0),
(8, 7, 732, 0, 0),
(8, 42, 733, 0, 0),
(8, 42, 734, 0, 0),
(8, 23, 735, 0, 0),
(8, 20, 736, 0, 0),
(8, 21, 737, 0, 0),
(8, 22, 738, 0, 0),
(8, 29, 739, 0, 0),
(8, 2, 740, 0, 0),
(8, 13, 741, 0, 0),
(8, 29, 742, 0, 0),
(8, 29, 743, 0, 0),
(8, 29, 744, 0, 0),
(8, 29, 745, 0, 0),
(8, 14, 772, 0, 0),
(8, 36, 773, 0, 0),
(8, 23, 774, 0, 0),
(8, 29, 775, 0, 0),
(8, 23, 776, 0, 0),
(8, 23, 777, 0, 0),
(8, 23, 778, 0, 0),
(8, 20, 779, 0, 0),
(8, 20, 780, 0, 0),
(8, 20, 781, 0, 0),
(8, 21, 782, 0, 0),
(8, 22, 783, 0, 0),
(8, 22, 784, 0, 0),
(8, 22, 785, 0, 0),
(8, 42, 786, 0, 0),
(8, 42, 787, 0, 0),
(8, 42, 788, 0, 0),
(8, 2, 789, 0, 0),
(8, 4, 790, 0, 0),
(8, 6, 791, 0, 0),
(8, 7, 792, 0, 0),
(8, 8, 793, 0, 0),
(8, 9, 794, 0, 0),
(8, 10, 795, 0, 0),
(8, 13, 796, 0, 0),
(8, 14, 797, 0, 0),
(8, 15, 798, 0, 0),
(8, 16, 799, 0, 0),
(8, 18, 800, 0, 0),
(8, 19, 801, 0, 0),
(8, 20, 802, 0, 0),
(8, 21, 803, 0, 0),
(8, 22, 804, 0, 0),
(8, 23, 805, 0, 0),
(8, 26, 806, 0, 0),
(8, 10, 807, 0, 0),
(8, 2, 808, 0, 0),
(8, 4, 809, 0, 0),
(8, 6, 810, 0, 0),
(8, 7, 811, 0, 0),
(8, 8, 812, 0, 0),
(8, 9, 813, 0, 0),
(8, 10, 814, 0, 0),
(8, 13, 815, 0, 0),
(8, 14, 816, 0, 0),
(8, 15, 817, 0, 0),
(8, 16, 818, 0, 0),
(8, 18, 819, 0, 0),
(8, 19, 820, 0, 0),
(8, 20, 821, 0, 0),
(8, 21, 822, 0, 0),
(8, 22, 823, 0, 0),
(8, 23, 824, 0, 0),
(8, 26, 825, 0, 0),
(8, 2, 826, 0, 0),
(8, 4, 827, 0, 0),
(8, 6, 828, 0, 0),
(8, 7, 829, 0, 0),
(8, 8, 830, 0, 0),
(8, 9, 831, 0, 0),
(8, 10, 832, 0, 0),
(8, 13, 833, 0, 0),
(8, 14, 834, 0, 0),
(8, 15, 835, 0, 0),
(8, 16, 836, 0, 0),
(8, 18, 837, 0, 0),
(8, 19, 838, 0, 0),
(8, 20, 839, 0, 0),
(8, 21, 840, 0, 0),
(8, 22, 841, 0, 0),
(8, 23, 842, 0, 0),
(8, 26, 843, 0, 0),
(8, 20, 844, 0, 0),
(8, 21, 845, 0, 0),
(8, 22, 846, 0, 0),
(8, 23, 847, 0, 0),
(8, 45, 848, 0, 0),
(8, 45, 849, 0, 0),
(8, 29, 850, 0, 0),
(8, 22, 851, 0, 0),
(8, 29, 852, 0, 0),
(8, 16, 853, 0, 0),
(8, 16, 854, 0, 0),
(8, 16, 855, 0, 0),
(8, 16, 856, 0, 0),
(8, 9, 857, 0, 0),
(8, 9, 858, 0, 0),
(8, 16, 859, 0, 0),
(8, 50, 860, 0, 0),
(8, 50, 861, 0, 0),
(8, 50, 862, 0, 0),
(8, 50, 863, 0, 0),
(8, 50, 864, 0, 0),
(8, 50, 865, 0, 0),
(8, 6, 892, 0, 0),
(8, 6, 893, 0, 0),
(8, 6, 894, 0, 0),
(8, 6, 895, 0, 0),
(8, 6, 896, 0, 0),
(8, 6, 897, 0, 0),
(8, 6, 898, 0, 0),
(8, 6, 899, 0, 0),
(8, 6, 900, 0, 0),
(8, 6, 901, 0, 0),
(8, 6, 902, 0, 0),
(8, 6, 903, 0, 0),
(8, 6, 904, 0, 0),
(8, 6, 905, 0, 0),
(8, 6, 906, 0, 0),
(8, 6, 907, 0, 0),
(8, 6, 908, 0, 0),
(8, 6, 909, 0, 0),
(8, 6, 910, 0, 0),
(8, 6, 911, 0, 0),
(8, 6, 912, 0, 0),
(8, 6, 913, 0, 0),
(8, 6, 914, 0, 0),
(8, 6, 915, 0, 0),
(8, 6, 916, 0, 0),
(8, 6, 917, 0, 0),
(8, 6, 918, 0, 0),
(8, 6, 919, 0, 0),
(8, 6, 920, 0, 0),
(8, 6, 921, 0, 0),
(8, 6, 922, 0, 0),
(8, 6, 923, 0, 0),
(8, 6, 924, 0, 0),
(8, 6, 925, 0, 0),
(8, 6, 926, 0, 0),
(8, 23, 927, 0, 0),
(8, 52, 928, 0, 0),
(8, 52, 929, 0, 0),
(8, 52, 930, 0, 0),
(8, 52, 931, 0, 0),
(8, 52, 932, 0, 0),
(8, 52, 933, 0, 0),
(8, 52, 934, 0, 0),
(8, 52, 935, 0, 0),
(8, 52, 936, 0, 0),
(8, 52, 937, 0, 0),
(8, 52, 938, 0, 0),
(8, 52, 939, 0, 0),
(8, 52, 940, 0, 0),
(8, 52, 941, 0, 0),
(8, 52, 942, 0, 0),
(8, 52, 943, 0, 0),
(8, 52, 944, 0, 0),
(8, 52, 945, 0, 0),
(8, 52, 946, 0, 0),
(8, 52, 947, 0, 0),
(8, 52, 948, 0, 0),
(8, 52, 949, 0, 0),
(8, 52, 950, 0, 0),
(8, 52, 951, 0, 0),
(8, 52, 952, 0, 0),
(8, 21, 953, 0, 0),
(8, 53, 954, 0, 0),
(8, 53, 955, 0, 0),
(8, 53, 956, 0, 0),
(8, 53, 957, 0, 0),
(8, 53, 958, 0, 0),
(8, 53, 959, 0, 0),
(8, 53, 960, 0, 0),
(8, 53, 961, 0, 0),
(8, 53, 962, 0, 0),
(8, 53, 963, 0, 0),
(8, 53, 964, 0, 0),
(8, 53, 965, 0, 0),
(8, 53, 966, 0, 0),
(8, 53, 967, 0, 0),
(8, 53, 968, 0, 0),
(8, 53, 969, 0, 0),
(8, 54, 970, 0, 0),
(8, 54, 971, 0, 0),
(8, 54, 972, 0, 0),
(8, 54, 973, 0, 0),
(8, 54, 974, 0, 0),
(8, 54, 975, 0, 0),
(8, 54, 976, 0, 0),
(8, 54, 977, 0, 0),
(8, 54, 978, 0, 0),
(8, 54, 979, 0, 0),
(8, 54, 980, 0, 0),
(8, 54, 981, 0, 0),
(8, 54, 982, 0, 0),
(8, 54, 983, 0, 0),
(8, 54, 984, 0, 0),
(8, 54, 985, 0, 0),
(8, 55, 986, 0, 0),
(8, 55, 987, 0, 0),
(8, 55, 988, 0, 0),
(8, 55, 989, 0, 0),
(8, 55, 990, 0, 0),
(8, 55, 991, 0, 0),
(8, 55, 992, 0, 0),
(8, 55, 993, 0, 0),
(8, 55, 994, 0, 0),
(8, 55, 995, 0, 0),
(8, 55, 996, 0, 0),
(8, 55, 997, 0, 0),
(8, 55, 998, 0, 0),
(8, 55, 999, 0, 0),
(8, 55, 1000, 0, 0),
(8, 55, 1001, 0, 0),
(8, 55, 1002, 0, 0),
(8, 55, 1003, 0, 0),
(8, 55, 1004, 0, 0),
(8, 55, 1005, 0, 0),
(8, 55, 1006, 0, 0),
(8, 55, 1007, 0, 0),
(8, 7, 1008, 0, 0),
(8, 7, 1009, 0, 0),
(8, 7, 1010, 0, 0),
(8, 7, 1011, 0, 0),
(8, 7, 1012, 0, 0),
(8, 7, 1013, 0, 0),
(8, 7, 1014, 0, 0),
(8, 7, 1015, 0, 0),
(8, 7, 1016, 0, 0),
(8, 7, 1017, 0, 0),
(8, 7, 1018, 0, 0),
(8, 7, 1019, 0, 0),
(8, 7, 1020, 0, 0),
(8, 7, 1021, 0, 0),
(8, 7, 1022, 0, 0),
(8, 7, 1023, 0, 0),
(8, 7, 1024, 0, 0),
(8, 7, 1025, 0, 0),
(8, 7, 1026, 0, 0),
(8, 7, 1027, 0, 0),
(8, 7, 1028, 0, 0),
(8, 7, 1029, 0, 0),
(8, 7, 1030, 0, 0),
(8, 7, 1031, 0, 0),
(8, 7, 1032, 0, 0),
(8, 7, 1033, 0, 0),
(8, 56, 1034, 0, 0),
(8, 56, 1035, 0, 0),
(8, 56, 1036, 0, 0),
(8, 56, 1037, 0, 0),
(8, 56, 1038, 0, 0),
(8, 56, 1039, 0, 0),
(8, 56, 1040, 0, 0),
(8, 56, 1041, 0, 0),
(8, 56, 1042, 0, 0),
(8, 56, 1043, 0, 0),
(8, 56, 1044, 0, 0),
(8, 56, 1045, 0, 0),
(8, 56, 1046, 0, 0),
(8, 57, 1047, 0, 0),
(8, 57, 1048, 0, 0),
(8, 57, 1049, 0, 0),
(8, 57, 1050, 0, 0),
(8, 57, 1051, 0, 0),
(8, 57, 1052, 0, 0),
(8, 57, 1053, 0, 0),
(8, 57, 1054, 0, 0),
(8, 57, 1055, 0, 0),
(8, 57, 1056, 0, 0),
(8, 57, 1057, 0, 0),
(8, 57, 1058, 0, 0),
(8, 57, 1059, 0, 0),
(8, 57, 1060, 0, 0),
(8, 57, 1061, 0, 0),
(8, 57, 1062, 0, 0),
(8, 57, 1063, 0, 0),
(8, 58, 1064, 0, 0),
(8, 58, 1065, 0, 0),
(8, 58, 1066, 0, 0),
(8, 58, 1067, 0, 0),
(8, 58, 1068, 0, 0),
(8, 58, 1069, 0, 0),
(8, 58, 1070, 0, 0),
(8, 58, 1071, 0, 0),
(8, 58, 1072, 0, 0),
(8, 58, 1073, 0, 0),
(8, 58, 1074, 0, 0),
(8, 58, 1075, 0, 0),
(8, 58, 1076, 0, 0),
(8, 58, 1077, 0, 0),
(8, 58, 1078, 0, 0),
(8, 58, 1079, 0, 0),
(8, 58, 1080, 0, 0),
(8, 58, 1081, 0, 0),
(8, 58, 1082, 0, 0),
(8, 58, 1083, 0, 0),
(8, 58, 1084, 0, 0),
(8, 58, 1085, 0, 0),
(8, 59, 1086, 0, 0),
(8, 59, 1087, 0, 0),
(8, 59, 1088, 0, 0),
(8, 59, 1089, 0, 0),
(8, 59, 1090, 0, 0),
(8, 59, 1091, 0, 0),
(8, 59, 1092, 0, 0),
(8, 59, 1093, 0, 0),
(8, 59, 1094, 0, 0),
(8, 59, 1095, 0, 0),
(8, 59, 1096, 0, 0),
(8, 59, 1097, 0, 0),
(8, 59, 1098, 0, 0),
(8, 59, 1099, 0, 0),
(8, 59, 1100, 0, 0),
(8, 59, 1101, 0, 0),
(8, 59, 1102, 0, 0),
(8, 59, 1103, 0, 0),
(8, 59, 1104, 0, 0),
(8, 59, 1105, 0, 0),
(8, 59, 1106, 0, 0),
(8, 59, 1107, 0, 0),
(8, 59, 1108, 0, 0),
(8, 59, 1109, 0, 0),
(8, 60, 1110, 0, 0),
(8, 60, 1111, 0, 0),
(8, 60, 1112, 0, 0),
(8, 60, 1113, 0, 0),
(8, 60, 1114, 0, 0),
(8, 60, 1115, 0, 0),
(8, 60, 1116, 0, 0),
(8, 60, 1117, 0, 0),
(8, 60, 1118, 0, 0),
(8, 60, 1119, 0, 0),
(8, 60, 1120, 0, 0),
(8, 60, 1121, 0, 0),
(8, 60, 1122, 0, 0),
(8, 60, 1123, 0, 0),
(8, 60, 1124, 0, 0),
(8, 60, 1125, 0, 0),
(8, 60, 1126, 0, 0),
(8, 60, 1127, 0, 0),
(8, 61, 1128, 0, 0),
(8, 61, 1129, 0, 0),
(8, 61, 1130, 0, 0),
(8, 61, 1131, 0, 0),
(8, 61, 1132, 0, 0),
(8, 61, 1133, 0, 0),
(8, 61, 1134, 0, 0),
(8, 61, 1135, 0, 0),
(8, 61, 1136, 0, 0),
(8, 61, 1137, 0, 0),
(8, 61, 1138, 0, 0),
(8, 61, 1139, 0, 0),
(8, 61, 1140, 0, 0),
(8, 61, 1141, 0, 0),
(8, 61, 1142, 0, 0),
(8, 61, 1143, 0, 0),
(8, 61, 1144, 0, 0),
(8, 61, 1145, 0, 0),
(8, 61, 1146, 0, 0),
(8, 62, 1147, 0, 0),
(8, 62, 1148, 0, 0),
(8, 62, 1149, 0, 0),
(8, 62, 1150, 0, 0),
(8, 62, 1151, 0, 0),
(8, 62, 1152, 0, 0),
(8, 62, 1153, 0, 0),
(8, 62, 1154, 0, 0),
(8, 62, 1155, 0, 0),
(8, 62, 1156, 0, 0),
(8, 62, 1157, 0, 0),
(8, 62, 1158, 0, 0),
(8, 62, 1159, 0, 0),
(8, 62, 1160, 0, 0),
(8, 62, 1161, 0, 0),
(8, 62, 1162, 0, 0),
(8, 62, 1163, 0, 0),
(8, 62, 1164, 0, 0),
(8, 62, 1165, 0, 0),
(8, 62, 1166, 0, 0),
(8, 63, 1167, 0, 0),
(8, 63, 1168, 0, 0),
(8, 63, 1169, 0, 0),
(8, 63, 1170, 0, 0),
(8, 63, 1171, 0, 0),
(8, 63, 1172, 0, 0),
(8, 63, 1173, 0, 0),
(8, 63, 1174, 0, 0),
(8, 63, 1175, 0, 0),
(8, 63, 1176, 0, 0),
(8, 63, 1177, 0, 0),
(8, 63, 1178, 0, 0),
(8, 63, 1179, 0, 0),
(8, 21, 1189, 0, 0),
(8, 21, 1190, 0, 0),
(8, 21, 1191, 0, 0),
(8, 21, 1192, 0, 0),
(8, 21, 1193, 0, 0),
(8, 21, 1194, 0, 0),
(8, 21, 1195, 0, 0),
(8, 21, 1196, 0, 0),
(8, 21, 1197, 0, 0),
(8, 21, 1198, 0, 0),
(8, 21, 1199, 0, 0),
(8, 21, 1200, 0, 0),
(8, 21, 1201, 0, 0),
(8, 21, 1202, 0, 0),
(8, 21, 1203, 0, 0),
(8, 21, 1204, 0, 0),
(8, 21, 1205, 0, 0),
(8, 21, 1206, 0, 0),
(8, 21, 1207, 0, 0),
(8, 20, 1208, 0, 0),
(8, 20, 1209, 0, 0),
(8, 20, 1210, 0, 0),
(8, 20, 1211, 0, 0),
(8, 20, 1212, 0, 0),
(8, 4, 1213, 0, 0),
(8, 4, 1214, 0, 0),
(8, 4, 1215, 0, 0),
(8, 4, 1216, 0, 0),
(8, 4, 1217, 0, 0),
(8, 4, 1218, 0, 0),
(8, 4, 1219, 0, 0),
(8, 65, 1220, 0, 0),
(8, 65, 1221, 0, 0),
(8, 65, 1222, 0, 0),
(8, 65, 1223, 0, 0),
(8, 65, 1224, 0, 0),
(8, 65, 1225, 0, 0),
(8, 65, 1226, 0, 0),
(8, 65, 1227, 0, 0),
(8, 65, 1228, 0, 0),
(8, 65, 1229, 0, 0),
(8, 65, 1230, 0, 0),
(8, 65, 1231, 0, 0),
(8, 65, 1232, 0, 0),
(8, 65, 1233, 0, 0),
(8, 65, 1234, 0, 0),
(8, 2, 1235, 0, 0),
(8, 2, 1236, 0, 0),
(8, 2, 1237, 0, 0),
(8, 2, 1238, 0, 0),
(8, 2, 1239, 0, 0),
(8, 2, 1240, 0, 0),
(8, 2, 1241, 0, 0),
(8, 2, 1242, 0, 0),
(8, 2, 1243, 0, 0),
(32, 6, 1, 0, 0),
(32, 6, 2, 0, 0),
(32, 6, 3, 0, 0),
(32, 6, 4, 0, 0),
(32, 6, 5, 0, 0),
(32, 6, 6, 0, 0),
(32, 6, 7, 0, 0),
(32, 6, 8, 0, 0),
(32, 6, 9, 0, 0),
(32, 6, 10, 0, 0),
(32, 6, 11, 0, 0),
(32, 6, 12, 0, 0),
(32, 6, 13, 0, 0),
(32, 6, 14, 0, 0),
(32, 6, 15, 0, 0),
(32, 6, 16, 0, 0),
(32, 6, 17, 0, 0),
(32, 6, 18, 0, 0),
(32, 6, 19, 0, 0),
(32, 6, 20, 0, 0),
(32, 6, 21, 0, 1),
(32, 6, 22, 0, 1),
(32, 6, 23, 0, 0),
(32, 6, 24, 0, 0),
(32, 6, 25, 0, 0),
(32, 6, 26, 0, 0),
(32, 6, 27, 0, 0),
(32, 6, 28, 0, 0),
(32, 6, 29, 0, 0),
(32, 6, 30, 0, 0),
(32, 6, 31, 0, 0),
(32, 6, 32, 0, 0),
(32, 6, 33, 0, 0),
(32, 6, 34, 0, 0),
(32, 6, 35, 0, 0),
(32, 6, 36, 0, 0),
(32, 7, 37, 0, 0),
(32, 7, 38, 0, 0),
(32, 7, 39, 0, 0),
(32, 7, 40, 0, 0),
(32, 7, 41, 0, 0),
(32, 7, 42, 0, 0),
(32, 7, 43, 0, 0),
(32, 7, 44, 0, 0),
(32, 7, 45, 0, 0),
(32, 7, 46, 0, 0),
(32, 7, 47, 0, 0),
(32, 7, 48, 0, 0),
(32, 7, 49, 0, 0),
(32, 7, 50, 0, 0),
(32, 7, 51, 0, 0),
(32, 7, 52, 0, 0),
(32, 7, 53, 0, 0),
(32, 7, 54, 0, 0),
(32, 7, 55, 0, 0),
(32, 7, 56, 0, 1),
(32, 7, 57, 0, 1),
(32, 7, 58, 0, 0),
(32, 7, 59, 0, 0),
(32, 7, 60, 0, 0),
(32, 7, 61, 0, 0),
(32, 7, 62, 0, 0),
(32, 7, 63, 0, 0),
(32, 7, 64, 0, 0),
(32, 7, 65, 0, 0),
(32, 4, 66, 0, 0),
(32, 4, 67, 0, 0),
(32, 4, 68, 0, 0),
(32, 4, 69, 0, 0),
(32, 4, 70, 0, 0),
(32, 4, 71, 0, 0),
(32, 4, 72, 0, 0),
(32, 4, 73, 0, 0),
(32, 4, 74, 0, 0),
(32, 4, 75, 0, 0),
(32, 4, 76, 0, 0),
(32, 4, 77, 0, 0),
(32, 4, 78, 0, 0),
(32, 4, 79, 0, 0),
(32, 4, 80, 0, 0),
(32, 4, 81, 0, 0),
(32, 4, 82, 0, 0),
(32, 4, 83, 0, 0),
(32, 4, 84, 0, 0),
(32, 4, 85, 0, 0),
(32, 4, 86, 0, 0),
(32, 4, 87, 0, 0),
(32, 4, 88, 0, 0),
(32, 4, 89, 0, 0),
(32, 4, 90, 0, 1),
(32, 4, 91, 0, 1),
(32, 4, 92, 0, 0),
(32, 4, 96, 0, 0),
(32, 4, 97, 0, 0),
(32, 4, 98, 0, 0),
(32, 4, 99, 0, 0),
(32, 4, 100, 0, 0),
(32, 4, 101, 0, 0),
(32, 4, 102, 0, 0),
(32, 4, 103, 0, 0),
(32, 4, 104, 0, 0),
(32, 4, 105, 0, 0),
(32, 4, 106, 0, 0),
(32, 4, 107, 0, 0),
(32, 4, 108, 0, 0),
(32, 4, 109, 0, 0),
(32, 2, 110, 0, 0),
(32, 2, 111, 0, 0),
(32, 2, 112, 0, 0),
(32, 2, 113, 0, 0),
(32, 2, 114, 0, 0),
(32, 2, 115, 0, 0),
(32, 2, 116, 0, 0),
(32, 2, 117, 0, 0),
(32, 2, 118, 0, 0),
(32, 2, 119, 0, 0),
(32, 2, 120, 0, 0),
(32, 2, 121, 0, 0),
(32, 2, 122, 0, 1),
(32, 2, 123, 0, 1),
(32, 2, 124, 0, 0),
(32, 2, 125, 0, 0),
(32, 26, 126, 0, 0),
(32, 26, 127, 0, 0),
(32, 26, 128, 0, 0),
(32, 26, 129, 0, 0),
(32, 26, 130, 0, 0),
(32, 26, 131, 0, 0),
(32, 26, 132, 0, 0),
(32, 26, 133, 0, 0),
(32, 26, 134, 0, 0),
(32, 26, 135, 0, 0),
(32, 26, 136, 0, 0),
(32, 26, 137, 0, 1),
(32, 26, 138, 0, 1),
(32, 26, 139, 0, 0),
(32, 26, 140, 0, 0),
(32, 26, 141, 0, 0),
(32, 26, 142, 0, 0),
(32, 26, 143, 0, 0),
(32, 26, 144, 0, 0),
(32, 26, 145, 0, 0),
(32, 26, 146, 0, 0),
(32, 26, 147, 0, 0),
(32, 26, 148, 0, 0),
(32, 26, 149, 0, 0),
(32, 26, 150, 0, 0),
(32, 13, 155, 0, 0),
(32, 13, 156, 0, 0),
(32, 13, 157, 0, 0),
(32, 13, 158, 0, 0),
(32, 13, 159, 0, 0),
(32, 13, 160, 0, 0),
(32, 13, 161, 0, 0),
(32, 13, 162, 0, 0),
(32, 13, 164, 0, 0),
(32, 13, 165, 0, 0),
(32, 13, 166, 0, 1),
(32, 13, 167, 0, 1),
(32, 13, 168, 0, 0),
(32, 13, 169, 0, 0),
(32, 13, 170, 0, 0),
(32, 13, 171, 0, 0),
(32, 13, 172, 0, 0),
(32, 14, 174, 0, 0),
(32, 14, 175, 0, 0),
(32, 14, 176, 0, 0),
(32, 14, 177, 0, 0),
(32, 14, 178, 0, 0),
(32, 14, 179, 0, 0),
(32, 14, 180, 0, 0),
(32, 14, 181, 0, 0),
(32, 14, 182, 0, 0),
(32, 14, 183, 0, 0),
(32, 14, 184, 0, 0),
(32, 14, 185, 0, 0),
(32, 14, 186, 0, 0),
(32, 14, 187, 0, 0),
(32, 14, 188, 0, 0),
(32, 14, 189, 0, 0),
(32, 14, 190, 0, 0),
(32, 14, 191, 0, 1),
(32, 14, 192, 0, 1),
(32, 14, 193, 0, 0),
(32, 14, 194, 0, 0),
(32, 14, 195, 0, 0),
(32, 14, 197, 0, 0),
(32, 14, 198, 0, 0),
(32, 14, 199, 0, 0),
(32, 14, 200, 0, 0),
(32, 14, 201, 0, 0),
(32, 14, 202, 0, 0),
(32, 14, 203, 0, 0),
(32, 14, 204, 0, 0),
(32, 8, 205, 0, 0),
(32, 8, 206, 0, 1),
(32, 8, 207, 0, 1),
(32, 8, 208, 0, 0),
(32, 8, 209, 0, 0),
(32, 8, 210, 0, 0),
(32, 8, 211, 0, 1),
(32, 8, 212, 0, 1),
(32, 8, 213, 0, 0),
(32, 8, 214, 0, 0),
(32, 8, 215, 0, 0),
(32, 8, 216, 0, 1),
(32, 8, 217, 0, 0),
(32, 8, 218, 0, 0),
(32, 8, 219, 0, 0),
(32, 10, 220, 0, 0),
(32, 10, 221, 0, 0),
(32, 10, 222, 0, 0),
(32, 10, 223, 0, 0),
(32, 10, 224, 0, 0),
(32, 10, 225, 0, 0),
(32, 10, 226, 0, 0),
(32, 10, 227, 0, 0),
(32, 10, 228, 0, 0),
(32, 10, 229, 0, 1),
(32, 10, 230, 0, 0),
(32, 10, 231, 0, 0),
(32, 9, 232, 0, 0),
(32, 9, 233, 0, 0),
(32, 9, 234, 0, 0),
(32, 9, 235, 0, 0),
(32, 9, 236, 0, 0),
(32, 9, 237, 0, 0),
(32, 9, 238, 0, 0),
(32, 9, 239, 0, 0),
(32, 9, 240, 0, 0),
(32, 9, 241, 0, 0),
(32, 9, 242, 0, 0),
(32, 9, 243, 0, 0),
(32, 9, 244, 0, 1),
(32, 9, 245, 0, 1),
(32, 9, 246, 0, 0),
(32, 9, 247, 0, 0),
(32, 9, 248, 0, 0),
(32, 9, 249, 0, 0),
(32, 9, 250, 0, 0),
(32, 9, 251, 0, 0),
(32, 9, 252, 0, 0),
(32, 9, 253, 0, 0),
(32, 9, 254, 0, 0),
(32, 9, 255, 0, 0),
(32, 16, 256, 0, 0),
(32, 16, 257, 0, 0),
(32, 16, 258, 0, 0),
(32, 16, 259, 0, 0),
(32, 16, 260, 0, 0),
(32, 16, 261, 0, 0),
(32, 16, 262, 0, 0),
(32, 16, 263, 0, 0),
(32, 16, 264, 0, 0),
(32, 16, 265, 0, 0),
(32, 16, 266, 0, 0),
(32, 16, 267, 0, 0),
(32, 16, 268, 0, 0),
(32, 16, 269, 0, 0),
(32, 16, 270, 0, 1),
(32, 16, 271, 0, 1),
(32, 16, 272, 0, 0),
(32, 16, 273, 0, 0),
(32, 16, 274, 0, 0),
(32, 16, 275, 0, 0),
(32, 16, 276, 0, 0),
(32, 16, 277, 0, 0),
(32, 16, 278, 0, 0),
(32, 15, 279, 0, 0),
(32, 15, 280, 0, 0),
(32, 15, 281, 0, 0),
(32, 15, 282, 0, 0),
(32, 15, 283, 0, 0),
(32, 15, 284, 0, 0),
(32, 15, 286, 0, 1),
(32, 15, 287, 0, 1),
(32, 15, 288, 0, 0),
(32, 18, 289, 0, 0),
(32, 18, 290, 0, 0),
(32, 18, 291, 0, 0),
(32, 18, 292, 0, 0),
(32, 18, 293, 0, 0),
(32, 18, 294, 0, 0),
(32, 18, 295, 0, 0),
(32, 18, 296, 0, 1),
(32, 18, 297, 0, 1),
(32, 18, 298, 0, 0),
(32, 18, 299, 0, 0),
(32, 18, 300, 0, 0),
(32, 18, 301, 0, 0),
(32, 18, 302, 0, 0),
(32, 18, 303, 0, 0),
(32, 18, 304, 0, 0),
(32, 18, 305, 0, 0),
(32, 19, 306, 0, 0),
(32, 19, 307, 0, 0),
(32, 19, 308, 0, 0),
(32, 19, 309, 0, 1),
(32, 19, 310, 0, 1),
(32, 19, 311, 0, 0),
(32, 19, 312, 0, 0),
(32, 19, 313, 0, 0),
(32, 20, 314, 0, 0),
(32, 20, 315, 0, 0),
(32, 20, 316, 0, 0),
(32, 20, 317, 0, 0),
(32, 20, 318, 0, 0),
(32, 20, 319, 0, 0),
(32, 20, 320, 0, 0),
(32, 20, 321, 0, 0),
(32, 20, 322, 0, 0),
(32, 20, 323, 0, 0),
(32, 20, 324, 0, 0),
(32, 20, 325, 0, 0),
(32, 20, 326, 0, 0),
(32, 20, 327, 0, 0),
(32, 20, 328, 0, 0),
(32, 20, 329, 0, 0),
(32, 20, 330, 0, 0),
(32, 20, 331, 0, 0),
(32, 20, 332, 0, 1),
(32, 20, 333, 0, 1),
(32, 20, 334, 0, 0),
(32, 20, 335, 0, 0),
(32, 20, 336, 0, 0),
(32, 20, 337, 0, 0),
(32, 20, 338, 0, 0),
(32, 20, 339, 0, 0),
(32, 20, 340, 0, 0),
(32, 20, 341, 0, 0),
(32, 20, 342, 0, 0),
(32, 20, 343, 0, 0),
(32, 20, 344, 0, 0),
(32, 20, 345, 0, 0),
(32, 20, 346, 0, 0),
(32, 20, 347, 0, 0),
(32, 20, 348, 0, 0),
(32, 20, 349, 0, 0),
(32, 20, 350, 0, 0),
(32, 21, 351, 0, 0),
(32, 21, 352, 0, 0),
(32, 21, 353, 0, 0),
(32, 21, 354, 0, 0),
(32, 21, 355, 0, 0),
(32, 21, 356, 0, 0),
(32, 21, 357, 0, 0),
(32, 21, 358, 0, 0),
(32, 21, 359, 0, 0),
(32, 21, 360, 0, 0),
(32, 21, 361, 0, 0),
(32, 21, 362, 0, 0),
(32, 21, 363, 0, 0),
(32, 21, 364, 0, 0),
(32, 21, 365, 0, 0),
(32, 21, 366, 0, 0),
(32, 21, 367, 0, 0),
(32, 21, 368, 0, 0),
(32, 21, 369, 0, 0),
(32, 21, 370, 0, 1),
(32, 21, 371, 0, 1),
(32, 21, 372, 0, 0),
(32, 21, 373, 0, 0),
(32, 21, 374, 0, 0),
(32, 21, 375, 0, 0),
(32, 21, 376, 0, 0),
(32, 21, 377, 0, 0),
(32, 21, 378, 0, 0),
(32, 21, 379, 0, 0),
(32, 21, 380, 0, 0),
(32, 21, 381, 0, 0),
(32, 21, 382, 0, 0),
(32, 21, 383, 0, 0),
(32, 21, 384, 0, 0),
(32, 21, 385, 0, 0),
(32, 21, 386, 0, 0),
(32, 21, 387, 0, 0),
(32, 21, 388, 0, 0),
(32, 22, 389, 0, 0),
(32, 22, 390, 0, 0),
(32, 22, 391, 0, 0),
(32, 22, 392, 0, 0),
(32, 22, 393, 0, 0),
(32, 22, 394, 0, 0),
(32, 22, 395, 0, 0),
(32, 22, 396, 0, 0),
(32, 22, 397, 0, 0),
(32, 22, 398, 0, 0),
(32, 22, 399, 0, 0),
(32, 22, 400, 0, 0),
(32, 22, 401, 0, 0),
(32, 22, 402, 0, 0),
(32, 22, 403, 0, 0),
(32, 22, 404, 0, 0),
(32, 22, 405, 0, 0),
(32, 22, 406, 0, 0),
(32, 22, 407, 0, 0),
(32, 22, 408, 0, 0),
(32, 22, 409, 0, 0),
(32, 22, 410, 0, 0),
(32, 22, 411, 0, 1),
(32, 22, 412, 0, 1),
(32, 22, 413, 0, 0),
(32, 22, 414, 0, 0),
(32, 22, 415, 0, 0),
(32, 22, 416, 0, 0),
(32, 22, 417, 0, 0),
(32, 22, 418, 0, 0),
(32, 22, 419, 0, 0),
(32, 22, 420, 0, 0),
(32, 22, 421, 0, 0),
(32, 22, 422, 0, 0),
(32, 22, 423, 0, 0),
(32, 22, 424, 0, 0),
(32, 22, 425, 0, 0),
(32, 22, 426, 0, 0),
(32, 22, 427, 0, 0),
(32, 22, 428, 0, 0),
(32, 22, 429, 0, 0),
(32, 22, 430, 0, 0),
(32, 22, 431, 0, 0),
(32, 22, 432, 0, 0),
(32, 22, 433, 0, 0),
(32, 22, 434, 0, 0),
(32, 22, 435, 0, 0),
(32, 23, 436, 0, 0),
(32, 23, 437, 0, 0),
(32, 23, 438, 0, 0),
(32, 23, 439, 0, 0),
(32, 23, 440, 0, 0),
(32, 23, 441, 0, 0),
(32, 23, 442, 0, 0),
(32, 23, 443, 0, 0),
(32, 23, 444, 0, 0),
(32, 23, 445, 0, 0),
(32, 23, 446, 0, 0),
(32, 23, 447, 0, 0),
(32, 23, 448, 0, 0),
(32, 23, 449, 0, 0),
(32, 23, 450, 0, 0),
(32, 23, 451, 0, 0),
(32, 23, 452, 0, 0),
(32, 23, 453, 0, 0),
(32, 23, 454, 0, 0),
(32, 23, 455, 0, 1),
(32, 23, 456, 0, 1),
(32, 23, 457, 0, 0),
(32, 23, 458, 0, 0),
(32, 23, 459, 0, 0),
(32, 23, 460, 0, 0),
(32, 23, 461, 0, 0),
(32, 23, 462, 0, 0),
(32, 23, 463, 0, 0),
(32, 23, 464, 0, 0),
(32, 23, 465, 0, 0),
(32, 23, 466, 0, 0),
(32, 23, 467, 0, 0),
(32, 23, 468, 0, 0),
(32, 23, 469, 0, 0),
(32, 23, 470, 0, 0),
(32, 23, 471, 0, 0),
(32, 23, 472, 0, 0),
(32, 23, 473, 0, 0),
(32, 23, 474, 0, 0),
(32, 10, 520, 0, 0),
(32, 10, 521, 0, 0),
(32, 10, 522, 0, 0),
(32, 10, 523, 0, 0),
(32, 10, 524, 0, 0),
(32, 10, 525, 0, 0),
(32, 34, 526, 0, 0),
(32, 34, 527, 0, 0),
(32, 34, 528, 0, 0),
(32, 34, 529, 0, 0),
(32, 34, 530, 0, 0),
(32, 34, 531, 0, 0),
(32, 34, 532, 0, 0),
(32, 34, 533, 0, 0),
(32, 34, 534, 0, 0),
(32, 34, 535, 0, 0),
(32, 34, 536, 0, 0),
(32, 34, 537, 0, 0),
(32, 34, 538, 0, 0),
(32, 34, 539, 0, 0),
(32, 34, 540, 0, 1),
(32, 34, 541, 0, 1),
(32, 34, 542, 0, 1),
(32, 35, 544, 0, 0),
(32, 35, 545, 0, 1),
(32, 35, 546, 0, 1),
(32, 35, 547, 0, 0),
(32, 35, 548, 0, 1),
(32, 35, 549, 0, 0),
(32, 35, 550, 0, 0),
(32, 35, 551, 0, 0),
(32, 35, 552, 0, 0),
(32, 35, 553, 0, 0),
(32, 35, 554, 0, 0),
(32, 35, 555, 0, 1),
(32, 35, 556, 0, 1),
(32, 35, 557, 0, 0),
(32, 35, 558, 0, 0),
(32, 35, 559, 0, 0),
(32, 35, 560, 0, 1),
(32, 35, 561, 0, 0),
(32, 35, 562, 0, 0),
(32, 35, 563, 0, 1),
(32, 35, 564, 0, 1),
(32, 35, 565, 0, 1),
(32, 36, 566, 0, 0),
(32, 36, 567, 0, 0),
(32, 36, 568, 0, 0),
(32, 36, 569, 0, 0),
(32, 36, 570, 0, 0),
(32, 36, 571, 0, 0),
(32, 36, 572, 0, 0),
(32, 36, 573, 0, 0),
(32, 36, 574, 0, 1),
(32, 36, 575, 0, 1),
(32, 36, 576, 0, 0),
(32, 36, 577, 0, 0),
(32, 36, 578, 0, 0),
(32, 36, 579, 0, 0),
(32, 36, 580, 0, 0),
(32, 36, 581, 0, 0),
(32, 36, 583, 0, 0),
(32, 36, 584, 0, 0),
(32, 36, 585, 0, 1),
(32, 36, 586, 0, 1),
(32, 36, 587, 0, 1),
(32, 38, 588, 0, 0),
(32, 38, 589, 0, 0),
(32, 38, 590, 0, 0),
(32, 38, 591, 0, 0),
(32, 38, 592, 0, 0),
(32, 38, 593, 0, 0),
(32, 38, 594, 0, 0),
(32, 38, 595, 0, 0),
(32, 38, 596, 0, 0),
(32, 38, 597, 0, 0),
(32, 38, 598, 0, 0),
(32, 38, 599, 0, 0),
(32, 38, 600, 0, 0),
(32, 38, 601, 0, 0),
(32, 38, 602, 0, 1),
(32, 38, 603, 0, 1),
(32, 38, 604, 0, 0),
(32, 38, 605, 0, 0),
(32, 38, 606, 0, 1),
(32, 38, 607, 0, 1),
(32, 38, 608, 0, 1),
(32, 42, 609, 0, 0),
(32, 42, 610, 0, 0),
(32, 42, 611, 0, 1),
(32, 42, 612, 0, 1),
(32, 42, 613, 0, 0),
(32, 42, 614, 0, 1),
(32, 42, 615, 0, 0),
(32, 42, 616, 0, 1),
(32, 43, 617, 0, 0),
(32, 43, 618, 0, 0),
(32, 43, 619, 0, 0),
(32, 43, 620, 0, 0),
(32, 43, 621, 0, 0),
(32, 43, 622, 0, 0),
(32, 43, 623, 0, 1),
(32, 43, 624, 0, 1),
(32, 43, 625, 0, 0),
(32, 43, 626, 0, 0),
(32, 43, 627, 0, 1),
(32, 43, 628, 0, 1),
(32, 43, 629, 0, 1),
(32, 44, 630, 0, 0),
(32, 44, 631, 0, 0),
(32, 44, 632, 0, 0),
(32, 44, 633, 0, 0),
(32, 44, 634, 0, 0),
(32, 44, 635, 0, 0),
(32, 44, 636, 0, 0),
(32, 44, 637, 0, 0),
(32, 44, 638, 0, 0),
(32, 44, 639, 0, 0),
(32, 44, 640, 0, 0),
(32, 44, 641, 0, 1),
(32, 44, 642, 0, 1),
(32, 44, 643, 0, 0),
(32, 44, 644, 0, 0),
(32, 44, 645, 0, 1),
(32, 44, 646, 0, 1),
(32, 44, 647, 0, 1),
(32, 45, 648, 0, 0),
(32, 45, 649, 0, 0),
(32, 45, 650, 0, 0),
(32, 45, 651, 0, 0),
(32, 45, 652, 0, 0),
(32, 45, 653, 0, 0),
(32, 45, 654, 0, 0),
(32, 45, 655, 0, 0),
(32, 45, 656, 0, 0),
(32, 45, 657, 0, 0),
(32, 45, 658, 0, 0),
(32, 45, 659, 0, 0),
(32, 45, 660, 0, 0),
(32, 45, 661, 0, 1),
(32, 45, 662, 0, 1),
(32, 45, 663, 0, 0),
(32, 45, 664, 0, 0),
(32, 45, 665, 0, 1),
(32, 45, 666, 0, 1),
(32, 45, 667, 0, 1),
(32, 47, 668, 0, 0),
(32, 47, 669, 0, 1),
(32, 47, 670, 0, 1),
(32, 47, 671, 0, 0),
(32, 47, 672, 0, 0),
(32, 47, 673, 0, 1),
(32, 2, 674, 0, 0),
(32, 23, 676, 0, 0),
(32, 23, 677, 0, 0),
(32, 23, 678, 0, 0),
(32, 23, 679, 0, 0),
(32, 23, 680, 0, 0),
(32, 23, 681, 0, 0),
(32, 22, 685, 0, 0),
(32, 22, 686, 0, 0),
(32, 22, 687, 0, 0),
(32, 22, 688, 0, 0),
(32, 22, 689, 0, 0),
(32, 22, 690, 0, 0),
(32, 21, 694, 0, 0),
(32, 21, 695, 0, 0),
(32, 21, 696, 0, 0),
(32, 21, 697, 0, 0),
(32, 21, 698, 0, 0),
(32, 21, 699, 0, 0),
(32, 20, 703, 0, 0),
(32, 20, 704, 0, 0),
(32, 20, 705, 0, 0),
(32, 20, 706, 0, 0),
(32, 20, 707, 0, 0),
(32, 20, 708, 0, 0),
(32, 44, 713, 0, 0),
(32, 42, 714, 0, 0),
(32, 23, 718, 0, 0),
(32, 22, 719, 0, 0),
(32, 21, 720, 0, 0),
(32, 20, 721, 0, 0),
(32, 6, 723, 0, 1),
(32, 4, 724, 0, 1),
(32, 2, 725, 0, 1),
(32, 23, 727, 0, 0),
(32, 23, 728, 0, 0),
(32, 21, 729, 0, 0),
(32, 21, 730, 0, 0),
(32, 18, 731, 0, 0),
(32, 7, 732, 0, 0),
(32, 42, 733, 0, 0),
(32, 42, 734, 0, 0),
(32, 23, 735, 0, 0),
(32, 20, 736, 0, 0),
(32, 21, 737, 0, 0),
(32, 22, 738, 0, 0),
(32, 2, 740, 0, 0),
(32, 13, 741, 0, 0),
(32, 14, 772, 0, 0),
(32, 36, 773, 0, 0),
(32, 23, 774, 0, 0),
(32, 42, 786, 0, 0),
(32, 42, 787, 0, 0),
(32, 42, 788, 0, 0),
(32, 2, 789, 0, 1),
(32, 4, 790, 0, 1),
(32, 6, 791, 0, 1),
(32, 7, 792, 0, 1),
(32, 8, 793, 0, 1),
(32, 9, 794, 0, 1),
(32, 10, 795, 0, 1),
(32, 13, 796, 0, 1),
(32, 14, 797, 0, 1),
(32, 15, 798, 0, 1),
(32, 16, 799, 0, 1),
(32, 18, 800, 0, 1),
(32, 19, 801, 0, 1),
(32, 20, 802, 0, 1),
(32, 21, 803, 0, 1),
(32, 22, 804, 0, 1),
(32, 23, 805, 0, 1),
(32, 26, 806, 0, 1),
(32, 10, 807, 0, 0),
(32, 2, 808, 0, 1),
(32, 4, 809, 0, 1),
(32, 6, 810, 0, 1),
(32, 7, 811, 0, 1),
(32, 8, 812, 0, 1),
(32, 9, 813, 0, 1),
(32, 10, 814, 0, 1),
(32, 13, 815, 0, 1),
(32, 14, 816, 0, 1),
(32, 15, 817, 0, 1),
(32, 16, 818, 0, 1),
(32, 18, 819, 0, 1),
(32, 19, 820, 0, 1),
(32, 20, 821, 0, 1),
(32, 21, 822, 0, 1),
(32, 22, 823, 0, 1),
(32, 23, 824, 0, 1),
(32, 26, 825, 0, 1),
(32, 2, 826, 0, 1),
(32, 4, 827, 0, 1),
(32, 6, 828, 0, 1),
(32, 7, 829, 0, 1),
(32, 8, 830, 0, 1),
(32, 9, 831, 0, 1),
(32, 10, 832, 0, 1),
(32, 13, 833, 0, 1),
(32, 14, 834, 0, 1),
(32, 15, 835, 0, 1),
(32, 16, 836, 0, 1),
(32, 18, 837, 0, 1),
(32, 19, 838, 0, 1),
(32, 20, 839, 0, 1),
(32, 21, 840, 0, 1),
(32, 22, 841, 0, 1),
(32, 23, 842, 0, 1),
(32, 26, 843, 0, 1),
(32, 20, 844, 0, 0),
(32, 21, 845, 0, 0),
(32, 22, 846, 0, 0),
(32, 23, 847, 0, 0),
(32, 45, 848, 0, 1),
(32, 45, 849, 0, 0),
(32, 22, 851, 0, 1),
(32, 16, 853, 0, 0),
(32, 16, 854, 0, 0),
(32, 16, 855, 0, 0),
(32, 16, 856, 0, 0),
(32, 9, 857, 0, 0),
(32, 9, 858, 0, 0),
(32, 16, 859, 0, 0),
(32, 20, 860, 0, 0),
(32, 20, 861, 0, 0),
(32, 20, 862, 0, 0),
(32, 20, 863, 0, 0),
(32, 20, 864, 0, 0),
(32, 20, 865, 0, 0),
(32, 20, 866, 0, 0),
(32, 20, 867, 0, 0),
(32, 20, 868, 0, 0),
(32, 20, 869, 0, 0),
(32, 20, 870, 0, 0),
(32, 20, 871, 0, 0),
(32, 20, 872, 0, 0),
(32, 20, 873, 0, 0),
(32, 20, 874, 0, 0),
(32, 20, 875, 0, 0),
(32, 20, 876, 0, 0),
(32, 20, 877, 0, 0),
(32, 2, 878, 0, 0),
(32, 23, 879, 0, 0),
(32, 23, 880, 0, 0),
(32, 23, 881, 0, 0),
(32, 23, 882, 0, 0),
(32, 23, 883, 0, 0),
(32, 23, 884, 0, 0),
(32, 23, 885, 0, 0),
(32, 23, 886, 0, 0),
(32, 23, 887, 0, 0),
(32, 23, 888, 0, 0),
(32, 23, 889, 0, 0),
(32, 23, 890, 0, 0),
(32, 23, 891, 0, 0),
(32, 6, 892, 0, 0),
(32, 6, 893, 0, 0),
(32, 6, 894, 0, 0),
(32, 6, 895, 0, 0),
(32, 6, 896, 0, 0),
(32, 6, 897, 0, 0),
(32, 6, 898, 0, 0),
(32, 6, 899, 0, 0),
(32, 6, 900, 0, 0),
(32, 6, 901, 0, 0),
(32, 6, 902, 0, 0),
(32, 6, 903, 0, 0),
(32, 6, 904, 0, 0),
(32, 6, 905, 0, 0),
(32, 6, 906, 0, 0),
(32, 6, 907, 0, 0),
(32, 6, 908, 0, 0),
(32, 6, 909, 0, 0),
(32, 6, 910, 0, 0),
(32, 6, 911, 0, 0),
(32, 6, 912, 0, 0),
(32, 6, 913, 0, 0),
(32, 6, 914, 0, 0),
(32, 6, 915, 0, 0),
(32, 6, 916, 0, 0),
(32, 6, 917, 0, 0),
(32, 6, 918, 0, 0),
(32, 6, 919, 0, 0),
(32, 6, 920, 0, 0),
(32, 6, 921, 0, 0),
(32, 6, 922, 0, 0),
(32, 6, 923, 0, 0),
(32, 6, 924, 0, 0),
(32, 6, 925, 0, 0),
(32, 6, 926, 0, 0),
(32, 23, 927, 0, 0),
(32, 52, 928, 0, 0),
(32, 52, 929, 0, 0),
(32, 52, 930, 0, 0),
(32, 52, 931, 0, 0),
(32, 52, 932, 0, 0),
(32, 52, 933, 0, 0),
(32, 52, 934, 0, 0),
(32, 52, 935, 0, 0),
(32, 52, 936, 0, 0),
(32, 52, 937, 0, 0),
(32, 52, 938, 0, 0),
(32, 52, 939, 0, 0),
(32, 52, 940, 0, 0),
(32, 52, 941, 0, 0),
(32, 52, 942, 0, 0),
(32, 52, 943, 0, 0),
(32, 52, 944, 0, 0),
(32, 52, 945, 0, 0),
(32, 52, 946, 0, 0),
(32, 52, 947, 0, 1),
(32, 52, 948, 0, 1),
(32, 52, 949, 0, 0),
(32, 52, 950, 0, 1),
(32, 52, 951, 0, 1),
(32, 52, 952, 0, 0),
(32, 21, 953, 0, 0),
(32, 53, 954, 0, 0),
(32, 53, 955, 0, 0),
(32, 53, 956, 0, 0),
(32, 53, 957, 0, 0),
(32, 53, 958, 0, 0),
(32, 53, 959, 0, 0),
(32, 53, 960, 0, 0),
(32, 53, 961, 0, 0),
(32, 53, 962, 0, 0),
(32, 53, 963, 0, 0),
(32, 53, 964, 0, 0),
(32, 53, 965, 0, 0),
(32, 53, 966, 0, 0),
(32, 53, 967, 0, 1),
(32, 53, 968, 0, 1),
(32, 53, 969, 0, 0),
(32, 54, 970, 0, 0),
(32, 54, 971, 0, 0),
(32, 54, 972, 0, 0),
(32, 54, 973, 0, 0),
(32, 54, 974, 0, 0),
(32, 54, 975, 0, 0),
(32, 54, 976, 0, 0),
(32, 54, 977, 0, 0),
(32, 54, 978, 0, 0),
(32, 54, 979, 0, 0),
(32, 54, 980, 0, 0),
(32, 54, 981, 0, 0),
(32, 54, 982, 0, 0),
(32, 54, 983, 0, 1),
(32, 54, 984, 0, 1),
(32, 54, 985, 0, 0),
(32, 55, 986, 0, 0),
(32, 55, 987, 0, 0),
(32, 55, 988, 0, 0),
(32, 55, 989, 0, 0),
(32, 55, 990, 0, 0),
(32, 55, 991, 0, 0),
(32, 55, 992, 0, 0),
(32, 55, 993, 0, 0),
(32, 55, 994, 0, 0),
(32, 55, 995, 0, 0),
(32, 55, 996, 0, 0),
(32, 55, 997, 0, 0),
(32, 55, 998, 0, 0),
(32, 55, 999, 0, 0),
(32, 55, 1000, 0, 0),
(32, 55, 1001, 0, 0),
(32, 55, 1002, 0, 0),
(32, 55, 1003, 0, 0),
(32, 55, 1004, 0, 0),
(32, 55, 1005, 0, 1),
(32, 55, 1006, 0, 1),
(32, 55, 1007, 0, 0),
(32, 7, 1008, 0, 0),
(32, 7, 1009, 0, 0),
(32, 7, 1010, 0, 0),
(32, 7, 1011, 0, 0),
(32, 7, 1012, 0, 0),
(32, 7, 1013, 0, 0),
(32, 7, 1014, 0, 0),
(32, 7, 1015, 0, 0),
(32, 7, 1016, 0, 0),
(32, 7, 1017, 0, 0),
(32, 7, 1018, 0, 0),
(32, 7, 1019, 0, 0),
(32, 7, 1020, 0, 0),
(32, 7, 1021, 0, 0),
(32, 7, 1022, 0, 0),
(32, 7, 1023, 0, 0),
(32, 7, 1024, 0, 0),
(32, 7, 1025, 0, 0),
(32, 7, 1026, 0, 0),
(32, 7, 1027, 0, 0),
(32, 7, 1028, 0, 0),
(32, 7, 1029, 0, 0),
(32, 7, 1030, 0, 0),
(32, 7, 1031, 0, 0),
(32, 7, 1032, 0, 0),
(32, 7, 1033, 0, 0),
(32, 56, 1034, 0, 0),
(32, 56, 1035, 0, 0),
(32, 56, 1036, 0, 0),
(32, 56, 1037, 0, 0),
(32, 56, 1038, 0, 0),
(32, 56, 1039, 0, 0),
(32, 56, 1040, 0, 0),
(32, 56, 1041, 0, 0),
(32, 56, 1042, 0, 0),
(32, 56, 1043, 0, 0),
(32, 56, 1044, 0, 1),
(32, 56, 1045, 0, 1),
(32, 56, 1046, 0, 0),
(32, 57, 1047, 0, 0),
(32, 57, 1048, 0, 0),
(32, 57, 1049, 0, 0),
(32, 57, 1050, 0, 0),
(32, 57, 1051, 0, 0),
(32, 57, 1052, 0, 0),
(32, 57, 1053, 0, 0),
(32, 57, 1054, 0, 0),
(32, 57, 1055, 0, 0),
(32, 57, 1056, 0, 0),
(32, 57, 1057, 0, 0),
(32, 57, 1058, 0, 0),
(32, 57, 1059, 0, 0),
(32, 57, 1060, 0, 0),
(32, 57, 1061, 0, 1),
(32, 57, 1062, 0, 1),
(32, 57, 1063, 0, 0),
(32, 58, 1064, 0, 0),
(32, 58, 1065, 0, 0),
(32, 58, 1066, 0, 0),
(32, 58, 1067, 0, 0),
(32, 58, 1068, 0, 0),
(32, 58, 1069, 0, 0),
(32, 58, 1070, 0, 0),
(32, 58, 1071, 0, 0),
(32, 58, 1072, 0, 0),
(32, 58, 1073, 0, 0),
(32, 58, 1074, 0, 0),
(32, 58, 1075, 0, 0),
(32, 58, 1076, 0, 0),
(32, 58, 1077, 0, 0),
(32, 58, 1078, 0, 0),
(32, 58, 1079, 0, 0),
(32, 58, 1080, 0, 0),
(32, 58, 1081, 0, 0),
(32, 58, 1082, 0, 0),
(32, 58, 1083, 0, 1),
(32, 58, 1084, 0, 1),
(32, 58, 1085, 0, 0),
(32, 59, 1086, 0, 0),
(32, 59, 1087, 0, 0),
(32, 59, 1088, 0, 0),
(32, 59, 1089, 0, 0),
(32, 59, 1090, 0, 0),
(32, 59, 1091, 0, 0),
(32, 59, 1092, 0, 0),
(32, 59, 1093, 0, 0),
(32, 59, 1094, 0, 0),
(32, 59, 1095, 0, 0),
(32, 59, 1096, 0, 0),
(32, 59, 1097, 0, 0),
(32, 59, 1098, 0, 0),
(32, 59, 1099, 0, 0),
(32, 59, 1100, 0, 0),
(32, 59, 1101, 0, 0),
(32, 59, 1102, 0, 0),
(32, 59, 1103, 0, 0),
(32, 59, 1104, 0, 0),
(32, 59, 1105, 0, 0),
(32, 59, 1106, 0, 0),
(32, 59, 1107, 0, 1),
(32, 59, 1108, 0, 1),
(32, 59, 1109, 0, 0),
(32, 60, 1110, 0, 0),
(32, 60, 1111, 0, 0),
(32, 60, 1112, 0, 0),
(32, 60, 1113, 0, 0),
(32, 60, 1114, 0, 0),
(32, 60, 1115, 0, 0),
(32, 60, 1116, 0, 0),
(32, 60, 1117, 0, 0),
(32, 60, 1118, 0, 0),
(32, 60, 1119, 0, 0),
(32, 60, 1120, 0, 0),
(32, 60, 1121, 0, 0),
(32, 60, 1122, 0, 0),
(32, 60, 1123, 0, 0),
(32, 60, 1124, 0, 0),
(32, 60, 1125, 0, 1),
(32, 60, 1126, 0, 1),
(32, 60, 1127, 0, 0),
(32, 61, 1128, 0, 0),
(32, 61, 1129, 0, 0),
(32, 61, 1130, 0, 0),
(32, 61, 1131, 0, 0),
(32, 61, 1132, 0, 0),
(32, 61, 1133, 0, 0),
(32, 61, 1134, 0, 0),
(32, 61, 1135, 0, 0),
(32, 61, 1136, 0, 0),
(32, 61, 1137, 0, 0),
(32, 61, 1138, 0, 0),
(32, 61, 1139, 0, 0),
(32, 61, 1140, 0, 0),
(32, 61, 1141, 0, 0),
(32, 61, 1142, 0, 0),
(32, 61, 1143, 0, 0),
(32, 61, 1144, 0, 1),
(32, 61, 1145, 0, 1),
(32, 61, 1146, 0, 0),
(32, 62, 1147, 0, 0),
(32, 62, 1148, 0, 0),
(32, 62, 1149, 0, 0),
(32, 62, 1150, 0, 0),
(32, 62, 1151, 0, 0),
(32, 62, 1152, 0, 0),
(32, 62, 1153, 0, 0),
(32, 62, 1154, 0, 0),
(32, 62, 1155, 0, 0),
(32, 62, 1156, 0, 0),
(32, 62, 1157, 0, 0),
(32, 62, 1158, 0, 0),
(32, 62, 1159, 0, 0),
(32, 62, 1160, 0, 0),
(32, 62, 1161, 0, 0),
(32, 62, 1162, 0, 0),
(32, 62, 1163, 0, 0),
(32, 62, 1164, 0, 1),
(32, 62, 1165, 0, 1),
(32, 62, 1166, 0, 0),
(32, 63, 1167, 0, 0),
(32, 63, 1168, 0, 0),
(32, 63, 1169, 0, 0),
(32, 63, 1170, 0, 0),
(32, 63, 1171, 0, 0),
(32, 63, 1172, 0, 0),
(32, 63, 1173, 0, 0),
(32, 63, 1174, 0, 0),
(32, 63, 1175, 0, 0),
(32, 63, 1176, 0, 0),
(32, 63, 1177, 0, 1),
(32, 63, 1178, 0, 1),
(32, 63, 1179, 0, 0),
(32, 4, 1180, 0, 0),
(32, 4, 1181, 0, 0),
(32, 4, 1182, 0, 0),
(32, 4, 1183, 0, 0),
(32, 4, 1184, 0, 0),
(32, 4, 1185, 0, 0),
(32, 4, 1186, 0, 0),
(32, 4, 1187, 0, 0),
(32, 4, 1188, 0, 0),
(32, 21, 1189, 0, 0),
(32, 21, 1190, 0, 0),
(32, 21, 1191, 0, 0),
(32, 21, 1192, 0, 0),
(32, 21, 1193, 0, 0),
(32, 21, 1194, 0, 0),
(32, 21, 1195, 0, 0),
(32, 21, 1196, 0, 0),
(32, 21, 1197, 0, 0),
(32, 21, 1198, 0, 0),
(32, 21, 1199, 0, 0),
(32, 21, 1200, 0, 0),
(32, 21, 1201, 0, 0),
(32, 21, 1202, 0, 0),
(32, 21, 1203, 0, 0),
(32, 21, 1204, 0, 0),
(32, 21, 1205, 0, 0),
(32, 21, 1206, 0, 0),
(32, 21, 1207, 0, 0),
(32, 20, 1208, 0, 0),
(32, 20, 1209, 0, 0),
(32, 20, 1210, 0, 0),
(32, 20, 1211, 0, 0),
(32, 20, 1212, 0, 0),
(32, 4, 1213, 0, 0),
(32, 4, 1214, 0, 0),
(32, 4, 1215, 0, 0),
(32, 4, 1216, 0, 0),
(32, 4, 1217, 0, 0),
(32, 4, 1218, 0, 0),
(32, 4, 1219, 0, 0),
(32, 65, 1220, 0, 0),
(32, 65, 1221, 0, 0),
(32, 65, 1222, 0, 0),
(32, 65, 1223, 0, 0),
(32, 65, 1224, 0, 0),
(32, 65, 1225, 0, 0),
(32, 65, 1226, 0, 0),
(32, 65, 1227, 0, 0),
(32, 65, 1228, 0, 0),
(32, 65, 1229, 0, 0),
(32, 65, 1230, 0, 0),
(32, 65, 1231, 0, 0),
(32, 65, 1232, 0, 0),
(32, 65, 1233, 0, 0),
(32, 65, 1234, 0, 0),
(32, 2, 1235, 0, 0),
(32, 2, 1236, 0, 0),
(32, 2, 1237, 0, 0),
(32, 2, 1238, 0, 0),
(32, 2, 1239, 0, 0),
(32, 2, 1240, 0, 0),
(32, 2, 1241, 0, 0),
(32, 2, 1242, 0, 0),
(32, 2, 1243, 0, 0),
(33, 6, 1, 0, 0),
(33, 6, 2, 0, 0),
(33, 6, 3, 0, 0),
(33, 6, 4, 0, 0),
(33, 6, 5, 0, 0),
(33, 6, 6, 0, 0),
(33, 6, 7, 0, 0),
(33, 6, 8, 0, 0),
(33, 6, 9, 0, 0),
(33, 6, 10, 0, 0),
(33, 6, 11, 0, 0),
(33, 6, 12, 0, 0),
(33, 6, 13, 0, 0),
(33, 6, 14, 0, 0),
(33, 6, 15, 0, 0),
(33, 6, 16, 0, 0),
(33, 6, 17, 0, 0),
(33, 6, 18, 0, 0),
(33, 6, 19, 0, 0),
(33, 6, 20, 0, 0),
(33, 6, 21, 0, 1),
(33, 6, 22, 0, 1),
(33, 6, 23, 0, 0),
(33, 6, 24, 0, 0),
(33, 6, 25, 0, 0),
(33, 6, 26, 0, 0),
(33, 6, 27, 0, 0),
(33, 6, 28, 0, 0),
(33, 6, 29, 0, 0),
(33, 6, 30, 0, 0),
(33, 6, 31, 0, 0),
(33, 6, 32, 0, 0),
(33, 6, 33, 0, 0),
(33, 6, 34, 0, 0),
(33, 6, 35, 0, 0),
(33, 6, 36, 0, 0),
(33, 7, 37, 0, 0),
(33, 7, 38, 0, 0),
(33, 7, 39, 0, 0),
(33, 7, 40, 0, 0),
(33, 7, 41, 0, 0),
(33, 7, 42, 0, 0),
(33, 7, 43, 0, 0),
(33, 7, 44, 0, 0),
(33, 7, 45, 0, 0),
(33, 7, 46, 0, 0),
(33, 7, 47, 0, 0),
(33, 7, 48, 0, 0),
(33, 7, 49, 0, 0),
(33, 7, 50, 0, 0),
(33, 7, 51, 0, 0),
(33, 7, 52, 0, 0),
(33, 7, 53, 0, 0),
(33, 7, 54, 0, 0),
(33, 7, 55, 0, 0),
(33, 7, 56, 0, 1),
(33, 7, 57, 0, 1),
(33, 7, 58, 0, 0),
(33, 7, 59, 0, 0),
(33, 7, 60, 0, 0),
(33, 7, 61, 0, 0),
(33, 7, 62, 0, 0),
(33, 7, 63, 0, 0),
(33, 7, 64, 0, 0),
(33, 7, 65, 0, 0),
(33, 4, 66, 0, 0),
(33, 4, 67, 0, 0),
(33, 4, 68, 0, 0),
(33, 4, 69, 0, 0),
(33, 4, 70, 0, 0),
(33, 4, 71, 0, 0),
(33, 4, 72, 0, 0),
(33, 4, 73, 0, 0),
(33, 4, 74, 0, 0),
(33, 4, 75, 0, 0),
(33, 4, 76, 0, 0),
(33, 4, 77, 0, 0),
(33, 4, 78, 0, 0),
(33, 4, 79, 0, 0),
(33, 4, 80, 0, 0),
(33, 4, 81, 0, 0),
(33, 4, 82, 0, 0),
(33, 4, 83, 0, 0),
(33, 4, 84, 0, 0),
(33, 4, 85, 0, 0),
(33, 4, 86, 0, 0),
(33, 4, 87, 0, 0),
(33, 4, 88, 0, 0),
(33, 4, 89, 0, 0),
(33, 4, 90, 0, 1),
(33, 4, 91, 0, 1),
(33, 4, 92, 0, 0),
(33, 4, 96, 0, 0),
(33, 4, 97, 0, 0),
(33, 4, 98, 0, 0),
(33, 4, 99, 0, 0),
(33, 4, 100, 0, 0),
(33, 4, 101, 0, 0),
(33, 4, 102, 0, 0),
(33, 4, 103, 0, 0),
(33, 4, 104, 0, 0),
(33, 4, 105, 0, 0),
(33, 4, 106, 0, 0),
(33, 4, 107, 0, 0),
(33, 4, 108, 0, 0),
(33, 4, 109, 0, 0),
(33, 2, 110, 0, 0),
(33, 2, 111, 0, 0),
(33, 2, 112, 0, 0),
(33, 2, 113, 0, 0),
(33, 2, 114, 0, 0),
(33, 2, 115, 0, 0),
(33, 2, 116, 0, 0),
(33, 2, 117, 0, 0),
(33, 2, 118, 0, 0),
(33, 2, 119, 0, 0),
(33, 2, 120, 0, 0),
(33, 2, 121, 0, 0),
(33, 2, 122, 0, 1),
(33, 2, 123, 0, 1),
(33, 2, 124, 0, 0),
(33, 2, 125, 0, 0),
(33, 26, 126, 0, 0),
(33, 26, 127, 0, 0),
(33, 26, 128, 0, 0),
(33, 26, 129, 0, 0),
(33, 26, 130, 0, 0),
(33, 26, 131, 0, 0),
(33, 26, 132, 0, 0),
(33, 26, 133, 0, 0),
(33, 26, 134, 0, 0),
(33, 26, 135, 0, 0),
(33, 26, 136, 0, 0),
(33, 26, 137, 0, 1),
(33, 26, 138, 0, 1),
(33, 26, 139, 0, 0),
(33, 26, 140, 0, 0),
(33, 26, 141, 0, 0),
(33, 26, 142, 0, 0),
(33, 26, 143, 0, 0),
(33, 26, 144, 0, 0),
(33, 26, 145, 0, 0),
(33, 26, 146, 0, 0),
(33, 26, 147, 0, 0),
(33, 26, 148, 0, 0),
(33, 26, 149, 0, 0),
(33, 26, 150, 0, 0),
(33, 13, 155, 0, 0),
(33, 13, 156, 0, 0),
(33, 13, 157, 0, 0),
(33, 13, 158, 0, 0),
(33, 13, 159, 0, 0),
(33, 13, 160, 0, 0),
(33, 13, 161, 0, 0),
(33, 13, 162, 0, 0),
(33, 13, 164, 0, 0),
(33, 13, 165, 0, 0),
(33, 13, 166, 0, 1),
(33, 13, 167, 0, 1),
(33, 13, 168, 0, 0),
(33, 13, 169, 0, 0),
(33, 13, 170, 0, 0),
(33, 13, 171, 0, 0),
(33, 13, 172, 0, 0),
(33, 14, 174, 0, 0),
(33, 14, 175, 0, 0),
(33, 14, 176, 0, 0),
(33, 14, 177, 0, 0),
(33, 14, 178, 0, 0),
(33, 14, 179, 0, 0),
(33, 14, 180, 0, 0),
(33, 14, 181, 0, 0),
(33, 14, 182, 0, 0),
(33, 14, 183, 0, 0),
(33, 14, 184, 0, 0),
(33, 14, 185, 0, 0),
(33, 14, 186, 0, 0),
(33, 14, 187, 0, 0),
(33, 14, 188, 0, 0),
(33, 14, 189, 0, 0),
(33, 14, 190, 0, 0),
(33, 14, 191, 0, 1),
(33, 14, 192, 0, 1),
(33, 14, 193, 0, 0),
(33, 14, 194, 0, 0),
(33, 14, 195, 0, 0),
(33, 14, 197, 0, 0),
(33, 14, 198, 0, 0),
(33, 14, 199, 0, 0),
(33, 14, 200, 0, 0),
(33, 14, 201, 0, 0),
(33, 14, 202, 0, 0),
(33, 14, 203, 0, 0),
(33, 14, 204, 0, 0),
(33, 8, 205, 0, 0),
(33, 8, 206, 0, 1),
(33, 8, 207, 0, 1),
(33, 8, 208, 0, 0),
(33, 8, 209, 0, 0),
(33, 8, 210, 0, 0),
(33, 8, 211, 0, 1),
(33, 8, 212, 0, 1),
(33, 8, 213, 0, 0),
(33, 8, 214, 0, 0),
(33, 8, 215, 0, 0),
(33, 8, 216, 0, 1),
(33, 8, 217, 0, 0),
(33, 8, 218, 0, 0),
(33, 8, 219, 0, 0),
(33, 10, 220, 0, 0),
(33, 10, 221, 0, 0),
(33, 10, 222, 0, 0),
(33, 10, 223, 0, 0),
(33, 10, 224, 0, 0),
(33, 10, 225, 0, 0),
(33, 10, 226, 0, 0),
(33, 10, 227, 0, 0),
(33, 10, 228, 0, 0),
(33, 10, 229, 0, 1),
(33, 10, 230, 0, 0),
(33, 10, 231, 0, 0),
(33, 9, 232, 0, 0),
(33, 9, 233, 0, 0),
(33, 9, 234, 0, 0),
(33, 9, 235, 0, 0),
(33, 9, 236, 0, 0),
(33, 9, 237, 0, 0),
(33, 9, 238, 0, 0),
(33, 9, 239, 0, 0),
(33, 9, 240, 0, 0),
(33, 9, 241, 0, 0),
(33, 9, 242, 0, 0),
(33, 9, 243, 0, 0),
(33, 9, 244, 0, 1),
(33, 9, 245, 0, 1),
(33, 9, 246, 0, 0),
(33, 9, 247, 0, 0),
(33, 9, 248, 0, 0),
(33, 9, 249, 0, 0),
(33, 9, 250, 0, 0),
(33, 9, 251, 0, 0),
(33, 9, 252, 0, 0),
(33, 9, 253, 0, 0),
(33, 9, 254, 0, 0),
(33, 9, 255, 0, 0),
(33, 16, 256, 0, 0),
(33, 16, 257, 0, 0),
(33, 16, 258, 0, 0),
(33, 16, 259, 0, 0),
(33, 16, 260, 0, 0),
(33, 16, 261, 0, 0),
(33, 16, 262, 0, 0),
(33, 16, 263, 0, 0),
(33, 16, 264, 0, 0),
(33, 16, 265, 0, 0),
(33, 16, 266, 0, 0),
(33, 16, 267, 0, 0),
(33, 16, 268, 0, 0),
(33, 16, 269, 0, 0),
(33, 16, 270, 0, 1),
(33, 16, 271, 0, 1),
(33, 16, 272, 0, 0),
(33, 16, 273, 0, 0),
(33, 16, 274, 0, 0),
(33, 16, 275, 0, 0),
(33, 16, 276, 0, 0),
(33, 16, 277, 0, 0),
(33, 16, 278, 0, 0),
(33, 15, 279, 0, 0),
(33, 15, 280, 0, 0),
(33, 15, 281, 0, 0),
(33, 15, 282, 0, 0),
(33, 15, 283, 0, 0),
(33, 15, 284, 0, 0),
(33, 15, 286, 0, 1),
(33, 15, 287, 0, 1),
(33, 15, 288, 0, 0),
(33, 18, 289, 0, 0),
(33, 18, 290, 0, 0),
(33, 18, 291, 0, 0),
(33, 18, 292, 0, 0),
(33, 18, 293, 0, 0),
(33, 18, 294, 0, 0),
(33, 18, 295, 0, 0),
(33, 18, 296, 0, 1),
(33, 18, 297, 0, 1),
(33, 18, 298, 0, 0),
(33, 18, 299, 0, 0),
(33, 18, 300, 0, 0),
(33, 18, 301, 0, 0),
(33, 18, 302, 0, 0),
(33, 18, 303, 0, 0),
(33, 18, 304, 0, 0),
(33, 18, 305, 0, 0),
(33, 19, 306, 0, 0),
(33, 19, 307, 0, 0),
(33, 19, 308, 0, 0),
(33, 19, 309, 0, 1),
(33, 19, 310, 0, 1),
(33, 19, 311, 0, 0),
(33, 19, 312, 0, 0),
(33, 19, 313, 0, 0),
(33, 20, 314, 0, 0),
(33, 20, 315, 0, 0),
(33, 20, 316, 0, 0),
(33, 20, 317, 0, 0),
(33, 20, 318, 0, 0),
(33, 20, 319, 0, 0),
(33, 20, 320, 0, 0),
(33, 20, 321, 0, 0),
(33, 20, 322, 0, 0),
(33, 20, 323, 0, 0),
(33, 20, 324, 0, 0),
(33, 20, 325, 0, 0),
(33, 20, 326, 0, 0),
(33, 20, 327, 0, 0),
(33, 20, 328, 0, 0),
(33, 20, 329, 0, 0),
(33, 20, 330, 0, 0),
(33, 20, 331, 0, 0),
(33, 20, 332, 0, 1),
(33, 20, 333, 0, 1),
(33, 20, 334, 0, 0),
(33, 20, 335, 0, 0),
(33, 20, 336, 0, 0),
(33, 20, 337, 0, 0),
(33, 20, 338, 0, 0),
(33, 20, 339, 0, 0),
(33, 20, 340, 0, 0),
(33, 20, 341, 0, 0),
(33, 20, 342, 0, 0),
(33, 20, 343, 0, 0),
(33, 20, 344, 0, 0),
(33, 20, 345, 0, 0),
(33, 20, 346, 0, 0),
(33, 20, 347, 0, 0),
(33, 20, 348, 0, 0),
(33, 20, 349, 0, 0),
(33, 20, 350, 0, 0),
(33, 21, 351, 0, 0),
(33, 21, 352, 0, 0),
(33, 21, 353, 0, 0),
(33, 21, 354, 0, 0),
(33, 21, 355, 0, 0),
(33, 21, 356, 0, 0),
(33, 21, 357, 0, 0),
(33, 21, 358, 0, 0),
(33, 21, 359, 0, 0),
(33, 21, 360, 0, 0),
(33, 21, 361, 0, 0),
(33, 21, 362, 0, 0),
(33, 21, 363, 0, 0),
(33, 21, 364, 0, 0),
(33, 21, 365, 0, 0),
(33, 21, 366, 0, 0),
(33, 21, 367, 0, 0),
(33, 21, 368, 0, 0),
(33, 21, 369, 0, 0),
(33, 21, 370, 0, 1),
(33, 21, 371, 0, 1),
(33, 21, 372, 0, 0),
(33, 21, 373, 0, 0),
(33, 21, 374, 0, 0),
(33, 21, 375, 0, 0),
(33, 21, 376, 0, 0),
(33, 21, 377, 0, 0),
(33, 21, 378, 0, 0),
(33, 21, 379, 0, 0),
(33, 21, 380, 0, 0),
(33, 21, 381, 0, 0),
(33, 21, 382, 0, 0),
(33, 21, 383, 0, 0),
(33, 21, 384, 0, 0),
(33, 21, 385, 0, 0),
(33, 21, 386, 0, 0),
(33, 21, 387, 0, 0),
(33, 21, 388, 0, 0),
(33, 22, 389, 0, 0),
(33, 22, 390, 0, 0),
(33, 22, 391, 0, 0),
(33, 22, 392, 0, 0),
(33, 22, 393, 0, 0),
(33, 22, 394, 0, 0),
(33, 22, 395, 0, 0),
(33, 22, 396, 0, 0),
(33, 22, 397, 0, 0),
(33, 22, 398, 0, 0),
(33, 22, 399, 0, 0),
(33, 22, 400, 0, 0),
(33, 22, 401, 0, 0),
(33, 22, 402, 0, 0),
(33, 22, 403, 0, 0),
(33, 22, 404, 0, 0),
(33, 22, 405, 0, 0),
(33, 22, 406, 0, 0),
(33, 22, 407, 0, 0),
(33, 22, 408, 0, 0),
(33, 22, 409, 0, 0),
(33, 22, 410, 0, 0),
(33, 22, 411, 0, 1),
(33, 22, 412, 0, 1),
(33, 22, 413, 0, 0),
(33, 22, 414, 0, 0),
(33, 22, 415, 0, 0),
(33, 22, 416, 0, 0),
(33, 22, 417, 0, 0),
(33, 22, 418, 0, 0),
(33, 22, 419, 0, 0),
(33, 22, 420, 0, 0),
(33, 22, 421, 0, 0),
(33, 22, 422, 0, 0),
(33, 22, 423, 0, 0),
(33, 22, 424, 0, 0),
(33, 22, 425, 0, 0),
(33, 22, 426, 0, 0),
(33, 22, 427, 0, 0),
(33, 22, 428, 0, 0),
(33, 22, 429, 0, 0),
(33, 22, 430, 0, 0),
(33, 22, 431, 0, 0),
(33, 22, 432, 0, 0),
(33, 22, 433, 0, 0),
(33, 22, 434, 0, 0),
(33, 22, 435, 0, 0),
(33, 23, 436, 0, 0),
(33, 23, 437, 0, 0),
(33, 23, 438, 0, 0),
(33, 23, 439, 0, 0),
(33, 23, 440, 0, 0),
(33, 23, 441, 0, 0),
(33, 23, 442, 0, 0),
(33, 23, 443, 0, 0),
(33, 23, 444, 0, 0),
(33, 23, 445, 0, 0),
(33, 23, 446, 0, 0),
(33, 23, 447, 0, 0),
(33, 23, 448, 0, 0),
(33, 23, 449, 0, 0),
(33, 23, 450, 0, 0),
(33, 23, 451, 0, 0),
(33, 23, 452, 0, 0),
(33, 23, 453, 0, 0),
(33, 23, 454, 0, 0),
(33, 23, 455, 0, 1),
(33, 23, 456, 0, 1),
(33, 23, 457, 0, 0),
(33, 23, 458, 0, 0),
(33, 23, 459, 0, 0),
(33, 23, 460, 0, 0),
(33, 23, 461, 0, 0),
(33, 23, 462, 0, 0),
(33, 23, 463, 0, 0),
(33, 23, 464, 0, 0),
(33, 23, 465, 0, 0),
(33, 23, 466, 0, 0),
(33, 23, 467, 0, 0),
(33, 23, 468, 0, 0),
(33, 23, 469, 0, 0),
(33, 23, 470, 0, 0),
(33, 23, 471, 0, 0),
(33, 23, 472, 0, 0),
(33, 23, 473, 0, 0),
(33, 23, 474, 0, 0),
(33, 10, 520, 0, 0),
(33, 10, 521, 0, 0),
(33, 10, 522, 0, 0),
(33, 10, 523, 0, 0),
(33, 10, 524, 0, 0),
(33, 10, 525, 0, 0),
(33, 34, 526, 0, 0),
(33, 34, 527, 0, 0),
(33, 34, 528, 0, 0),
(33, 34, 529, 0, 0),
(33, 34, 530, 0, 0),
(33, 34, 531, 0, 0),
(33, 34, 532, 0, 0),
(33, 34, 533, 0, 0),
(33, 34, 534, 0, 0),
(33, 34, 535, 0, 0),
(33, 34, 536, 0, 0),
(33, 34, 537, 0, 0),
(33, 34, 538, 0, 0),
(33, 34, 539, 0, 0),
(33, 34, 540, 0, 1),
(33, 34, 541, 0, 1),
(33, 34, 542, 0, 1),
(33, 35, 544, 0, 0),
(33, 35, 545, 0, 1),
(33, 35, 546, 0, 1),
(33, 35, 547, 0, 0),
(33, 35, 548, 0, 1),
(33, 35, 549, 0, 0),
(33, 35, 550, 0, 0),
(33, 35, 551, 0, 0),
(33, 35, 552, 0, 0),
(33, 35, 553, 0, 0),
(33, 35, 554, 0, 0),
(33, 35, 555, 0, 1),
(33, 35, 556, 0, 1),
(33, 35, 557, 0, 0),
(33, 35, 558, 0, 0),
(33, 35, 559, 0, 0),
(33, 35, 560, 0, 1),
(33, 35, 561, 0, 0),
(33, 35, 562, 0, 0),
(33, 35, 563, 0, 1),
(33, 35, 564, 0, 1),
(33, 35, 565, 0, 1),
(33, 36, 566, 0, 0),
(33, 36, 567, 0, 0),
(33, 36, 568, 0, 0),
(33, 36, 569, 0, 0),
(33, 36, 570, 0, 0),
(33, 36, 571, 0, 0),
(33, 36, 572, 0, 0),
(33, 36, 573, 0, 0),
(33, 36, 574, 0, 1),
(33, 36, 575, 0, 1),
(33, 36, 576, 0, 0),
(33, 36, 577, 0, 0),
(33, 36, 578, 0, 0),
(33, 36, 579, 0, 0),
(33, 36, 580, 0, 0),
(33, 36, 581, 0, 0),
(33, 36, 583, 0, 0),
(33, 36, 584, 0, 0),
(33, 36, 585, 0, 1),
(33, 36, 586, 0, 1),
(33, 36, 587, 0, 1),
(33, 38, 588, 0, 0),
(33, 38, 589, 0, 0),
(33, 38, 590, 0, 0),
(33, 38, 591, 0, 0),
(33, 38, 592, 0, 0),
(33, 38, 593, 0, 0),
(33, 38, 594, 0, 0),
(33, 38, 595, 0, 0),
(33, 38, 596, 0, 0),
(33, 38, 597, 0, 0),
(33, 38, 598, 0, 0),
(33, 38, 599, 0, 0),
(33, 38, 600, 0, 0),
(33, 38, 601, 0, 0),
(33, 38, 602, 0, 1),
(33, 38, 603, 0, 1),
(33, 38, 604, 0, 0),
(33, 38, 605, 0, 0),
(33, 38, 606, 0, 1),
(33, 38, 607, 0, 1),
(33, 38, 608, 0, 1),
(33, 42, 609, 0, 0),
(33, 42, 610, 0, 0),
(33, 42, 611, 0, 1),
(33, 42, 612, 0, 1),
(33, 42, 613, 0, 0),
(33, 42, 614, 0, 1),
(33, 42, 615, 0, 0),
(33, 42, 616, 0, 1),
(33, 43, 617, 0, 0),
(33, 43, 618, 0, 0),
(33, 43, 619, 0, 0),
(33, 43, 620, 0, 0),
(33, 43, 621, 0, 0),
(33, 43, 622, 0, 0),
(33, 43, 623, 0, 1),
(33, 43, 624, 0, 1),
(33, 43, 625, 0, 0),
(33, 43, 626, 0, 0),
(33, 43, 627, 0, 1),
(33, 43, 628, 0, 1),
(33, 43, 629, 0, 1),
(33, 44, 630, 0, 0),
(33, 44, 631, 0, 0),
(33, 44, 632, 0, 0),
(33, 44, 633, 0, 0),
(33, 44, 634, 0, 0),
(33, 44, 635, 0, 0),
(33, 44, 636, 0, 0),
(33, 44, 637, 0, 0),
(33, 44, 638, 0, 0),
(33, 44, 639, 0, 0),
(33, 44, 640, 0, 0),
(33, 44, 641, 0, 1),
(33, 44, 642, 0, 1),
(33, 44, 643, 0, 0),
(33, 44, 644, 0, 0),
(33, 44, 645, 0, 1),
(33, 44, 646, 0, 1),
(33, 44, 647, 0, 1),
(33, 45, 648, 0, 0),
(33, 45, 649, 0, 0),
(33, 45, 650, 0, 0),
(33, 45, 651, 0, 0),
(33, 45, 652, 0, 0),
(33, 45, 653, 0, 0),
(33, 45, 654, 0, 0),
(33, 45, 655, 0, 0),
(33, 45, 656, 0, 0),
(33, 45, 657, 0, 0),
(33, 45, 658, 0, 0),
(33, 45, 659, 0, 0),
(33, 45, 660, 0, 0),
(33, 45, 661, 0, 1),
(33, 45, 662, 0, 1),
(33, 45, 663, 0, 0),
(33, 45, 664, 0, 0),
(33, 45, 665, 0, 1),
(33, 45, 666, 0, 1),
(33, 45, 667, 0, 1),
(33, 47, 668, 0, 0),
(33, 47, 669, 0, 1),
(33, 47, 670, 0, 1),
(33, 47, 671, 0, 0),
(33, 47, 672, 0, 0),
(33, 47, 673, 0, 1),
(33, 2, 674, 0, 0),
(33, 23, 676, 0, 0),
(33, 23, 677, 0, 0),
(33, 23, 678, 0, 0),
(33, 23, 679, 0, 0),
(33, 23, 680, 0, 0),
(33, 23, 681, 0, 0),
(33, 22, 685, 0, 0),
(33, 22, 686, 0, 0),
(33, 22, 687, 0, 0),
(33, 22, 688, 0, 0),
(33, 22, 689, 0, 0),
(33, 22, 690, 0, 0),
(33, 21, 694, 0, 0),
(33, 21, 695, 0, 0),
(33, 21, 696, 0, 0),
(33, 21, 697, 0, 0),
(33, 21, 698, 0, 0),
(33, 21, 699, 0, 0),
(33, 20, 703, 0, 0),
(33, 20, 704, 0, 0),
(33, 20, 705, 0, 0),
(33, 20, 706, 0, 0),
(33, 20, 707, 0, 0),
(33, 20, 708, 0, 0),
(33, 44, 713, 0, 0),
(33, 42, 714, 0, 0),
(33, 23, 718, 0, 0),
(33, 22, 719, 0, 0),
(33, 21, 720, 0, 0),
(33, 20, 721, 0, 0),
(33, 6, 723, 0, 1),
(33, 4, 724, 0, 1),
(33, 2, 725, 0, 1),
(33, 23, 727, 0, 0),
(33, 23, 728, 0, 0),
(33, 21, 729, 0, 0),
(33, 21, 730, 0, 0),
(33, 18, 731, 0, 0),
(33, 7, 732, 0, 0),
(33, 42, 733, 0, 0),
(33, 42, 734, 0, 0),
(33, 23, 735, 0, 0),
(33, 20, 736, 0, 0),
(33, 21, 737, 0, 0),
(33, 22, 738, 0, 0),
(33, 2, 740, 0, 0),
(33, 13, 741, 0, 0),
(33, 14, 772, 0, 0),
(33, 36, 773, 0, 0),
(33, 23, 774, 0, 0),
(33, 42, 786, 0, 0),
(33, 42, 787, 0, 0),
(33, 42, 788, 0, 0),
(33, 2, 789, 0, 1),
(33, 4, 790, 0, 1),
(33, 6, 791, 0, 1),
(33, 7, 792, 0, 1),
(33, 8, 793, 0, 1),
(33, 9, 794, 0, 1),
(33, 10, 795, 0, 1),
(33, 13, 796, 0, 1),
(33, 14, 797, 0, 1),
(33, 15, 798, 0, 1),
(33, 16, 799, 0, 1),
(33, 18, 800, 0, 1),
(33, 19, 801, 0, 1),
(33, 20, 802, 0, 1),
(33, 21, 803, 0, 1),
(33, 22, 804, 0, 1),
(33, 23, 805, 0, 1),
(33, 26, 806, 0, 1),
(33, 10, 807, 0, 0),
(33, 2, 808, 0, 1),
(33, 4, 809, 0, 1),
(33, 6, 810, 0, 1),
(33, 7, 811, 0, 1),
(33, 8, 812, 0, 1),
(33, 9, 813, 0, 1),
(33, 10, 814, 0, 1),
(33, 13, 815, 0, 1),
(33, 14, 816, 0, 1),
(33, 15, 817, 0, 1),
(33, 16, 818, 0, 1),
(33, 18, 819, 0, 1),
(33, 19, 820, 0, 1),
(33, 20, 821, 0, 1),
(33, 21, 822, 0, 1),
(33, 22, 823, 0, 1),
(33, 23, 824, 0, 1),
(33, 26, 825, 0, 1),
(33, 2, 826, 0, 1),
(33, 4, 827, 0, 1),
(33, 6, 828, 0, 1),
(33, 7, 829, 0, 1),
(33, 8, 830, 0, 1),
(33, 9, 831, 0, 1),
(33, 10, 832, 0, 1),
(33, 13, 833, 0, 1),
(33, 14, 834, 0, 1),
(33, 15, 835, 0, 1),
(33, 16, 836, 0, 1),
(33, 18, 837, 0, 1),
(33, 19, 838, 0, 1),
(33, 20, 839, 0, 1),
(33, 21, 840, 0, 1),
(33, 22, 841, 0, 1),
(33, 23, 842, 0, 1),
(33, 26, 843, 0, 1),
(33, 20, 844, 0, 0),
(33, 21, 845, 0, 0),
(33, 22, 846, 0, 0),
(33, 23, 847, 0, 0),
(33, 45, 848, 0, 1),
(33, 45, 849, 0, 0),
(33, 22, 851, 0, 1),
(33, 16, 853, 0, 0),
(33, 16, 854, 0, 0),
(33, 16, 855, 0, 0),
(33, 16, 856, 0, 0),
(33, 9, 857, 0, 0),
(33, 9, 858, 0, 0),
(33, 16, 859, 0, 0),
(33, 20, 860, 0, 0),
(33, 20, 861, 0, 0),
(33, 20, 862, 0, 0),
(33, 20, 863, 0, 0),
(33, 20, 864, 0, 0),
(33, 20, 865, 0, 0),
(33, 20, 866, 0, 0),
(33, 20, 867, 0, 0),
(33, 20, 868, 0, 0),
(33, 20, 869, 0, 0),
(33, 20, 870, 0, 0),
(33, 20, 871, 0, 0),
(33, 20, 872, 0, 0),
(33, 20, 873, 0, 0),
(33, 20, 874, 0, 0),
(33, 20, 875, 0, 0),
(33, 20, 876, 0, 0),
(33, 20, 877, 0, 0),
(33, 2, 878, 0, 0),
(33, 23, 879, 0, 0),
(33, 23, 880, 0, 0),
(33, 23, 881, 0, 0),
(33, 23, 882, 0, 0),
(33, 23, 883, 0, 0),
(33, 23, 884, 0, 0),
(33, 23, 885, 0, 0),
(33, 23, 886, 0, 0),
(33, 23, 887, 0, 0),
(33, 23, 888, 0, 0),
(33, 23, 889, 0, 0),
(33, 23, 890, 0, 0),
(33, 23, 891, 0, 0),
(33, 6, 892, 0, 0),
(33, 6, 893, 0, 0),
(33, 6, 894, 0, 0),
(33, 6, 895, 0, 0),
(33, 6, 896, 0, 0),
(33, 6, 897, 0, 0),
(33, 6, 898, 0, 0),
(33, 6, 899, 0, 0),
(33, 6, 900, 0, 0),
(33, 6, 901, 0, 0),
(33, 6, 902, 0, 0),
(33, 6, 903, 0, 0),
(33, 6, 904, 0, 0),
(33, 6, 905, 0, 0),
(33, 6, 906, 0, 0),
(33, 6, 907, 0, 0),
(33, 6, 908, 0, 0),
(33, 6, 909, 0, 0),
(33, 6, 910, 0, 0),
(33, 6, 911, 0, 0),
(33, 6, 912, 0, 0),
(33, 6, 913, 0, 0),
(33, 6, 914, 0, 0),
(33, 6, 915, 0, 0),
(33, 6, 916, 0, 0),
(33, 6, 917, 0, 0),
(33, 6, 918, 0, 0),
(33, 6, 919, 0, 0),
(33, 6, 920, 0, 0),
(33, 6, 921, 0, 0),
(33, 6, 922, 0, 0),
(33, 6, 923, 0, 0),
(33, 6, 924, 0, 0),
(33, 6, 925, 0, 0),
(33, 6, 926, 0, 0),
(33, 23, 927, 0, 0),
(33, 52, 928, 0, 0),
(33, 52, 929, 0, 0),
(33, 52, 930, 0, 0),
(33, 52, 931, 0, 0),
(33, 52, 932, 0, 0),
(33, 52, 933, 0, 0),
(33, 52, 934, 0, 0),
(33, 52, 935, 0, 0),
(33, 52, 936, 0, 0),
(33, 52, 937, 0, 0),
(33, 52, 938, 0, 0),
(33, 52, 939, 0, 0),
(33, 52, 940, 0, 0),
(33, 52, 941, 0, 0),
(33, 52, 942, 0, 0),
(33, 52, 943, 0, 0),
(33, 52, 944, 0, 0),
(33, 52, 945, 0, 0),
(33, 52, 946, 0, 0),
(33, 52, 947, 0, 1),
(33, 52, 948, 0, 1),
(33, 52, 949, 0, 0),
(33, 52, 950, 0, 1),
(33, 52, 951, 0, 1),
(33, 52, 952, 0, 0),
(33, 21, 953, 0, 0),
(33, 53, 954, 0, 0),
(33, 53, 955, 0, 0),
(33, 53, 956, 0, 0),
(33, 53, 957, 0, 0),
(33, 53, 958, 0, 0),
(33, 53, 959, 0, 0),
(33, 53, 960, 0, 0),
(33, 53, 961, 0, 0),
(33, 53, 962, 0, 0),
(33, 53, 963, 0, 0),
(33, 53, 964, 0, 0),
(33, 53, 965, 0, 0),
(33, 53, 966, 0, 0),
(33, 53, 967, 0, 1),
(33, 53, 968, 0, 1);
INSERT IGNORE INTO `vtiger_profile2field` (`profileid`, `tabid`, `fieldid`, `visible`, `readonly`) VALUES
(33, 53, 969, 0, 0),
(33, 54, 970, 0, 0),
(33, 54, 971, 0, 0),
(33, 54, 972, 0, 0),
(33, 54, 973, 0, 0),
(33, 54, 974, 0, 0),
(33, 54, 975, 0, 0),
(33, 54, 976, 0, 0),
(33, 54, 977, 0, 0),
(33, 54, 978, 0, 0),
(33, 54, 979, 0, 0),
(33, 54, 980, 0, 0),
(33, 54, 981, 0, 0),
(33, 54, 982, 0, 0),
(33, 54, 983, 0, 1),
(33, 54, 984, 0, 1),
(33, 54, 985, 0, 0),
(33, 55, 986, 0, 0),
(33, 55, 987, 0, 0),
(33, 55, 988, 0, 0),
(33, 55, 989, 0, 0),
(33, 55, 990, 0, 0),
(33, 55, 991, 0, 0),
(33, 55, 992, 0, 0),
(33, 55, 993, 0, 0),
(33, 55, 994, 0, 0),
(33, 55, 995, 0, 0),
(33, 55, 996, 0, 0),
(33, 55, 997, 0, 0),
(33, 55, 998, 0, 0),
(33, 55, 999, 0, 0),
(33, 55, 1000, 0, 0),
(33, 55, 1001, 0, 0),
(33, 55, 1002, 0, 0),
(33, 55, 1003, 0, 0),
(33, 55, 1004, 0, 0),
(33, 55, 1005, 0, 1),
(33, 55, 1006, 0, 1),
(33, 55, 1007, 0, 0),
(33, 7, 1008, 0, 0),
(33, 7, 1009, 0, 0),
(33, 7, 1010, 0, 0),
(33, 7, 1011, 0, 0),
(33, 7, 1012, 0, 0),
(33, 7, 1013, 0, 0),
(33, 7, 1014, 0, 0),
(33, 7, 1015, 0, 0),
(33, 7, 1016, 0, 0),
(33, 7, 1017, 0, 0),
(33, 7, 1018, 0, 0),
(33, 7, 1019, 0, 0),
(33, 7, 1020, 0, 0),
(33, 7, 1021, 0, 0),
(33, 7, 1022, 0, 0),
(33, 7, 1023, 0, 0),
(33, 7, 1024, 0, 0),
(33, 7, 1025, 0, 0),
(33, 7, 1026, 0, 0),
(33, 7, 1027, 0, 0),
(33, 7, 1028, 0, 0),
(33, 7, 1029, 0, 0),
(33, 7, 1030, 0, 0),
(33, 7, 1031, 0, 0),
(33, 7, 1032, 0, 0),
(33, 7, 1033, 0, 0),
(33, 56, 1034, 0, 0),
(33, 56, 1035, 0, 0),
(33, 56, 1036, 0, 0),
(33, 56, 1037, 0, 0),
(33, 56, 1038, 0, 0),
(33, 56, 1039, 0, 0),
(33, 56, 1040, 0, 0),
(33, 56, 1041, 0, 0),
(33, 56, 1042, 0, 0),
(33, 56, 1043, 0, 0),
(33, 56, 1044, 0, 1),
(33, 56, 1045, 0, 1),
(33, 56, 1046, 0, 0),
(33, 57, 1047, 0, 0),
(33, 57, 1048, 0, 0),
(33, 57, 1049, 0, 0),
(33, 57, 1050, 0, 0),
(33, 57, 1051, 0, 0),
(33, 57, 1052, 0, 0),
(33, 57, 1053, 0, 0),
(33, 57, 1054, 0, 0),
(33, 57, 1055, 0, 0),
(33, 57, 1056, 0, 0),
(33, 57, 1057, 0, 0),
(33, 57, 1058, 0, 0),
(33, 57, 1059, 0, 0),
(33, 57, 1060, 0, 0),
(33, 57, 1061, 0, 1),
(33, 57, 1062, 0, 1),
(33, 57, 1063, 0, 0),
(33, 58, 1064, 0, 0),
(33, 58, 1065, 0, 0),
(33, 58, 1066, 0, 0),
(33, 58, 1067, 0, 0),
(33, 58, 1068, 0, 0),
(33, 58, 1069, 0, 0),
(33, 58, 1070, 0, 0),
(33, 58, 1071, 0, 0),
(33, 58, 1072, 0, 0),
(33, 58, 1073, 0, 0),
(33, 58, 1074, 0, 0),
(33, 58, 1075, 0, 0),
(33, 58, 1076, 0, 0),
(33, 58, 1077, 0, 0),
(33, 58, 1078, 0, 0),
(33, 58, 1079, 0, 0),
(33, 58, 1080, 0, 0),
(33, 58, 1081, 0, 0),
(33, 58, 1082, 0, 0),
(33, 58, 1083, 0, 1),
(33, 58, 1084, 0, 1),
(33, 58, 1085, 0, 0),
(33, 59, 1086, 0, 0),
(33, 59, 1087, 0, 0),
(33, 59, 1088, 0, 0),
(33, 59, 1089, 0, 0),
(33, 59, 1090, 0, 0),
(33, 59, 1091, 0, 0),
(33, 59, 1092, 0, 0),
(33, 59, 1093, 0, 0),
(33, 59, 1094, 0, 0),
(33, 59, 1095, 0, 0),
(33, 59, 1096, 0, 0),
(33, 59, 1097, 0, 0),
(33, 59, 1098, 0, 0),
(33, 59, 1099, 0, 0),
(33, 59, 1100, 0, 0),
(33, 59, 1101, 0, 0),
(33, 59, 1102, 0, 0),
(33, 59, 1103, 0, 0),
(33, 59, 1104, 0, 0),
(33, 59, 1105, 0, 0),
(33, 59, 1106, 0, 0),
(33, 59, 1107, 0, 1),
(33, 59, 1108, 0, 1),
(33, 59, 1109, 0, 0),
(33, 60, 1110, 0, 0),
(33, 60, 1111, 0, 0),
(33, 60, 1112, 0, 0),
(33, 60, 1113, 0, 0),
(33, 60, 1114, 0, 0),
(33, 60, 1115, 0, 0),
(33, 60, 1116, 0, 0),
(33, 60, 1117, 0, 0),
(33, 60, 1118, 0, 0),
(33, 60, 1119, 0, 0),
(33, 60, 1120, 0, 0),
(33, 60, 1121, 0, 0),
(33, 60, 1122, 0, 0),
(33, 60, 1123, 0, 0),
(33, 60, 1124, 0, 0),
(33, 60, 1125, 0, 1),
(33, 60, 1126, 0, 1),
(33, 60, 1127, 0, 0),
(33, 61, 1128, 0, 0),
(33, 61, 1129, 0, 0),
(33, 61, 1130, 0, 0),
(33, 61, 1131, 0, 0),
(33, 61, 1132, 0, 0),
(33, 61, 1133, 0, 0),
(33, 61, 1134, 0, 0),
(33, 61, 1135, 0, 0),
(33, 61, 1136, 0, 0),
(33, 61, 1137, 0, 0),
(33, 61, 1138, 0, 0),
(33, 61, 1139, 0, 0),
(33, 61, 1140, 0, 0),
(33, 61, 1141, 0, 0),
(33, 61, 1142, 0, 0),
(33, 61, 1143, 0, 0),
(33, 61, 1144, 0, 1),
(33, 61, 1145, 0, 1),
(33, 61, 1146, 0, 0),
(33, 62, 1147, 0, 0),
(33, 62, 1148, 0, 0),
(33, 62, 1149, 0, 0),
(33, 62, 1150, 0, 0),
(33, 62, 1151, 0, 0),
(33, 62, 1152, 0, 0),
(33, 62, 1153, 0, 0),
(33, 62, 1154, 0, 0),
(33, 62, 1155, 0, 0),
(33, 62, 1156, 0, 0),
(33, 62, 1157, 0, 0),
(33, 62, 1158, 0, 0),
(33, 62, 1159, 0, 0),
(33, 62, 1160, 0, 0),
(33, 62, 1161, 0, 0),
(33, 62, 1162, 0, 0),
(33, 62, 1163, 0, 0),
(33, 62, 1164, 0, 1),
(33, 62, 1165, 0, 1),
(33, 62, 1166, 0, 0),
(33, 63, 1167, 0, 0),
(33, 63, 1168, 0, 0),
(33, 63, 1169, 0, 0),
(33, 63, 1170, 0, 0),
(33, 63, 1171, 0, 0),
(33, 63, 1172, 0, 0),
(33, 63, 1173, 0, 0),
(33, 63, 1174, 0, 0),
(33, 63, 1175, 0, 0),
(33, 63, 1176, 0, 0),
(33, 63, 1177, 0, 1),
(33, 63, 1178, 0, 1),
(33, 63, 1179, 0, 0),
(33, 4, 1180, 0, 0),
(33, 4, 1181, 0, 0),
(33, 4, 1182, 0, 0),
(33, 4, 1183, 0, 0),
(33, 4, 1184, 0, 0),
(33, 4, 1185, 0, 0),
(33, 4, 1186, 0, 0),
(33, 4, 1187, 0, 0),
(33, 4, 1188, 0, 0),
(33, 21, 1189, 0, 0),
(33, 21, 1190, 0, 0),
(33, 21, 1191, 0, 0),
(33, 21, 1192, 0, 0),
(33, 21, 1193, 0, 0),
(33, 21, 1194, 0, 0),
(33, 21, 1195, 0, 0),
(33, 21, 1196, 0, 0),
(33, 21, 1197, 0, 0),
(33, 21, 1198, 0, 0),
(33, 21, 1199, 0, 0),
(33, 21, 1200, 0, 0),
(33, 21, 1201, 0, 0),
(33, 21, 1202, 0, 0),
(33, 21, 1203, 0, 0),
(33, 21, 1204, 0, 0),
(33, 21, 1205, 0, 0),
(33, 21, 1206, 0, 0),
(33, 21, 1207, 0, 0),
(33, 20, 1208, 0, 0),
(33, 20, 1209, 0, 0),
(33, 20, 1210, 0, 0),
(33, 20, 1211, 0, 0),
(33, 20, 1212, 0, 0),
(33, 4, 1213, 0, 0),
(33, 4, 1214, 0, 0),
(33, 4, 1215, 0, 0),
(33, 4, 1216, 0, 0),
(33, 4, 1217, 0, 0),
(33, 4, 1218, 0, 0),
(33, 4, 1219, 0, 0),
(33, 65, 1220, 0, 0),
(33, 65, 1221, 0, 0),
(33, 65, 1222, 0, 0),
(33, 65, 1223, 0, 0),
(33, 65, 1224, 0, 0),
(33, 65, 1225, 0, 0),
(33, 65, 1226, 0, 0),
(33, 65, 1227, 0, 0),
(33, 65, 1228, 0, 0),
(33, 65, 1229, 0, 0),
(33, 65, 1230, 0, 0),
(33, 65, 1231, 0, 0),
(33, 65, 1232, 0, 0),
(33, 65, 1233, 0, 0),
(33, 65, 1234, 0, 0),
(33, 2, 1235, 0, 0),
(33, 2, 1236, 0, 0),
(33, 2, 1237, 0, 0),
(33, 2, 1238, 0, 0),
(33, 2, 1239, 0, 0),
(33, 2, 1240, 0, 0),
(33, 2, 1241, 0, 0),
(33, 2, 1242, 0, 0),
(33, 2, 1243, 0, 0),
(34, 6, 1, 0, 0),
(34, 6, 2, 0, 0),
(34, 6, 3, 0, 0),
(34, 6, 4, 0, 0),
(34, 6, 5, 0, 0),
(34, 6, 6, 0, 0),
(34, 6, 7, 0, 0),
(34, 6, 8, 0, 0),
(34, 6, 9, 0, 0),
(34, 6, 10, 0, 0),
(34, 6, 11, 0, 0),
(34, 6, 12, 0, 0),
(34, 6, 13, 0, 0),
(34, 6, 14, 0, 0),
(34, 6, 15, 0, 0),
(34, 6, 16, 0, 0),
(34, 6, 17, 0, 0),
(34, 6, 18, 0, 0),
(34, 6, 19, 0, 0),
(34, 6, 20, 0, 0),
(34, 6, 21, 0, 1),
(34, 6, 22, 0, 1),
(34, 6, 23, 0, 0),
(34, 6, 24, 0, 0),
(34, 6, 25, 0, 0),
(34, 6, 26, 0, 0),
(34, 6, 27, 0, 0),
(34, 6, 28, 0, 0),
(34, 6, 29, 0, 0),
(34, 6, 30, 0, 0),
(34, 6, 31, 0, 0),
(34, 6, 32, 0, 0),
(34, 6, 33, 0, 0),
(34, 6, 34, 0, 0),
(34, 6, 35, 0, 0),
(34, 6, 36, 0, 0),
(34, 7, 37, 0, 0),
(34, 7, 38, 0, 0),
(34, 7, 39, 0, 0),
(34, 7, 40, 0, 0),
(34, 7, 41, 0, 0),
(34, 7, 42, 0, 0),
(34, 7, 43, 0, 0),
(34, 7, 44, 0, 0),
(34, 7, 45, 0, 0),
(34, 7, 46, 0, 0),
(34, 7, 47, 0, 0),
(34, 7, 48, 0, 0),
(34, 7, 49, 0, 0),
(34, 7, 50, 0, 0),
(34, 7, 51, 0, 0),
(34, 7, 52, 0, 0),
(34, 7, 53, 0, 0),
(34, 7, 54, 0, 0),
(34, 7, 55, 0, 0),
(34, 7, 56, 0, 1),
(34, 7, 57, 0, 1),
(34, 7, 58, 0, 0),
(34, 7, 59, 0, 0),
(34, 7, 60, 0, 0),
(34, 7, 61, 0, 0),
(34, 7, 62, 0, 0),
(34, 7, 63, 0, 0),
(34, 7, 64, 0, 0),
(34, 7, 65, 0, 0),
(34, 4, 66, 0, 0),
(34, 4, 67, 0, 0),
(34, 4, 68, 0, 0),
(34, 4, 69, 0, 0),
(34, 4, 70, 0, 0),
(34, 4, 71, 0, 0),
(34, 4, 72, 0, 0),
(34, 4, 73, 0, 0),
(34, 4, 74, 0, 0),
(34, 4, 75, 0, 0),
(34, 4, 76, 0, 0),
(34, 4, 77, 0, 0),
(34, 4, 78, 0, 0),
(34, 4, 79, 0, 0),
(34, 4, 80, 0, 0),
(34, 4, 81, 0, 0),
(34, 4, 82, 0, 0),
(34, 4, 83, 0, 0),
(34, 4, 84, 0, 0),
(34, 4, 85, 0, 0),
(34, 4, 86, 0, 0),
(34, 4, 87, 0, 0),
(34, 4, 88, 0, 0),
(34, 4, 89, 0, 0),
(34, 4, 90, 0, 1),
(34, 4, 91, 0, 1),
(34, 4, 92, 0, 0),
(34, 4, 96, 0, 0),
(34, 4, 97, 0, 0),
(34, 4, 98, 0, 0),
(34, 4, 99, 0, 0),
(34, 4, 100, 0, 0),
(34, 4, 101, 0, 0),
(34, 4, 102, 0, 0),
(34, 4, 103, 0, 0),
(34, 4, 104, 0, 0),
(34, 4, 105, 0, 0),
(34, 4, 106, 0, 0),
(34, 4, 107, 0, 0),
(34, 4, 108, 0, 0),
(34, 4, 109, 0, 0),
(34, 2, 110, 0, 0),
(34, 2, 111, 0, 0),
(34, 2, 112, 0, 0),
(34, 2, 113, 0, 0),
(34, 2, 114, 0, 0),
(34, 2, 115, 0, 0),
(34, 2, 116, 0, 0),
(34, 2, 117, 0, 0),
(34, 2, 118, 0, 0),
(34, 2, 119, 0, 0),
(34, 2, 120, 0, 0),
(34, 2, 121, 0, 0),
(34, 2, 122, 0, 1),
(34, 2, 123, 0, 1),
(34, 2, 124, 0, 0),
(34, 2, 125, 0, 0),
(34, 26, 126, 0, 0),
(34, 26, 127, 0, 0),
(34, 26, 128, 0, 0),
(34, 26, 129, 0, 0),
(34, 26, 130, 0, 0),
(34, 26, 131, 0, 0),
(34, 26, 132, 0, 0),
(34, 26, 133, 0, 0),
(34, 26, 134, 0, 0),
(34, 26, 135, 0, 0),
(34, 26, 136, 0, 0),
(34, 26, 137, 0, 1),
(34, 26, 138, 0, 1),
(34, 26, 139, 0, 0),
(34, 26, 140, 0, 0),
(34, 26, 141, 0, 0),
(34, 26, 142, 0, 0),
(34, 26, 143, 0, 0),
(34, 26, 144, 0, 0),
(34, 26, 145, 0, 0),
(34, 26, 146, 0, 0),
(34, 26, 147, 0, 0),
(34, 26, 148, 0, 0),
(34, 26, 149, 0, 0),
(34, 26, 150, 0, 0),
(34, 13, 155, 0, 0),
(34, 13, 156, 0, 0),
(34, 13, 157, 0, 0),
(34, 13, 158, 0, 0),
(34, 13, 159, 0, 0),
(34, 13, 160, 0, 0),
(34, 13, 161, 0, 0),
(34, 13, 162, 0, 0),
(34, 13, 164, 0, 0),
(34, 13, 165, 0, 0),
(34, 13, 166, 0, 1),
(34, 13, 167, 0, 1),
(34, 13, 168, 0, 0),
(34, 13, 169, 0, 0),
(34, 13, 170, 0, 0),
(34, 13, 171, 0, 0),
(34, 13, 172, 0, 0),
(34, 14, 174, 0, 0),
(34, 14, 175, 0, 0),
(34, 14, 176, 0, 0),
(34, 14, 177, 0, 0),
(34, 14, 178, 0, 0),
(34, 14, 179, 0, 0),
(34, 14, 180, 0, 0),
(34, 14, 181, 0, 0),
(34, 14, 182, 0, 0),
(34, 14, 183, 0, 0),
(34, 14, 184, 0, 0),
(34, 14, 185, 0, 0),
(34, 14, 186, 0, 0),
(34, 14, 187, 0, 0),
(34, 14, 188, 0, 0),
(34, 14, 189, 0, 0),
(34, 14, 190, 0, 0),
(34, 14, 191, 0, 1),
(34, 14, 192, 0, 1),
(34, 14, 193, 0, 0),
(34, 14, 194, 0, 0),
(34, 14, 195, 0, 0),
(34, 14, 197, 0, 0),
(34, 14, 198, 0, 0),
(34, 14, 199, 0, 0),
(34, 14, 200, 0, 0),
(34, 14, 201, 0, 0),
(34, 14, 202, 0, 0),
(34, 14, 203, 0, 0),
(34, 14, 204, 0, 0),
(34, 8, 205, 0, 0),
(34, 8, 206, 0, 1),
(34, 8, 207, 0, 1),
(34, 8, 208, 0, 0),
(34, 8, 209, 0, 0),
(34, 8, 210, 0, 0),
(34, 8, 211, 0, 1),
(34, 8, 212, 0, 1),
(34, 8, 213, 0, 0),
(34, 8, 214, 0, 0),
(34, 8, 215, 0, 0),
(34, 8, 216, 0, 1),
(34, 8, 217, 0, 0),
(34, 8, 218, 0, 0),
(34, 8, 219, 0, 0),
(34, 10, 220, 0, 0),
(34, 10, 221, 0, 0),
(34, 10, 222, 0, 0),
(34, 10, 223, 0, 0),
(34, 10, 224, 0, 0),
(34, 10, 225, 0, 0),
(34, 10, 226, 0, 0),
(34, 10, 227, 0, 0),
(34, 10, 228, 0, 0),
(34, 10, 229, 0, 1),
(34, 10, 230, 0, 0),
(34, 10, 231, 0, 0),
(34, 9, 232, 0, 0),
(34, 9, 233, 0, 0),
(34, 9, 234, 0, 0),
(34, 9, 235, 0, 0),
(34, 9, 236, 0, 0),
(34, 9, 237, 0, 0),
(34, 9, 238, 0, 0),
(34, 9, 239, 0, 0),
(34, 9, 240, 0, 0),
(34, 9, 241, 0, 0),
(34, 9, 242, 0, 0),
(34, 9, 243, 0, 0),
(34, 9, 244, 0, 1),
(34, 9, 245, 0, 1),
(34, 9, 246, 0, 0),
(34, 9, 247, 0, 0),
(34, 9, 248, 0, 0),
(34, 9, 249, 0, 0),
(34, 9, 250, 0, 0),
(34, 9, 251, 0, 0),
(34, 9, 252, 0, 0),
(34, 9, 253, 0, 0),
(34, 9, 254, 0, 0),
(34, 9, 255, 0, 0),
(34, 16, 256, 0, 0),
(34, 16, 257, 0, 0),
(34, 16, 258, 0, 0),
(34, 16, 259, 0, 0),
(34, 16, 260, 0, 0),
(34, 16, 261, 0, 0),
(34, 16, 262, 0, 0),
(34, 16, 263, 0, 0),
(34, 16, 264, 0, 0),
(34, 16, 265, 0, 0),
(34, 16, 266, 0, 0),
(34, 16, 267, 0, 0),
(34, 16, 268, 0, 0),
(34, 16, 269, 0, 0),
(34, 16, 270, 0, 1),
(34, 16, 271, 0, 1),
(34, 16, 272, 0, 0),
(34, 16, 273, 0, 0),
(34, 16, 274, 0, 0),
(34, 16, 275, 0, 0),
(34, 16, 276, 0, 0),
(34, 16, 277, 0, 0),
(34, 16, 278, 0, 0),
(34, 15, 279, 0, 0),
(34, 15, 280, 0, 0),
(34, 15, 281, 0, 0),
(34, 15, 282, 0, 0),
(34, 15, 283, 0, 0),
(34, 15, 284, 0, 0),
(34, 15, 286, 0, 1),
(34, 15, 287, 0, 1),
(34, 15, 288, 0, 0),
(34, 18, 289, 0, 0),
(34, 18, 290, 0, 0),
(34, 18, 291, 0, 0),
(34, 18, 292, 0, 0),
(34, 18, 293, 0, 0),
(34, 18, 294, 0, 0),
(34, 18, 295, 0, 0),
(34, 18, 296, 0, 1),
(34, 18, 297, 0, 1),
(34, 18, 298, 0, 0),
(34, 18, 299, 0, 0),
(34, 18, 300, 0, 0),
(34, 18, 301, 0, 0),
(34, 18, 302, 0, 0),
(34, 18, 303, 0, 0),
(34, 18, 304, 0, 0),
(34, 18, 305, 0, 0),
(34, 19, 306, 0, 0),
(34, 19, 307, 0, 0),
(34, 19, 308, 0, 0),
(34, 19, 309, 0, 1),
(34, 19, 310, 0, 1),
(34, 19, 311, 0, 0),
(34, 19, 312, 0, 0),
(34, 19, 313, 0, 0),
(34, 20, 314, 0, 0),
(34, 20, 315, 0, 0),
(34, 20, 316, 0, 0),
(34, 20, 317, 0, 0),
(34, 20, 318, 0, 0),
(34, 20, 319, 0, 0),
(34, 20, 320, 0, 0),
(34, 20, 321, 0, 0),
(34, 20, 322, 0, 0),
(34, 20, 323, 0, 0),
(34, 20, 324, 0, 0),
(34, 20, 325, 0, 0),
(34, 20, 326, 0, 0),
(34, 20, 327, 0, 0),
(34, 20, 328, 0, 0),
(34, 20, 329, 0, 0),
(34, 20, 330, 0, 0),
(34, 20, 331, 0, 0),
(34, 20, 332, 0, 1),
(34, 20, 333, 0, 1),
(34, 20, 334, 0, 0),
(34, 20, 335, 0, 0),
(34, 20, 336, 0, 0),
(34, 20, 337, 0, 0),
(34, 20, 338, 0, 0),
(34, 20, 339, 0, 0),
(34, 20, 340, 0, 0),
(34, 20, 341, 0, 0),
(34, 20, 342, 0, 0),
(34, 20, 343, 0, 0),
(34, 20, 344, 0, 0),
(34, 20, 345, 0, 0),
(34, 20, 346, 0, 0),
(34, 20, 347, 0, 0),
(34, 20, 348, 0, 0),
(34, 20, 349, 0, 0),
(34, 20, 350, 0, 0),
(34, 21, 351, 0, 0),
(34, 21, 352, 0, 0),
(34, 21, 353, 0, 0),
(34, 21, 354, 0, 0),
(34, 21, 355, 0, 0),
(34, 21, 356, 0, 0),
(34, 21, 357, 0, 0),
(34, 21, 358, 0, 0),
(34, 21, 359, 0, 0),
(34, 21, 360, 0, 0),
(34, 21, 361, 0, 0),
(34, 21, 362, 0, 0),
(34, 21, 363, 0, 0),
(34, 21, 364, 0, 0),
(34, 21, 365, 0, 0),
(34, 21, 366, 0, 0),
(34, 21, 367, 0, 0),
(34, 21, 368, 0, 0),
(34, 21, 369, 0, 0),
(34, 21, 370, 0, 1),
(34, 21, 371, 0, 1),
(34, 21, 372, 0, 0),
(34, 21, 373, 0, 0),
(34, 21, 374, 0, 0),
(34, 21, 375, 0, 0),
(34, 21, 376, 0, 0),
(34, 21, 377, 0, 0),
(34, 21, 378, 0, 0),
(34, 21, 379, 0, 0),
(34, 21, 380, 0, 0),
(34, 21, 381, 0, 0),
(34, 21, 382, 0, 0),
(34, 21, 383, 0, 0),
(34, 21, 384, 0, 0),
(34, 21, 385, 0, 0),
(34, 21, 386, 0, 0),
(34, 21, 387, 0, 0),
(34, 21, 388, 0, 0),
(34, 22, 389, 0, 0),
(34, 22, 390, 0, 0),
(34, 22, 391, 0, 0),
(34, 22, 392, 0, 0),
(34, 22, 393, 0, 0),
(34, 22, 394, 0, 0),
(34, 22, 395, 0, 0),
(34, 22, 396, 0, 0),
(34, 22, 397, 0, 0),
(34, 22, 398, 0, 0),
(34, 22, 399, 0, 0),
(34, 22, 400, 0, 0),
(34, 22, 401, 0, 0),
(34, 22, 402, 0, 0),
(34, 22, 403, 0, 0),
(34, 22, 404, 0, 0),
(34, 22, 405, 0, 0),
(34, 22, 406, 0, 0),
(34, 22, 407, 0, 0),
(34, 22, 408, 0, 0),
(34, 22, 409, 0, 0),
(34, 22, 410, 0, 0),
(34, 22, 411, 0, 1),
(34, 22, 412, 0, 1),
(34, 22, 413, 0, 0),
(34, 22, 414, 0, 0),
(34, 22, 415, 0, 0),
(34, 22, 416, 0, 0),
(34, 22, 417, 0, 0),
(34, 22, 418, 0, 0),
(34, 22, 419, 0, 0),
(34, 22, 420, 0, 0),
(34, 22, 421, 0, 0),
(34, 22, 422, 0, 0),
(34, 22, 423, 0, 0),
(34, 22, 424, 0, 0),
(34, 22, 425, 0, 0),
(34, 22, 426, 0, 0),
(34, 22, 427, 0, 0),
(34, 22, 428, 0, 0),
(34, 22, 429, 0, 0),
(34, 22, 430, 0, 0),
(34, 22, 431, 0, 0),
(34, 22, 432, 0, 0),
(34, 22, 433, 0, 0),
(34, 22, 434, 0, 0),
(34, 22, 435, 0, 0),
(34, 23, 436, 0, 0),
(34, 23, 437, 0, 0),
(34, 23, 438, 0, 0),
(34, 23, 439, 0, 0),
(34, 23, 440, 0, 0),
(34, 23, 441, 0, 0),
(34, 23, 442, 0, 0),
(34, 23, 443, 0, 0),
(34, 23, 444, 0, 0),
(34, 23, 445, 0, 0),
(34, 23, 446, 0, 0),
(34, 23, 447, 0, 0),
(34, 23, 448, 0, 0),
(34, 23, 449, 0, 0),
(34, 23, 450, 0, 0),
(34, 23, 451, 0, 0),
(34, 23, 452, 0, 0),
(34, 23, 453, 0, 0),
(34, 23, 454, 0, 0),
(34, 23, 455, 0, 1),
(34, 23, 456, 0, 1),
(34, 23, 457, 0, 0),
(34, 23, 458, 0, 0),
(34, 23, 459, 0, 0),
(34, 23, 460, 0, 0),
(34, 23, 461, 0, 0),
(34, 23, 462, 0, 0),
(34, 23, 463, 0, 0),
(34, 23, 464, 0, 0),
(34, 23, 465, 0, 0),
(34, 23, 466, 0, 0),
(34, 23, 467, 0, 0),
(34, 23, 468, 0, 0),
(34, 23, 469, 0, 0),
(34, 23, 470, 0, 0),
(34, 23, 471, 0, 0),
(34, 23, 472, 0, 0),
(34, 23, 473, 0, 0),
(34, 23, 474, 0, 0),
(34, 10, 520, 0, 0),
(34, 10, 521, 0, 0),
(34, 10, 522, 0, 0),
(34, 10, 523, 0, 0),
(34, 10, 524, 0, 0),
(34, 10, 525, 0, 0),
(34, 34, 526, 0, 0),
(34, 34, 527, 0, 0),
(34, 34, 528, 0, 0),
(34, 34, 529, 0, 0),
(34, 34, 530, 0, 0),
(34, 34, 531, 0, 0),
(34, 34, 532, 0, 0),
(34, 34, 533, 0, 0),
(34, 34, 534, 0, 0),
(34, 34, 535, 0, 0),
(34, 34, 536, 0, 0),
(34, 34, 537, 0, 0),
(34, 34, 538, 0, 0),
(34, 34, 539, 0, 0),
(34, 34, 540, 0, 1),
(34, 34, 541, 0, 1),
(34, 34, 542, 0, 1),
(34, 35, 544, 0, 0),
(34, 35, 545, 0, 1),
(34, 35, 546, 0, 1),
(34, 35, 547, 0, 0),
(34, 35, 548, 0, 1),
(34, 35, 549, 0, 0),
(34, 35, 550, 0, 0),
(34, 35, 551, 0, 0),
(34, 35, 552, 0, 0),
(34, 35, 553, 0, 0),
(34, 35, 554, 0, 0),
(34, 35, 555, 0, 1),
(34, 35, 556, 0, 1),
(34, 35, 557, 0, 0),
(34, 35, 558, 0, 0),
(34, 35, 559, 0, 0),
(34, 35, 560, 0, 1),
(34, 35, 561, 0, 0),
(34, 35, 562, 0, 0),
(34, 35, 563, 0, 1),
(34, 35, 564, 0, 0),
(34, 35, 565, 0, 0),
(34, 36, 566, 0, 0),
(34, 36, 567, 0, 0),
(34, 36, 568, 0, 0),
(34, 36, 569, 0, 0),
(34, 36, 570, 0, 0),
(34, 36, 571, 0, 0),
(34, 36, 572, 0, 0),
(34, 36, 573, 0, 0),
(34, 36, 574, 0, 1),
(34, 36, 575, 0, 1),
(34, 36, 576, 0, 0),
(34, 36, 577, 0, 0),
(34, 36, 578, 0, 0),
(34, 36, 579, 0, 0),
(34, 36, 580, 0, 0),
(34, 36, 581, 0, 0),
(34, 36, 583, 0, 0),
(34, 36, 584, 0, 0),
(34, 36, 585, 0, 1),
(34, 36, 586, 0, 1),
(34, 36, 587, 0, 1),
(34, 38, 588, 0, 0),
(34, 38, 589, 0, 0),
(34, 38, 590, 0, 0),
(34, 38, 591, 0, 0),
(34, 38, 592, 0, 0),
(34, 38, 593, 0, 0),
(34, 38, 594, 0, 0),
(34, 38, 595, 0, 0),
(34, 38, 596, 0, 0),
(34, 38, 597, 0, 0),
(34, 38, 598, 0, 0),
(34, 38, 599, 0, 0),
(34, 38, 600, 0, 0),
(34, 38, 601, 0, 0),
(34, 38, 602, 0, 1),
(34, 38, 603, 0, 1),
(34, 38, 604, 0, 0),
(34, 38, 605, 0, 0),
(34, 38, 606, 0, 1),
(34, 38, 607, 0, 1),
(34, 38, 608, 0, 1),
(34, 42, 609, 0, 0),
(34, 42, 610, 0, 0),
(34, 42, 611, 0, 1),
(34, 42, 612, 0, 1),
(34, 42, 613, 0, 0),
(34, 42, 614, 0, 1),
(34, 42, 615, 0, 0),
(34, 42, 616, 0, 1),
(34, 43, 617, 0, 0),
(34, 43, 618, 0, 0),
(34, 43, 619, 0, 0),
(34, 43, 620, 0, 0),
(34, 43, 621, 0, 0),
(34, 43, 622, 0, 0),
(34, 43, 623, 0, 1),
(34, 43, 624, 0, 1),
(34, 43, 625, 0, 0),
(34, 43, 626, 0, 0),
(34, 43, 627, 0, 1),
(34, 43, 628, 0, 1),
(34, 43, 629, 0, 1),
(34, 44, 630, 0, 0),
(34, 44, 631, 0, 0),
(34, 44, 632, 0, 0),
(34, 44, 633, 0, 0),
(34, 44, 634, 0, 0),
(34, 44, 635, 0, 0),
(34, 44, 636, 0, 0),
(34, 44, 637, 0, 0),
(34, 44, 638, 0, 0),
(34, 44, 639, 0, 0),
(34, 44, 640, 0, 0),
(34, 44, 641, 0, 1),
(34, 44, 642, 0, 1),
(34, 44, 643, 0, 0),
(34, 44, 644, 0, 0),
(34, 44, 645, 0, 1),
(34, 44, 646, 0, 1),
(34, 44, 647, 0, 1),
(34, 45, 648, 0, 0),
(34, 45, 649, 0, 0),
(34, 45, 650, 0, 0),
(34, 45, 651, 0, 0),
(34, 45, 652, 0, 0),
(34, 45, 653, 0, 0),
(34, 45, 654, 0, 0),
(34, 45, 655, 0, 0),
(34, 45, 656, 0, 0),
(34, 45, 657, 0, 0),
(34, 45, 658, 0, 0),
(34, 45, 659, 0, 0),
(34, 45, 660, 0, 0),
(34, 45, 661, 0, 1),
(34, 45, 662, 0, 1),
(34, 45, 663, 0, 0),
(34, 45, 664, 0, 0),
(34, 45, 665, 0, 1),
(34, 45, 666, 0, 1),
(34, 45, 667, 0, 1),
(34, 47, 668, 0, 0),
(34, 47, 669, 0, 1),
(34, 47, 670, 0, 1),
(34, 47, 671, 0, 0),
(34, 47, 672, 0, 0),
(34, 47, 673, 0, 1),
(34, 2, 674, 0, 0),
(34, 23, 676, 0, 0),
(34, 23, 677, 0, 0),
(34, 23, 678, 0, 0),
(34, 23, 679, 0, 0),
(34, 23, 680, 0, 0),
(34, 23, 681, 0, 0),
(34, 22, 685, 0, 0),
(34, 22, 686, 0, 0),
(34, 22, 687, 0, 0),
(34, 22, 688, 0, 0),
(34, 22, 689, 0, 0),
(34, 22, 690, 0, 0),
(34, 21, 694, 0, 0),
(34, 21, 695, 0, 0),
(34, 21, 696, 0, 0),
(34, 21, 697, 0, 0),
(34, 21, 698, 0, 0),
(34, 21, 699, 0, 0),
(34, 20, 703, 0, 0),
(34, 20, 704, 0, 0),
(34, 20, 705, 0, 0),
(34, 20, 706, 0, 0),
(34, 20, 707, 0, 0),
(34, 20, 708, 0, 0),
(34, 44, 713, 0, 0),
(34, 42, 714, 0, 0),
(34, 23, 718, 0, 0),
(34, 22, 719, 0, 0),
(34, 21, 720, 0, 0),
(34, 20, 721, 0, 0),
(34, 6, 723, 0, 1),
(34, 4, 724, 0, 1),
(34, 2, 725, 0, 1),
(34, 23, 727, 0, 0),
(34, 23, 728, 0, 0),
(34, 21, 729, 0, 0),
(34, 21, 730, 0, 0),
(34, 18, 731, 0, 0),
(34, 7, 732, 0, 0),
(34, 42, 733, 0, 0),
(34, 42, 734, 0, 0),
(34, 23, 735, 0, 0),
(34, 20, 736, 0, 0),
(34, 21, 737, 0, 0),
(34, 22, 738, 0, 0),
(34, 2, 740, 0, 0),
(34, 13, 741, 0, 0),
(34, 14, 772, 0, 0),
(34, 36, 773, 0, 0),
(34, 23, 774, 0, 0),
(34, 42, 786, 0, 0),
(34, 42, 787, 0, 0),
(34, 42, 788, 0, 0),
(34, 2, 789, 0, 1),
(34, 4, 790, 0, 1),
(34, 6, 791, 0, 1),
(34, 7, 792, 0, 1),
(34, 8, 793, 0, 1),
(34, 9, 794, 0, 1),
(34, 10, 795, 0, 1),
(34, 13, 796, 0, 1),
(34, 14, 797, 0, 1),
(34, 15, 798, 0, 1),
(34, 16, 799, 0, 1),
(34, 18, 800, 0, 1),
(34, 19, 801, 0, 1),
(34, 20, 802, 0, 1),
(34, 21, 803, 0, 1),
(34, 22, 804, 0, 1),
(34, 23, 805, 0, 1),
(34, 26, 806, 0, 1),
(34, 10, 807, 0, 0),
(34, 2, 808, 0, 0),
(34, 4, 809, 0, 0),
(34, 6, 810, 0, 0),
(34, 7, 811, 0, 0),
(34, 8, 812, 0, 0),
(34, 9, 813, 0, 0),
(34, 10, 814, 0, 0),
(34, 13, 815, 0, 0),
(34, 14, 816, 0, 0),
(34, 15, 817, 0, 0),
(34, 16, 818, 0, 1),
(34, 18, 819, 0, 0),
(34, 19, 820, 0, 0),
(34, 20, 821, 0, 0),
(34, 21, 822, 0, 0),
(34, 22, 823, 0, 0),
(34, 23, 824, 0, 0),
(34, 26, 825, 0, 0),
(34, 2, 826, 0, 0),
(34, 4, 827, 0, 0),
(34, 6, 828, 0, 0),
(34, 7, 829, 0, 0),
(34, 8, 830, 0, 0),
(34, 9, 831, 0, 0),
(34, 10, 832, 0, 0),
(34, 13, 833, 0, 0),
(34, 14, 834, 0, 0),
(34, 15, 835, 0, 0),
(34, 16, 836, 0, 1),
(34, 18, 837, 0, 0),
(34, 19, 838, 0, 0),
(34, 20, 839, 0, 0),
(34, 21, 840, 0, 0),
(34, 22, 841, 0, 0),
(34, 23, 842, 0, 0),
(34, 26, 843, 0, 0),
(34, 20, 844, 0, 0),
(34, 21, 845, 0, 0),
(34, 22, 846, 0, 0),
(34, 23, 847, 0, 0),
(34, 45, 848, 0, 1),
(34, 45, 849, 0, 0),
(34, 22, 851, 0, 1),
(34, 16, 853, 0, 0),
(34, 16, 854, 0, 0),
(34, 16, 855, 0, 0),
(34, 16, 856, 0, 0),
(34, 9, 857, 0, 0),
(34, 9, 858, 0, 0),
(34, 16, 859, 0, 0),
(34, 20, 860, 0, 0),
(34, 20, 861, 0, 0),
(34, 20, 862, 0, 0),
(34, 20, 863, 0, 0),
(34, 20, 864, 0, 0),
(34, 20, 865, 0, 0),
(34, 20, 866, 0, 0),
(34, 20, 867, 0, 0),
(34, 20, 868, 0, 0),
(34, 20, 869, 0, 0),
(34, 20, 870, 0, 0),
(34, 20, 871, 0, 0),
(34, 20, 872, 0, 0),
(34, 20, 873, 0, 0),
(34, 20, 874, 0, 0),
(34, 20, 875, 0, 0),
(34, 20, 876, 0, 0),
(34, 20, 877, 0, 0),
(34, 2, 878, 0, 0),
(34, 23, 879, 0, 0),
(34, 23, 880, 0, 0),
(34, 23, 881, 0, 0),
(34, 23, 882, 0, 0),
(34, 23, 883, 0, 0),
(34, 23, 884, 0, 0),
(34, 23, 885, 0, 0),
(34, 23, 886, 0, 0),
(34, 23, 887, 0, 0),
(34, 23, 888, 0, 0),
(34, 23, 889, 0, 0),
(34, 23, 890, 0, 0),
(34, 23, 891, 0, 0),
(34, 6, 892, 0, 0),
(34, 6, 893, 0, 0),
(34, 6, 894, 0, 0),
(34, 6, 895, 0, 0),
(34, 6, 896, 0, 0),
(34, 6, 897, 0, 0),
(34, 6, 898, 0, 0),
(34, 6, 899, 0, 0),
(34, 6, 900, 0, 0),
(34, 6, 901, 0, 0),
(34, 6, 902, 0, 0),
(34, 6, 903, 0, 0),
(34, 6, 904, 0, 0),
(34, 6, 905, 0, 0),
(34, 6, 906, 0, 0),
(34, 6, 907, 0, 0),
(34, 6, 908, 0, 0),
(34, 6, 909, 0, 0),
(34, 6, 910, 0, 0),
(34, 6, 911, 0, 0),
(34, 6, 912, 0, 0),
(34, 6, 913, 0, 0),
(34, 6, 914, 0, 0),
(34, 6, 915, 0, 0),
(34, 6, 916, 0, 0),
(34, 6, 917, 0, 0),
(34, 6, 918, 0, 0),
(34, 6, 919, 0, 0),
(34, 6, 920, 0, 0),
(34, 6, 921, 0, 0),
(34, 6, 922, 0, 0),
(34, 6, 923, 0, 0),
(34, 6, 924, 0, 0),
(34, 6, 925, 0, 0),
(34, 6, 926, 0, 0),
(34, 23, 927, 0, 0),
(34, 52, 928, 0, 0),
(34, 52, 929, 0, 0),
(34, 52, 930, 0, 0),
(34, 52, 931, 0, 0),
(34, 52, 932, 0, 0),
(34, 52, 933, 0, 0),
(34, 52, 934, 0, 0),
(34, 52, 935, 0, 0),
(34, 52, 936, 0, 0),
(34, 52, 937, 0, 0),
(34, 52, 938, 0, 0),
(34, 52, 939, 0, 0),
(34, 52, 940, 0, 0),
(34, 52, 941, 0, 0),
(34, 52, 942, 0, 0),
(34, 52, 943, 0, 0),
(34, 52, 944, 0, 0),
(34, 52, 945, 0, 0),
(34, 52, 946, 0, 0),
(34, 52, 947, 0, 1),
(34, 52, 948, 0, 1),
(34, 52, 949, 0, 0),
(34, 52, 950, 0, 1),
(34, 52, 951, 0, 1),
(34, 52, 952, 0, 0),
(34, 21, 953, 0, 0),
(34, 53, 954, 0, 0),
(34, 53, 955, 0, 0),
(34, 53, 956, 0, 0),
(34, 53, 957, 0, 0),
(34, 53, 958, 0, 0),
(34, 53, 959, 0, 0),
(34, 53, 960, 0, 0),
(34, 53, 961, 0, 0),
(34, 53, 962, 0, 0),
(34, 53, 963, 0, 0),
(34, 53, 964, 0, 0),
(34, 53, 965, 0, 0),
(34, 53, 966, 0, 0),
(34, 53, 967, 0, 1),
(34, 53, 968, 0, 1),
(34, 53, 969, 0, 0),
(34, 54, 970, 0, 0),
(34, 54, 971, 0, 0),
(34, 54, 972, 0, 0),
(34, 54, 973, 0, 0),
(34, 54, 974, 0, 0),
(34, 54, 975, 0, 0),
(34, 54, 976, 0, 0),
(34, 54, 977, 0, 0),
(34, 54, 978, 0, 0),
(34, 54, 979, 0, 0),
(34, 54, 980, 0, 0),
(34, 54, 981, 0, 0),
(34, 54, 982, 0, 0),
(34, 54, 983, 0, 1),
(34, 54, 984, 0, 1),
(34, 54, 985, 0, 0),
(34, 55, 986, 0, 0),
(34, 55, 987, 0, 0),
(34, 55, 988, 0, 0),
(34, 55, 989, 0, 0),
(34, 55, 990, 0, 0),
(34, 55, 991, 0, 0),
(34, 55, 992, 0, 0),
(34, 55, 993, 0, 0),
(34, 55, 994, 0, 0),
(34, 55, 995, 0, 0),
(34, 55, 996, 0, 0),
(34, 55, 997, 0, 0),
(34, 55, 998, 0, 0),
(34, 55, 999, 0, 0),
(34, 55, 1000, 0, 0),
(34, 55, 1001, 0, 0),
(34, 55, 1002, 0, 0),
(34, 55, 1003, 0, 0),
(34, 55, 1004, 0, 0),
(34, 55, 1005, 0, 1),
(34, 55, 1006, 0, 1),
(34, 55, 1007, 0, 0),
(34, 7, 1008, 0, 0),
(34, 7, 1009, 0, 0),
(34, 7, 1010, 0, 0),
(34, 7, 1011, 0, 0),
(34, 7, 1012, 0, 0),
(34, 7, 1013, 0, 0),
(34, 7, 1014, 0, 0),
(34, 7, 1015, 0, 0),
(34, 7, 1016, 0, 0),
(34, 7, 1017, 0, 0),
(34, 7, 1018, 0, 0),
(34, 7, 1019, 0, 0),
(34, 7, 1020, 0, 0),
(34, 7, 1021, 0, 0),
(34, 7, 1022, 0, 0),
(34, 7, 1023, 0, 0),
(34, 7, 1024, 0, 0),
(34, 7, 1025, 0, 0),
(34, 7, 1026, 0, 0),
(34, 7, 1027, 0, 0),
(34, 7, 1028, 0, 0),
(34, 7, 1029, 0, 0),
(34, 7, 1030, 0, 0),
(34, 7, 1031, 0, 0),
(34, 7, 1032, 0, 0),
(34, 7, 1033, 0, 0),
(34, 56, 1034, 0, 0),
(34, 56, 1035, 0, 0),
(34, 56, 1036, 0, 0),
(34, 56, 1037, 0, 0),
(34, 56, 1038, 0, 0),
(34, 56, 1039, 0, 0),
(34, 56, 1040, 0, 0),
(34, 56, 1041, 0, 0),
(34, 56, 1042, 0, 0),
(34, 56, 1043, 0, 0),
(34, 56, 1044, 0, 1),
(34, 56, 1045, 0, 1),
(34, 56, 1046, 0, 0),
(34, 57, 1047, 0, 0),
(34, 57, 1048, 0, 0),
(34, 57, 1049, 0, 0),
(34, 57, 1050, 0, 0),
(34, 57, 1051, 0, 0),
(34, 57, 1052, 0, 0),
(34, 57, 1053, 0, 0),
(34, 57, 1054, 0, 0),
(34, 57, 1055, 0, 0),
(34, 57, 1056, 0, 0),
(34, 57, 1057, 0, 0),
(34, 57, 1058, 0, 0),
(34, 57, 1059, 0, 0),
(34, 57, 1060, 0, 0),
(34, 57, 1061, 0, 1),
(34, 57, 1062, 0, 1),
(34, 57, 1063, 0, 0),
(34, 58, 1064, 0, 0),
(34, 58, 1065, 0, 0),
(34, 58, 1066, 0, 0),
(34, 58, 1067, 0, 0),
(34, 58, 1068, 0, 0),
(34, 58, 1069, 0, 0),
(34, 58, 1070, 0, 0),
(34, 58, 1071, 0, 0),
(34, 58, 1072, 0, 0),
(34, 58, 1073, 0, 0),
(34, 58, 1074, 0, 0),
(34, 58, 1075, 0, 0),
(34, 58, 1076, 0, 0),
(34, 58, 1077, 0, 0),
(34, 58, 1078, 0, 0),
(34, 58, 1079, 0, 0),
(34, 58, 1080, 0, 0),
(34, 58, 1081, 0, 0),
(34, 58, 1082, 0, 0),
(34, 58, 1083, 0, 1),
(34, 58, 1084, 0, 1),
(34, 58, 1085, 0, 0),
(34, 59, 1086, 0, 0),
(34, 59, 1087, 0, 0),
(34, 59, 1088, 0, 0),
(34, 59, 1089, 0, 0),
(34, 59, 1090, 0, 0),
(34, 59, 1091, 0, 0),
(34, 59, 1092, 0, 0),
(34, 59, 1093, 0, 0),
(34, 59, 1094, 0, 0),
(34, 59, 1095, 0, 0),
(34, 59, 1096, 0, 0),
(34, 59, 1097, 0, 0),
(34, 59, 1098, 0, 0),
(34, 59, 1099, 0, 0),
(34, 59, 1100, 0, 0),
(34, 59, 1101, 0, 0),
(34, 59, 1102, 0, 0),
(34, 59, 1103, 0, 0),
(34, 59, 1104, 0, 0),
(34, 59, 1105, 0, 0),
(34, 59, 1106, 0, 0),
(34, 59, 1107, 0, 1),
(34, 59, 1108, 0, 1),
(34, 59, 1109, 0, 0),
(34, 60, 1110, 0, 0),
(34, 60, 1111, 0, 0),
(34, 60, 1112, 0, 0),
(34, 60, 1113, 0, 0),
(34, 60, 1114, 0, 0),
(34, 60, 1115, 0, 0),
(34, 60, 1116, 0, 0),
(34, 60, 1117, 0, 0),
(34, 60, 1118, 0, 0),
(34, 60, 1119, 0, 0),
(34, 60, 1120, 0, 0),
(34, 60, 1121, 0, 0),
(34, 60, 1122, 0, 0),
(34, 60, 1123, 0, 0),
(34, 60, 1124, 0, 0),
(34, 60, 1125, 0, 1),
(34, 60, 1126, 0, 1),
(34, 60, 1127, 0, 0),
(34, 61, 1128, 0, 0),
(34, 61, 1129, 0, 0),
(34, 61, 1130, 0, 0),
(34, 61, 1131, 0, 0),
(34, 61, 1132, 0, 0),
(34, 61, 1133, 0, 0),
(34, 61, 1134, 0, 0),
(34, 61, 1135, 0, 0),
(34, 61, 1136, 0, 0),
(34, 61, 1137, 0, 0),
(34, 61, 1138, 0, 0),
(34, 61, 1139, 0, 0),
(34, 61, 1140, 0, 0),
(34, 61, 1141, 0, 0),
(34, 61, 1142, 0, 0),
(34, 61, 1143, 0, 0),
(34, 61, 1144, 0, 1),
(34, 61, 1145, 0, 1),
(34, 61, 1146, 0, 0),
(34, 62, 1147, 0, 0),
(34, 62, 1148, 0, 0),
(34, 62, 1149, 0, 0),
(34, 62, 1150, 0, 0),
(34, 62, 1151, 0, 0),
(34, 62, 1152, 0, 0),
(34, 62, 1153, 0, 0),
(34, 62, 1154, 0, 0),
(34, 62, 1155, 0, 0),
(34, 62, 1156, 0, 0),
(34, 62, 1157, 0, 0),
(34, 62, 1158, 0, 0),
(34, 62, 1159, 0, 0),
(34, 62, 1160, 0, 0),
(34, 62, 1161, 0, 0),
(34, 62, 1162, 0, 0),
(34, 62, 1163, 0, 0),
(34, 62, 1164, 0, 1),
(34, 62, 1165, 0, 1),
(34, 62, 1166, 0, 0),
(34, 63, 1167, 0, 0),
(34, 63, 1168, 0, 0),
(34, 63, 1169, 0, 0),
(34, 63, 1170, 0, 0),
(34, 63, 1171, 0, 0),
(34, 63, 1172, 0, 0),
(34, 63, 1173, 0, 0),
(34, 63, 1174, 0, 0),
(34, 63, 1175, 0, 0),
(34, 63, 1176, 0, 0),
(34, 63, 1177, 0, 1),
(34, 63, 1178, 0, 1),
(34, 63, 1179, 0, 0),
(34, 4, 1180, 0, 0),
(34, 4, 1181, 0, 0),
(34, 4, 1182, 0, 0),
(34, 4, 1183, 0, 0),
(34, 4, 1184, 0, 0),
(34, 4, 1185, 0, 0),
(34, 4, 1186, 0, 0),
(34, 4, 1187, 0, 0),
(34, 4, 1188, 0, 0),
(34, 21, 1189, 0, 0),
(34, 21, 1190, 0, 0),
(34, 21, 1191, 0, 0),
(34, 21, 1192, 0, 0),
(34, 21, 1193, 0, 0),
(34, 21, 1194, 0, 0),
(34, 21, 1195, 0, 0),
(34, 21, 1196, 0, 0),
(34, 21, 1197, 0, 0),
(34, 21, 1198, 0, 0),
(34, 21, 1199, 0, 0),
(34, 21, 1200, 0, 0),
(34, 21, 1201, 0, 0),
(34, 21, 1202, 0, 0),
(34, 21, 1203, 0, 0),
(34, 21, 1204, 0, 0),
(34, 21, 1205, 0, 0),
(34, 21, 1206, 0, 0),
(34, 21, 1207, 0, 0),
(34, 20, 1208, 0, 0),
(34, 20, 1209, 0, 0),
(34, 20, 1210, 0, 0),
(34, 20, 1211, 0, 0),
(34, 20, 1212, 0, 0),
(34, 4, 1213, 0, 0),
(34, 4, 1214, 0, 0),
(34, 4, 1215, 0, 0),
(34, 4, 1216, 0, 0),
(34, 4, 1217, 0, 0),
(34, 4, 1218, 0, 0),
(34, 4, 1219, 0, 0),
(34, 65, 1220, 0, 0),
(34, 65, 1221, 0, 0),
(34, 65, 1222, 0, 0),
(34, 65, 1223, 0, 0),
(34, 65, 1224, 0, 0),
(34, 65, 1225, 0, 0),
(34, 65, 1226, 0, 0),
(34, 65, 1227, 0, 0),
(34, 65, 1228, 0, 0),
(34, 65, 1229, 0, 0),
(34, 65, 1230, 0, 0),
(34, 65, 1231, 0, 0),
(34, 65, 1232, 0, 0),
(34, 65, 1233, 0, 0),
(34, 65, 1234, 0, 0),
(34, 2, 1235, 0, 0),
(34, 2, 1236, 0, 0),
(34, 2, 1237, 0, 0),
(34, 2, 1238, 0, 0),
(34, 2, 1239, 0, 0),
(34, 2, 1240, 0, 0),
(34, 2, 1241, 0, 0),
(34, 2, 1242, 0, 0),
(34, 2, 1243, 0, 0);

-- --------------------------------------------------------

--
