-- Table structure for table `sarv_role_meta`
--

CREATE TABLE `sarv_role_meta` (
  `role_id` varchar(255) NOT NULL,
  `description` text NOT NULL,
  `created_at` datetime NOT NULL,
  `updated_at` datetime NOT NULL,
  `created_by` int(11) DEFAULT NULL,
  `updated_by` int(11) DEFAULT NULL,
  `permission_model_version` tinyint(3) UNSIGNED NOT NULL DEFAULT 0
) ENGINE=InnoDB DEFAULT CHARSET=utf8 COLLATE=utf8_general_ci;

--
-- Dumping data for table `sarv_role_meta`
--

INSERT IGNORE INTO `sarv_role_meta` (`role_id`, `description`, `created_at`, `updated_at`, `created_by`, `updated_by`, `permission_model_version`) VALUES
('H2', 'سطح دسترسی سازمانی «CEO»؛ مجوزها فقط از پنل نقش‌ها مدیریت می‌شوند.', '2026-07-22 01:42:49', '2026-07-22 04:38:57', 1, 1, 2),
('H29', 'نقش آزمایشی خودکار برای اعتبارسنجی دسترسی کاربران فاقد نقش - allow', '2026-08-01 11:00:07', '2026-08-01 11:00:07', 1, 1, 0),
('H3', 'سطح دسترسی سازمانی «Vice President»؛ مجوزها فقط از پنل نقش‌ها مدیریت می‌شوند.', '2026-07-22 01:42:50', '2026-07-22 04:38:57', 1, 1, 2),
('H30', 'نقش آزمایشی خودکار برای اعتبارسنجی دسترسی کاربران فاقد نقش - inherit', '2026-08-01 11:00:10', '2026-08-01 11:00:10', 1, 1, 0),
('H31', 'نقش آزمایشی خودکار برای اعتبارسنجی دسترسی کاربران فاقد نقش - deny', '2026-08-01 11:00:13', '2026-08-01 11:23:08', 1, 1, 0),
('H4', 'سطح دسترسی سازمانی «Sales Manager»؛ مجوزها فقط از پنل نقش‌ها مدیریت می‌شوند.', '2026-07-22 01:42:50', '2026-07-22 04:38:57', 1, 1, 2),
('H5', 'سطح دسترسی سازمانی «Sales Person»؛ مجوزها فقط از پنل نقش‌ها مدیریت می‌شوند.', '2026-07-22 01:42:50', '2026-07-22 04:38:57', 1, 1, 2);

-- --------------------------------------------------------

--
-- Table structure for table `sarv_role_permission_override`
--

CREATE TABLE `sarv_role_permission_override` (
  `role_id` varchar(255) NOT NULL,
  `tab_id` int(11) NOT NULL,
  `operation_id` int(11) NOT NULL DEFAULT 0,
  `permission_state` varchar(12) NOT NULL DEFAULT 'inherit',
  `updated_by` int(11) DEFAULT NULL,
  `updated_at` datetime NOT NULL
) ENGINE=InnoDB DEFAULT CHARSET=utf8 COLLATE=utf8_general_ci;

--
-- Dumping data for table `sarv_role_permission_override`
--

INSERT IGNORE INTO `sarv_role_permission_override` (`role_id`, `tab_id`, `operation_id`, `permission_state`, `updated_by`, `updated_at`) VALUES
('H2', 1, 0, 'inherit', 1, '2026-07-22 02:32:39'),
('H2', 1, 1, 'deny', 1, '2026-07-22 02:35:23'),
('H2', 1, 2, 'deny', 1, '2026-07-22 02:35:23'),
('H2', 1, 3, 'deny', 1, '2026-07-22 02:35:23'),
('H2', 1, 4, 'deny', 1, '2026-07-22 02:35:23'),
('H2', 1, 5, 'deny', 1, '2026-07-22 02:35:23'),
('H2', 1, 6, 'deny', 1, '2026-07-22 02:35:23'),
('H2', 1, 7, 'deny', 1, '2026-07-22 02:35:23'),
('H2', 2, 0, 'inherit', 1, '2026-07-22 02:32:39'),
('H2', 2, 1, 'inherit', 1, '2026-07-22 02:32:39'),
('H2', 2, 2, 'inherit', 1, '2026-07-22 02:32:39'),
('H2', 2, 3, 'inherit', 1, '2026-07-22 02:32:39'),
('H2', 2, 4, 'inherit', 1, '2026-07-22 02:32:39'),
('H2', 2, 5, 'inherit', 1, '2026-07-22 02:32:39'),
('H2', 2, 6, 'inherit', 1, '2026-07-22 02:32:39'),
('H2', 2, 7, 'inherit', 1, '2026-07-22 02:32:39'),
('H2', 3, 0, 'inherit', 1, '2026-07-22 02:32:39'),
('H2', 3, 1, 'deny', 1, '2026-07-22 02:35:23'),
('H2', 3, 2, 'deny', 1, '2026-07-22 02:35:23'),
('H2', 3, 3, 'deny', 1, '2026-07-22 02:35:23'),
('H2', 3, 4, 'deny', 1, '2026-07-22 02:35:23'),
('H2', 3, 5, 'deny', 1, '2026-07-22 02:35:23'),
('H2', 3, 6, 'deny', 1, '2026-07-22 02:35:23'),
('H2', 3, 7, 'deny', 1, '2026-07-22 02:35:23'),
('H2', 4, 0, 'inherit', 1, '2026-07-22 02:32:39'),
('H2', 4, 1, 'inherit', 1, '2026-07-22 02:32:39'),
('H2', 4, 2, 'inherit', 1, '2026-07-22 02:32:39'),
('H2', 4, 3, 'inherit', 1, '2026-07-22 02:32:39'),
('H2', 4, 4, 'inherit', 1, '2026-07-22 02:32:39'),
('H2', 4, 5, 'inherit', 1, '2026-07-22 02:32:39'),
('H2', 4, 6, 'inherit', 1, '2026-07-22 02:32:39'),
('H2', 4, 7, 'inherit', 1, '2026-07-22 02:32:39'),
('H2', 6, 0, 'inherit', 1, '2026-07-22 02:32:39'),
('H2', 6, 1, 'inherit', 1, '2026-07-22 02:32:39'),
('H2', 6, 2, 'inherit', 1, '2026-07-22 02:32:39'),
('H2', 6, 3, 'inherit', 1, '2026-07-22 02:32:39'),
('H2', 6, 4, 'inherit', 1, '2026-07-22 02:32:39'),
('H2', 6, 5, 'inherit', 1, '2026-07-22 02:32:39'),
('H2', 6, 6, 'inherit', 1, '2026-07-22 02:32:39'),
('H2', 6, 7, 'inherit', 1, '2026-07-22 02:32:39'),
('H2', 7, 0, 'inherit', 1, '2026-07-22 02:32:39'),
('H2', 7, 1, 'inherit', 1, '2026-07-22 02:32:39'),
('H2', 7, 2, 'inherit', 1, '2026-07-22 02:32:39'),
('H2', 7, 3, 'inherit', 1, '2026-07-22 02:32:39'),
('H2', 7, 4, 'inherit', 1, '2026-07-22 02:32:39'),
('H2', 7, 5, 'inherit', 1, '2026-07-22 02:32:39'),
('H2', 7, 6, 'inherit', 1, '2026-07-22 02:32:39'),
('H2', 7, 7, 'inherit', 1, '2026-07-22 02:32:39'),
('H2', 8, 0, 'inherit', 1, '2026-07-22 02:32:39'),
('H2', 8, 1, 'inherit', 1, '2026-07-22 02:32:39'),
('H2', 8, 2, 'inherit', 1, '2026-07-22 02:32:39'),
('H2', 8, 3, 'inherit', 1, '2026-07-22 02:32:39'),
('H2', 8, 4, 'inherit', 1, '2026-07-22 02:32:39'),
('H2', 8, 5, 'deny', 1, '2026-07-22 02:35:23'),
('H2', 8, 6, 'inherit', 1, '2026-07-22 02:32:39'),
('H2', 8, 7, 'inherit', 1, '2026-07-22 02:32:39'),
('H2', 9, 0, 'inherit', 1, '2026-07-22 02:32:39'),
('H2', 9, 1, 'inherit', 1, '2026-07-22 02:32:39'),
('H2', 9, 2, 'inherit', 1, '2026-07-22 02:32:39'),
('H2', 9, 3, 'inherit', 1, '2026-07-22 02:32:39'),
('H2', 9, 4, 'inherit', 1, '2026-07-22 02:32:39'),
('H2', 9, 5, 'inherit', 1, '2026-07-22 02:32:39'),
('H2', 9, 6, 'inherit', 1, '2026-07-22 02:32:39'),
('H2', 9, 7, 'inherit', 1, '2026-07-22 02:32:39'),
('H2', 10, 0, 'inherit', 1, '2026-07-22 02:32:39'),
('H2', 10, 1, 'inherit', 1, '2026-07-22 02:32:39'),
('H2', 10, 2, 'inherit', 1, '2026-07-22 02:32:39'),
('H2', 10, 3, 'inherit', 1, '2026-07-22 02:35:23'),
('H2', 10, 4, 'inherit', 1, '2026-07-22 02:32:39'),
('H2', 10, 5, 'deny', 1, '2026-07-22 02:35:23'),
('H2', 10, 6, 'deny', 1, '2026-07-22 02:35:23'),
('H2', 10, 7, 'deny', 1, '2026-07-22 02:35:23'),
('H2', 13, 0, 'inherit', 1, '2026-07-22 02:32:39'),
('H2', 13, 1, 'inherit', 1, '2026-07-22 02:32:39'),
('H2', 13, 2, 'inherit', 1, '2026-07-22 02:32:39'),
('H2', 13, 3, 'inherit', 1, '2026-07-22 02:32:39'),
('H2', 13, 4, 'inherit', 1, '2026-07-22 02:32:39'),
('H2', 13, 5, 'inherit', 1, '2026-07-22 02:32:39'),
('H2', 13, 6, 'inherit', 1, '2026-07-22 02:32:39'),
('H2', 13, 7, 'inherit', 1, '2026-07-22 02:32:39'),
('H2', 14, 0, 'inherit', 1, '2026-07-22 02:32:39'),
('H2', 14, 1, 'inherit', 1, '2026-07-22 02:32:39'),
('H2', 14, 2, 'inherit', 1, '2026-07-22 02:32:39'),
('H2', 14, 3, 'inherit', 1, '2026-07-22 02:32:39'),
('H2', 14, 4, 'inherit', 1, '2026-07-22 02:32:39'),
('H2', 14, 5, 'inherit', 1, '2026-07-22 02:32:39'),
('H2', 14, 6, 'inherit', 1, '2026-07-22 02:32:39'),
('H2', 14, 7, 'inherit', 1, '2026-07-22 02:32:39'),
('H2', 15, 0, 'inherit', 1, '2026-07-22 02:32:39'),
('H2', 15, 1, 'inherit', 1, '2026-07-22 02:32:39'),
('H2', 15, 2, 'inherit', 1, '2026-07-22 02:32:39'),
('H2', 15, 3, 'inherit', 1, '2026-07-22 02:32:39'),
('H2', 15, 4, 'inherit', 1, '2026-07-22 02:32:39'),
('H2', 15, 5, 'deny', 1, '2026-07-22 02:35:23'),
('H2', 15, 6, 'deny', 1, '2026-07-22 02:35:23'),
('H2', 15, 7, 'inherit', 1, '2026-07-22 02:32:39'),
('H2', 16, 0, 'inherit', 1, '2026-07-22 02:32:39'),
('H2', 16, 1, 'inherit', 1, '2026-07-22 02:32:39'),
('H2', 16, 2, 'inherit', 1, '2026-07-22 02:32:39'),
('H2', 16, 3, 'inherit', 1, '2026-07-22 02:32:39'),
('H2', 16, 4, 'inherit', 1, '2026-07-22 02:32:39'),
('H2', 16, 5, 'deny', 1, '2026-07-22 02:35:23'),
('H2', 16, 6, 'deny', 1, '2026-07-22 02:35:23'),
('H2', 16, 7, 'inherit', 1, '2026-07-22 02:32:39'),
('H2', 18, 0, 'inherit', 1, '2026-07-22 02:32:39'),
('H2', 18, 1, 'inherit', 1, '2026-07-22 02:32:39'),
('H2', 18, 2, 'inherit', 1, '2026-07-22 02:32:39'),
('H2', 18, 3, 'inherit', 1, '2026-07-22 02:32:39'),
('H2', 18, 4, 'inherit', 1, '2026-07-22 02:32:39'),
('H2', 18, 5, 'inherit', 1, '2026-07-22 02:32:39'),
('H2', 18, 6, 'inherit', 1, '2026-07-22 02:32:39'),
('H2', 18, 7, 'inherit', 1, '2026-07-22 02:32:39'),
('H2', 19, 0, 'inherit', 1, '2026-07-22 02:32:39'),
('H2', 19, 1, 'inherit', 1, '2026-07-22 02:32:39'),
('H2', 19, 2, 'inherit', 1, '2026-07-22 02:32:39'),
('H2', 19, 3, 'inherit', 1, '2026-07-22 02:32:39'),
('H2', 19, 4, 'inherit', 1, '2026-07-22 02:32:39'),
('H2', 19, 5, 'deny', 1, '2026-07-22 02:28:50'),
('H2', 19, 6, 'deny', 1, '2026-07-22 02:28:50'),
('H2', 19, 7, 'inherit', 1, '2026-07-22 02:32:39'),
('H2', 20, 0, 'inherit', 1, '2026-07-22 02:32:39'),
('H2', 20, 1, 'inherit', 1, '2026-07-22 02:32:39'),
('H2', 20, 2, 'inherit', 1, '2026-07-22 02:32:39'),
('H2', 20, 3, 'inherit', 1, '2026-07-22 02:32:39'),
('H2', 20, 4, 'inherit', 1, '2026-07-22 02:32:39'),
('H2', 20, 5, 'inherit', 1, '2026-07-22 02:32:39'),
('H2', 20, 6, 'inherit', 1, '2026-07-22 02:32:39'),
('H2', 20, 7, 'inherit', 1, '2026-07-22 02:32:39'),
('H2', 21, 0, 'inherit', 1, '2026-07-22 02:32:39'),
('H2', 21, 1, 'inherit', 1, '2026-07-22 02:32:39'),
('H2', 21, 2, 'inherit', 1, '2026-07-22 02:32:39'),
('H2', 21, 3, 'inherit', 1, '2026-07-22 02:32:39'),
('H2', 21, 4, 'inherit', 1, '2026-07-22 02:32:39'),
('H2', 21, 5, 'inherit', 1, '2026-07-22 02:32:39'),
('H2', 21, 6, 'inherit', 1, '2026-07-22 02:32:39'),
('H2', 21, 7, 'inherit', 1, '2026-07-22 02:32:39'),
('H2', 22, 0, 'inherit', 1, '2026-07-22 02:32:39'),
('H2', 22, 1, 'inherit', 1, '2026-07-22 02:32:39'),
('H2', 22, 2, 'inherit', 1, '2026-07-22 02:32:39'),
('H2', 22, 3, 'inherit', 1, '2026-07-22 02:32:39'),
('H2', 22, 4, 'inherit', 1, '2026-07-22 02:32:39'),
('H2', 22, 5, 'inherit', 1, '2026-07-22 02:32:39'),
('H2', 22, 6, 'inherit', 1, '2026-07-22 02:32:39'),
('H2', 22, 7, 'inherit', 1, '2026-07-22 02:32:39'),
('H2', 23, 0, 'inherit', 1, '2026-07-22 02:32:39'),
('H2', 23, 1, 'inherit', 1, '2026-07-22 02:32:39'),
('H2', 23, 2, 'inherit', 1, '2026-07-22 02:32:39'),
('H2', 23, 3, 'inherit', 1, '2026-07-22 02:32:39'),
('H2', 23, 4, 'inherit', 1, '2026-07-22 02:32:39'),
('H2', 23, 5, 'inherit', 1, '2026-07-22 02:32:39'),
('H2', 23, 6, 'inherit', 1, '2026-07-22 02:32:39'),
('H2', 23, 7, 'inherit', 1, '2026-07-22 02:32:39'),
('H2', 24, 0, 'inherit', 1, '2026-07-22 02:32:39'),
('H2', 24, 1, 'deny', 1, '2026-07-22 02:35:23'),
('H2', 24, 2, 'deny', 1, '2026-07-22 02:35:23'),
('H2', 24, 3, 'deny', 1, '2026-07-22 02:35:23'),
('H2', 24, 4, 'deny', 1, '2026-07-22 02:35:23'),
('H2', 24, 5, 'deny', 1, '2026-07-22 02:35:23'),
('H2', 24, 6, 'deny', 1, '2026-07-22 02:35:23'),
('H2', 24, 7, 'deny', 1, '2026-07-22 02:35:23'),
('H2', 25, 0, 'inherit', 1, '2026-07-22 02:32:39'),
('H2', 25, 1, 'deny', 1, '2026-07-22 02:28:50'),
('H2', 25, 2, 'deny', 1, '2026-07-22 02:28:50'),
('H2', 25, 3, 'inherit', 1, '2026-07-22 02:32:39'),
('H2', 25, 4, 'inherit', 1, '2026-07-22 02:32:39'),
('H2', 25, 5, 'deny', 1, '2026-07-22 02:35:23'),
('H2', 25, 6, 'inherit', 1, '2026-07-22 02:32:39'),
('H2', 25, 7, 'deny', 1, '2026-07-22 02:28:50'),
('H2', 26, 0, 'inherit', 1, '2026-07-22 02:32:39'),
('H2', 26, 1, 'inherit', 1, '2026-07-22 02:32:39'),
('H2', 26, 2, 'inherit', 1, '2026-07-22 02:32:39'),
('H2', 26, 3, 'inherit', 1, '2026-07-22 02:32:39'),
('H2', 26, 4, 'inherit', 1, '2026-07-22 02:32:39'),
('H2', 26, 5, 'deny', 1, '2026-07-22 02:35:23'),
('H2', 26, 6, 'deny', 1, '2026-07-22 02:35:23'),
('H2', 26, 7, 'inherit', 1, '2026-07-22 02:32:39'),
('H2', 27, 0, 'inherit', 1, '2026-07-22 02:32:39'),
('H2', 27, 1, 'deny', 1, '2026-07-22 02:35:23'),
('H2', 27, 2, 'deny', 1, '2026-07-22 02:35:23'),
('H2', 27, 3, 'deny', 1, '2026-07-22 02:35:23'),
('H2', 27, 4, 'deny', 1, '2026-07-22 02:35:23'),
('H2', 27, 5, 'deny', 1, '2026-07-22 02:35:23'),
('H2', 27, 6, 'deny', 1, '2026-07-22 02:35:23'),
('H2', 27, 7, 'deny', 1, '2026-07-22 02:35:23'),
('H2', 30, 0, 'inherit', 1, '2026-07-22 02:32:39'),
('H2', 30, 1, 'deny', 1, '2026-07-22 02:35:23'),
('H2', 30, 2, 'deny', 1, '2026-07-22 02:35:23'),
('H2', 30, 3, 'deny', 1, '2026-07-22 02:35:23'),
('H2', 30, 4, 'deny', 1, '2026-07-22 02:35:23'),
('H2', 30, 5, 'deny', 1, '2026-07-22 02:35:23'),
('H2', 30, 6, 'deny', 1, '2026-07-22 02:35:23'),
('H2', 30, 7, 'deny', 1, '2026-07-22 02:35:23'),
('H2', 31, 0, 'inherit', 1, '2026-07-22 02:32:39'),
('H2', 31, 1, 'deny', 1, '2026-07-22 02:35:23'),
('H2', 31, 2, 'deny', 1, '2026-07-22 02:35:23'),
('H2', 31, 3, 'deny', 1, '2026-07-22 02:35:23'),
('H2', 31, 4, 'deny', 1, '2026-07-22 02:35:23'),
('H2', 31, 5, 'deny', 1, '2026-07-22 02:35:23'),
('H2', 31, 6, 'deny', 1, '2026-07-22 02:35:23'),
('H2', 31, 7, 'deny', 1, '2026-07-22 02:35:23'),
('H2', 32, 0, 'inherit', 1, '2026-07-22 02:32:39'),
('H2', 32, 1, 'deny', 1, '2026-07-22 02:35:23'),
('H2', 32, 2, 'deny', 1, '2026-07-22 02:35:23'),
('H2', 32, 3, 'deny', 1, '2026-07-22 02:35:23'),
('H2', 32, 4, 'deny', 1, '2026-07-22 02:35:23'),
('H2', 32, 5, 'deny', 1, '2026-07-22 02:35:23'),
('H2', 32, 6, 'deny', 1, '2026-07-22 02:35:23'),
('H2', 32, 7, 'deny', 1, '2026-07-22 02:35:23'),
('H2', 33, 0, 'inherit', 1, '2026-07-22 02:32:39'),
('H2', 33, 1, 'deny', 1, '2026-07-22 02:35:23'),
('H2', 33, 2, 'deny', 1, '2026-07-22 02:35:23'),
('H2', 33, 3, 'deny', 1, '2026-07-22 02:35:23'),
('H2', 33, 4, 'deny', 1, '2026-07-22 02:35:23'),
('H2', 33, 5, 'deny', 1, '2026-07-22 02:35:23'),
('H2', 33, 6, 'deny', 1, '2026-07-22 02:35:23'),
('H2', 33, 7, 'deny', 1, '2026-07-22 02:35:23'),
('H2', 34, 0, 'inherit', 1, '2026-07-22 02:32:39'),
('H2', 34, 1, 'inherit', 1, '2026-07-22 02:32:39'),
('H2', 34, 2, 'inherit', 1, '2026-07-22 02:32:39'),
('H2', 34, 3, 'inherit', 1, '2026-07-22 02:32:39'),
('H2', 34, 4, 'inherit', 1, '2026-07-22 02:32:39'),
('H2', 34, 5, 'deny', 1, '2026-07-22 02:35:23'),
('H2', 34, 6, 'deny', 1, '2026-07-22 02:35:23'),
('H2', 34, 7, 'inherit', 1, '2026-07-22 02:32:39'),
('H2', 35, 0, 'inherit', 1, '2026-07-22 02:32:39'),
('H2', 35, 1, 'inherit', 1, '2026-07-22 02:32:39'),
('H2', 35, 2, 'inherit', 1, '2026-07-22 02:32:39'),
('H2', 35, 3, 'inherit', 1, '2026-07-22 02:32:39'),
('H2', 35, 4, 'inherit', 1, '2026-07-22 02:32:39'),
('H2', 35, 5, 'inherit', 1, '2026-07-22 02:32:39'),
('H2', 35, 6, 'inherit', 1, '2026-07-22 02:32:39'),
('H2', 35, 7, 'inherit', 1, '2026-07-22 02:32:39'),
('H2', 36, 0, 'inherit', 1, '2026-07-22 02:32:39'),
('H2', 36, 1, 'inherit', 1, '2026-07-22 02:32:39'),
('H2', 36, 2, 'inherit', 1, '2026-07-22 02:32:39'),
('H2', 36, 3, 'inherit', 1, '2026-07-22 02:32:39'),
('H2', 36, 4, 'inherit', 1, '2026-07-22 02:32:39'),
('H2', 36, 5, 'inherit', 1, '2026-07-22 02:32:39'),
('H2', 36, 6, 'inherit', 1, '2026-07-22 02:32:39'),
('H2', 36, 7, 'inherit', 1, '2026-07-22 02:32:39'),
('H2', 37, 0, 'inherit', 1, '2026-07-22 02:32:39'),
('H2', 37, 1, 'deny', 1, '2026-07-22 02:35:23'),
('H2', 37, 2, 'deny', 1, '2026-07-22 02:35:23'),
('H2', 37, 3, 'deny', 1, '2026-07-22 02:35:23'),
('H2', 37, 4, 'deny', 1, '2026-07-22 02:35:23'),
('H2', 37, 5, 'deny', 1, '2026-07-22 02:35:23'),
('H2', 37, 6, 'deny', 1, '2026-07-22 02:35:23'),
('H2', 37, 7, 'deny', 1, '2026-07-22 02:35:23'),
('H2', 38, 0, 'inherit', 1, '2026-07-22 02:32:39'),
('H2', 38, 1, 'inherit', 1, '2026-07-22 02:32:39'),
('H2', 38, 2, 'inherit', 1, '2026-07-22 02:32:39'),
('H2', 38, 3, 'inherit', 1, '2026-07-22 02:32:39'),
('H2', 38, 4, 'inherit', 1, '2026-07-22 02:32:39'),
('H2', 38, 5, 'deny', 1, '2026-07-22 02:35:23'),
('H2', 38, 6, 'deny', 1, '2026-07-22 02:35:23'),
('H2', 38, 7, 'inherit', 1, '2026-07-22 02:32:39'),
('H2', 39, 0, 'inherit', 1, '2026-07-22 02:32:39'),
('H2', 39, 1, 'deny', 1, '2026-07-22 02:35:23'),
('H2', 39, 2, 'deny', 1, '2026-07-22 02:35:23'),
('H2', 39, 3, 'deny', 1, '2026-07-22 02:35:23'),
('H2', 39, 4, 'deny', 1, '2026-07-22 02:35:23'),
('H2', 39, 5, 'deny', 1, '2026-07-22 02:35:23'),
('H2', 39, 6, 'deny', 1, '2026-07-22 02:35:23'),
('H2', 39, 7, 'deny', 1, '2026-07-22 02:35:23'),
('H2', 40, 0, 'inherit', 1, '2026-07-22 02:32:39'),
('H2', 40, 1, 'deny', 1, '2026-07-22 02:35:23'),
('H2', 40, 2, 'deny', 1, '2026-07-22 02:35:23'),
('H2', 40, 3, 'deny', 1, '2026-07-22 02:35:23'),
('H2', 40, 4, 'deny', 1, '2026-07-22 02:35:23'),
('H2', 40, 5, 'deny', 1, '2026-07-22 02:35:23'),
('H2', 40, 6, 'deny', 1, '2026-07-22 02:35:23'),
('H2', 40, 7, 'deny', 1, '2026-07-22 02:35:23'),
('H2', 41, 0, 'inherit', 1, '2026-07-22 02:32:39'),
('H2', 41, 1, 'deny', 1, '2026-07-22 02:35:23'),
('H2', 41, 2, 'deny', 1, '2026-07-22 02:35:23'),
('H2', 41, 3, 'deny', 1, '2026-07-22 02:35:23'),
('H2', 41, 4, 'deny', 1, '2026-07-22 02:35:23'),
('H2', 41, 5, 'deny', 1, '2026-07-22 02:35:23'),
('H2', 41, 6, 'deny', 1, '2026-07-22 02:35:23'),
('H2', 41, 7, 'deny', 1, '2026-07-22 02:35:23'),
('H2', 42, 0, 'inherit', 1, '2026-07-22 02:32:39'),
('H2', 42, 1, 'inherit', 1, '2026-07-22 02:32:39'),
('H2', 42, 2, 'inherit', 1, '2026-07-22 02:32:39'),
('H2', 42, 3, 'inherit', 1, '2026-07-22 02:32:39'),
('H2', 42, 4, 'inherit', 1, '2026-07-22 02:32:39'),
('H2', 42, 5, 'deny', 1, '2026-07-22 02:35:23'),
('H2', 42, 6, 'deny', 1, '2026-07-22 02:35:23'),
('H2', 42, 7, 'inherit', 1, '2026-07-22 02:32:39'),
('H2', 43, 0, 'inherit', 1, '2026-07-22 02:32:39'),
('H2', 43, 1, 'inherit', 1, '2026-07-22 02:32:39'),
('H2', 43, 2, 'inherit', 1, '2026-07-22 02:32:39'),
('H2', 43, 3, 'inherit', 1, '2026-07-22 02:32:39'),
('H2', 43, 4, 'inherit', 1, '2026-07-22 02:32:39'),
('H2', 43, 5, 'deny', 1, '2026-07-22 02:28:50'),
('H2', 43, 6, 'deny', 1, '2026-07-22 02:28:50'),
('H2', 43, 7, 'inherit', 1, '2026-07-22 02:32:39'),
('H2', 44, 0, 'inherit', 1, '2026-07-22 02:32:39'),
('H2', 44, 1, 'inherit', 1, '2026-07-22 02:32:39'),
('H2', 44, 2, 'inherit', 1, '2026-07-22 02:32:39'),
('H2', 44, 3, 'inherit', 1, '2026-07-22 02:32:39'),
('H2', 44, 4, 'inherit', 1, '2026-07-22 02:32:39'),
('H2', 44, 5, 'inherit', 1, '2026-07-22 02:32:39'),
('H2', 44, 6, 'inherit', 1, '2026-07-22 02:32:39'),
('H2', 44, 7, 'inherit', 1, '2026-07-22 02:32:39'),
('H2', 45, 0, 'inherit', 1, '2026-07-22 02:32:39'),
('H2', 45, 1, 'inherit', 1, '2026-07-22 02:32:39'),
('H2', 45, 2, 'inherit', 1, '2026-07-22 02:32:39'),
('H2', 45, 3, 'inherit', 1, '2026-07-22 02:32:39'),
('H2', 45, 4, 'inherit', 1, '2026-07-22 02:32:39'),
('H2', 45, 5, 'inherit', 1, '2026-07-22 02:32:39'),
('H2', 45, 6, 'inherit', 1, '2026-07-22 02:32:39'),
('H2', 45, 7, 'inherit', 1, '2026-07-22 02:32:39'),
('H2', 46, 0, 'inherit', 1, '2026-07-22 02:32:39'),
('H2', 46, 1, 'deny', 1, '2026-07-22 02:35:23'),
('H2', 46, 2, 'deny', 1, '2026-07-22 02:35:23'),
('H2', 46, 3, 'deny', 1, '2026-07-22 02:35:23'),
('H2', 46, 4, 'deny', 1, '2026-07-22 02:35:23'),
('H2', 46, 5, 'deny', 1, '2026-07-22 02:35:23'),
('H2', 46, 6, 'deny', 1, '2026-07-22 02:35:23'),
('H2', 46, 7, 'deny', 1, '2026-07-22 02:35:23'),
('H2', 47, 0, 'inherit', 1, '2026-07-22 02:32:39'),
('H2', 47, 1, 'inherit', 1, '2026-07-22 02:32:39'),
('H2', 47, 2, 'inherit', 1, '2026-07-22 02:32:39'),
('H2', 47, 3, 'inherit', 1, '2026-07-22 02:32:39'),
('H2', 47, 4, 'inherit', 1, '2026-07-22 02:32:39'),
('H2', 47, 5, 'deny', 1, '2026-07-22 02:35:23'),
('H2', 47, 6, 'deny', 1, '2026-07-22 02:35:23'),
('H2', 47, 7, 'inherit', 1, '2026-07-22 02:32:39'),
('H2', 48, 0, 'inherit', 1, '2026-07-22 02:32:39'),
('H2', 48, 1, 'deny', 1, '2026-07-22 02:35:23'),
('H2', 48, 2, 'deny', 1, '2026-07-22 02:35:23'),
('H2', 48, 3, 'deny', 1, '2026-07-22 02:35:23'),
('H2', 48, 4, 'deny', 1, '2026-07-22 02:35:23'),
('H2', 48, 5, 'deny', 1, '2026-07-22 02:35:23'),
('H2', 48, 6, 'deny', 1, '2026-07-22 02:35:23'),
('H2', 48, 7, 'deny', 1, '2026-07-22 02:35:23'),
('H2', 49, 0, 'inherit', 1, '2026-07-22 02:32:39'),
('H2', 49, 1, 'deny', 1, '2026-07-22 02:35:23'),
('H2', 49, 2, 'deny', 1, '2026-07-22 02:35:23'),
('H2', 49, 3, 'deny', 1, '2026-07-22 02:35:23'),
('H2', 49, 4, 'deny', 1, '2026-07-22 02:35:23'),
('H2', 49, 5, 'deny', 1, '2026-07-22 02:35:23'),
('H2', 49, 6, 'deny', 1, '2026-07-22 02:35:23'),
('H2', 49, 7, 'deny', 1, '2026-07-22 02:35:23'),
('H2', 50, 0, 'inherit', 1, '2026-07-22 02:32:39'),
('H2', 50, 1, 'deny', 1, '2026-07-22 02:35:23'),
('H2', 50, 2, 'deny', 1, '2026-07-22 02:35:23'),
('H2', 50, 3, 'deny', 1, '2026-07-22 02:35:23'),
('H2', 50, 4, 'deny', 1, '2026-07-22 02:35:23'),
('H2', 50, 5, 'deny', 1, '2026-07-22 02:35:23'),
('H2', 50, 6, 'deny', 1, '2026-07-22 02:35:23'),
('H2', 50, 7, 'deny', 1, '2026-07-22 02:35:23'),
('H2', 51, 0, 'inherit', 1, '2026-07-22 02:32:39'),
('H2', 51, 1, 'deny', 1, '2026-07-22 02:35:23'),
('H2', 51, 2, 'deny', 1, '2026-07-22 02:35:23'),
('H2', 51, 3, 'deny', 1, '2026-07-22 02:35:23'),
('H2', 51, 4, 'deny', 1, '2026-07-22 02:35:23'),
('H2', 51, 5, 'deny', 1, '2026-07-22 02:35:23'),
('H2', 51, 6, 'deny', 1, '2026-07-22 02:35:23'),
('H2', 51, 7, 'deny', 1, '2026-07-22 02:35:23'),
('H2', 52, 0, 'inherit', 1, '2026-07-22 02:32:39'),
('H2', 52, 1, 'inherit', 1, '2026-07-22 02:32:39'),
('H2', 52, 2, 'inherit', 1, '2026-07-22 02:32:39'),
('H2', 52, 3, 'inherit', 1, '2026-07-22 02:32:39'),
('H2', 52, 4, 'inherit', 1, '2026-07-22 02:32:39'),
('H2', 52, 5, 'inherit', 1, '2026-07-22 02:32:39'),
('H2', 52, 6, 'inherit', 1, '2026-07-22 02:32:39'),
('H2', 52, 7, 'inherit', 1, '2026-07-22 02:32:39'),
('H2', 53, 0, 'inherit', 1, '2026-07-22 02:32:40'),
('H2', 53, 1, 'inherit', 1, '2026-07-22 02:32:40'),
('H2', 53, 2, 'inherit', 1, '2026-07-22 02:32:40'),
('H2', 53, 3, 'inherit', 1, '2026-07-22 02:32:40'),
('H2', 53, 4, 'inherit', 1, '2026-07-22 02:32:40'),
('H2', 53, 5, 'inherit', 1, '2026-07-22 02:32:40'),
('H2', 53, 6, 'inherit', 1, '2026-07-22 02:32:40'),
('H2', 53, 7, 'inherit', 1, '2026-07-22 02:32:40'),
('H2', 54, 0, 'inherit', 1, '2026-07-22 02:32:40'),
('H2', 54, 1, 'inherit', 1, '2026-07-22 02:32:40'),
('H2', 54, 2, 'inherit', 1, '2026-07-22 02:32:40'),
('H2', 54, 3, 'inherit', 1, '2026-07-22 02:32:40'),
('H2', 54, 4, 'inherit', 1, '2026-07-22 02:32:40'),
('H2', 54, 5, 'inherit', 1, '2026-07-22 02:32:40'),
('H2', 54, 6, 'inherit', 1, '2026-07-22 02:32:40'),
('H2', 54, 7, 'inherit', 1, '2026-07-22 02:32:40'),
('H2', 55, 0, 'inherit', 1, '2026-07-22 02:32:40'),
('H2', 55, 1, 'inherit', 1, '2026-07-22 02:32:40'),
('H2', 55, 2, 'inherit', 1, '2026-07-22 02:32:40'),
('H2', 55, 3, 'inherit', 1, '2026-07-22 02:32:40'),
('H2', 55, 4, 'inherit', 1, '2026-07-22 02:32:40'),
('H2', 55, 5, 'inherit', 1, '2026-07-22 02:32:40'),
('H2', 55, 6, 'inherit', 1, '2026-07-22 02:32:40'),
('H2', 55, 7, 'inherit', 1, '2026-07-22 02:32:40'),
('H2', 56, 0, 'inherit', 1, '2026-07-22 02:32:40'),
('H2', 56, 1, 'inherit', 1, '2026-07-22 02:32:40'),
('H2', 56, 2, 'inherit', 1, '2026-07-22 02:32:40'),
('H2', 56, 3, 'inherit', 1, '2026-07-22 02:32:40'),
('H2', 56, 4, 'inherit', 1, '2026-07-22 02:32:40'),
('H2', 56, 5, 'inherit', 1, '2026-07-22 02:32:40'),
('H2', 56, 6, 'inherit', 1, '2026-07-22 02:32:40'),
('H2', 56, 7, 'inherit', 1, '2026-07-22 02:32:40'),
('H2', 57, 0, 'inherit', 1, '2026-07-22 02:32:40'),
('H2', 57, 1, 'inherit', 1, '2026-07-22 02:32:40'),
('H2', 57, 2, 'inherit', 1, '2026-07-22 02:32:40'),
('H2', 57, 3, 'inherit', 1, '2026-07-22 02:32:40'),
('H2', 57, 4, 'inherit', 1, '2026-07-22 02:32:40'),
('H2', 57, 5, 'inherit', 1, '2026-07-22 02:32:40'),
('H2', 57, 6, 'inherit', 1, '2026-07-22 02:32:40'),
('H2', 57, 7, 'inherit', 1, '2026-07-22 02:32:40'),
('H2', 58, 0, 'inherit', 1, '2026-07-22 02:32:40'),
('H2', 58, 1, 'inherit', 1, '2026-07-22 02:32:40'),
('H2', 58, 2, 'inherit', 1, '2026-07-22 02:32:40'),
('H2', 58, 3, 'inherit', 1, '2026-07-22 02:32:40'),
('H2', 58, 4, 'inherit', 1, '2026-07-22 02:32:40'),
('H2', 58, 5, 'inherit', 1, '2026-07-22 02:32:40'),
('H2', 58, 6, 'inherit', 1, '2026-07-22 02:32:40'),
('H2', 58, 7, 'inherit', 1, '2026-07-22 02:32:40'),
('H2', 59, 0, 'inherit', 1, '2026-07-22 02:32:40'),
('H2', 59, 1, 'inherit', 1, '2026-07-22 02:32:40'),
('H2', 59, 2, 'inherit', 1, '2026-07-22 02:32:40'),
('H2', 59, 3, 'inherit', 1, '2026-07-22 02:32:40'),
('H2', 59, 4, 'inherit', 1, '2026-07-22 02:32:40'),
('H2', 59, 5, 'inherit', 1, '2026-07-22 02:32:40'),
('H2', 59, 6, 'inherit', 1, '2026-07-22 02:32:40'),
('H2', 59, 7, 'inherit', 1, '2026-07-22 02:32:40'),
('H2', 60, 0, 'inherit', 1, '2026-07-22 02:32:40'),
('H2', 60, 1, 'inherit', 1, '2026-07-22 02:32:40'),
('H2', 60, 2, 'inherit', 1, '2026-07-22 02:32:40'),
('H2', 60, 3, 'inherit', 1, '2026-07-22 02:32:40'),
('H2', 60, 4, 'inherit', 1, '2026-07-22 02:32:40'),
('H2', 60, 5, 'inherit', 1, '2026-07-22 02:32:40'),
('H2', 60, 6, 'inherit', 1, '2026-07-22 02:32:40'),
('H2', 60, 7, 'inherit', 1, '2026-07-22 02:32:40'),
('H2', 61, 0, 'inherit', 1, '2026-07-22 02:32:40'),
('H2', 61, 1, 'inherit', 1, '2026-07-22 02:32:40'),
('H2', 61, 2, 'inherit', 1, '2026-07-22 02:32:40'),
('H2', 61, 3, 'inherit', 1, '2026-07-22 02:32:40'),
('H2', 61, 4, 'inherit', 1, '2026-07-22 02:32:40'),
('H2', 61, 5, 'inherit', 1, '2026-07-22 02:32:40'),
('H2', 61, 6, 'inherit', 1, '2026-07-22 02:32:40'),
('H2', 61, 7, 'inherit', 1, '2026-07-22 02:32:40'),
('H2', 62, 0, 'inherit', 1, '2026-07-22 02:32:40'),
('H2', 62, 1, 'inherit', 1, '2026-07-22 02:32:40'),
('H2', 62, 2, 'inherit', 1, '2026-07-22 02:32:40'),
('H2', 62, 3, 'inherit', 1, '2026-07-22 02:32:40'),
('H2', 62, 4, 'inherit', 1, '2026-07-22 02:32:40'),
('H2', 62, 5, 'inherit', 1, '2026-07-22 02:32:40'),
('H2', 62, 6, 'inherit', 1, '2026-07-22 02:32:40'),
('H2', 62, 7, 'inherit', 1, '2026-07-22 02:32:40'),
('H2', 63, 0, 'inherit', 1, '2026-07-22 02:32:40'),
('H2', 63, 1, 'inherit', 1, '2026-07-22 02:32:40'),
('H2', 63, 2, 'inherit', 1, '2026-07-22 02:32:40'),
('H2', 63, 3, 'inherit', 1, '2026-07-22 02:32:40'),
('H2', 63, 4, 'inherit', 1, '2026-07-22 02:32:40'),
('H2', 63, 5, 'inherit', 1, '2026-07-22 02:32:40'),
('H2', 63, 6, 'inherit', 1, '2026-07-22 02:32:40'),
('H2', 63, 7, 'inherit', 1, '2026-07-22 02:32:40'),
('H2', 64, 0, 'inherit', 1, '2026-07-22 02:32:40'),
('H2', 64, 1, 'deny', 1, '2026-07-22 02:35:23'),
('H2', 64, 2, 'deny', 1, '2026-07-22 02:35:23'),
('H2', 64, 3, 'deny', 1, '2026-07-22 02:35:23'),
('H2', 64, 4, 'deny', 1, '2026-07-22 02:35:23'),
('H2', 64, 5, 'deny', 1, '2026-07-22 02:35:23'),
('H2', 64, 6, 'deny', 1, '2026-07-22 02:35:23'),
('H2', 64, 7, 'deny', 1, '2026-07-22 02:35:23'),
('H29', 1, 0, 'inherit', 1, '2026-08-01 11:31:50'),
('H29', 2, 0, 'inherit', 1, '2026-08-01 11:31:50'),
('H29', 2, 2, 'inherit', 1, '2026-08-01 11:31:50'),
('H29', 2, 3, 'inherit', 1, '2026-08-01 11:31:50'),
('H29', 2, 4, 'inherit', 1, '2026-08-01 11:31:50'),
('H29', 2, 5, 'inherit', 1, '2026-08-01 11:31:50'),
('H29', 2, 6, 'inherit', 1, '2026-08-01 11:31:50'),
('H29', 2, 7, 'inherit', 1, '2026-08-01 11:31:50'),
('H29', 4, 0, 'inherit', 1, '2026-08-01 11:31:50'),
('H29', 4, 2, 'inherit', 1, '2026-08-01 11:31:50'),
('H29', 4, 3, 'inherit', 1, '2026-08-01 11:31:50'),
('H29', 4, 4, 'inherit', 1, '2026-08-01 11:31:50'),
('H29', 4, 5, 'inherit', 1, '2026-08-01 11:31:50'),
('H29', 4, 6, 'inherit', 1, '2026-08-01 11:31:50'),
('H29', 4, 7, 'inherit', 1, '2026-08-01 11:31:50'),
('H29', 6, 0, 'allow', 1, '2026-08-01 11:31:50'),
('H29', 6, 2, 'inherit', 1, '2026-08-01 11:31:50'),
('H29', 6, 3, 'allow', 1, '2026-08-01 11:31:50'),
('H29', 6, 4, 'allow', 1, '2026-08-01 11:31:50'),
('H29', 6, 5, 'inherit', 1, '2026-08-01 11:31:50'),
('H29', 6, 6, 'inherit', 1, '2026-08-01 11:31:50'),
('H29', 6, 7, 'inherit', 1, '2026-08-01 11:31:50'),
('H29', 7, 0, 'allow', 1, '2026-08-01 11:31:50'),
('H29', 7, 2, 'inherit', 1, '2026-08-01 11:31:50'),
('H29', 7, 3, 'allow', 1, '2026-08-01 11:31:50'),
('H29', 7, 4, 'allow', 1, '2026-08-01 11:31:50'),
('H29', 7, 5, 'inherit', 1, '2026-08-01 11:31:50'),
('H29', 7, 6, 'inherit', 1, '2026-08-01 11:31:50'),
('H29', 7, 7, 'inherit', 1, '2026-08-01 11:31:50'),
('H29', 8, 0, 'inherit', 1, '2026-08-01 11:31:50'),
('H29', 8, 2, 'inherit', 1, '2026-08-01 11:31:50'),
('H29', 8, 3, 'inherit', 1, '2026-08-01 11:31:50'),
('H29', 8, 4, 'inherit', 1, '2026-08-01 11:31:50'),
('H29', 8, 6, 'inherit', 1, '2026-08-01 11:31:50'),
('H29', 8, 7, 'inherit', 1, '2026-08-01 11:31:50'),
('H29', 9, 0, 'inherit', 1, '2026-08-01 11:31:50'),
('H29', 9, 2, 'inherit', 1, '2026-08-01 11:31:50'),
('H29', 9, 3, 'inherit', 1, '2026-08-01 11:31:50'),
('H29', 9, 4, 'inherit', 1, '2026-08-01 11:31:50'),
('H29', 9, 5, 'inherit', 1, '2026-08-01 11:31:50'),
('H29', 9, 6, 'inherit', 1, '2026-08-01 11:31:50'),
('H29', 9, 7, 'inherit', 1, '2026-08-01 11:31:50'),
('H29', 10, 0, 'inherit', 1, '2026-08-01 11:31:50'),
('H29', 10, 2, 'inherit', 1, '2026-08-01 11:31:50'),
('H29', 10, 3, 'inherit', 1, '2026-08-01 11:31:50'),
('H29', 10, 4, 'inherit', 1, '2026-08-01 11:31:50'),
('H29', 10, 7, 'inherit', 1, '2026-08-01 11:31:50'),
('H29', 13, 0, 'inherit', 1, '2026-08-01 11:31:50'),
('H29', 13, 2, 'inherit', 1, '2026-08-01 11:31:50'),
('H29', 13, 3, 'inherit', 1, '2026-08-01 11:31:50'),
('H29', 13, 4, 'inherit', 1, '2026-08-01 11:31:50'),
('H29', 13, 5, 'inherit', 1, '2026-08-01 11:31:50'),
('H29', 13, 6, 'inherit', 1, '2026-08-01 11:31:50'),
('H29', 13, 7, 'inherit', 1, '2026-08-01 11:31:51'),
('H29', 14, 0, 'inherit', 1, '2026-08-01 11:31:51'),
('H29', 14, 2, 'inherit', 1, '2026-08-01 11:31:51'),
('H29', 14, 3, 'inherit', 1, '2026-08-01 11:31:51'),
('H29', 14, 4, 'inherit', 1, '2026-08-01 11:31:51'),
('H29', 14, 5, 'inherit', 1, '2026-08-01 11:31:51'),
('H29', 14, 6, 'inherit', 1, '2026-08-01 11:31:51'),
('H29', 14, 7, 'inherit', 1, '2026-08-01 11:31:51'),
('H29', 15, 0, 'inherit', 1, '2026-08-01 11:31:51'),
('H29', 15, 2, 'inherit', 1, '2026-08-01 11:31:51'),
('H29', 15, 3, 'inherit', 1, '2026-08-01 11:31:51'),
('H29', 15, 4, 'inherit', 1, '2026-08-01 11:31:51'),
('H29', 15, 7, 'inherit', 1, '2026-08-01 11:31:51'),
('H29', 16, 0, 'inherit', 1, '2026-08-01 11:31:51'),
('H29', 16, 2, 'inherit', 1, '2026-08-01 11:31:51'),
('H29', 16, 3, 'inherit', 1, '2026-08-01 11:31:51'),
('H29', 16, 4, 'inherit', 1, '2026-08-01 11:31:51'),
('H29', 16, 5, 'inherit', 1, '2026-08-01 11:31:51'),
('H29', 16, 6, 'inherit', 1, '2026-08-01 11:31:51'),
('H29', 16, 7, 'inherit', 1, '2026-08-01 11:31:51'),
('H29', 18, 0, 'inherit', 1, '2026-08-01 11:31:51'),
('H29', 18, 2, 'inherit', 1, '2026-08-01 11:31:51'),
('H29', 18, 3, 'inherit', 1, '2026-08-01 11:31:51'),
('H29', 18, 4, 'inherit', 1, '2026-08-01 11:31:51'),
('H29', 18, 5, 'inherit', 1, '2026-08-01 11:31:51'),
('H29', 18, 6, 'inherit', 1, '2026-08-01 11:31:51'),
('H29', 18, 7, 'inherit', 1, '2026-08-01 11:31:51'),
('H29', 19, 0, 'inherit', 1, '2026-08-01 11:31:51'),
('H29', 19, 2, 'inherit', 1, '2026-08-01 11:31:51'),
('H29', 19, 3, 'inherit', 1, '2026-08-01 11:31:51'),
('H29', 19, 4, 'inherit', 1, '2026-08-01 11:31:51'),
('H29', 19, 5, 'inherit', 1, '2026-08-01 11:31:51'),
('H29', 19, 6, 'inherit', 1, '2026-08-01 11:31:51'),
('H29', 19, 7, 'inherit', 1, '2026-08-01 11:31:51'),
('H29', 20, 0, 'inherit', 1, '2026-08-01 11:31:51'),
('H29', 20, 2, 'inherit', 1, '2026-08-01 11:31:51'),
('H29', 20, 3, 'inherit', 1, '2026-08-01 11:31:51'),
('H29', 20, 4, 'inherit', 1, '2026-08-01 11:31:51'),
('H29', 20, 5, 'inherit', 1, '2026-08-01 11:31:51'),
('H29', 20, 6, 'inherit', 1, '2026-08-01 11:31:51'),
('H29', 20, 7, 'inherit', 1, '2026-08-01 11:31:51'),
('H29', 21, 0, 'inherit', 1, '2026-08-01 11:31:51'),
('H29', 21, 2, 'inherit', 1, '2026-08-01 11:31:51'),
('H29', 21, 3, 'inherit', 1, '2026-08-01 11:31:51'),
('H29', 21, 4, 'inherit', 1, '2026-08-01 11:31:51'),
('H29', 21, 5, 'inherit', 1, '2026-08-01 11:31:51'),
('H29', 21, 6, 'inherit', 1, '2026-08-01 11:31:51'),
('H29', 21, 7, 'inherit', 1, '2026-08-01 11:31:51'),
('H29', 22, 0, 'inherit', 1, '2026-08-01 11:31:51'),
('H29', 22, 2, 'inherit', 1, '2026-08-01 11:31:51'),
('H29', 22, 3, 'inherit', 1, '2026-08-01 11:31:51'),
('H29', 22, 4, 'inherit', 1, '2026-08-01 11:31:51'),
('H29', 22, 5, 'inherit', 1, '2026-08-01 11:31:51'),
('H29', 22, 6, 'inherit', 1, '2026-08-01 11:31:51'),
('H29', 22, 7, 'inherit', 1, '2026-08-01 11:31:51'),
('H29', 23, 0, 'inherit', 1, '2026-08-01 11:31:51'),
('H29', 23, 2, 'inherit', 1, '2026-08-01 11:31:51'),
('H29', 23, 3, 'inherit', 1, '2026-08-01 11:31:51'),
('H29', 23, 4, 'inherit', 1, '2026-08-01 11:31:51'),
('H29', 23, 5, 'inherit', 1, '2026-08-01 11:31:51'),
('H29', 23, 6, 'inherit', 1, '2026-08-01 11:31:51'),
('H29', 23, 7, 'inherit', 1, '2026-08-01 11:31:51'),
('H29', 24, 0, 'inherit', 1, '2026-08-01 11:31:51'),
('H29', 25, 0, 'inherit', 1, '2026-08-01 11:31:51'),
('H29', 25, 6, 'inherit', 1, '2026-08-01 11:31:51'),
('H29', 26, 0, 'inherit', 1, '2026-08-01 11:31:51'),
('H29', 26, 2, 'inherit', 1, '2026-08-01 11:31:51'),
('H29', 26, 3, 'inherit', 1, '2026-08-01 11:31:51'),
('H29', 26, 4, 'inherit', 1, '2026-08-01 11:31:51'),
('H29', 26, 7, 'inherit', 1, '2026-08-01 11:31:51'),
('H29', 27, 0, 'inherit', 1, '2026-08-01 11:31:51'),
('H29', 31, 0, 'inherit', 1, '2026-08-01 11:31:51'),
('H29', 34, 0, 'inherit', 1, '2026-08-01 11:31:51'),
('H29', 34, 2, 'inherit', 1, '2026-08-01 11:31:51'),
('H29', 34, 3, 'inherit', 1, '2026-08-01 11:31:51'),
('H29', 34, 4, 'inherit', 1, '2026-08-01 11:31:51'),
('H29', 34, 5, 'deny', 1, '2026-08-01 11:31:51'),
('H29', 34, 6, 'deny', 1, '2026-08-01 11:31:51'),
('H29', 34, 7, 'inherit', 1, '2026-08-01 11:31:51'),
('H29', 35, 0, 'inherit', 1, '2026-08-01 11:31:51'),
('H29', 35, 2, 'inherit', 1, '2026-08-01 11:31:51'),
('H29', 35, 3, 'inherit', 1, '2026-08-01 11:31:51'),
('H29', 35, 4, 'inherit', 1, '2026-08-01 11:31:51'),
('H29', 35, 5, 'inherit', 1, '2026-08-01 11:31:51'),
('H29', 35, 6, 'inherit', 1, '2026-08-01 11:31:51'),
('H29', 35, 7, 'inherit', 1, '2026-08-01 11:31:51'),
('H29', 36, 0, 'inherit', 1, '2026-08-01 11:31:51'),
('H29', 36, 2, 'inherit', 1, '2026-08-01 11:31:51'),
('H29', 36, 3, 'inherit', 1, '2026-08-01 11:31:51'),
('H29', 36, 4, 'inherit', 1, '2026-08-01 11:31:51'),
('H29', 36, 5, 'inherit', 1, '2026-08-01 11:31:51'),
('H29', 36, 6, 'inherit', 1, '2026-08-01 11:31:51'),
('H29', 36, 7, 'inherit', 1, '2026-08-01 11:31:51'),
('H29', 38, 0, 'inherit', 1, '2026-08-01 11:31:51'),
('H29', 38, 2, 'inherit', 1, '2026-08-01 11:31:51'),
('H29', 38, 3, 'inherit', 1, '2026-08-01 11:31:51'),
('H29', 38, 4, 'inherit', 1, '2026-08-01 11:31:51'),
('H29', 38, 5, 'deny', 1, '2026-08-01 11:31:51'),
('H29', 38, 6, 'deny', 1, '2026-08-01 11:31:51'),
('H29', 38, 7, 'inherit', 1, '2026-08-01 11:31:51'),
('H29', 40, 0, 'inherit', 1, '2026-08-01 11:31:51'),
('H29', 41, 0, 'inherit', 1, '2026-08-01 11:31:51'),
('H29', 42, 0, 'inherit', 1, '2026-08-01 11:31:51'),
('H29', 42, 2, 'inherit', 1, '2026-08-01 11:31:51'),
('H29', 42, 3, 'inherit', 1, '2026-08-01 11:31:51'),
('H29', 42, 4, 'inherit', 1, '2026-08-01 11:31:51'),
('H29', 42, 7, 'inherit', 1, '2026-08-01 11:31:51'),
('H29', 43, 0, 'inherit', 1, '2026-08-01 11:31:51'),
('H29', 43, 2, 'inherit', 1, '2026-08-01 11:31:51'),
('H29', 43, 3, 'inherit', 1, '2026-08-01 11:31:51'),
('H29', 43, 4, 'inherit', 1, '2026-08-01 11:31:51'),
('H29', 43, 5, 'inherit', 1, '2026-08-01 11:31:51'),
('H29', 43, 6, 'inherit', 1, '2026-08-01 11:31:51'),
('H29', 43, 7, 'inherit', 1, '2026-08-01 11:31:51'),
('H29', 44, 0, 'inherit', 1, '2026-08-01 11:31:51'),
('H29', 44, 2, 'inherit', 1, '2026-08-01 11:31:51'),
('H29', 44, 3, 'inherit', 1, '2026-08-01 11:31:51'),
('H29', 44, 4, 'inherit', 1, '2026-08-01 11:31:51'),
('H29', 44, 5, 'inherit', 1, '2026-08-01 11:31:51'),
('H29', 44, 6, 'inherit', 1, '2026-08-01 11:31:51'),
('H29', 44, 7, 'inherit', 1, '2026-08-01 11:31:51'),
('H29', 45, 0, 'inherit', 1, '2026-08-01 11:31:51'),
('H29', 45, 2, 'inherit', 1, '2026-08-01 11:31:51'),
('H29', 45, 3, 'inherit', 1, '2026-08-01 11:31:51'),
('H29', 45, 4, 'inherit', 1, '2026-08-01 11:31:51'),
('H29', 45, 5, 'inherit', 1, '2026-08-01 11:31:51'),
('H29', 45, 6, 'inherit', 1, '2026-08-01 11:31:51'),
('H29', 45, 7, 'inherit', 1, '2026-08-01 11:31:51'),
('H29', 46, 0, 'inherit', 1, '2026-08-01 11:31:51'),
('H29', 47, 0, 'inherit', 1, '2026-08-01 11:31:51'),
('H29', 47, 2, 'inherit', 1, '2026-08-01 11:31:51'),
('H29', 47, 3, 'inherit', 1, '2026-08-01 11:31:51'),
('H29', 47, 4, 'inherit', 1, '2026-08-01 11:31:51'),
('H29', 47, 7, 'inherit', 1, '2026-08-01 11:31:51'),
('H29', 48, 0, 'inherit', 1, '2026-08-01 11:31:51'),
('H29', 50, 0, 'inherit', 1, '2026-08-01 11:31:51'),
('H29', 51, 0, 'inherit', 1, '2026-08-01 11:31:51'),
('H29', 52, 0, 'inherit', 1, '2026-08-01 11:31:51'),
('H29', 52, 2, 'inherit', 1, '2026-08-01 11:31:51'),
('H29', 52, 3, 'inherit', 1, '2026-08-01 11:31:51'),
('H29', 52, 4, 'inherit', 1, '2026-08-01 11:31:51'),
('H29', 52, 5, 'inherit', 1, '2026-08-01 11:31:51'),
('H29', 52, 6, 'inherit', 1, '2026-08-01 11:31:51'),
('H29', 52, 7, 'inherit', 1, '2026-08-01 11:31:51'),
('H29', 53, 0, 'inherit', 1, '2026-08-01 11:31:51'),
('H29', 53, 2, 'inherit', 1, '2026-08-01 11:31:51'),
('H29', 53, 3, 'inherit', 1, '2026-08-01 11:31:51'),
('H29', 53, 4, 'inherit', 1, '2026-08-01 11:31:51'),
('H29', 53, 5, 'inherit', 1, '2026-08-01 11:31:51'),
('H29', 53, 6, 'inherit', 1, '2026-08-01 11:31:51'),
('H29', 53, 7, 'inherit', 1, '2026-08-01 11:31:51'),
('H29', 54, 0, 'inherit', 1, '2026-08-01 11:31:51'),
('H29', 54, 2, 'inherit', 1, '2026-08-01 11:31:51'),
('H29', 54, 3, 'inherit', 1, '2026-08-01 11:31:51'),
('H29', 54, 4, 'inherit', 1, '2026-08-01 11:31:51'),
('H29', 54, 5, 'inherit', 1, '2026-08-01 11:31:51'),
('H29', 54, 6, 'inherit', 1, '2026-08-01 11:31:51'),
('H29', 54, 7, 'inherit', 1, '2026-08-01 11:31:51'),
('H29', 55, 0, 'inherit', 1, '2026-08-01 11:31:51'),
('H29', 55, 2, 'inherit', 1, '2026-08-01 11:31:51'),
('H29', 55, 3, 'inherit', 1, '2026-08-01 11:31:51'),
('H29', 55, 4, 'inherit', 1, '2026-08-01 11:31:51'),
('H29', 55, 5, 'inherit', 1, '2026-08-01 11:31:51'),
('H29', 55, 6, 'inherit', 1, '2026-08-01 11:31:51'),
('H29', 55, 7, 'inherit', 1, '2026-08-01 11:31:51'),
('H29', 56, 0, 'inherit', 1, '2026-08-01 11:31:51'),
('H29', 56, 2, 'inherit', 1, '2026-08-01 11:31:51'),
('H29', 56, 3, 'inherit', 1, '2026-08-01 11:31:51'),
('H29', 56, 4, 'inherit', 1, '2026-08-01 11:31:51'),
('H29', 56, 5, 'inherit', 1, '2026-08-01 11:31:51'),
('H29', 56, 6, 'inherit', 1, '2026-08-01 11:31:51'),
('H29', 56, 7, 'inherit', 1, '2026-08-01 11:31:51'),
('H29', 57, 0, 'inherit', 1, '2026-08-01 11:31:51'),
('H29', 57, 2, 'inherit', 1, '2026-08-01 11:31:51'),
('H29', 57, 3, 'inherit', 1, '2026-08-01 11:31:51'),
('H29', 57, 4, 'inherit', 1, '2026-08-01 11:31:51'),
('H29', 57, 5, 'inherit', 1, '2026-08-01 11:31:51'),
('H29', 57, 6, 'inherit', 1, '2026-08-01 11:31:51'),
('H29', 57, 7, 'inherit', 1, '2026-08-01 11:31:51'),
('H29', 58, 0, 'inherit', 1, '2026-08-01 11:31:51'),
('H29', 58, 2, 'inherit', 1, '2026-08-01 11:31:51'),
('H29', 58, 3, 'inherit', 1, '2026-08-01 11:31:51'),
('H29', 58, 4, 'inherit', 1, '2026-08-01 11:31:51'),
('H29', 58, 5, 'inherit', 1, '2026-08-01 11:31:51'),
('H29', 58, 6, 'inherit', 1, '2026-08-01 11:31:51'),
('H29', 58, 7, 'inherit', 1, '2026-08-01 11:31:51'),
('H29', 59, 0, 'inherit', 1, '2026-08-01 11:31:51'),
('H29', 59, 2, 'inherit', 1, '2026-08-01 11:31:51'),
('H29', 59, 3, 'inherit', 1, '2026-08-01 11:31:51'),
('H29', 59, 4, 'inherit', 1, '2026-08-01 11:31:51'),
('H29', 59, 5, 'inherit', 1, '2026-08-01 11:31:51'),
('H29', 59, 6, 'inherit', 1, '2026-08-01 11:31:51'),
('H29', 59, 7, 'inherit', 1, '2026-08-01 11:31:51'),
('H29', 60, 0, 'inherit', 1, '2026-08-01 11:31:51'),
('H29', 60, 2, 'inherit', 1, '2026-08-01 11:31:51'),
('H29', 60, 3, 'inherit', 1, '2026-08-01 11:31:51'),
('H29', 60, 4, 'inherit', 1, '2026-08-01 11:31:51'),
('H29', 60, 5, 'inherit', 1, '2026-08-01 11:31:51'),
('H29', 60, 6, 'inherit', 1, '2026-08-01 11:31:51'),
('H29', 60, 7, 'inherit', 1, '2026-08-01 11:31:51'),
('H29', 61, 0, 'inherit', 1, '2026-08-01 11:31:51'),
('H29', 61, 2, 'inherit', 1, '2026-08-01 11:31:51'),
('H29', 61, 3, 'inherit', 1, '2026-08-01 11:31:51'),
('H29', 61, 4, 'inherit', 1, '2026-08-01 11:31:51'),
('H29', 61, 5, 'inherit', 1, '2026-08-01 11:31:51'),
('H29', 61, 6, 'inherit', 1, '2026-08-01 11:31:51'),
('H29', 61, 7, 'inherit', 1, '2026-08-01 11:31:51'),
('H29', 62, 0, 'inherit', 1, '2026-08-01 11:31:51'),
('H29', 62, 2, 'inherit', 1, '2026-08-01 11:31:51'),
('H29', 62, 3, 'inherit', 1, '2026-08-01 11:31:51'),
('H29', 62, 4, 'inherit', 1, '2026-08-01 11:31:51'),
('H29', 62, 5, 'inherit', 1, '2026-08-01 11:31:51'),
('H29', 62, 6, 'inherit', 1, '2026-08-01 11:31:51'),
('H29', 62, 7, 'inherit', 1, '2026-08-01 11:31:51'),
('H29', 63, 0, 'inherit', 1, '2026-08-01 11:31:51'),
('H29', 63, 2, 'inherit', 1, '2026-08-01 11:31:51'),
('H29', 63, 3, 'inherit', 1, '2026-08-01 11:31:51'),
('H29', 63, 4, 'inherit', 1, '2026-08-01 11:31:51'),
('H29', 63, 5, 'inherit', 1, '2026-08-01 11:31:51'),
('H29', 63, 6, 'inherit', 1, '2026-08-01 11:31:51'),
('H29', 63, 7, 'inherit', 1, '2026-08-01 11:31:51'),
('H29', 64, 0, 'inherit', 1, '2026-08-01 11:31:51'),
('H3', 1, 0, 'inherit', 1, '2026-07-22 02:32:40'),
('H3', 1, 1, 'inherit', 1, '2026-07-22 02:35:23'),
('H3', 1, 2, 'inherit', 1, '2026-07-22 02:35:23'),
('H3', 1, 3, 'inherit', 1, '2026-07-22 02:35:23'),
('H3', 1, 4, 'inherit', 1, '2026-07-22 02:35:23'),
('H3', 1, 5, 'inherit', 1, '2026-07-22 02:35:23'),
('H3', 1, 6, 'inherit', 1, '2026-07-22 02:35:23'),
('H3', 1, 7, 'inherit', 1, '2026-07-22 02:35:23'),
('H3', 2, 0, 'inherit', 1, '2026-07-22 02:32:40'),
('H3', 2, 1, 'inherit', 1, '2026-07-22 02:32:40'),
('H3', 2, 2, 'inherit', 1, '2026-07-22 02:32:40'),
('H3', 2, 3, 'inherit', 1, '2026-07-22 02:32:40'),
('H3', 2, 4, 'inherit', 1, '2026-07-22 02:32:40'),
('H3', 2, 5, 'deny', 1, '2026-07-22 02:28:50'),
('H3', 2, 6, 'deny', 1, '2026-07-22 02:28:50'),
('H3', 2, 7, 'inherit', 1, '2026-07-22 02:32:40'),
('H3', 3, 0, 'inherit', 1, '2026-07-22 02:32:40'),
('H3', 3, 1, 'inherit', 1, '2026-07-22 02:35:23'),
('H3', 3, 2, 'inherit', 1, '2026-07-22 02:35:23'),
('H3', 3, 3, 'inherit', 1, '2026-07-22 02:35:23'),
('H3', 3, 4, 'inherit', 1, '2026-07-22 02:35:23'),
('H3', 3, 5, 'inherit', 1, '2026-07-22 02:35:23'),
('H3', 3, 6, 'inherit', 1, '2026-07-22 02:35:23'),
('H3', 3, 7, 'inherit', 1, '2026-07-22 02:35:23'),
('H3', 4, 0, 'inherit', 1, '2026-07-22 02:32:40'),
('H3', 4, 1, 'inherit', 1, '2026-07-22 02:32:40'),
('H3', 4, 2, 'inherit', 1, '2026-07-22 02:32:40'),
('H3', 4, 3, 'inherit', 1, '2026-07-22 02:32:40'),
('H3', 4, 4, 'inherit', 1, '2026-07-22 02:32:40'),
('H3', 4, 5, 'deny', 1, '2026-07-22 02:28:50'),
('H3', 4, 6, 'deny', 1, '2026-07-22 02:28:50'),
('H3', 4, 7, 'inherit', 1, '2026-07-22 02:32:40'),
('H3', 6, 0, 'inherit', 1, '2026-07-22 02:32:40'),
('H3', 6, 1, 'inherit', 1, '2026-07-22 02:32:40'),
('H3', 6, 2, 'inherit', 1, '2026-07-22 02:32:40'),
('H3', 6, 3, 'inherit', 1, '2026-07-22 02:32:40'),
('H3', 6, 4, 'inherit', 1, '2026-07-22 02:32:40'),
('H3', 6, 5, 'deny', 1, '2026-07-22 02:28:50'),
('H3', 6, 6, 'deny', 1, '2026-07-22 02:28:50'),
('H3', 6, 7, 'inherit', 1, '2026-07-22 02:32:40'),
('H3', 7, 0, 'inherit', 1, '2026-07-22 02:32:40'),
('H3', 7, 1, 'inherit', 1, '2026-07-22 02:32:40'),
('H3', 7, 2, 'inherit', 1, '2026-07-22 02:32:40'),
('H3', 7, 3, 'inherit', 1, '2026-07-22 02:32:40'),
('H3', 7, 4, 'inherit', 1, '2026-07-22 02:32:40'),
('H3', 7, 5, 'deny', 1, '2026-07-22 02:28:50'),
('H3', 7, 6, 'deny', 1, '2026-07-22 02:28:50'),
('H3', 7, 7, 'inherit', 1, '2026-07-22 02:32:40'),
('H3', 8, 0, 'inherit', 1, '2026-07-22 02:32:40'),
('H3', 8, 1, 'inherit', 1, '2026-07-22 02:32:40'),
('H3', 8, 2, 'inherit', 1, '2026-07-22 02:32:40'),
('H3', 8, 3, 'inherit', 1, '2026-07-22 02:32:40'),
('H3', 8, 4, 'inherit', 1, '2026-07-22 02:32:40'),
('H3', 8, 5, 'inherit', 1, '2026-07-22 02:35:23'),
('H3', 8, 6, 'deny', 1, '2026-07-22 02:28:50'),
('H3', 8, 7, 'inherit', 1, '2026-07-22 02:32:40'),
('H3', 9, 0, 'inherit', 1, '2026-07-22 02:32:40'),
('H3', 9, 1, 'inherit', 1, '2026-07-22 02:32:40'),
('H3', 9, 2, 'inherit', 1, '2026-07-22 02:32:40'),
('H3', 9, 3, 'inherit', 1, '2026-07-22 02:32:40'),
('H3', 9, 4, 'inherit', 1, '2026-07-22 02:32:40'),
('H3', 9, 5, 'inherit', 1, '2026-07-22 02:32:40'),
('H3', 9, 6, 'inherit', 1, '2026-07-22 02:32:40'),
('H3', 9, 7, 'inherit', 1, '2026-07-22 02:32:40'),
('H3', 10, 0, 'inherit', 1, '2026-07-22 02:32:40'),
('H3', 10, 1, 'inherit', 1, '2026-07-22 02:32:40'),
('H3', 10, 2, 'inherit', 1, '2026-07-22 02:32:40'),
('H3', 10, 3, 'inherit', 1, '2026-07-22 02:35:23'),
('H3', 10, 4, 'inherit', 1, '2026-07-22 02:32:40'),
('H3', 10, 5, 'inherit', 1, '2026-07-22 02:35:23'),
('H3', 10, 6, 'inherit', 1, '2026-07-22 02:35:23'),
('H3', 10, 7, 'inherit', 1, '2026-07-22 02:35:23'),
('H3', 13, 0, 'inherit', 1, '2026-07-22 02:32:40'),
('H3', 13, 1, 'deny', 1, '2026-07-22 02:28:50'),
('H3', 13, 2, 'deny', 1, '2026-07-22 02:28:50'),
('H3', 13, 3, 'inherit', 1, '2026-07-22 02:32:40'),
('H3', 13, 4, 'inherit', 1, '2026-07-22 02:32:40'),
('H3', 13, 5, 'deny', 1, '2026-07-22 02:28:50'),
('H3', 13, 6, 'deny', 1, '2026-07-22 02:28:50'),
('H3', 13, 7, 'deny', 1, '2026-07-22 02:28:50'),
('H3', 14, 0, 'inherit', 1, '2026-07-22 02:32:40'),
('H3', 14, 1, 'inherit', 1, '2026-07-22 02:32:40'),
('H3', 14, 2, 'inherit', 1, '2026-07-22 02:32:40'),
('H3', 14, 3, 'inherit', 1, '2026-07-22 02:32:40'),
('H3', 14, 4, 'inherit', 1, '2026-07-22 02:32:40'),
('H3', 14, 5, 'deny', 1, '2026-07-22 02:28:50'),
('H3', 14, 6, 'deny', 1, '2026-07-22 02:28:50'),
('H3', 14, 7, 'inherit', 1, '2026-07-22 02:32:40'),
('H3', 15, 0, 'inherit', 1, '2026-07-22 02:32:40'),
('H3', 15, 1, 'inherit', 1, '2026-07-22 02:32:40'),
('H3', 15, 2, 'inherit', 1, '2026-07-22 02:32:40'),
('H3', 15, 3, 'inherit', 1, '2026-07-22 02:32:40'),
('H3', 15, 4, 'inherit', 1, '2026-07-22 02:32:40'),
('H3', 15, 5, 'inherit', 1, '2026-07-22 02:35:23'),
('H3', 15, 6, 'inherit', 1, '2026-07-22 02:35:23'),
('H3', 15, 7, 'inherit', 1, '2026-07-22 02:32:40'),
('H3', 16, 0, 'inherit', 1, '2026-07-22 02:32:40'),
('H3', 16, 1, 'inherit', 1, '2026-07-22 02:32:40'),
('H3', 16, 2, 'inherit', 1, '2026-07-22 02:32:40'),
('H3', 16, 3, 'inherit', 1, '2026-07-22 02:32:40'),
('H3', 16, 4, 'inherit', 1, '2026-07-22 02:32:40'),
('H3', 16, 5, 'inherit', 1, '2026-07-22 02:35:23'),
('H3', 16, 6, 'inherit', 1, '2026-07-22 02:35:23'),
('H3', 16, 7, 'inherit', 1, '2026-07-22 02:32:40'),
('H3', 18, 0, 'inherit', 1, '2026-07-22 02:32:40'),
('H3', 18, 1, 'inherit', 1, '2026-07-22 02:32:40'),
('H3', 18, 2, 'inherit', 1, '2026-07-22 02:32:40'),
('H3', 18, 3, 'inherit', 1, '2026-07-22 02:32:40'),
('H3', 18, 4, 'inherit', 1, '2026-07-22 02:32:40'),
('H3', 18, 5, 'deny', 1, '2026-07-22 02:28:50'),
('H3', 18, 6, 'deny', 1, '2026-07-22 02:28:50'),
('H3', 18, 7, 'inherit', 1, '2026-07-22 02:32:40'),
('H3', 19, 0, 'inherit', 1, '2026-07-22 02:32:40'),
('H3', 19, 1, 'inherit', 1, '2026-07-22 02:32:40'),
('H3', 19, 2, 'inherit', 1, '2026-07-22 02:32:40'),
('H3', 19, 3, 'inherit', 1, '2026-07-22 02:32:40'),
('H3', 19, 4, 'inherit', 1, '2026-07-22 02:32:40'),
('H3', 19, 5, 'inherit', 1, '2026-07-22 02:35:23'),
('H3', 19, 6, 'inherit', 1, '2026-07-22 02:35:23'),
('H3', 19, 7, 'inherit', 1, '2026-07-22 02:32:40'),
('H3', 20, 0, 'inherit', 1, '2026-07-22 02:32:40'),
('H3', 20, 1, 'inherit', 1, '2026-07-22 02:32:40'),
('H3', 20, 2, 'inherit', 1, '2026-07-22 02:32:40'),
('H3', 20, 3, 'inherit', 1, '2026-07-22 02:32:40'),
('H3', 20, 4, 'inherit', 1, '2026-07-22 02:32:40'),
('H3', 20, 5, 'inherit', 1, '2026-07-22 02:32:40'),
('H3', 20, 6, 'inherit', 1, '2026-07-22 02:32:40'),
('H3', 20, 7, 'inherit', 1, '2026-07-22 02:32:40'),
('H3', 21, 0, 'inherit', 1, '2026-07-22 02:32:40'),
('H3', 21, 1, 'inherit', 1, '2026-07-22 02:32:40'),
('H3', 21, 2, 'inherit', 1, '2026-07-22 02:32:40'),
('H3', 21, 3, 'inherit', 1, '2026-07-22 02:32:40'),
('H3', 21, 4, 'inherit', 1, '2026-07-22 02:32:40'),
('H3', 21, 5, 'inherit', 1, '2026-07-22 02:32:40'),
('H3', 21, 6, 'inherit', 1, '2026-07-22 02:32:40'),
('H3', 21, 7, 'inherit', 1, '2026-07-22 02:32:40'),
('H3', 22, 0, 'inherit', 1, '2026-07-22 02:32:40'),
('H3', 22, 1, 'inherit', 1, '2026-07-22 02:32:40'),
('H3', 22, 2, 'inherit', 1, '2026-07-22 02:32:40'),
('H3', 22, 3, 'inherit', 1, '2026-07-22 02:32:40'),
('H3', 22, 4, 'inherit', 1, '2026-07-22 02:32:40'),
('H3', 22, 5, 'inherit', 1, '2026-07-22 02:32:40'),
('H3', 22, 6, 'inherit', 1, '2026-07-22 02:32:40'),
('H3', 22, 7, 'inherit', 1, '2026-07-22 02:32:40'),
('H3', 23, 0, 'inherit', 1, '2026-07-22 02:32:40'),
('H3', 23, 1, 'inherit', 1, '2026-07-22 02:32:40'),
('H3', 23, 2, 'inherit', 1, '2026-07-22 02:32:40'),
('H3', 23, 3, 'inherit', 1, '2026-07-22 02:32:40'),
('H3', 23, 4, 'inherit', 1, '2026-07-22 02:32:40'),
('H3', 23, 5, 'inherit', 1, '2026-07-22 02:32:40'),
('H3', 23, 6, 'inherit', 1, '2026-07-22 02:32:40'),
('H3', 23, 7, 'inherit', 1, '2026-07-22 02:32:40'),
('H3', 24, 0, 'inherit', 1, '2026-07-22 02:32:40'),
('H3', 24, 1, 'inherit', 1, '2026-07-22 02:35:23'),
('H3', 24, 2, 'inherit', 1, '2026-07-22 02:35:23'),
('H3', 24, 3, 'inherit', 1, '2026-07-22 02:35:23'),
('H3', 24, 4, 'inherit', 1, '2026-07-22 02:35:23'),
('H3', 24, 5, 'inherit', 1, '2026-07-22 02:35:23'),
('H3', 24, 6, 'inherit', 1, '2026-07-22 02:35:23'),
('H3', 24, 7, 'inherit', 1, '2026-07-22 02:35:23'),
('H3', 25, 0, 'inherit', 1, '2026-07-22 02:32:40'),
('H3', 25, 1, 'inherit', 1, '2026-07-22 02:35:23'),
('H3', 25, 2, 'inherit', 1, '2026-07-22 02:35:23'),
('H3', 25, 3, 'inherit', 1, '2026-07-22 02:32:40'),
('H3', 25, 4, 'inherit', 1, '2026-07-22 02:32:40'),
('H3', 25, 5, 'inherit', 1, '2026-07-22 02:35:23'),
('H3', 25, 6, 'inherit', 1, '2026-07-22 02:32:40'),
('H3', 25, 7, 'inherit', 1, '2026-07-22 02:35:23'),
('H3', 26, 0, 'inherit', 1, '2026-07-22 02:32:40'),
('H3', 26, 1, 'inherit', 1, '2026-07-22 02:32:40'),
('H3', 26, 2, 'inherit', 1, '2026-07-22 02:32:40'),
('H3', 26, 3, 'inherit', 1, '2026-07-22 02:32:40'),
('H3', 26, 4, 'inherit', 1, '2026-07-22 02:32:40'),
('H3', 26, 5, 'inherit', 1, '2026-07-22 02:35:23'),
('H3', 26, 6, 'inherit', 1, '2026-07-22 02:35:23'),
('H3', 26, 7, 'inherit', 1, '2026-07-22 02:32:40'),
('H3', 27, 0, 'inherit', 1, '2026-07-22 02:32:40'),
('H3', 27, 1, 'inherit', 1, '2026-07-22 02:35:23'),
('H3', 27, 2, 'inherit', 1, '2026-07-22 02:35:23'),
('H3', 27, 3, 'inherit', 1, '2026-07-22 02:35:23'),
('H3', 27, 4, 'inherit', 1, '2026-07-22 02:35:23'),
('H3', 27, 5, 'inherit', 1, '2026-07-22 02:35:23'),
('H3', 27, 6, 'inherit', 1, '2026-07-22 02:35:23'),
('H3', 27, 7, 'inherit', 1, '2026-07-22 02:35:23'),
('H3', 30, 0, 'inherit', 1, '2026-07-22 02:32:40'),
('H3', 30, 1, 'inherit', 1, '2026-07-22 02:35:23'),
('H3', 30, 2, 'inherit', 1, '2026-07-22 02:35:23'),
('H3', 30, 3, 'inherit', 1, '2026-07-22 02:35:23'),
('H3', 30, 4, 'inherit', 1, '2026-07-22 02:35:23'),
('H3', 30, 5, 'inherit', 1, '2026-07-22 02:35:23'),
('H3', 30, 6, 'inherit', 1, '2026-07-22 02:35:23'),
('H3', 30, 7, 'inherit', 1, '2026-07-22 02:35:23'),
('H3', 31, 0, 'inherit', 1, '2026-07-22 02:32:40'),
('H3', 31, 1, 'inherit', 1, '2026-07-22 02:35:23'),
('H3', 31, 2, 'inherit', 1, '2026-07-22 02:35:23'),
('H3', 31, 3, 'inherit', 1, '2026-07-22 02:35:23'),
('H3', 31, 4, 'inherit', 1, '2026-07-22 02:35:23'),
('H3', 31, 5, 'inherit', 1, '2026-07-22 02:35:23'),
('H3', 31, 6, 'inherit', 1, '2026-07-22 02:35:23'),
('H3', 31, 7, 'inherit', 1, '2026-07-22 02:35:23'),
('H3', 32, 0, 'inherit', 1, '2026-07-22 02:32:40'),
('H3', 32, 1, 'inherit', 1, '2026-07-22 02:35:23'),
('H3', 32, 2, 'inherit', 1, '2026-07-22 02:35:23'),
('H3', 32, 3, 'inherit', 1, '2026-07-22 02:35:23'),
('H3', 32, 4, 'inherit', 1, '2026-07-22 02:35:23'),
('H3', 32, 5, 'inherit', 1, '2026-07-22 02:35:23'),
('H3', 32, 6, 'inherit', 1, '2026-07-22 02:35:23'),
('H3', 32, 7, 'inherit', 1, '2026-07-22 02:35:23'),
('H3', 33, 0, 'inherit', 1, '2026-07-22 02:32:40'),
('H3', 33, 1, 'inherit', 1, '2026-07-22 02:35:23'),
('H3', 33, 2, 'inherit', 1, '2026-07-22 02:35:23'),
('H3', 33, 3, 'inherit', 1, '2026-07-22 02:35:23'),
('H3', 33, 4, 'inherit', 1, '2026-07-22 02:35:23'),
('H3', 33, 5, 'inherit', 1, '2026-07-22 02:35:23'),
('H3', 33, 6, 'inherit', 1, '2026-07-22 02:35:23'),
('H3', 33, 7, 'inherit', 1, '2026-07-22 02:35:23'),
('H3', 34, 0, 'inherit', 1, '2026-07-22 02:32:40'),
('H3', 34, 1, 'inherit', 1, '2026-07-22 02:32:40'),
('H3', 34, 2, 'inherit', 1, '2026-07-22 02:32:40'),
('H3', 34, 3, 'inherit', 1, '2026-07-22 02:32:40'),
('H3', 34, 4, 'inherit', 1, '2026-07-22 02:32:40'),
('H3', 34, 5, 'inherit', 1, '2026-07-22 02:35:23'),
('H3', 34, 6, 'inherit', 1, '2026-07-22 02:35:23'),
('H3', 34, 7, 'inherit', 1, '2026-07-22 02:32:40'),
('H3', 35, 0, 'inherit', 1, '2026-07-22 02:32:40'),
('H3', 35, 1, 'inherit', 1, '2026-07-22 02:32:40'),
('H3', 35, 2, 'inherit', 1, '2026-07-22 02:32:40'),
('H3', 35, 3, 'inherit', 1, '2026-07-22 02:32:40'),
('H3', 35, 4, 'inherit', 1, '2026-07-22 02:32:40'),
('H3', 35, 5, 'inherit', 1, '2026-07-22 02:32:40'),
('H3', 35, 6, 'inherit', 1, '2026-07-22 02:32:40'),
('H3', 35, 7, 'inherit', 1, '2026-07-22 02:32:40'),
('H3', 36, 0, 'inherit', 1, '2026-07-22 02:32:40'),
('H3', 36, 1, 'inherit', 1, '2026-07-22 02:32:40'),
('H3', 36, 2, 'inherit', 1, '2026-07-22 02:32:40'),
('H3', 36, 3, 'inherit', 1, '2026-07-22 02:32:40'),
('H3', 36, 4, 'inherit', 1, '2026-07-22 02:32:40'),
('H3', 36, 5, 'inherit', 1, '2026-07-22 02:32:40'),
('H3', 36, 6, 'inherit', 1, '2026-07-22 02:32:40'),
('H3', 36, 7, 'inherit', 1, '2026-07-22 02:32:40'),
('H3', 37, 0, 'inherit', 1, '2026-07-22 02:32:40'),
('H3', 37, 1, 'inherit', 1, '2026-07-22 02:35:23'),
('H3', 37, 2, 'inherit', 1, '2026-07-22 02:35:23'),
('H3', 37, 3, 'inherit', 1, '2026-07-22 02:35:23'),
('H3', 37, 4, 'inherit', 1, '2026-07-22 02:35:23'),
('H3', 37, 5, 'inherit', 1, '2026-07-22 02:35:23'),
('H3', 37, 6, 'inherit', 1, '2026-07-22 02:35:23'),
('H3', 37, 7, 'inherit', 1, '2026-07-22 02:35:23'),
('H3', 38, 0, 'inherit', 1, '2026-07-22 02:32:40'),
('H3', 38, 1, 'inherit', 1, '2026-07-22 02:32:40'),
('H3', 38, 2, 'inherit', 1, '2026-07-22 02:32:40'),
('H3', 38, 3, 'inherit', 1, '2026-07-22 02:32:40'),
('H3', 38, 4, 'inherit', 1, '2026-07-22 02:32:40'),
('H3', 38, 5, 'inherit', 1, '2026-07-22 02:35:23'),
('H3', 38, 6, 'inherit', 1, '2026-07-22 02:35:23'),
('H3', 38, 7, 'inherit', 1, '2026-07-22 02:32:40'),
('H3', 39, 0, 'inherit', 1, '2026-07-22 02:32:40'),
('H3', 39, 1, 'inherit', 1, '2026-07-22 02:35:23'),
('H3', 39, 2, 'inherit', 1, '2026-07-22 02:35:23'),
('H3', 39, 3, 'inherit', 1, '2026-07-22 02:35:23'),
('H3', 39, 4, 'inherit', 1, '2026-07-22 02:35:23'),
('H3', 39, 5, 'inherit', 1, '2026-07-22 02:35:23'),
('H3', 39, 6, 'inherit', 1, '2026-07-22 02:35:23'),
('H3', 39, 7, 'inherit', 1, '2026-07-22 02:35:23'),
('H3', 40, 0, 'inherit', 1, '2026-07-22 02:32:40'),
('H3', 40, 1, 'inherit', 1, '2026-07-22 02:35:23');
INSERT IGNORE INTO `sarv_role_permission_override` (`role_id`, `tab_id`, `operation_id`, `permission_state`, `updated_by`, `updated_at`) VALUES
('H3', 40, 2, 'inherit', 1, '2026-07-22 02:35:23'),
('H3', 40, 3, 'inherit', 1, '2026-07-22 02:35:23'),
('H3', 40, 4, 'inherit', 1, '2026-07-22 02:35:23'),
('H3', 40, 5, 'inherit', 1, '2026-07-22 02:35:23'),
('H3', 40, 6, 'inherit', 1, '2026-07-22 02:35:23'),
('H3', 40, 7, 'inherit', 1, '2026-07-22 02:35:23'),
('H3', 41, 0, 'inherit', 1, '2026-07-22 02:32:40'),
('H3', 41, 1, 'inherit', 1, '2026-07-22 02:35:23'),
('H3', 41, 2, 'inherit', 1, '2026-07-22 02:35:23'),
('H3', 41, 3, 'inherit', 1, '2026-07-22 02:35:23'),
('H3', 41, 4, 'inherit', 1, '2026-07-22 02:35:23'),
('H3', 41, 5, 'inherit', 1, '2026-07-22 02:35:23'),
('H3', 41, 6, 'inherit', 1, '2026-07-22 02:35:23'),
('H3', 41, 7, 'inherit', 1, '2026-07-22 02:35:23'),
('H3', 42, 0, 'inherit', 1, '2026-07-22 02:32:40'),
('H3', 42, 1, 'inherit', 1, '2026-07-22 02:32:40'),
('H3', 42, 2, 'inherit', 1, '2026-07-22 02:32:40'),
('H3', 42, 3, 'inherit', 1, '2026-07-22 02:32:40'),
('H3', 42, 4, 'inherit', 1, '2026-07-22 02:32:40'),
('H3', 42, 5, 'inherit', 1, '2026-07-22 02:35:23'),
('H3', 42, 6, 'inherit', 1, '2026-07-22 02:35:23'),
('H3', 42, 7, 'inherit', 1, '2026-07-22 02:32:40'),
('H3', 43, 0, 'inherit', 1, '2026-07-22 02:32:40'),
('H3', 43, 1, 'inherit', 1, '2026-07-22 02:32:40'),
('H3', 43, 2, 'inherit', 1, '2026-07-22 02:32:40'),
('H3', 43, 3, 'inherit', 1, '2026-07-22 02:32:40'),
('H3', 43, 4, 'inherit', 1, '2026-07-22 02:32:40'),
('H3', 43, 5, 'inherit', 1, '2026-07-22 02:35:23'),
('H3', 43, 6, 'inherit', 1, '2026-07-22 02:35:23'),
('H3', 43, 7, 'inherit', 1, '2026-07-22 02:32:40'),
('H3', 44, 0, 'inherit', 1, '2026-07-22 02:32:40'),
('H3', 44, 1, 'inherit', 1, '2026-07-22 02:32:40'),
('H3', 44, 2, 'inherit', 1, '2026-07-22 02:32:40'),
('H3', 44, 3, 'inherit', 1, '2026-07-22 02:32:40'),
('H3', 44, 4, 'inherit', 1, '2026-07-22 02:32:40'),
('H3', 44, 5, 'inherit', 1, '2026-07-22 02:32:40'),
('H3', 44, 6, 'inherit', 1, '2026-07-22 02:32:40'),
('H3', 44, 7, 'inherit', 1, '2026-07-22 02:32:40'),
('H3', 45, 0, 'inherit', 1, '2026-07-22 02:32:40'),
('H3', 45, 1, 'inherit', 1, '2026-07-22 02:32:40'),
('H3', 45, 2, 'inherit', 1, '2026-07-22 02:32:40'),
('H3', 45, 3, 'inherit', 1, '2026-07-22 02:32:40'),
('H3', 45, 4, 'inherit', 1, '2026-07-22 02:32:40'),
('H3', 45, 5, 'inherit', 1, '2026-07-22 02:32:40'),
('H3', 45, 6, 'inherit', 1, '2026-07-22 02:32:40'),
('H3', 45, 7, 'inherit', 1, '2026-07-22 02:32:40'),
('H3', 46, 0, 'inherit', 1, '2026-07-22 02:32:40'),
('H3', 46, 1, 'inherit', 1, '2026-07-22 02:35:23'),
('H3', 46, 2, 'inherit', 1, '2026-07-22 02:35:23'),
('H3', 46, 3, 'inherit', 1, '2026-07-22 02:35:23'),
('H3', 46, 4, 'inherit', 1, '2026-07-22 02:35:23'),
('H3', 46, 5, 'inherit', 1, '2026-07-22 02:35:23'),
('H3', 46, 6, 'inherit', 1, '2026-07-22 02:35:23'),
('H3', 46, 7, 'inherit', 1, '2026-07-22 02:35:23'),
('H3', 47, 0, 'inherit', 1, '2026-07-22 02:32:40'),
('H3', 47, 1, 'inherit', 1, '2026-07-22 02:32:40'),
('H3', 47, 2, 'inherit', 1, '2026-07-22 02:32:40'),
('H3', 47, 3, 'inherit', 1, '2026-07-22 02:32:40'),
('H3', 47, 4, 'inherit', 1, '2026-07-22 02:32:40'),
('H3', 47, 5, 'inherit', 1, '2026-07-22 02:35:23'),
('H3', 47, 6, 'inherit', 1, '2026-07-22 02:35:23'),
('H3', 47, 7, 'inherit', 1, '2026-07-22 02:32:40'),
('H3', 48, 0, 'inherit', 1, '2026-07-22 02:32:40'),
('H3', 48, 1, 'inherit', 1, '2026-07-22 02:35:23'),
('H3', 48, 2, 'inherit', 1, '2026-07-22 02:35:23'),
('H3', 48, 3, 'inherit', 1, '2026-07-22 02:35:23'),
('H3', 48, 4, 'inherit', 1, '2026-07-22 02:35:23'),
('H3', 48, 5, 'inherit', 1, '2026-07-22 02:35:23'),
('H3', 48, 6, 'inherit', 1, '2026-07-22 02:35:23'),
('H3', 48, 7, 'inherit', 1, '2026-07-22 02:35:23'),
('H3', 49, 0, 'inherit', 1, '2026-07-22 02:32:40'),
('H3', 49, 1, 'inherit', 1, '2026-07-22 02:35:23'),
('H3', 49, 2, 'inherit', 1, '2026-07-22 02:35:23'),
('H3', 49, 3, 'inherit', 1, '2026-07-22 02:35:23'),
('H3', 49, 4, 'inherit', 1, '2026-07-22 02:35:23'),
('H3', 49, 5, 'inherit', 1, '2026-07-22 02:35:23'),
('H3', 49, 6, 'inherit', 1, '2026-07-22 02:35:23'),
('H3', 49, 7, 'inherit', 1, '2026-07-22 02:35:23'),
('H3', 50, 0, 'inherit', 1, '2026-07-22 02:32:40'),
('H3', 50, 1, 'inherit', 1, '2026-07-22 02:35:23'),
('H3', 50, 2, 'inherit', 1, '2026-07-22 02:35:23'),
('H3', 50, 3, 'inherit', 1, '2026-07-22 02:35:23'),
('H3', 50, 4, 'inherit', 1, '2026-07-22 02:35:23'),
('H3', 50, 5, 'inherit', 1, '2026-07-22 02:35:23'),
('H3', 50, 6, 'inherit', 1, '2026-07-22 02:35:23'),
('H3', 50, 7, 'inherit', 1, '2026-07-22 02:35:23'),
('H3', 51, 0, 'inherit', 1, '2026-07-22 02:32:40'),
('H3', 51, 1, 'inherit', 1, '2026-07-22 02:35:23'),
('H3', 51, 2, 'inherit', 1, '2026-07-22 02:35:23'),
('H3', 51, 3, 'inherit', 1, '2026-07-22 02:35:23'),
('H3', 51, 4, 'inherit', 1, '2026-07-22 02:35:23'),
('H3', 51, 5, 'inherit', 1, '2026-07-22 02:35:23'),
('H3', 51, 6, 'inherit', 1, '2026-07-22 02:35:23'),
('H3', 51, 7, 'inherit', 1, '2026-07-22 02:35:23'),
('H3', 52, 0, 'inherit', 1, '2026-07-22 02:32:40'),
('H3', 52, 1, 'inherit', 1, '2026-07-22 02:32:40'),
('H3', 52, 2, 'inherit', 1, '2026-07-22 02:32:40'),
('H3', 52, 3, 'inherit', 1, '2026-07-22 02:32:40'),
('H3', 52, 4, 'inherit', 1, '2026-07-22 02:32:40'),
('H3', 52, 5, 'inherit', 1, '2026-07-22 02:32:40'),
('H3', 52, 6, 'inherit', 1, '2026-07-22 02:32:40'),
('H3', 52, 7, 'inherit', 1, '2026-07-22 02:32:40'),
('H3', 53, 0, 'inherit', 1, '2026-07-22 02:32:40'),
('H3', 53, 1, 'inherit', 1, '2026-07-22 02:32:40'),
('H3', 53, 2, 'inherit', 1, '2026-07-22 02:32:40'),
('H3', 53, 3, 'inherit', 1, '2026-07-22 02:32:40'),
('H3', 53, 4, 'inherit', 1, '2026-07-22 02:32:40'),
('H3', 53, 5, 'inherit', 1, '2026-07-22 02:32:40'),
('H3', 53, 6, 'inherit', 1, '2026-07-22 02:32:40'),
('H3', 53, 7, 'inherit', 1, '2026-07-22 02:32:40'),
('H3', 54, 0, 'inherit', 1, '2026-07-22 02:32:40'),
('H3', 54, 1, 'inherit', 1, '2026-07-22 02:32:40'),
('H3', 54, 2, 'inherit', 1, '2026-07-22 02:32:40'),
('H3', 54, 3, 'inherit', 1, '2026-07-22 02:32:40'),
('H3', 54, 4, 'inherit', 1, '2026-07-22 02:32:40'),
('H3', 54, 5, 'inherit', 1, '2026-07-22 02:32:40'),
('H3', 54, 6, 'inherit', 1, '2026-07-22 02:32:40'),
('H3', 54, 7, 'inherit', 1, '2026-07-22 02:32:40'),
('H3', 55, 0, 'inherit', 1, '2026-07-22 02:32:40'),
('H3', 55, 1, 'inherit', 1, '2026-07-22 02:32:40'),
('H3', 55, 2, 'inherit', 1, '2026-07-22 02:32:40'),
('H3', 55, 3, 'inherit', 1, '2026-07-22 02:32:40'),
('H3', 55, 4, 'inherit', 1, '2026-07-22 02:32:40'),
('H3', 55, 5, 'inherit', 1, '2026-07-22 02:32:40'),
('H3', 55, 6, 'inherit', 1, '2026-07-22 02:32:40'),
('H3', 55, 7, 'inherit', 1, '2026-07-22 02:32:40'),
('H3', 56, 0, 'inherit', 1, '2026-07-22 02:32:40'),
('H3', 56, 1, 'inherit', 1, '2026-07-22 02:32:40'),
('H3', 56, 2, 'inherit', 1, '2026-07-22 02:32:40'),
('H3', 56, 3, 'inherit', 1, '2026-07-22 02:32:40'),
('H3', 56, 4, 'inherit', 1, '2026-07-22 02:32:40'),
('H3', 56, 5, 'inherit', 1, '2026-07-22 02:32:40'),
('H3', 56, 6, 'inherit', 1, '2026-07-22 02:32:40'),
('H3', 56, 7, 'inherit', 1, '2026-07-22 02:32:40'),
('H3', 57, 0, 'inherit', 1, '2026-07-22 02:32:40'),
('H3', 57, 1, 'inherit', 1, '2026-07-22 02:32:40'),
('H3', 57, 2, 'inherit', 1, '2026-07-22 02:32:40'),
('H3', 57, 3, 'inherit', 1, '2026-07-22 02:32:40'),
('H3', 57, 4, 'inherit', 1, '2026-07-22 02:32:40'),
('H3', 57, 5, 'inherit', 1, '2026-07-22 02:32:40'),
('H3', 57, 6, 'inherit', 1, '2026-07-22 02:32:40'),
('H3', 57, 7, 'inherit', 1, '2026-07-22 02:32:40'),
('H3', 58, 0, 'inherit', 1, '2026-07-22 02:32:40'),
('H3', 58, 1, 'inherit', 1, '2026-07-22 02:32:40'),
('H3', 58, 2, 'inherit', 1, '2026-07-22 02:32:40'),
('H3', 58, 3, 'inherit', 1, '2026-07-22 02:32:40'),
('H3', 58, 4, 'inherit', 1, '2026-07-22 02:32:40'),
('H3', 58, 5, 'inherit', 1, '2026-07-22 02:32:40'),
('H3', 58, 6, 'inherit', 1, '2026-07-22 02:32:40'),
('H3', 58, 7, 'inherit', 1, '2026-07-22 02:32:40'),
('H3', 59, 0, 'inherit', 1, '2026-07-22 02:32:40'),
('H3', 59, 1, 'inherit', 1, '2026-07-22 02:32:40'),
('H3', 59, 2, 'inherit', 1, '2026-07-22 02:32:40'),
('H3', 59, 3, 'inherit', 1, '2026-07-22 02:32:40'),
('H3', 59, 4, 'inherit', 1, '2026-07-22 02:32:40'),
('H3', 59, 5, 'inherit', 1, '2026-07-22 02:32:40'),
('H3', 59, 6, 'inherit', 1, '2026-07-22 02:32:40'),
('H3', 59, 7, 'inherit', 1, '2026-07-22 02:32:40'),
('H3', 60, 0, 'inherit', 1, '2026-07-22 02:32:40'),
('H3', 60, 1, 'inherit', 1, '2026-07-22 02:32:40'),
('H3', 60, 2, 'inherit', 1, '2026-07-22 02:32:40'),
('H3', 60, 3, 'inherit', 1, '2026-07-22 02:32:40'),
('H3', 60, 4, 'inherit', 1, '2026-07-22 02:32:40'),
('H3', 60, 5, 'inherit', 1, '2026-07-22 02:32:40'),
('H3', 60, 6, 'inherit', 1, '2026-07-22 02:32:40'),
('H3', 60, 7, 'inherit', 1, '2026-07-22 02:32:40'),
('H3', 61, 0, 'inherit', 1, '2026-07-22 02:32:40'),
('H3', 61, 1, 'inherit', 1, '2026-07-22 02:32:40'),
('H3', 61, 2, 'inherit', 1, '2026-07-22 02:32:40'),
('H3', 61, 3, 'inherit', 1, '2026-07-22 02:32:40'),
('H3', 61, 4, 'inherit', 1, '2026-07-22 02:32:40'),
('H3', 61, 5, 'inherit', 1, '2026-07-22 02:32:40'),
('H3', 61, 6, 'inherit', 1, '2026-07-22 02:32:40'),
('H3', 61, 7, 'inherit', 1, '2026-07-22 02:32:40'),
('H3', 62, 0, 'inherit', 1, '2026-07-22 02:32:40'),
('H3', 62, 1, 'inherit', 1, '2026-07-22 02:32:40'),
('H3', 62, 2, 'inherit', 1, '2026-07-22 02:32:40'),
('H3', 62, 3, 'inherit', 1, '2026-07-22 02:32:40'),
('H3', 62, 4, 'inherit', 1, '2026-07-22 02:32:40'),
('H3', 62, 5, 'inherit', 1, '2026-07-22 02:32:40'),
('H3', 62, 6, 'inherit', 1, '2026-07-22 02:32:40'),
('H3', 62, 7, 'inherit', 1, '2026-07-22 02:32:40'),
('H3', 63, 0, 'inherit', 1, '2026-07-22 02:32:40'),
('H3', 63, 1, 'inherit', 1, '2026-07-22 02:32:40'),
('H3', 63, 2, 'inherit', 1, '2026-07-22 02:32:40'),
('H3', 63, 3, 'inherit', 1, '2026-07-22 02:32:40'),
('H3', 63, 4, 'inherit', 1, '2026-07-22 02:32:40'),
('H3', 63, 5, 'inherit', 1, '2026-07-22 02:32:40'),
('H3', 63, 6, 'inherit', 1, '2026-07-22 02:32:40'),
('H3', 63, 7, 'inherit', 1, '2026-07-22 02:32:40'),
('H3', 64, 0, 'inherit', 1, '2026-07-22 02:32:40'),
('H3', 64, 1, 'inherit', 1, '2026-07-22 02:35:23'),
('H3', 64, 2, 'inherit', 1, '2026-07-22 02:35:23'),
('H3', 64, 3, 'inherit', 1, '2026-07-22 02:35:23'),
('H3', 64, 4, 'inherit', 1, '2026-07-22 02:35:23'),
('H3', 64, 5, 'inherit', 1, '2026-07-22 02:35:23'),
('H3', 64, 6, 'inherit', 1, '2026-07-22 02:35:23'),
('H3', 64, 7, 'inherit', 1, '2026-07-22 02:35:23'),
('H30', 1, 0, 'inherit', 1, '2026-08-01 11:31:51'),
('H30', 2, 0, 'inherit', 1, '2026-08-01 11:31:51'),
('H30', 2, 2, 'inherit', 1, '2026-08-01 11:31:51'),
('H30', 2, 3, 'inherit', 1, '2026-08-01 11:31:51'),
('H30', 2, 4, 'inherit', 1, '2026-08-01 11:31:51'),
('H30', 2, 5, 'inherit', 1, '2026-08-01 11:31:51'),
('H30', 2, 6, 'inherit', 1, '2026-08-01 11:31:51'),
('H30', 2, 7, 'inherit', 1, '2026-08-01 11:31:51'),
('H30', 4, 0, 'inherit', 1, '2026-08-01 11:31:51'),
('H30', 4, 2, 'inherit', 1, '2026-08-01 11:31:51'),
('H30', 4, 3, 'inherit', 1, '2026-08-01 11:31:51'),
('H30', 4, 4, 'inherit', 1, '2026-08-01 11:31:51'),
('H30', 4, 5, 'inherit', 1, '2026-08-01 11:31:51'),
('H30', 4, 6, 'inherit', 1, '2026-08-01 11:31:51'),
('H30', 4, 7, 'inherit', 1, '2026-08-01 11:31:51'),
('H30', 6, 0, 'inherit', 1, '2026-08-01 11:31:51'),
('H30', 6, 2, 'inherit', 1, '2026-08-01 11:31:51'),
('H30', 6, 3, 'inherit', 1, '2026-08-01 11:31:51'),
('H30', 6, 4, 'inherit', 1, '2026-08-01 11:31:51'),
('H30', 6, 5, 'inherit', 1, '2026-08-01 11:31:51'),
('H30', 6, 6, 'inherit', 1, '2026-08-01 11:31:51'),
('H30', 6, 7, 'inherit', 1, '2026-08-01 11:31:51'),
('H30', 7, 0, 'inherit', 1, '2026-08-01 11:31:51'),
('H30', 7, 2, 'inherit', 1, '2026-08-01 11:31:51'),
('H30', 7, 3, 'inherit', 1, '2026-08-01 11:31:51'),
('H30', 7, 4, 'inherit', 1, '2026-08-01 11:31:51'),
('H30', 7, 5, 'inherit', 1, '2026-08-01 11:31:51'),
('H30', 7, 6, 'inherit', 1, '2026-08-01 11:31:51'),
('H30', 7, 7, 'inherit', 1, '2026-08-01 11:31:51'),
('H30', 8, 0, 'inherit', 1, '2026-08-01 11:31:51'),
('H30', 8, 2, 'inherit', 1, '2026-08-01 11:31:51'),
('H30', 8, 3, 'inherit', 1, '2026-08-01 11:31:51'),
('H30', 8, 4, 'inherit', 1, '2026-08-01 11:31:51'),
('H30', 8, 6, 'inherit', 1, '2026-08-01 11:31:51'),
('H30', 8, 7, 'inherit', 1, '2026-08-01 11:31:51'),
('H30', 9, 0, 'inherit', 1, '2026-08-01 11:31:51'),
('H30', 9, 2, 'inherit', 1, '2026-08-01 11:31:51'),
('H30', 9, 3, 'inherit', 1, '2026-08-01 11:31:51'),
('H30', 9, 4, 'inherit', 1, '2026-08-01 11:31:51'),
('H30', 9, 5, 'inherit', 1, '2026-08-01 11:31:51'),
('H30', 9, 6, 'inherit', 1, '2026-08-01 11:31:51'),
('H30', 9, 7, 'inherit', 1, '2026-08-01 11:31:51'),
('H30', 10, 0, 'inherit', 1, '2026-08-01 11:31:51'),
('H30', 10, 2, 'inherit', 1, '2026-08-01 11:31:51'),
('H30', 10, 3, 'inherit', 1, '2026-08-01 11:31:51'),
('H30', 10, 4, 'inherit', 1, '2026-08-01 11:31:51'),
('H30', 10, 7, 'inherit', 1, '2026-08-01 11:31:51'),
('H30', 13, 0, 'inherit', 1, '2026-08-01 11:31:51'),
('H30', 13, 2, 'inherit', 1, '2026-08-01 11:31:51'),
('H30', 13, 3, 'inherit', 1, '2026-08-01 11:31:51'),
('H30', 13, 4, 'inherit', 1, '2026-08-01 11:31:51'),
('H30', 13, 5, 'inherit', 1, '2026-08-01 11:31:51'),
('H30', 13, 6, 'inherit', 1, '2026-08-01 11:31:51'),
('H30', 13, 7, 'inherit', 1, '2026-08-01 11:31:51'),
('H30', 14, 0, 'inherit', 1, '2026-08-01 11:31:51'),
('H30', 14, 2, 'inherit', 1, '2026-08-01 11:31:51'),
('H30', 14, 3, 'inherit', 1, '2026-08-01 11:31:51'),
('H30', 14, 4, 'inherit', 1, '2026-08-01 11:31:51'),
('H30', 14, 5, 'inherit', 1, '2026-08-01 11:31:51'),
('H30', 14, 6, 'inherit', 1, '2026-08-01 11:31:51'),
('H30', 14, 7, 'inherit', 1, '2026-08-01 11:31:51'),
('H30', 15, 0, 'inherit', 1, '2026-08-01 11:31:51'),
('H30', 15, 2, 'inherit', 1, '2026-08-01 11:31:51'),
('H30', 15, 3, 'inherit', 1, '2026-08-01 11:31:51'),
('H30', 15, 4, 'inherit', 1, '2026-08-01 11:31:51'),
('H30', 15, 7, 'inherit', 1, '2026-08-01 11:31:51'),
('H30', 16, 0, 'inherit', 1, '2026-08-01 11:31:51'),
('H30', 16, 2, 'inherit', 1, '2026-08-01 11:31:51'),
('H30', 16, 3, 'inherit', 1, '2026-08-01 11:31:51'),
('H30', 16, 4, 'inherit', 1, '2026-08-01 11:31:51'),
('H30', 16, 5, 'inherit', 1, '2026-08-01 11:31:51'),
('H30', 16, 6, 'inherit', 1, '2026-08-01 11:31:51'),
('H30', 16, 7, 'inherit', 1, '2026-08-01 11:31:51'),
('H30', 18, 0, 'inherit', 1, '2026-08-01 11:31:51'),
('H30', 18, 2, 'inherit', 1, '2026-08-01 11:31:51'),
('H30', 18, 3, 'inherit', 1, '2026-08-01 11:31:51'),
('H30', 18, 4, 'inherit', 1, '2026-08-01 11:31:51'),
('H30', 18, 5, 'inherit', 1, '2026-08-01 11:31:51'),
('H30', 18, 6, 'inherit', 1, '2026-08-01 11:31:51'),
('H30', 18, 7, 'inherit', 1, '2026-08-01 11:31:51'),
('H30', 19, 0, 'inherit', 1, '2026-08-01 11:31:51'),
('H30', 19, 2, 'inherit', 1, '2026-08-01 11:31:51'),
('H30', 19, 3, 'inherit', 1, '2026-08-01 11:31:51'),
('H30', 19, 4, 'inherit', 1, '2026-08-01 11:31:51'),
('H30', 19, 5, 'inherit', 1, '2026-08-01 11:31:51'),
('H30', 19, 6, 'inherit', 1, '2026-08-01 11:31:51'),
('H30', 19, 7, 'inherit', 1, '2026-08-01 11:31:51'),
('H30', 20, 0, 'inherit', 1, '2026-08-01 11:31:51'),
('H30', 20, 2, 'inherit', 1, '2026-08-01 11:31:51'),
('H30', 20, 3, 'inherit', 1, '2026-08-01 11:31:51'),
('H30', 20, 4, 'inherit', 1, '2026-08-01 11:31:51'),
('H30', 20, 5, 'inherit', 1, '2026-08-01 11:31:51'),
('H30', 20, 6, 'inherit', 1, '2026-08-01 11:31:51'),
('H30', 20, 7, 'inherit', 1, '2026-08-01 11:31:51'),
('H30', 21, 0, 'inherit', 1, '2026-08-01 11:31:51'),
('H30', 21, 2, 'inherit', 1, '2026-08-01 11:31:51'),
('H30', 21, 3, 'inherit', 1, '2026-08-01 11:31:51'),
('H30', 21, 4, 'inherit', 1, '2026-08-01 11:31:51'),
('H30', 21, 5, 'inherit', 1, '2026-08-01 11:31:51'),
('H30', 21, 6, 'inherit', 1, '2026-08-01 11:31:51'),
('H30', 21, 7, 'inherit', 1, '2026-08-01 11:31:51'),
('H30', 22, 0, 'inherit', 1, '2026-08-01 11:31:51'),
('H30', 22, 2, 'inherit', 1, '2026-08-01 11:31:51'),
('H30', 22, 3, 'inherit', 1, '2026-08-01 11:31:51'),
('H30', 22, 4, 'inherit', 1, '2026-08-01 11:31:51'),
('H30', 22, 5, 'inherit', 1, '2026-08-01 11:31:51'),
('H30', 22, 6, 'inherit', 1, '2026-08-01 11:31:51'),
('H30', 22, 7, 'inherit', 1, '2026-08-01 11:31:51'),
('H30', 23, 0, 'inherit', 1, '2026-08-01 11:31:51'),
('H30', 23, 2, 'inherit', 1, '2026-08-01 11:31:51'),
('H30', 23, 3, 'inherit', 1, '2026-08-01 11:31:51'),
('H30', 23, 4, 'inherit', 1, '2026-08-01 11:31:51'),
('H30', 23, 5, 'inherit', 1, '2026-08-01 11:31:51'),
('H30', 23, 6, 'inherit', 1, '2026-08-01 11:31:51'),
('H30', 23, 7, 'inherit', 1, '2026-08-01 11:31:51'),
('H30', 24, 0, 'inherit', 1, '2026-08-01 11:31:51'),
('H30', 25, 0, 'inherit', 1, '2026-08-01 11:31:51'),
('H30', 25, 6, 'inherit', 1, '2026-08-01 11:31:51'),
('H30', 26, 0, 'inherit', 1, '2026-08-01 11:31:51'),
('H30', 26, 2, 'inherit', 1, '2026-08-01 11:31:51'),
('H30', 26, 3, 'inherit', 1, '2026-08-01 11:31:51'),
('H30', 26, 4, 'inherit', 1, '2026-08-01 11:31:51'),
('H30', 26, 7, 'inherit', 1, '2026-08-01 11:31:51'),
('H30', 27, 0, 'inherit', 1, '2026-08-01 11:31:51'),
('H30', 31, 0, 'inherit', 1, '2026-08-01 11:31:51'),
('H30', 34, 0, 'inherit', 1, '2026-08-01 11:31:51'),
('H30', 34, 2, 'inherit', 1, '2026-08-01 11:31:51'),
('H30', 34, 3, 'inherit', 1, '2026-08-01 11:31:51'),
('H30', 34, 4, 'inherit', 1, '2026-08-01 11:31:51'),
('H30', 34, 5, 'deny', 1, '2026-08-01 11:31:51'),
('H30', 34, 6, 'deny', 1, '2026-08-01 11:31:51'),
('H30', 34, 7, 'inherit', 1, '2026-08-01 11:31:51'),
('H30', 35, 0, 'inherit', 1, '2026-08-01 11:31:51'),
('H30', 35, 2, 'inherit', 1, '2026-08-01 11:31:51'),
('H30', 35, 3, 'inherit', 1, '2026-08-01 11:31:51'),
('H30', 35, 4, 'inherit', 1, '2026-08-01 11:31:51'),
('H30', 35, 5, 'inherit', 1, '2026-08-01 11:31:51'),
('H30', 35, 6, 'inherit', 1, '2026-08-01 11:31:51'),
('H30', 35, 7, 'inherit', 1, '2026-08-01 11:31:51'),
('H30', 36, 0, 'inherit', 1, '2026-08-01 11:31:51'),
('H30', 36, 2, 'inherit', 1, '2026-08-01 11:31:51'),
('H30', 36, 3, 'inherit', 1, '2026-08-01 11:31:51'),
('H30', 36, 4, 'inherit', 1, '2026-08-01 11:31:51'),
('H30', 36, 5, 'inherit', 1, '2026-08-01 11:31:51'),
('H30', 36, 6, 'inherit', 1, '2026-08-01 11:31:51'),
('H30', 36, 7, 'inherit', 1, '2026-08-01 11:31:51'),
('H30', 38, 0, 'inherit', 1, '2026-08-01 11:31:51'),
('H30', 38, 2, 'inherit', 1, '2026-08-01 11:31:51'),
('H30', 38, 3, 'inherit', 1, '2026-08-01 11:31:51'),
('H30', 38, 4, 'inherit', 1, '2026-08-01 11:31:51'),
('H30', 38, 5, 'deny', 1, '2026-08-01 11:31:51'),
('H30', 38, 6, 'deny', 1, '2026-08-01 11:31:51'),
('H30', 38, 7, 'inherit', 1, '2026-08-01 11:31:51'),
('H30', 40, 0, 'inherit', 1, '2026-08-01 11:31:51'),
('H30', 41, 0, 'inherit', 1, '2026-08-01 11:31:51'),
('H30', 42, 0, 'inherit', 1, '2026-08-01 11:31:51'),
('H30', 42, 2, 'inherit', 1, '2026-08-01 11:31:51'),
('H30', 42, 3, 'inherit', 1, '2026-08-01 11:31:51'),
('H30', 42, 4, 'inherit', 1, '2026-08-01 11:31:51'),
('H30', 42, 7, 'inherit', 1, '2026-08-01 11:31:51'),
('H30', 43, 0, 'inherit', 1, '2026-08-01 11:31:51'),
('H30', 43, 2, 'inherit', 1, '2026-08-01 11:31:51'),
('H30', 43, 3, 'inherit', 1, '2026-08-01 11:31:51'),
('H30', 43, 4, 'inherit', 1, '2026-08-01 11:31:51'),
('H30', 43, 5, 'inherit', 1, '2026-08-01 11:31:51'),
('H30', 43, 6, 'inherit', 1, '2026-08-01 11:31:51'),
('H30', 43, 7, 'inherit', 1, '2026-08-01 11:31:51'),
('H30', 44, 0, 'inherit', 1, '2026-08-01 11:31:51'),
('H30', 44, 2, 'inherit', 1, '2026-08-01 11:31:51'),
('H30', 44, 3, 'inherit', 1, '2026-08-01 11:31:51'),
('H30', 44, 4, 'inherit', 1, '2026-08-01 11:31:51'),
('H30', 44, 5, 'inherit', 1, '2026-08-01 11:31:51'),
('H30', 44, 6, 'inherit', 1, '2026-08-01 11:31:51'),
('H30', 44, 7, 'inherit', 1, '2026-08-01 11:31:51'),
('H30', 45, 0, 'inherit', 1, '2026-08-01 11:31:51'),
('H30', 45, 2, 'inherit', 1, '2026-08-01 11:31:51'),
('H30', 45, 3, 'inherit', 1, '2026-08-01 11:31:51'),
('H30', 45, 4, 'inherit', 1, '2026-08-01 11:31:51'),
('H30', 45, 5, 'inherit', 1, '2026-08-01 11:31:51'),
('H30', 45, 6, 'inherit', 1, '2026-08-01 11:31:51'),
('H30', 45, 7, 'inherit', 1, '2026-08-01 11:31:51'),
('H30', 46, 0, 'inherit', 1, '2026-08-01 11:31:51'),
('H30', 47, 0, 'inherit', 1, '2026-08-01 11:31:51'),
('H30', 47, 2, 'inherit', 1, '2026-08-01 11:31:52'),
('H30', 47, 3, 'inherit', 1, '2026-08-01 11:31:52'),
('H30', 47, 4, 'inherit', 1, '2026-08-01 11:31:52'),
('H30', 47, 7, 'inherit', 1, '2026-08-01 11:31:52'),
('H30', 48, 0, 'inherit', 1, '2026-08-01 11:31:52'),
('H30', 50, 0, 'inherit', 1, '2026-08-01 11:31:52'),
('H30', 51, 0, 'inherit', 1, '2026-08-01 11:31:52'),
('H30', 52, 0, 'inherit', 1, '2026-08-01 11:31:52'),
('H30', 52, 2, 'inherit', 1, '2026-08-01 11:31:52'),
('H30', 52, 3, 'inherit', 1, '2026-08-01 11:31:52'),
('H30', 52, 4, 'inherit', 1, '2026-08-01 11:31:52'),
('H30', 52, 5, 'inherit', 1, '2026-08-01 11:31:52'),
('H30', 52, 6, 'inherit', 1, '2026-08-01 11:31:52'),
('H30', 52, 7, 'inherit', 1, '2026-08-01 11:31:52'),
('H30', 53, 0, 'inherit', 1, '2026-08-01 11:31:52'),
('H30', 53, 2, 'inherit', 1, '2026-08-01 11:31:52'),
('H30', 53, 3, 'inherit', 1, '2026-08-01 11:31:52'),
('H30', 53, 4, 'inherit', 1, '2026-08-01 11:31:52'),
('H30', 53, 5, 'inherit', 1, '2026-08-01 11:31:52'),
('H30', 53, 6, 'inherit', 1, '2026-08-01 11:31:52'),
('H30', 53, 7, 'inherit', 1, '2026-08-01 11:31:52'),
('H30', 54, 0, 'inherit', 1, '2026-08-01 11:31:52'),
('H30', 54, 2, 'inherit', 1, '2026-08-01 11:31:52'),
('H30', 54, 3, 'inherit', 1, '2026-08-01 11:31:52'),
('H30', 54, 4, 'inherit', 1, '2026-08-01 11:31:52'),
('H30', 54, 5, 'inherit', 1, '2026-08-01 11:31:52'),
('H30', 54, 6, 'inherit', 1, '2026-08-01 11:31:52'),
('H30', 54, 7, 'inherit', 1, '2026-08-01 11:31:52'),
('H30', 55, 0, 'inherit', 1, '2026-08-01 11:31:52'),
('H30', 55, 2, 'inherit', 1, '2026-08-01 11:31:52'),
('H30', 55, 3, 'inherit', 1, '2026-08-01 11:31:52'),
('H30', 55, 4, 'inherit', 1, '2026-08-01 11:31:52'),
('H30', 55, 5, 'inherit', 1, '2026-08-01 11:31:52'),
('H30', 55, 6, 'inherit', 1, '2026-08-01 11:31:52'),
('H30', 55, 7, 'inherit', 1, '2026-08-01 11:31:52'),
('H30', 56, 0, 'inherit', 1, '2026-08-01 11:31:52'),
('H30', 56, 2, 'inherit', 1, '2026-08-01 11:31:52'),
('H30', 56, 3, 'inherit', 1, '2026-08-01 11:31:52'),
('H30', 56, 4, 'inherit', 1, '2026-08-01 11:31:52'),
('H30', 56, 5, 'inherit', 1, '2026-08-01 11:31:52'),
('H30', 56, 6, 'inherit', 1, '2026-08-01 11:31:52'),
('H30', 56, 7, 'inherit', 1, '2026-08-01 11:31:52'),
('H30', 57, 0, 'inherit', 1, '2026-08-01 11:31:52'),
('H30', 57, 2, 'inherit', 1, '2026-08-01 11:31:52'),
('H30', 57, 3, 'inherit', 1, '2026-08-01 11:31:52'),
('H30', 57, 4, 'inherit', 1, '2026-08-01 11:31:52'),
('H30', 57, 5, 'inherit', 1, '2026-08-01 11:31:52'),
('H30', 57, 6, 'inherit', 1, '2026-08-01 11:31:52'),
('H30', 57, 7, 'inherit', 1, '2026-08-01 11:31:52'),
('H30', 58, 0, 'inherit', 1, '2026-08-01 11:31:52'),
('H30', 58, 2, 'inherit', 1, '2026-08-01 11:31:52'),
('H30', 58, 3, 'inherit', 1, '2026-08-01 11:31:52'),
('H30', 58, 4, 'inherit', 1, '2026-08-01 11:31:52'),
('H30', 58, 5, 'inherit', 1, '2026-08-01 11:31:52'),
('H30', 58, 6, 'inherit', 1, '2026-08-01 11:31:52'),
('H30', 58, 7, 'inherit', 1, '2026-08-01 11:31:52'),
('H30', 59, 0, 'inherit', 1, '2026-08-01 11:31:52'),
('H30', 59, 2, 'inherit', 1, '2026-08-01 11:31:52'),
('H30', 59, 3, 'inherit', 1, '2026-08-01 11:31:52'),
('H30', 59, 4, 'inherit', 1, '2026-08-01 11:31:52'),
('H30', 59, 5, 'inherit', 1, '2026-08-01 11:31:52'),
('H30', 59, 6, 'inherit', 1, '2026-08-01 11:31:52'),
('H30', 59, 7, 'inherit', 1, '2026-08-01 11:31:52'),
('H30', 60, 0, 'inherit', 1, '2026-08-01 11:31:52'),
('H30', 60, 2, 'inherit', 1, '2026-08-01 11:31:52'),
('H30', 60, 3, 'inherit', 1, '2026-08-01 11:31:52'),
('H30', 60, 4, 'inherit', 1, '2026-08-01 11:31:52'),
('H30', 60, 5, 'inherit', 1, '2026-08-01 11:31:52'),
('H30', 60, 6, 'inherit', 1, '2026-08-01 11:31:52'),
('H30', 60, 7, 'inherit', 1, '2026-08-01 11:31:52'),
('H30', 61, 0, 'inherit', 1, '2026-08-01 11:31:52'),
('H30', 61, 2, 'inherit', 1, '2026-08-01 11:31:52'),
('H30', 61, 3, 'inherit', 1, '2026-08-01 11:31:52'),
('H30', 61, 4, 'inherit', 1, '2026-08-01 11:31:52'),
('H30', 61, 5, 'inherit', 1, '2026-08-01 11:31:52'),
('H30', 61, 6, 'inherit', 1, '2026-08-01 11:31:52'),
('H30', 61, 7, 'inherit', 1, '2026-08-01 11:31:52'),
('H30', 62, 0, 'inherit', 1, '2026-08-01 11:31:52'),
('H30', 62, 2, 'inherit', 1, '2026-08-01 11:31:52'),
('H30', 62, 3, 'inherit', 1, '2026-08-01 11:31:52'),
('H30', 62, 4, 'inherit', 1, '2026-08-01 11:31:52'),
('H30', 62, 5, 'inherit', 1, '2026-08-01 11:31:52'),
('H30', 62, 6, 'inherit', 1, '2026-08-01 11:31:52'),
('H30', 62, 7, 'inherit', 1, '2026-08-01 11:31:52'),
('H30', 63, 0, 'inherit', 1, '2026-08-01 11:31:52'),
('H30', 63, 2, 'inherit', 1, '2026-08-01 11:31:52'),
('H30', 63, 3, 'inherit', 1, '2026-08-01 11:31:52'),
('H30', 63, 4, 'inherit', 1, '2026-08-01 11:31:52'),
('H30', 63, 5, 'inherit', 1, '2026-08-01 11:31:52'),
('H30', 63, 6, 'inherit', 1, '2026-08-01 11:31:52'),
('H30', 63, 7, 'inherit', 1, '2026-08-01 11:31:52'),
('H30', 64, 0, 'inherit', 1, '2026-08-01 11:31:52'),
('H31', 1, 0, 'inherit', 1, '2026-08-01 11:31:52'),
('H31', 2, 0, 'inherit', 1, '2026-08-01 11:31:52'),
('H31', 2, 1, 'inherit', 1, '2026-08-01 11:31:52'),
('H31', 2, 2, 'inherit', 1, '2026-08-01 11:31:52'),
('H31', 2, 3, 'deny', 1, '2026-08-01 11:31:52'),
('H31', 2, 4, 'inherit', 1, '2026-08-01 11:31:52'),
('H31', 2, 5, 'inherit', 1, '2026-08-01 11:31:52'),
('H31', 2, 6, 'inherit', 1, '2026-08-01 11:31:52'),
('H31', 2, 7, 'inherit', 1, '2026-08-01 11:31:52'),
('H31', 4, 0, 'inherit', 1, '2026-08-01 11:31:52'),
('H31', 4, 1, 'inherit', 1, '2026-08-01 11:31:52'),
('H31', 4, 2, 'inherit', 1, '2026-08-01 11:31:52'),
('H31', 4, 3, 'deny', 1, '2026-08-01 11:31:52'),
('H31', 4, 4, 'inherit', 1, '2026-08-01 11:31:52'),
('H31', 4, 5, 'inherit', 1, '2026-08-01 11:31:52'),
('H31', 4, 6, 'inherit', 1, '2026-08-01 11:31:52'),
('H31', 4, 7, 'inherit', 1, '2026-08-01 11:31:52'),
('H31', 6, 0, 'deny', 1, '2026-08-01 11:31:52'),
('H31', 6, 1, 'inherit', 1, '2026-08-01 11:31:52'),
('H31', 6, 2, 'inherit', 1, '2026-08-01 11:31:52'),
('H31', 6, 3, 'deny', 1, '2026-08-01 11:31:52'),
('H31', 6, 4, 'deny', 1, '2026-08-01 11:31:52'),
('H31', 6, 5, 'inherit', 1, '2026-08-01 11:31:52'),
('H31', 6, 6, 'inherit', 1, '2026-08-01 11:31:52'),
('H31', 6, 7, 'inherit', 1, '2026-08-01 11:31:52'),
('H31', 7, 0, 'deny', 1, '2026-08-01 11:31:52'),
('H31', 7, 1, 'inherit', 1, '2026-08-01 11:31:52'),
('H31', 7, 2, 'inherit', 1, '2026-08-01 11:31:52'),
('H31', 7, 3, 'deny', 1, '2026-08-01 11:31:52'),
('H31', 7, 4, 'deny', 1, '2026-08-01 11:31:52'),
('H31', 7, 5, 'inherit', 1, '2026-08-01 11:31:52'),
('H31', 7, 6, 'inherit', 1, '2026-08-01 11:31:52'),
('H31', 7, 7, 'inherit', 1, '2026-08-01 11:31:52'),
('H31', 8, 0, 'inherit', 1, '2026-08-01 11:31:52'),
('H31', 8, 1, 'inherit', 1, '2026-08-01 11:31:52'),
('H31', 8, 2, 'inherit', 1, '2026-08-01 11:31:52'),
('H31', 8, 3, 'deny', 1, '2026-08-01 11:31:52'),
('H31', 8, 4, 'inherit', 1, '2026-08-01 11:31:52'),
('H31', 8, 6, 'inherit', 1, '2026-08-01 11:31:52'),
('H31', 8, 7, 'inherit', 1, '2026-08-01 11:31:52'),
('H31', 9, 0, 'inherit', 1, '2026-08-01 11:31:52'),
('H31', 9, 1, 'inherit', 1, '2026-08-01 11:31:52'),
('H31', 9, 2, 'inherit', 1, '2026-08-01 11:31:52'),
('H31', 9, 3, 'deny', 1, '2026-08-01 11:31:52'),
('H31', 9, 4, 'inherit', 1, '2026-08-01 11:31:52'),
('H31', 9, 5, 'inherit', 1, '2026-08-01 11:31:52'),
('H31', 9, 6, 'inherit', 1, '2026-08-01 11:31:52'),
('H31', 9, 7, 'inherit', 1, '2026-08-01 11:31:52'),
('H31', 10, 0, 'inherit', 1, '2026-08-01 11:31:52'),
('H31', 10, 1, 'inherit', 1, '2026-08-01 11:31:52'),
('H31', 10, 2, 'inherit', 1, '2026-08-01 11:31:52'),
('H31', 10, 3, 'deny', 1, '2026-08-01 11:31:52'),
('H31', 10, 4, 'inherit', 1, '2026-08-01 11:31:52'),
('H31', 10, 7, 'inherit', 1, '2026-08-01 11:31:52'),
('H31', 13, 0, 'inherit', 1, '2026-08-01 11:31:52'),
('H31', 13, 1, 'inherit', 1, '2026-08-01 11:31:52'),
('H31', 13, 2, 'inherit', 1, '2026-08-01 11:31:52'),
('H31', 13, 3, 'deny', 1, '2026-08-01 11:31:52'),
('H31', 13, 4, 'inherit', 1, '2026-08-01 11:31:52'),
('H31', 13, 5, 'inherit', 1, '2026-08-01 11:31:52'),
('H31', 13, 6, 'inherit', 1, '2026-08-01 11:31:52'),
('H31', 13, 7, 'inherit', 1, '2026-08-01 11:31:52'),
('H31', 14, 0, 'inherit', 1, '2026-08-01 11:31:52'),
('H31', 14, 1, 'inherit', 1, '2026-08-01 11:31:52'),
('H31', 14, 2, 'inherit', 1, '2026-08-01 11:31:52'),
('H31', 14, 3, 'deny', 1, '2026-08-01 11:31:52'),
('H31', 14, 4, 'inherit', 1, '2026-08-01 11:31:52'),
('H31', 14, 5, 'inherit', 1, '2026-08-01 11:31:52'),
('H31', 14, 6, 'inherit', 1, '2026-08-01 11:31:52'),
('H31', 14, 7, 'inherit', 1, '2026-08-01 11:31:52'),
('H31', 15, 0, 'inherit', 1, '2026-08-01 11:31:52'),
('H31', 15, 1, 'inherit', 1, '2026-08-01 11:31:52'),
('H31', 15, 2, 'inherit', 1, '2026-08-01 11:31:52'),
('H31', 15, 3, 'deny', 1, '2026-08-01 11:31:52'),
('H31', 15, 4, 'inherit', 1, '2026-08-01 11:31:52'),
('H31', 15, 7, 'inherit', 1, '2026-08-01 11:31:52'),
('H31', 16, 0, 'inherit', 1, '2026-08-01 11:31:52'),
('H31', 16, 2, 'inherit', 1, '2026-08-01 11:31:52'),
('H31', 16, 3, 'deny', 1, '2026-08-01 11:31:52'),
('H31', 16, 4, 'inherit', 1, '2026-08-01 11:31:52'),
('H31', 16, 5, 'inherit', 1, '2026-08-01 11:31:52'),
('H31', 16, 6, 'inherit', 1, '2026-08-01 11:31:52'),
('H31', 16, 7, 'inherit', 1, '2026-08-01 11:31:52'),
('H31', 18, 0, 'inherit', 1, '2026-08-01 11:31:52'),
('H31', 18, 1, 'inherit', 1, '2026-08-01 11:31:52'),
('H31', 18, 2, 'inherit', 1, '2026-08-01 11:31:52'),
('H31', 18, 3, 'deny', 1, '2026-08-01 11:31:52'),
('H31', 18, 4, 'inherit', 1, '2026-08-01 11:31:52'),
('H31', 18, 5, 'inherit', 1, '2026-08-01 11:31:52'),
('H31', 18, 6, 'inherit', 1, '2026-08-01 11:31:52'),
('H31', 18, 7, 'inherit', 1, '2026-08-01 11:31:52'),
('H31', 19, 0, 'inherit', 1, '2026-08-01 11:31:52'),
('H31', 19, 1, 'inherit', 1, '2026-08-01 11:31:52'),
('H31', 19, 2, 'inherit', 1, '2026-08-01 11:31:52'),
('H31', 19, 3, 'deny', 1, '2026-08-01 11:31:52'),
('H31', 19, 4, 'inherit', 1, '2026-08-01 11:31:52'),
('H31', 19, 5, 'inherit', 1, '2026-08-01 11:31:52'),
('H31', 19, 6, 'inherit', 1, '2026-08-01 11:31:52'),
('H31', 19, 7, 'inherit', 1, '2026-08-01 11:31:52'),
('H31', 20, 0, 'inherit', 1, '2026-08-01 11:31:52'),
('H31', 20, 1, 'inherit', 1, '2026-08-01 11:31:52'),
('H31', 20, 2, 'inherit', 1, '2026-08-01 11:31:52'),
('H31', 20, 3, 'deny', 1, '2026-08-01 11:31:52'),
('H31', 20, 4, 'inherit', 1, '2026-08-01 11:31:52'),
('H31', 20, 5, 'inherit', 1, '2026-08-01 11:31:52'),
('H31', 20, 6, 'inherit', 1, '2026-08-01 11:31:52'),
('H31', 20, 7, 'inherit', 1, '2026-08-01 11:31:52'),
('H31', 21, 0, 'inherit', 1, '2026-08-01 11:31:52'),
('H31', 21, 1, 'inherit', 1, '2026-08-01 11:31:52'),
('H31', 21, 2, 'inherit', 1, '2026-08-01 11:31:52'),
('H31', 21, 3, 'deny', 1, '2026-08-01 11:31:52'),
('H31', 21, 4, 'inherit', 1, '2026-08-01 11:31:52'),
('H31', 21, 5, 'inherit', 1, '2026-08-01 11:31:52'),
('H31', 21, 6, 'inherit', 1, '2026-08-01 11:31:52'),
('H31', 21, 7, 'inherit', 1, '2026-08-01 11:31:52'),
('H31', 22, 0, 'inherit', 1, '2026-08-01 11:31:52'),
('H31', 22, 1, 'inherit', 1, '2026-08-01 11:31:52'),
('H31', 22, 2, 'inherit', 1, '2026-08-01 11:31:52'),
('H31', 22, 3, 'deny', 1, '2026-08-01 11:31:52'),
('H31', 22, 4, 'inherit', 1, '2026-08-01 11:31:52'),
('H31', 22, 5, 'inherit', 1, '2026-08-01 11:31:52'),
('H31', 22, 6, 'inherit', 1, '2026-08-01 11:31:52'),
('H31', 22, 7, 'inherit', 1, '2026-08-01 11:31:52'),
('H31', 23, 0, 'inherit', 1, '2026-08-01 11:31:52'),
('H31', 23, 1, 'inherit', 1, '2026-08-01 11:31:52'),
('H31', 23, 2, 'inherit', 1, '2026-08-01 11:31:52'),
('H31', 23, 3, 'deny', 1, '2026-08-01 11:31:52'),
('H31', 23, 4, 'inherit', 1, '2026-08-01 11:31:52'),
('H31', 23, 5, 'inherit', 1, '2026-08-01 11:31:52'),
('H31', 23, 6, 'inherit', 1, '2026-08-01 11:31:52'),
('H31', 23, 7, 'inherit', 1, '2026-08-01 11:31:52'),
('H31', 24, 0, 'inherit', 1, '2026-08-01 11:31:52'),
('H31', 25, 0, 'inherit', 1, '2026-08-01 11:31:52'),
('H31', 25, 6, 'inherit', 1, '2026-08-01 11:31:52'),
('H31', 26, 0, 'inherit', 1, '2026-08-01 11:31:52'),
('H31', 26, 1, 'inherit', 1, '2026-08-01 11:31:52'),
('H31', 26, 2, 'inherit', 1, '2026-08-01 11:31:52'),
('H31', 26, 3, 'deny', 1, '2026-08-01 11:31:52'),
('H31', 26, 4, 'inherit', 1, '2026-08-01 11:31:52'),
('H31', 26, 7, 'inherit', 1, '2026-08-01 11:31:52'),
('H31', 27, 0, 'inherit', 1, '2026-08-01 11:31:52'),
('H31', 31, 0, 'inherit', 1, '2026-08-01 11:31:52'),
('H31', 34, 0, 'inherit', 1, '2026-08-01 11:31:52'),
('H31', 34, 1, 'inherit', 1, '2026-08-01 11:31:52'),
('H31', 34, 2, 'inherit', 1, '2026-08-01 11:31:52'),
('H31', 34, 3, 'deny', 1, '2026-08-01 11:31:52'),
('H31', 34, 4, 'inherit', 1, '2026-08-01 11:31:52'),
('H31', 34, 5, 'inherit', 1, '2026-08-01 11:31:52'),
('H31', 34, 6, 'inherit', 1, '2026-08-01 11:31:52'),
('H31', 34, 7, 'inherit', 1, '2026-08-01 11:31:52'),
('H31', 35, 0, 'inherit', 1, '2026-08-01 11:31:52'),
('H31', 35, 1, 'inherit', 1, '2026-08-01 11:31:52'),
('H31', 35, 2, 'inherit', 1, '2026-08-01 11:31:52'),
('H31', 35, 3, 'deny', 1, '2026-08-01 11:31:52'),
('H31', 35, 4, 'inherit', 1, '2026-08-01 11:31:52'),
('H31', 35, 5, 'inherit', 1, '2026-08-01 11:31:52'),
('H31', 35, 6, 'inherit', 1, '2026-08-01 11:31:52'),
('H31', 35, 7, 'inherit', 1, '2026-08-01 11:31:52'),
('H31', 36, 0, 'inherit', 1, '2026-08-01 11:31:52'),
('H31', 36, 2, 'inherit', 1, '2026-08-01 11:31:52'),
('H31', 36, 3, 'deny', 1, '2026-08-01 11:31:52'),
('H31', 36, 4, 'deny', 1, '2026-08-01 11:31:52'),
('H31', 36, 5, 'deny', 1, '2026-08-01 11:31:52'),
('H31', 36, 6, 'deny', 1, '2026-08-01 11:31:52'),
('H31', 36, 7, 'inherit', 1, '2026-08-01 11:31:52'),
('H31', 38, 0, 'deny', 1, '2026-08-01 11:31:52'),
('H31', 38, 2, 'deny', 1, '2026-08-01 11:31:52'),
('H31', 38, 3, 'deny', 1, '2026-08-01 11:31:52'),
('H31', 38, 4, 'deny', 1, '2026-08-01 11:31:52'),
('H31', 38, 5, 'deny', 1, '2026-08-01 11:31:52'),
('H31', 38, 6, 'deny', 1, '2026-08-01 11:31:52'),
('H31', 38, 7, 'deny', 1, '2026-08-01 11:31:52'),
('H31', 40, 0, 'deny', 1, '2026-08-01 11:31:52'),
('H31', 41, 0, 'deny', 1, '2026-08-01 11:31:52'),
('H31', 42, 0, 'deny', 1, '2026-08-01 11:31:52'),
('H31', 42, 2, 'deny', 1, '2026-08-01 11:31:52'),
('H31', 42, 3, 'deny', 1, '2026-08-01 11:31:52'),
('H31', 42, 4, 'deny', 1, '2026-08-01 11:31:52'),
('H31', 42, 7, 'deny', 1, '2026-08-01 11:31:52'),
('H31', 43, 0, 'deny', 1, '2026-08-01 11:31:52'),
('H31', 43, 2, 'deny', 1, '2026-08-01 11:31:52'),
('H31', 43, 3, 'deny', 1, '2026-08-01 11:31:52'),
('H31', 43, 4, 'deny', 1, '2026-08-01 11:31:52'),
('H31', 43, 5, 'deny', 1, '2026-08-01 11:31:52'),
('H31', 43, 6, 'deny', 1, '2026-08-01 11:31:52'),
('H31', 43, 7, 'deny', 1, '2026-08-01 11:31:52'),
('H31', 44, 0, 'deny', 1, '2026-08-01 11:31:52'),
('H31', 44, 2, 'deny', 1, '2026-08-01 11:31:52'),
('H31', 44, 3, 'deny', 1, '2026-08-01 11:31:52'),
('H31', 44, 4, 'deny', 1, '2026-08-01 11:31:52'),
('H31', 44, 5, 'deny', 1, '2026-08-01 11:31:52'),
('H31', 44, 6, 'deny', 1, '2026-08-01 11:31:52'),
('H31', 44, 7, 'deny', 1, '2026-08-01 11:31:52'),
('H31', 45, 0, 'deny', 1, '2026-08-01 11:31:52'),
('H31', 45, 2, 'deny', 1, '2026-08-01 11:31:52'),
('H31', 45, 3, 'deny', 1, '2026-08-01 11:31:52'),
('H31', 45, 4, 'deny', 1, '2026-08-01 11:31:52'),
('H31', 45, 5, 'deny', 1, '2026-08-01 11:31:52'),
('H31', 45, 6, 'deny', 1, '2026-08-01 11:31:52'),
('H31', 45, 7, 'deny', 1, '2026-08-01 11:31:52'),
('H31', 46, 0, 'deny', 1, '2026-08-01 11:31:52'),
('H31', 47, 0, 'deny', 1, '2026-08-01 11:31:52'),
('H31', 47, 2, 'deny', 1, '2026-08-01 11:31:52'),
('H31', 47, 3, 'deny', 1, '2026-08-01 11:31:52'),
('H31', 47, 4, 'deny', 1, '2026-08-01 11:31:52'),
('H31', 47, 7, 'deny', 1, '2026-08-01 11:31:52'),
('H31', 48, 0, 'deny', 1, '2026-08-01 11:31:52'),
('H31', 50, 0, 'deny', 1, '2026-08-01 11:31:52'),
('H31', 51, 0, 'deny', 1, '2026-08-01 11:31:52'),
('H31', 52, 0, 'deny', 1, '2026-08-01 11:31:52'),
('H31', 52, 2, 'deny', 1, '2026-08-01 11:31:52'),
('H31', 52, 3, 'deny', 1, '2026-08-01 11:31:52'),
('H31', 52, 4, 'deny', 1, '2026-08-01 11:31:52'),
('H31', 52, 5, 'deny', 1, '2026-08-01 11:31:52'),
('H31', 52, 6, 'deny', 1, '2026-08-01 11:31:52'),
('H31', 52, 7, 'deny', 1, '2026-08-01 11:31:52'),
('H31', 53, 0, 'deny', 1, '2026-08-01 11:31:52'),
('H31', 53, 2, 'deny', 1, '2026-08-01 11:31:52'),
('H31', 53, 3, 'deny', 1, '2026-08-01 11:31:52'),
('H31', 53, 4, 'deny', 1, '2026-08-01 11:31:52'),
('H31', 53, 5, 'deny', 1, '2026-08-01 11:31:52'),
('H31', 53, 6, 'deny', 1, '2026-08-01 11:31:52'),
('H31', 53, 7, 'deny', 1, '2026-08-01 11:31:52'),
('H31', 54, 0, 'deny', 1, '2026-08-01 11:31:52'),
('H31', 54, 2, 'deny', 1, '2026-08-01 11:31:52'),
('H31', 54, 3, 'deny', 1, '2026-08-01 11:31:52'),
('H31', 54, 4, 'deny', 1, '2026-08-01 11:31:52'),
('H31', 54, 5, 'deny', 1, '2026-08-01 11:31:52'),
('H31', 54, 6, 'deny', 1, '2026-08-01 11:31:52'),
('H31', 54, 7, 'deny', 1, '2026-08-01 11:31:52'),
('H31', 55, 0, 'deny', 1, '2026-08-01 11:31:52'),
('H31', 55, 2, 'deny', 1, '2026-08-01 11:31:52'),
('H31', 55, 3, 'deny', 1, '2026-08-01 11:31:52'),
('H31', 55, 4, 'deny', 1, '2026-08-01 11:31:52'),
('H31', 55, 5, 'deny', 1, '2026-08-01 11:31:52'),
('H31', 55, 6, 'deny', 1, '2026-08-01 11:31:52'),
('H31', 55, 7, 'deny', 1, '2026-08-01 11:31:52'),
('H31', 56, 0, 'deny', 1, '2026-08-01 11:31:52'),
('H31', 56, 2, 'deny', 1, '2026-08-01 11:31:52'),
('H31', 56, 3, 'deny', 1, '2026-08-01 11:31:52'),
('H31', 56, 4, 'deny', 1, '2026-08-01 11:31:52'),
('H31', 56, 5, 'deny', 1, '2026-08-01 11:31:52'),
('H31', 56, 6, 'deny', 1, '2026-08-01 11:31:52'),
('H31', 56, 7, 'deny', 1, '2026-08-01 11:31:52'),
('H31', 57, 0, 'deny', 1, '2026-08-01 11:31:52'),
('H31', 57, 2, 'deny', 1, '2026-08-01 11:31:52'),
('H31', 57, 3, 'deny', 1, '2026-08-01 11:31:52'),
('H31', 57, 4, 'deny', 1, '2026-08-01 11:31:52'),
('H31', 57, 5, 'deny', 1, '2026-08-01 11:31:52'),
('H31', 57, 6, 'deny', 1, '2026-08-01 11:31:52'),
('H31', 57, 7, 'deny', 1, '2026-08-01 11:31:52'),
('H31', 58, 0, 'deny', 1, '2026-08-01 11:31:52'),
('H31', 58, 2, 'deny', 1, '2026-08-01 11:31:52'),
('H31', 58, 3, 'deny', 1, '2026-08-01 11:31:52'),
('H31', 58, 4, 'deny', 1, '2026-08-01 11:31:52'),
('H31', 58, 5, 'deny', 1, '2026-08-01 11:31:52'),
('H31', 58, 6, 'deny', 1, '2026-08-01 11:31:52'),
('H31', 58, 7, 'deny', 1, '2026-08-01 11:31:52'),
('H31', 59, 0, 'deny', 1, '2026-08-01 11:31:52'),
('H31', 59, 2, 'deny', 1, '2026-08-01 11:31:52'),
('H31', 59, 3, 'deny', 1, '2026-08-01 11:31:52'),
('H31', 59, 4, 'deny', 1, '2026-08-01 11:31:52'),
('H31', 59, 5, 'deny', 1, '2026-08-01 11:31:52'),
('H31', 59, 6, 'deny', 1, '2026-08-01 11:31:52'),
('H31', 59, 7, 'deny', 1, '2026-08-01 11:31:52'),
('H31', 60, 0, 'deny', 1, '2026-08-01 11:31:52'),
('H31', 60, 2, 'deny', 1, '2026-08-01 11:31:52'),
('H31', 60, 3, 'deny', 1, '2026-08-01 11:31:52'),
('H31', 60, 4, 'deny', 1, '2026-08-01 11:31:52'),
('H31', 60, 5, 'deny', 1, '2026-08-01 11:31:52'),
('H31', 60, 6, 'deny', 1, '2026-08-01 11:31:52'),
('H31', 60, 7, 'deny', 1, '2026-08-01 11:31:52'),
('H31', 61, 0, 'deny', 1, '2026-08-01 11:31:52'),
('H31', 61, 2, 'deny', 1, '2026-08-01 11:31:52'),
('H31', 61, 3, 'deny', 1, '2026-08-01 11:31:52'),
('H31', 61, 4, 'deny', 1, '2026-08-01 11:31:52'),
('H31', 61, 5, 'deny', 1, '2026-08-01 11:31:52'),
('H31', 61, 6, 'deny', 1, '2026-08-01 11:31:52'),
('H31', 61, 7, 'deny', 1, '2026-08-01 11:31:52'),
('H31', 62, 0, 'deny', 1, '2026-08-01 11:31:52'),
('H31', 62, 2, 'deny', 1, '2026-08-01 11:31:52'),
('H31', 62, 3, 'deny', 1, '2026-08-01 11:31:52'),
('H31', 62, 4, 'deny', 1, '2026-08-01 11:31:52'),
('H31', 62, 5, 'deny', 1, '2026-08-01 11:31:52'),
('H31', 62, 6, 'deny', 1, '2026-08-01 11:31:52'),
('H31', 62, 7, 'deny', 1, '2026-08-01 11:31:52'),
('H31', 63, 0, 'deny', 1, '2026-08-01 11:31:52'),
('H31', 63, 2, 'deny', 1, '2026-08-01 11:31:52'),
('H31', 63, 3, 'deny', 1, '2026-08-01 11:31:52'),
('H31', 63, 4, 'deny', 1, '2026-08-01 11:31:52'),
('H31', 63, 5, 'deny', 1, '2026-08-01 11:31:52'),
('H31', 63, 6, 'deny', 1, '2026-08-01 11:31:52'),
('H31', 63, 7, 'deny', 1, '2026-08-01 11:31:52'),
('H31', 64, 0, 'deny', 1, '2026-08-01 11:31:52'),
('H4', 1, 0, 'inherit', 1, '2026-07-22 02:32:40'),
('H4', 1, 1, 'inherit', 1, '2026-07-22 02:35:23'),
('H4', 1, 2, 'inherit', 1, '2026-07-22 02:35:23'),
('H4', 1, 3, 'inherit', 1, '2026-07-22 02:35:23'),
('H4', 1, 4, 'inherit', 1, '2026-07-22 02:35:23'),
('H4', 1, 5, 'inherit', 1, '2026-07-22 02:35:23'),
('H4', 1, 6, 'inherit', 1, '2026-07-22 02:35:23'),
('H4', 1, 7, 'inherit', 1, '2026-07-22 02:35:23'),
('H4', 2, 0, 'inherit', 1, '2026-07-22 02:32:40'),
('H4', 2, 1, 'inherit', 1, '2026-07-22 02:32:40'),
('H4', 2, 2, 'inherit', 1, '2026-07-22 02:32:40'),
('H4', 2, 3, 'inherit', 1, '2026-07-22 02:32:40'),
('H4', 2, 4, 'inherit', 1, '2026-07-22 02:32:40'),
('H4', 2, 5, 'inherit', 1, '2026-07-22 02:35:23'),
('H4', 2, 6, 'inherit', 1, '2026-07-22 02:35:23'),
('H4', 2, 7, 'inherit', 1, '2026-07-22 02:32:40'),
('H4', 3, 0, 'inherit', 1, '2026-07-22 02:32:40'),
('H4', 3, 1, 'inherit', 1, '2026-07-22 02:35:23'),
('H4', 3, 2, 'inherit', 1, '2026-07-22 02:35:23'),
('H4', 3, 3, 'inherit', 1, '2026-07-22 02:35:23'),
('H4', 3, 4, 'inherit', 1, '2026-07-22 02:35:23'),
('H4', 3, 5, 'inherit', 1, '2026-07-22 02:35:23'),
('H4', 3, 6, 'inherit', 1, '2026-07-22 02:35:23'),
('H4', 3, 7, 'inherit', 1, '2026-07-22 02:35:23'),
('H4', 4, 0, 'inherit', 1, '2026-07-22 02:32:40'),
('H4', 4, 1, 'inherit', 1, '2026-07-22 02:32:40'),
('H4', 4, 2, 'inherit', 1, '2026-07-22 02:32:40'),
('H4', 4, 3, 'inherit', 1, '2026-07-22 02:32:40'),
('H4', 4, 4, 'inherit', 1, '2026-07-22 02:32:40'),
('H4', 4, 5, 'inherit', 1, '2026-07-22 02:35:23'),
('H4', 4, 6, 'inherit', 1, '2026-07-22 02:35:23'),
('H4', 4, 7, 'inherit', 1, '2026-07-22 02:32:40'),
('H4', 6, 0, 'inherit', 1, '2026-07-22 02:32:40'),
('H4', 6, 1, 'inherit', 1, '2026-07-22 02:32:40'),
('H4', 6, 2, 'inherit', 1, '2026-07-22 02:32:40'),
('H4', 6, 3, 'inherit', 1, '2026-07-22 02:32:40'),
('H4', 6, 4, 'inherit', 1, '2026-07-22 02:32:40'),
('H4', 6, 5, 'inherit', 1, '2026-07-22 02:35:23'),
('H4', 6, 6, 'inherit', 1, '2026-07-22 02:35:23'),
('H4', 6, 7, 'inherit', 1, '2026-07-22 02:32:40'),
('H4', 7, 0, 'inherit', 1, '2026-07-22 02:32:40'),
('H4', 7, 1, 'inherit', 1, '2026-07-22 02:32:40'),
('H4', 7, 2, 'inherit', 1, '2026-07-22 02:32:40'),
('H4', 7, 3, 'inherit', 1, '2026-07-22 02:32:40'),
('H4', 7, 4, 'inherit', 1, '2026-07-22 02:32:40'),
('H4', 7, 5, 'inherit', 1, '2026-07-22 02:35:23'),
('H4', 7, 6, 'inherit', 1, '2026-07-22 02:35:23'),
('H4', 7, 7, 'inherit', 1, '2026-07-22 02:32:40'),
('H4', 8, 0, 'inherit', 1, '2026-07-22 02:32:40'),
('H4', 8, 1, 'inherit', 1, '2026-07-22 02:32:40'),
('H4', 8, 2, 'inherit', 1, '2026-07-22 02:32:40'),
('H4', 8, 3, 'inherit', 1, '2026-07-22 02:32:40'),
('H4', 8, 4, 'inherit', 1, '2026-07-22 02:32:40'),
('H4', 8, 5, 'inherit', 1, '2026-07-22 02:35:23'),
('H4', 8, 6, 'inherit', 1, '2026-07-22 02:35:23'),
('H4', 8, 7, 'inherit', 1, '2026-07-22 02:32:40'),
('H4', 9, 0, 'inherit', 1, '2026-07-22 02:32:40'),
('H4', 9, 1, 'inherit', 1, '2026-07-22 02:32:40'),
('H4', 9, 2, 'inherit', 1, '2026-07-22 02:32:40'),
('H4', 9, 3, 'inherit', 1, '2026-07-22 02:32:40'),
('H4', 9, 4, 'inherit', 1, '2026-07-22 02:32:40'),
('H4', 9, 5, 'inherit', 1, '2026-07-22 02:32:40'),
('H4', 9, 6, 'inherit', 1, '2026-07-22 02:32:40'),
('H4', 9, 7, 'inherit', 1, '2026-07-22 02:32:40'),
('H4', 10, 0, 'inherit', 1, '2026-07-22 02:32:40'),
('H4', 10, 1, 'inherit', 1, '2026-07-22 02:32:40'),
('H4', 10, 2, 'inherit', 1, '2026-07-22 02:32:40'),
('H4', 10, 3, 'inherit', 1, '2026-07-22 02:35:23'),
('H4', 10, 4, 'inherit', 1, '2026-07-22 02:32:40'),
('H4', 10, 5, 'inherit', 1, '2026-07-22 02:35:23'),
('H4', 10, 6, 'inherit', 1, '2026-07-22 02:35:23'),
('H4', 10, 7, 'inherit', 1, '2026-07-22 02:35:23'),
('H4', 13, 0, 'inherit', 1, '2026-07-22 02:32:40'),
('H4', 13, 1, 'inherit', 1, '2026-07-22 02:35:23'),
('H4', 13, 2, 'inherit', 1, '2026-07-22 02:35:23'),
('H4', 13, 3, 'inherit', 1, '2026-07-22 02:32:40'),
('H4', 13, 4, 'inherit', 1, '2026-07-22 02:32:40'),
('H4', 13, 5, 'inherit', 1, '2026-07-22 02:35:23'),
('H4', 13, 6, 'inherit', 1, '2026-07-22 02:35:23'),
('H4', 13, 7, 'inherit', 1, '2026-07-22 02:35:23'),
('H4', 14, 0, 'inherit', 1, '2026-07-22 02:32:40'),
('H4', 14, 1, 'inherit', 1, '2026-07-22 02:32:40'),
('H4', 14, 2, 'inherit', 1, '2026-07-22 02:32:40'),
('H4', 14, 3, 'inherit', 1, '2026-07-22 02:32:40'),
('H4', 14, 4, 'inherit', 1, '2026-07-22 02:32:40'),
('H4', 14, 5, 'inherit', 1, '2026-07-22 02:35:23'),
('H4', 14, 6, 'inherit', 1, '2026-07-22 02:35:23'),
('H4', 14, 7, 'inherit', 1, '2026-07-22 02:32:40'),
('H4', 15, 0, 'inherit', 1, '2026-07-22 02:32:40'),
('H4', 15, 1, 'inherit', 1, '2026-07-22 02:32:40'),
('H4', 15, 2, 'inherit', 1, '2026-07-22 02:32:40'),
('H4', 15, 3, 'inherit', 1, '2026-07-22 02:32:40'),
('H4', 15, 4, 'inherit', 1, '2026-07-22 02:32:40'),
('H4', 15, 5, 'inherit', 1, '2026-07-22 02:35:23'),
('H4', 15, 6, 'inherit', 1, '2026-07-22 02:35:23'),
('H4', 15, 7, 'inherit', 1, '2026-07-22 02:32:40'),
('H4', 16, 0, 'inherit', 1, '2026-07-22 02:32:40'),
('H4', 16, 1, 'inherit', 1, '2026-07-22 02:32:40'),
('H4', 16, 2, 'inherit', 1, '2026-07-22 02:32:40'),
('H4', 16, 3, 'inherit', 1, '2026-07-22 02:32:40'),
('H4', 16, 4, 'inherit', 1, '2026-07-22 02:32:40'),
('H4', 16, 5, 'inherit', 1, '2026-07-22 02:35:23'),
('H4', 16, 6, 'inherit', 1, '2026-07-22 02:35:23'),
('H4', 16, 7, 'inherit', 1, '2026-07-22 02:32:40'),
('H4', 18, 0, 'inherit', 1, '2026-07-22 02:32:40'),
('H4', 18, 1, 'inherit', 1, '2026-07-22 02:32:40'),
('H4', 18, 2, 'inherit', 1, '2026-07-22 02:32:40'),
('H4', 18, 3, 'inherit', 1, '2026-07-22 02:32:40'),
('H4', 18, 4, 'inherit', 1, '2026-07-22 02:32:40'),
('H4', 18, 5, 'inherit', 1, '2026-07-22 02:35:23'),
('H4', 18, 6, 'inherit', 1, '2026-07-22 02:35:23'),
('H4', 18, 7, 'inherit', 1, '2026-07-22 02:32:40'),
('H4', 19, 0, 'inherit', 1, '2026-07-22 02:32:40'),
('H4', 19, 1, 'inherit', 1, '2026-07-22 02:32:40'),
('H4', 19, 2, 'inherit', 1, '2026-07-22 02:32:40'),
('H4', 19, 3, 'inherit', 1, '2026-07-22 02:32:40'),
('H4', 19, 4, 'inherit', 1, '2026-07-22 02:32:40'),
('H4', 19, 5, 'inherit', 1, '2026-07-22 02:35:23'),
('H4', 19, 6, 'inherit', 1, '2026-07-22 02:35:23'),
('H4', 19, 7, 'inherit', 1, '2026-07-22 02:32:40'),
('H4', 20, 0, 'inherit', 1, '2026-07-22 02:32:40'),
('H4', 20, 1, 'inherit', 1, '2026-07-22 02:32:40'),
('H4', 20, 2, 'inherit', 1, '2026-07-22 02:32:40'),
('H4', 20, 3, 'inherit', 1, '2026-07-22 02:32:40'),
('H4', 20, 4, 'inherit', 1, '2026-07-22 02:32:40'),
('H4', 20, 5, 'inherit', 1, '2026-07-22 02:32:40'),
('H4', 20, 6, 'inherit', 1, '2026-07-22 02:32:40'),
('H4', 20, 7, 'inherit', 1, '2026-07-22 02:32:40'),
('H4', 21, 0, 'inherit', 1, '2026-07-22 02:32:40'),
('H4', 21, 1, 'inherit', 1, '2026-07-22 02:32:40'),
('H4', 21, 2, 'inherit', 1, '2026-07-22 02:32:40'),
('H4', 21, 3, 'inherit', 1, '2026-07-22 02:32:40'),
('H4', 21, 4, 'inherit', 1, '2026-07-22 02:32:40'),
('H4', 21, 5, 'inherit', 1, '2026-07-22 02:32:40'),
('H4', 21, 6, 'inherit', 1, '2026-07-22 02:32:40'),
('H4', 21, 7, 'inherit', 1, '2026-07-22 02:32:40'),
('H4', 22, 0, 'inherit', 1, '2026-07-22 02:32:40'),
('H4', 22, 1, 'inherit', 1, '2026-07-22 02:32:40'),
('H4', 22, 2, 'inherit', 1, '2026-07-22 02:32:40'),
('H4', 22, 3, 'inherit', 1, '2026-07-22 02:32:40'),
('H4', 22, 4, 'inherit', 1, '2026-07-22 02:32:40'),
('H4', 22, 5, 'inherit', 1, '2026-07-22 02:32:40'),
('H4', 22, 6, 'inherit', 1, '2026-07-22 02:32:40'),
('H4', 22, 7, 'inherit', 1, '2026-07-22 02:32:40'),
('H4', 23, 0, 'inherit', 1, '2026-07-22 02:32:40'),
('H4', 23, 1, 'inherit', 1, '2026-07-22 02:32:40'),
('H4', 23, 2, 'inherit', 1, '2026-07-22 02:32:40'),
('H4', 23, 3, 'inherit', 1, '2026-07-22 02:32:40'),
('H4', 23, 4, 'inherit', 1, '2026-07-22 02:32:40'),
('H4', 23, 5, 'inherit', 1, '2026-07-22 02:32:40'),
('H4', 23, 6, 'inherit', 1, '2026-07-22 02:32:40'),
('H4', 23, 7, 'inherit', 1, '2026-07-22 02:32:40'),
('H4', 24, 0, 'inherit', 1, '2026-07-22 02:32:40'),
('H4', 24, 1, 'inherit', 1, '2026-07-22 02:35:23'),
('H4', 24, 2, 'inherit', 1, '2026-07-22 02:35:23'),
('H4', 24, 3, 'inherit', 1, '2026-07-22 02:35:23'),
('H4', 24, 4, 'inherit', 1, '2026-07-22 02:35:23'),
('H4', 24, 5, 'inherit', 1, '2026-07-22 02:35:23'),
('H4', 24, 6, 'inherit', 1, '2026-07-22 02:35:23'),
('H4', 24, 7, 'inherit', 1, '2026-07-22 02:35:23'),
('H4', 25, 0, 'inherit', 1, '2026-07-22 02:32:40'),
('H4', 25, 1, 'inherit', 1, '2026-07-22 02:35:23'),
('H4', 25, 2, 'inherit', 1, '2026-07-22 02:35:23'),
('H4', 25, 3, 'inherit', 1, '2026-07-22 02:32:40'),
('H4', 25, 4, 'inherit', 1, '2026-07-22 02:32:40'),
('H4', 25, 5, 'inherit', 1, '2026-07-22 02:35:23'),
('H4', 25, 6, 'inherit', 1, '2026-07-22 02:32:40'),
('H4', 25, 7, 'inherit', 1, '2026-07-22 02:35:23'),
('H4', 26, 0, 'inherit', 1, '2026-07-22 02:32:40'),
('H4', 26, 1, 'inherit', 1, '2026-07-22 02:32:40'),
('H4', 26, 2, 'inherit', 1, '2026-07-22 02:32:40'),
('H4', 26, 3, 'inherit', 1, '2026-07-22 02:32:40'),
('H4', 26, 4, 'inherit', 1, '2026-07-22 02:32:40'),
('H4', 26, 5, 'inherit', 1, '2026-07-22 02:35:23'),
('H4', 26, 6, 'inherit', 1, '2026-07-22 02:35:23'),
('H4', 26, 7, 'inherit', 1, '2026-07-22 02:32:40'),
('H4', 27, 0, 'inherit', 1, '2026-07-22 02:32:41'),
('H4', 27, 1, 'inherit', 1, '2026-07-22 02:35:23'),
('H4', 27, 2, 'inherit', 1, '2026-07-22 02:35:23'),
('H4', 27, 3, 'inherit', 1, '2026-07-22 02:35:23'),
('H4', 27, 4, 'inherit', 1, '2026-07-22 02:35:23'),
('H4', 27, 5, 'inherit', 1, '2026-07-22 02:35:23'),
('H4', 27, 6, 'inherit', 1, '2026-07-22 02:35:23'),
('H4', 27, 7, 'inherit', 1, '2026-07-22 02:35:23'),
('H4', 30, 0, 'inherit', 1, '2026-07-22 02:32:41'),
('H4', 30, 1, 'inherit', 1, '2026-07-22 02:35:23'),
('H4', 30, 2, 'inherit', 1, '2026-07-22 02:35:23'),
('H4', 30, 3, 'inherit', 1, '2026-07-22 02:35:23'),
('H4', 30, 4, 'inherit', 1, '2026-07-22 02:35:23'),
('H4', 30, 5, 'inherit', 1, '2026-07-22 02:35:23'),
('H4', 30, 6, 'inherit', 1, '2026-07-22 02:35:23'),
('H4', 30, 7, 'inherit', 1, '2026-07-22 02:35:23'),
('H4', 31, 0, 'inherit', 1, '2026-07-22 02:32:41'),
('H4', 31, 1, 'inherit', 1, '2026-07-22 02:35:23'),
('H4', 31, 2, 'inherit', 1, '2026-07-22 02:35:23'),
('H4', 31, 3, 'inherit', 1, '2026-07-22 02:35:23'),
('H4', 31, 4, 'inherit', 1, '2026-07-22 02:35:23'),
('H4', 31, 5, 'inherit', 1, '2026-07-22 02:35:23'),
('H4', 31, 6, 'inherit', 1, '2026-07-22 02:35:23'),
('H4', 31, 7, 'inherit', 1, '2026-07-22 02:35:23'),
('H4', 32, 0, 'inherit', 1, '2026-07-22 02:32:41'),
('H4', 32, 1, 'inherit', 1, '2026-07-22 02:35:23'),
('H4', 32, 2, 'inherit', 1, '2026-07-22 02:35:23'),
('H4', 32, 3, 'inherit', 1, '2026-07-22 02:35:23'),
('H4', 32, 4, 'inherit', 1, '2026-07-22 02:35:23'),
('H4', 32, 5, 'inherit', 1, '2026-07-22 02:35:23'),
('H4', 32, 6, 'inherit', 1, '2026-07-22 02:35:23'),
('H4', 32, 7, 'inherit', 1, '2026-07-22 02:35:23'),
('H4', 33, 0, 'inherit', 1, '2026-07-22 02:32:41'),
('H4', 33, 1, 'inherit', 1, '2026-07-22 02:35:23'),
('H4', 33, 2, 'inherit', 1, '2026-07-22 02:35:24'),
('H4', 33, 3, 'inherit', 1, '2026-07-22 02:35:24'),
('H4', 33, 4, 'inherit', 1, '2026-07-22 02:35:24'),
('H4', 33, 5, 'inherit', 1, '2026-07-22 02:35:24'),
('H4', 33, 6, 'inherit', 1, '2026-07-22 02:35:24'),
('H4', 33, 7, 'inherit', 1, '2026-07-22 02:35:24'),
('H4', 34, 0, 'inherit', 1, '2026-07-22 02:32:41'),
('H4', 34, 1, 'inherit', 1, '2026-07-22 02:32:41'),
('H4', 34, 2, 'inherit', 1, '2026-07-22 02:32:41'),
('H4', 34, 3, 'inherit', 1, '2026-07-22 02:32:41'),
('H4', 34, 4, 'inherit', 1, '2026-07-22 02:32:41'),
('H4', 34, 5, 'inherit', 1, '2026-07-22 02:35:24'),
('H4', 34, 6, 'inherit', 1, '2026-07-22 02:35:24'),
('H4', 34, 7, 'inherit', 1, '2026-07-22 02:32:41'),
('H4', 35, 0, 'inherit', 1, '2026-07-22 02:32:41'),
('H4', 35, 1, 'inherit', 1, '2026-07-22 02:32:41'),
('H4', 35, 2, 'inherit', 1, '2026-07-22 02:32:41'),
('H4', 35, 3, 'inherit', 1, '2026-07-22 02:32:41'),
('H4', 35, 4, 'inherit', 1, '2026-07-22 02:32:41'),
('H4', 35, 5, 'inherit', 1, '2026-07-22 02:32:41'),
('H4', 35, 6, 'inherit', 1, '2026-07-22 02:32:41');
INSERT IGNORE INTO `sarv_role_permission_override` (`role_id`, `tab_id`, `operation_id`, `permission_state`, `updated_by`, `updated_at`) VALUES
('H4', 35, 7, 'inherit', 1, '2026-07-22 02:32:41'),
('H4', 36, 0, 'inherit', 1, '2026-07-22 02:32:41'),
('H4', 36, 1, 'inherit', 1, '2026-07-22 02:32:41'),
('H4', 36, 2, 'inherit', 1, '2026-07-22 02:32:41'),
('H4', 36, 3, 'inherit', 1, '2026-07-22 02:32:41'),
('H4', 36, 4, 'inherit', 1, '2026-07-22 02:32:41'),
('H4', 36, 5, 'inherit', 1, '2026-07-22 02:32:41'),
('H4', 36, 6, 'inherit', 1, '2026-07-22 02:32:41'),
('H4', 36, 7, 'inherit', 1, '2026-07-22 02:32:41'),
('H4', 37, 0, 'inherit', 1, '2026-07-22 02:32:41'),
('H4', 37, 1, 'inherit', 1, '2026-07-22 02:35:24'),
('H4', 37, 2, 'inherit', 1, '2026-07-22 02:35:24'),
('H4', 37, 3, 'inherit', 1, '2026-07-22 02:35:24'),
('H4', 37, 4, 'inherit', 1, '2026-07-22 02:35:24'),
('H4', 37, 5, 'inherit', 1, '2026-07-22 02:35:24'),
('H4', 37, 6, 'inherit', 1, '2026-07-22 02:35:24'),
('H4', 37, 7, 'inherit', 1, '2026-07-22 02:35:24'),
('H4', 38, 0, 'inherit', 1, '2026-07-22 02:32:41'),
('H4', 38, 1, 'inherit', 1, '2026-07-22 02:32:41'),
('H4', 38, 2, 'inherit', 1, '2026-07-22 02:32:41'),
('H4', 38, 3, 'inherit', 1, '2026-07-22 02:32:41'),
('H4', 38, 4, 'inherit', 1, '2026-07-22 02:32:41'),
('H4', 38, 5, 'inherit', 1, '2026-07-22 02:35:24'),
('H4', 38, 6, 'inherit', 1, '2026-07-22 02:35:24'),
('H4', 38, 7, 'inherit', 1, '2026-07-22 02:32:41'),
('H4', 39, 0, 'inherit', 1, '2026-07-22 02:32:41'),
('H4', 39, 1, 'inherit', 1, '2026-07-22 02:35:24'),
('H4', 39, 2, 'inherit', 1, '2026-07-22 02:35:24'),
('H4', 39, 3, 'inherit', 1, '2026-07-22 02:35:24'),
('H4', 39, 4, 'inherit', 1, '2026-07-22 02:35:24'),
('H4', 39, 5, 'inherit', 1, '2026-07-22 02:35:24'),
('H4', 39, 6, 'inherit', 1, '2026-07-22 02:35:24'),
('H4', 39, 7, 'inherit', 1, '2026-07-22 02:35:24'),
('H4', 40, 0, 'inherit', 1, '2026-07-22 02:32:41'),
('H4', 40, 1, 'inherit', 1, '2026-07-22 02:35:24'),
('H4', 40, 2, 'inherit', 1, '2026-07-22 02:35:24'),
('H4', 40, 3, 'inherit', 1, '2026-07-22 02:35:24'),
('H4', 40, 4, 'inherit', 1, '2026-07-22 02:35:24'),
('H4', 40, 5, 'inherit', 1, '2026-07-22 02:35:24'),
('H4', 40, 6, 'inherit', 1, '2026-07-22 02:35:24'),
('H4', 40, 7, 'inherit', 1, '2026-07-22 02:35:24'),
('H4', 41, 0, 'inherit', 1, '2026-07-22 02:32:41'),
('H4', 41, 1, 'inherit', 1, '2026-07-22 02:35:24'),
('H4', 41, 2, 'inherit', 1, '2026-07-22 02:35:24'),
('H4', 41, 3, 'inherit', 1, '2026-07-22 02:35:24'),
('H4', 41, 4, 'inherit', 1, '2026-07-22 02:35:24'),
('H4', 41, 5, 'inherit', 1, '2026-07-22 02:35:24'),
('H4', 41, 6, 'inherit', 1, '2026-07-22 02:35:24'),
('H4', 41, 7, 'inherit', 1, '2026-07-22 02:35:24'),
('H4', 42, 0, 'inherit', 1, '2026-07-22 02:32:41'),
('H4', 42, 1, 'inherit', 1, '2026-07-22 02:32:41'),
('H4', 42, 2, 'inherit', 1, '2026-07-22 02:32:41'),
('H4', 42, 3, 'inherit', 1, '2026-07-22 02:32:41'),
('H4', 42, 4, 'inherit', 1, '2026-07-22 02:32:41'),
('H4', 42, 5, 'inherit', 1, '2026-07-22 02:35:24'),
('H4', 42, 6, 'inherit', 1, '2026-07-22 02:35:24'),
('H4', 42, 7, 'inherit', 1, '2026-07-22 02:32:41'),
('H4', 43, 0, 'inherit', 1, '2026-07-22 02:32:41'),
('H4', 43, 1, 'inherit', 1, '2026-07-22 02:32:41'),
('H4', 43, 2, 'inherit', 1, '2026-07-22 02:32:41'),
('H4', 43, 3, 'inherit', 1, '2026-07-22 02:32:41'),
('H4', 43, 4, 'inherit', 1, '2026-07-22 02:32:41'),
('H4', 43, 5, 'inherit', 1, '2026-07-22 02:35:24'),
('H4', 43, 6, 'inherit', 1, '2026-07-22 02:35:24'),
('H4', 43, 7, 'inherit', 1, '2026-07-22 02:32:41'),
('H4', 44, 0, 'inherit', 1, '2026-07-22 02:32:41'),
('H4', 44, 1, 'inherit', 1, '2026-07-22 02:32:41'),
('H4', 44, 2, 'inherit', 1, '2026-07-22 02:32:41'),
('H4', 44, 3, 'inherit', 1, '2026-07-22 02:32:41'),
('H4', 44, 4, 'inherit', 1, '2026-07-22 02:32:41'),
('H4', 44, 5, 'inherit', 1, '2026-07-22 02:32:41'),
('H4', 44, 6, 'inherit', 1, '2026-07-22 02:32:41'),
('H4', 44, 7, 'inherit', 1, '2026-07-22 02:32:41'),
('H4', 45, 0, 'inherit', 1, '2026-07-22 02:32:41'),
('H4', 45, 1, 'inherit', 1, '2026-07-22 02:32:41'),
('H4', 45, 2, 'inherit', 1, '2026-07-22 02:32:41'),
('H4', 45, 3, 'inherit', 1, '2026-07-22 02:32:41'),
('H4', 45, 4, 'inherit', 1, '2026-07-22 02:32:41'),
('H4', 45, 5, 'inherit', 1, '2026-07-22 02:32:41'),
('H4', 45, 6, 'inherit', 1, '2026-07-22 02:32:41'),
('H4', 45, 7, 'inherit', 1, '2026-07-22 02:32:41'),
('H4', 46, 0, 'inherit', 1, '2026-07-22 02:32:41'),
('H4', 46, 1, 'inherit', 1, '2026-07-22 02:35:24'),
('H4', 46, 2, 'inherit', 1, '2026-07-22 02:35:24'),
('H4', 46, 3, 'inherit', 1, '2026-07-22 02:35:24'),
('H4', 46, 4, 'inherit', 1, '2026-07-22 02:35:24'),
('H4', 46, 5, 'inherit', 1, '2026-07-22 02:35:24'),
('H4', 46, 6, 'inherit', 1, '2026-07-22 02:35:24'),
('H4', 46, 7, 'inherit', 1, '2026-07-22 02:35:24'),
('H4', 47, 0, 'inherit', 1, '2026-07-22 02:32:41'),
('H4', 47, 1, 'inherit', 1, '2026-07-22 02:32:41'),
('H4', 47, 2, 'inherit', 1, '2026-07-22 02:32:41'),
('H4', 47, 3, 'inherit', 1, '2026-07-22 02:32:41'),
('H4', 47, 4, 'inherit', 1, '2026-07-22 02:32:41'),
('H4', 47, 5, 'inherit', 1, '2026-07-22 02:35:24'),
('H4', 47, 6, 'inherit', 1, '2026-07-22 02:35:24'),
('H4', 47, 7, 'inherit', 1, '2026-07-22 02:32:41'),
('H4', 48, 0, 'inherit', 1, '2026-07-22 02:32:41'),
('H4', 48, 1, 'inherit', 1, '2026-07-22 02:35:24'),
('H4', 48, 2, 'inherit', 1, '2026-07-22 02:35:24'),
('H4', 48, 3, 'inherit', 1, '2026-07-22 02:35:24'),
('H4', 48, 4, 'inherit', 1, '2026-07-22 02:35:24'),
('H4', 48, 5, 'inherit', 1, '2026-07-22 02:35:24'),
('H4', 48, 6, 'inherit', 1, '2026-07-22 02:35:24'),
('H4', 48, 7, 'inherit', 1, '2026-07-22 02:35:24'),
('H4', 49, 0, 'inherit', 1, '2026-07-22 02:32:41'),
('H4', 49, 1, 'inherit', 1, '2026-07-22 02:35:24'),
('H4', 49, 2, 'inherit', 1, '2026-07-22 02:35:24'),
('H4', 49, 3, 'inherit', 1, '2026-07-22 02:35:24'),
('H4', 49, 4, 'inherit', 1, '2026-07-22 02:35:24'),
('H4', 49, 5, 'inherit', 1, '2026-07-22 02:35:24'),
('H4', 49, 6, 'inherit', 1, '2026-07-22 02:35:24'),
('H4', 49, 7, 'inherit', 1, '2026-07-22 02:35:24'),
('H4', 50, 0, 'inherit', 1, '2026-07-22 02:32:41'),
('H4', 50, 1, 'inherit', 1, '2026-07-22 02:35:24'),
('H4', 50, 2, 'inherit', 1, '2026-07-22 02:35:24'),
('H4', 50, 3, 'inherit', 1, '2026-07-22 02:35:24'),
('H4', 50, 4, 'inherit', 1, '2026-07-22 02:35:24'),
('H4', 50, 5, 'inherit', 1, '2026-07-22 02:35:24'),
('H4', 50, 6, 'inherit', 1, '2026-07-22 02:35:24'),
('H4', 50, 7, 'inherit', 1, '2026-07-22 02:35:24'),
('H4', 51, 0, 'inherit', 1, '2026-07-22 02:32:41'),
('H4', 51, 1, 'inherit', 1, '2026-07-22 02:35:24'),
('H4', 51, 2, 'inherit', 1, '2026-07-22 02:35:24'),
('H4', 51, 3, 'inherit', 1, '2026-07-22 02:35:24'),
('H4', 51, 4, 'inherit', 1, '2026-07-22 02:35:24'),
('H4', 51, 5, 'inherit', 1, '2026-07-22 02:35:24'),
('H4', 51, 6, 'inherit', 1, '2026-07-22 02:35:24'),
('H4', 51, 7, 'inherit', 1, '2026-07-22 02:35:24'),
('H4', 52, 0, 'inherit', 1, '2026-07-22 02:32:41'),
('H4', 52, 1, 'inherit', 1, '2026-07-22 02:32:41'),
('H4', 52, 2, 'inherit', 1, '2026-07-22 02:32:41'),
('H4', 52, 3, 'inherit', 1, '2026-07-22 02:32:41'),
('H4', 52, 4, 'inherit', 1, '2026-07-22 02:32:41'),
('H4', 52, 5, 'inherit', 1, '2026-07-22 02:32:41'),
('H4', 52, 6, 'inherit', 1, '2026-07-22 02:32:41'),
('H4', 52, 7, 'inherit', 1, '2026-07-22 02:32:41'),
('H4', 53, 0, 'inherit', 1, '2026-07-22 02:32:41'),
('H4', 53, 1, 'inherit', 1, '2026-07-22 02:32:41'),
('H4', 53, 2, 'inherit', 1, '2026-07-22 02:32:41'),
('H4', 53, 3, 'inherit', 1, '2026-07-22 02:32:41'),
('H4', 53, 4, 'inherit', 1, '2026-07-22 02:32:41'),
('H4', 53, 5, 'inherit', 1, '2026-07-22 02:32:41'),
('H4', 53, 6, 'inherit', 1, '2026-07-22 02:32:41'),
('H4', 53, 7, 'inherit', 1, '2026-07-22 02:32:41'),
('H4', 54, 0, 'inherit', 1, '2026-07-22 02:32:41'),
('H4', 54, 1, 'inherit', 1, '2026-07-22 02:32:41'),
('H4', 54, 2, 'inherit', 1, '2026-07-22 02:32:41'),
('H4', 54, 3, 'inherit', 1, '2026-07-22 02:32:41'),
('H4', 54, 4, 'inherit', 1, '2026-07-22 02:32:41'),
('H4', 54, 5, 'inherit', 1, '2026-07-22 02:32:41'),
('H4', 54, 6, 'inherit', 1, '2026-07-22 02:32:41'),
('H4', 54, 7, 'inherit', 1, '2026-07-22 02:32:41'),
('H4', 55, 0, 'inherit', 1, '2026-07-22 02:32:41'),
('H4', 55, 1, 'inherit', 1, '2026-07-22 02:32:41'),
('H4', 55, 2, 'inherit', 1, '2026-07-22 02:32:41'),
('H4', 55, 3, 'inherit', 1, '2026-07-22 02:32:41'),
('H4', 55, 4, 'inherit', 1, '2026-07-22 02:32:41'),
('H4', 55, 5, 'inherit', 1, '2026-07-22 02:32:41'),
('H4', 55, 6, 'inherit', 1, '2026-07-22 02:32:41'),
('H4', 55, 7, 'inherit', 1, '2026-07-22 02:32:41'),
('H4', 56, 0, 'inherit', 1, '2026-07-22 02:32:41'),
('H4', 56, 1, 'inherit', 1, '2026-07-22 02:32:41'),
('H4', 56, 2, 'inherit', 1, '2026-07-22 02:32:41'),
('H4', 56, 3, 'inherit', 1, '2026-07-22 02:32:41'),
('H4', 56, 4, 'inherit', 1, '2026-07-22 02:32:41'),
('H4', 56, 5, 'inherit', 1, '2026-07-22 02:32:41'),
('H4', 56, 6, 'inherit', 1, '2026-07-22 02:32:41'),
('H4', 56, 7, 'inherit', 1, '2026-07-22 02:32:41'),
('H4', 57, 0, 'inherit', 1, '2026-07-22 02:32:41'),
('H4', 57, 1, 'inherit', 1, '2026-07-22 02:32:41'),
('H4', 57, 2, 'inherit', 1, '2026-07-22 02:32:41'),
('H4', 57, 3, 'inherit', 1, '2026-07-22 02:32:41'),
('H4', 57, 4, 'inherit', 1, '2026-07-22 02:32:41'),
('H4', 57, 5, 'inherit', 1, '2026-07-22 02:32:41'),
('H4', 57, 6, 'inherit', 1, '2026-07-22 02:32:41'),
('H4', 57, 7, 'inherit', 1, '2026-07-22 02:32:41'),
('H4', 58, 0, 'inherit', 1, '2026-07-22 02:32:41'),
('H4', 58, 1, 'inherit', 1, '2026-07-22 02:32:41'),
('H4', 58, 2, 'inherit', 1, '2026-07-22 02:32:41'),
('H4', 58, 3, 'inherit', 1, '2026-07-22 02:32:41'),
('H4', 58, 4, 'inherit', 1, '2026-07-22 02:32:41'),
('H4', 58, 5, 'inherit', 1, '2026-07-22 02:32:41'),
('H4', 58, 6, 'inherit', 1, '2026-07-22 02:32:41'),
('H4', 58, 7, 'inherit', 1, '2026-07-22 02:32:41'),
('H4', 59, 0, 'inherit', 1, '2026-07-22 02:32:41'),
('H4', 59, 1, 'inherit', 1, '2026-07-22 02:32:41'),
('H4', 59, 2, 'inherit', 1, '2026-07-22 02:32:41'),
('H4', 59, 3, 'inherit', 1, '2026-07-22 02:32:41'),
('H4', 59, 4, 'inherit', 1, '2026-07-22 02:32:41'),
('H4', 59, 5, 'inherit', 1, '2026-07-22 02:32:41'),
('H4', 59, 6, 'inherit', 1, '2026-07-22 02:32:41'),
('H4', 59, 7, 'inherit', 1, '2026-07-22 02:32:41'),
('H4', 60, 0, 'inherit', 1, '2026-07-22 02:32:41'),
('H4', 60, 1, 'inherit', 1, '2026-07-22 02:32:41'),
('H4', 60, 2, 'inherit', 1, '2026-07-22 02:32:41'),
('H4', 60, 3, 'inherit', 1, '2026-07-22 02:32:41'),
('H4', 60, 4, 'inherit', 1, '2026-07-22 02:32:41'),
('H4', 60, 5, 'inherit', 1, '2026-07-22 02:32:41'),
('H4', 60, 6, 'inherit', 1, '2026-07-22 02:32:41'),
('H4', 60, 7, 'inherit', 1, '2026-07-22 02:32:41'),
('H4', 61, 0, 'inherit', 1, '2026-07-22 02:32:41'),
('H4', 61, 1, 'inherit', 1, '2026-07-22 02:32:41'),
('H4', 61, 2, 'inherit', 1, '2026-07-22 02:32:41'),
('H4', 61, 3, 'inherit', 1, '2026-07-22 02:32:41'),
('H4', 61, 4, 'inherit', 1, '2026-07-22 02:32:41'),
('H4', 61, 5, 'inherit', 1, '2026-07-22 02:32:41'),
('H4', 61, 6, 'inherit', 1, '2026-07-22 02:32:41'),
('H4', 61, 7, 'inherit', 1, '2026-07-22 02:32:41'),
('H4', 62, 0, 'inherit', 1, '2026-07-22 02:32:41'),
('H4', 62, 1, 'inherit', 1, '2026-07-22 02:32:41'),
('H4', 62, 2, 'inherit', 1, '2026-07-22 02:32:41'),
('H4', 62, 3, 'inherit', 1, '2026-07-22 02:32:41'),
('H4', 62, 4, 'inherit', 1, '2026-07-22 02:32:41'),
('H4', 62, 5, 'inherit', 1, '2026-07-22 02:32:41'),
('H4', 62, 6, 'inherit', 1, '2026-07-22 02:32:41'),
('H4', 62, 7, 'inherit', 1, '2026-07-22 02:32:41'),
('H4', 63, 0, 'inherit', 1, '2026-07-22 02:32:41'),
('H4', 63, 1, 'inherit', 1, '2026-07-22 02:32:41'),
('H4', 63, 2, 'inherit', 1, '2026-07-22 02:32:41'),
('H4', 63, 3, 'inherit', 1, '2026-07-22 02:32:41'),
('H4', 63, 4, 'inherit', 1, '2026-07-22 02:32:41'),
('H4', 63, 5, 'inherit', 1, '2026-07-22 02:32:41'),
('H4', 63, 6, 'inherit', 1, '2026-07-22 02:32:41'),
('H4', 63, 7, 'inherit', 1, '2026-07-22 02:32:41'),
('H4', 64, 0, 'inherit', 1, '2026-07-22 02:32:41'),
('H4', 64, 1, 'inherit', 1, '2026-07-22 02:35:24'),
('H4', 64, 2, 'inherit', 1, '2026-07-22 02:35:24'),
('H4', 64, 3, 'inherit', 1, '2026-07-22 02:35:24'),
('H4', 64, 4, 'inherit', 1, '2026-07-22 02:35:24'),
('H4', 64, 5, 'inherit', 1, '2026-07-22 02:35:24'),
('H4', 64, 6, 'inherit', 1, '2026-07-22 02:35:24'),
('H4', 64, 7, 'inherit', 1, '2026-07-22 02:35:24'),
('H5', 1, 0, 'inherit', 1, '2026-07-22 02:32:41'),
('H5', 1, 1, 'inherit', 1, '2026-07-22 02:35:24'),
('H5', 1, 2, 'inherit', 1, '2026-07-22 02:35:24'),
('H5', 1, 3, 'inherit', 1, '2026-07-22 02:35:24'),
('H5', 1, 4, 'inherit', 1, '2026-07-22 02:35:24'),
('H5', 1, 5, 'inherit', 1, '2026-07-22 02:35:24'),
('H5', 1, 6, 'inherit', 1, '2026-07-22 02:35:24'),
('H5', 1, 7, 'inherit', 1, '2026-07-22 02:35:24'),
('H5', 2, 0, 'inherit', 1, '2026-07-22 02:32:41'),
('H5', 2, 1, 'inherit', 1, '2026-07-22 02:32:41'),
('H5', 2, 2, 'inherit', 1, '2026-07-22 02:32:41'),
('H5', 2, 3, 'inherit', 1, '2026-07-22 02:32:41'),
('H5', 2, 4, 'inherit', 1, '2026-07-22 02:32:41'),
('H5', 2, 5, 'inherit', 1, '2026-07-22 02:35:24'),
('H5', 2, 6, 'inherit', 1, '2026-07-22 02:35:24'),
('H5', 2, 7, 'inherit', 1, '2026-07-22 02:32:41'),
('H5', 3, 0, 'inherit', 1, '2026-07-22 02:32:41'),
('H5', 3, 1, 'inherit', 1, '2026-07-22 02:35:24'),
('H5', 3, 2, 'inherit', 1, '2026-07-22 02:35:24'),
('H5', 3, 3, 'inherit', 1, '2026-07-22 02:35:24'),
('H5', 3, 4, 'inherit', 1, '2026-07-22 02:35:24'),
('H5', 3, 5, 'inherit', 1, '2026-07-22 02:35:24'),
('H5', 3, 6, 'inherit', 1, '2026-07-22 02:35:24'),
('H5', 3, 7, 'inherit', 1, '2026-07-22 02:35:24'),
('H5', 4, 0, 'inherit', 1, '2026-07-22 02:32:41'),
('H5', 4, 1, 'inherit', 1, '2026-07-22 02:32:41'),
('H5', 4, 2, 'inherit', 1, '2026-07-22 02:32:41'),
('H5', 4, 3, 'inherit', 1, '2026-07-22 02:32:41'),
('H5', 4, 4, 'inherit', 1, '2026-07-22 02:32:41'),
('H5', 4, 5, 'inherit', 1, '2026-07-22 02:35:24'),
('H5', 4, 6, 'inherit', 1, '2026-07-22 02:35:24'),
('H5', 4, 7, 'inherit', 1, '2026-07-22 02:32:41'),
('H5', 6, 0, 'inherit', 1, '2026-07-22 02:32:41'),
('H5', 6, 1, 'inherit', 1, '2026-07-22 02:32:41'),
('H5', 6, 2, 'inherit', 1, '2026-07-22 02:32:41'),
('H5', 6, 3, 'inherit', 1, '2026-07-22 02:32:41'),
('H5', 6, 4, 'inherit', 1, '2026-07-22 02:32:41'),
('H5', 6, 5, 'inherit', 1, '2026-07-22 02:35:24'),
('H5', 6, 6, 'inherit', 1, '2026-07-22 02:35:24'),
('H5', 6, 7, 'inherit', 1, '2026-07-22 02:32:41'),
('H5', 7, 0, 'inherit', 1, '2026-07-22 02:32:41'),
('H5', 7, 1, 'inherit', 1, '2026-07-22 02:32:41'),
('H5', 7, 2, 'inherit', 1, '2026-07-22 02:32:41'),
('H5', 7, 3, 'inherit', 1, '2026-07-22 02:32:41'),
('H5', 7, 4, 'inherit', 1, '2026-07-22 02:32:41'),
('H5', 7, 5, 'inherit', 1, '2026-07-22 02:35:24'),
('H5', 7, 6, 'inherit', 1, '2026-07-22 02:35:24'),
('H5', 7, 7, 'inherit', 1, '2026-07-22 02:32:41'),
('H5', 8, 0, 'inherit', 1, '2026-07-22 02:32:41'),
('H5', 8, 1, 'inherit', 1, '2026-07-22 02:32:41'),
('H5', 8, 2, 'inherit', 1, '2026-07-22 02:32:41'),
('H5', 8, 3, 'inherit', 1, '2026-07-22 02:32:41'),
('H5', 8, 4, 'inherit', 1, '2026-07-22 02:32:41'),
('H5', 8, 5, 'inherit', 1, '2026-07-22 02:35:24'),
('H5', 8, 6, 'inherit', 1, '2026-07-22 02:35:24'),
('H5', 8, 7, 'inherit', 1, '2026-07-22 02:32:41'),
('H5', 9, 0, 'inherit', 1, '2026-07-22 02:32:41'),
('H5', 9, 1, 'inherit', 1, '2026-07-22 02:32:41'),
('H5', 9, 2, 'inherit', 1, '2026-07-22 02:32:41'),
('H5', 9, 3, 'inherit', 1, '2026-07-22 02:32:41'),
('H5', 9, 4, 'inherit', 1, '2026-07-22 02:32:41'),
('H5', 9, 5, 'inherit', 1, '2026-07-22 02:32:41'),
('H5', 9, 6, 'inherit', 1, '2026-07-22 02:32:41'),
('H5', 9, 7, 'inherit', 1, '2026-07-22 02:32:41'),
('H5', 10, 0, 'inherit', 1, '2026-07-22 02:32:41'),
('H5', 10, 1, 'inherit', 1, '2026-07-22 02:32:41'),
('H5', 10, 2, 'inherit', 1, '2026-07-22 02:32:41'),
('H5', 10, 3, 'inherit', 1, '2026-07-22 02:35:24'),
('H5', 10, 4, 'inherit', 1, '2026-07-22 02:32:41'),
('H5', 10, 5, 'inherit', 1, '2026-07-22 02:35:24'),
('H5', 10, 6, 'inherit', 1, '2026-07-22 02:35:24'),
('H5', 10, 7, 'inherit', 1, '2026-07-22 02:35:24'),
('H5', 13, 0, 'inherit', 1, '2026-07-22 02:32:41'),
('H5', 13, 1, 'inherit', 1, '2026-07-22 02:35:24'),
('H5', 13, 2, 'inherit', 1, '2026-07-22 02:35:24'),
('H5', 13, 3, 'inherit', 1, '2026-07-22 02:32:41'),
('H5', 13, 4, 'inherit', 1, '2026-07-22 02:32:41'),
('H5', 13, 5, 'inherit', 1, '2026-07-22 02:35:24'),
('H5', 13, 6, 'inherit', 1, '2026-07-22 02:35:24'),
('H5', 13, 7, 'inherit', 1, '2026-07-22 02:35:24'),
('H5', 14, 0, 'inherit', 1, '2026-07-22 02:32:41'),
('H5', 14, 1, 'inherit', 1, '2026-07-22 02:32:41'),
('H5', 14, 2, 'inherit', 1, '2026-07-22 02:32:41'),
('H5', 14, 3, 'inherit', 1, '2026-07-22 02:32:41'),
('H5', 14, 4, 'inherit', 1, '2026-07-22 02:32:41'),
('H5', 14, 5, 'inherit', 1, '2026-07-22 02:35:24'),
('H5', 14, 6, 'inherit', 1, '2026-07-22 02:35:24'),
('H5', 14, 7, 'inherit', 1, '2026-07-22 02:32:41'),
('H5', 15, 0, 'inherit', 1, '2026-07-22 02:32:41'),
('H5', 15, 1, 'inherit', 1, '2026-07-22 02:32:41'),
('H5', 15, 2, 'inherit', 1, '2026-07-22 02:32:41'),
('H5', 15, 3, 'inherit', 1, '2026-07-22 02:32:41'),
('H5', 15, 4, 'inherit', 1, '2026-07-22 02:32:41'),
('H5', 15, 5, 'inherit', 1, '2026-07-22 02:35:24'),
('H5', 15, 6, 'inherit', 1, '2026-07-22 02:35:24'),
('H5', 15, 7, 'inherit', 1, '2026-07-22 02:32:41'),
('H5', 16, 0, 'inherit', 1, '2026-07-22 02:32:41'),
('H5', 16, 1, 'inherit', 1, '2026-07-22 02:32:41'),
('H5', 16, 2, 'inherit', 1, '2026-07-22 02:32:41'),
('H5', 16, 3, 'inherit', 1, '2026-07-22 02:32:41'),
('H5', 16, 4, 'inherit', 1, '2026-07-22 02:32:41'),
('H5', 16, 5, 'inherit', 1, '2026-07-22 02:35:24'),
('H5', 16, 6, 'inherit', 1, '2026-07-22 02:35:24'),
('H5', 16, 7, 'inherit', 1, '2026-07-22 02:32:41'),
('H5', 18, 0, 'inherit', 1, '2026-07-22 02:32:41'),
('H5', 18, 1, 'inherit', 1, '2026-07-22 02:32:41'),
('H5', 18, 2, 'inherit', 1, '2026-07-22 02:32:41'),
('H5', 18, 3, 'inherit', 1, '2026-07-22 02:32:41'),
('H5', 18, 4, 'inherit', 1, '2026-07-22 02:32:41'),
('H5', 18, 5, 'inherit', 1, '2026-07-22 02:35:24'),
('H5', 18, 6, 'inherit', 1, '2026-07-22 02:35:24'),
('H5', 18, 7, 'inherit', 1, '2026-07-22 02:32:41'),
('H5', 19, 0, 'inherit', 1, '2026-07-22 02:32:41'),
('H5', 19, 1, 'inherit', 1, '2026-07-22 02:32:41'),
('H5', 19, 2, 'inherit', 1, '2026-07-22 02:32:41'),
('H5', 19, 3, 'inherit', 1, '2026-07-22 02:32:41'),
('H5', 19, 4, 'inherit', 1, '2026-07-22 02:32:41'),
('H5', 19, 5, 'inherit', 1, '2026-07-22 02:35:24'),
('H5', 19, 6, 'inherit', 1, '2026-07-22 02:35:24'),
('H5', 19, 7, 'inherit', 1, '2026-07-22 02:32:41'),
('H5', 20, 0, 'inherit', 1, '2026-07-22 02:32:41'),
('H5', 20, 1, 'inherit', 1, '2026-07-22 02:32:41'),
('H5', 20, 2, 'inherit', 1, '2026-07-22 02:32:41'),
('H5', 20, 3, 'inherit', 1, '2026-07-22 02:32:41'),
('H5', 20, 4, 'inherit', 1, '2026-07-22 02:32:41'),
('H5', 20, 5, 'inherit', 1, '2026-07-22 02:32:41'),
('H5', 20, 6, 'inherit', 1, '2026-07-22 02:32:41'),
('H5', 20, 7, 'inherit', 1, '2026-07-22 02:32:41'),
('H5', 21, 0, 'inherit', 1, '2026-07-22 02:32:41'),
('H5', 21, 1, 'inherit', 1, '2026-07-22 02:32:41'),
('H5', 21, 2, 'inherit', 1, '2026-07-22 02:32:41'),
('H5', 21, 3, 'inherit', 1, '2026-07-22 02:32:41'),
('H5', 21, 4, 'inherit', 1, '2026-07-22 02:32:41'),
('H5', 21, 5, 'inherit', 1, '2026-07-22 02:32:41'),
('H5', 21, 6, 'inherit', 1, '2026-07-22 02:32:41'),
('H5', 21, 7, 'inherit', 1, '2026-07-22 02:32:41'),
('H5', 22, 0, 'inherit', 1, '2026-07-22 02:32:41'),
('H5', 22, 1, 'inherit', 1, '2026-07-22 02:32:41'),
('H5', 22, 2, 'inherit', 1, '2026-07-22 02:32:41'),
('H5', 22, 3, 'inherit', 1, '2026-07-22 02:32:41'),
('H5', 22, 4, 'inherit', 1, '2026-07-22 02:32:41'),
('H5', 22, 5, 'inherit', 1, '2026-07-22 02:32:41'),
('H5', 22, 6, 'inherit', 1, '2026-07-22 02:32:41'),
('H5', 22, 7, 'inherit', 1, '2026-07-22 02:32:41'),
('H5', 23, 0, 'inherit', 1, '2026-07-22 02:32:41'),
('H5', 23, 1, 'inherit', 1, '2026-07-22 02:32:41'),
('H5', 23, 2, 'inherit', 1, '2026-07-22 02:32:41'),
('H5', 23, 3, 'inherit', 1, '2026-07-22 02:32:41'),
('H5', 23, 4, 'inherit', 1, '2026-07-22 02:32:41'),
('H5', 23, 5, 'inherit', 1, '2026-07-22 02:32:41'),
('H5', 23, 6, 'inherit', 1, '2026-07-22 02:32:41'),
('H5', 23, 7, 'inherit', 1, '2026-07-22 02:32:41'),
('H5', 24, 0, 'inherit', 1, '2026-07-22 02:32:41'),
('H5', 24, 1, 'inherit', 1, '2026-07-22 02:35:24'),
('H5', 24, 2, 'inherit', 1, '2026-07-22 02:35:24'),
('H5', 24, 3, 'inherit', 1, '2026-07-22 02:35:24'),
('H5', 24, 4, 'inherit', 1, '2026-07-22 02:35:24'),
('H5', 24, 5, 'inherit', 1, '2026-07-22 02:35:24'),
('H5', 24, 6, 'inherit', 1, '2026-07-22 02:35:24'),
('H5', 24, 7, 'inherit', 1, '2026-07-22 02:35:24'),
('H5', 25, 0, 'inherit', 1, '2026-07-22 02:32:41'),
('H5', 25, 1, 'inherit', 1, '2026-07-22 02:35:24'),
('H5', 25, 2, 'inherit', 1, '2026-07-22 02:35:24'),
('H5', 25, 3, 'inherit', 1, '2026-07-22 02:32:41'),
('H5', 25, 4, 'inherit', 1, '2026-07-22 02:32:41'),
('H5', 25, 5, 'inherit', 1, '2026-07-22 02:35:24'),
('H5', 25, 6, 'inherit', 1, '2026-07-22 02:32:41'),
('H5', 25, 7, 'inherit', 1, '2026-07-22 02:35:24'),
('H5', 26, 0, 'inherit', 1, '2026-07-22 02:32:41'),
('H5', 26, 1, 'inherit', 1, '2026-07-22 02:32:41'),
('H5', 26, 2, 'inherit', 1, '2026-07-22 02:32:41'),
('H5', 26, 3, 'inherit', 1, '2026-07-22 02:32:41'),
('H5', 26, 4, 'inherit', 1, '2026-07-22 02:32:41'),
('H5', 26, 5, 'inherit', 1, '2026-07-22 02:35:24'),
('H5', 26, 6, 'inherit', 1, '2026-07-22 02:35:24'),
('H5', 26, 7, 'inherit', 1, '2026-07-22 02:32:41'),
('H5', 27, 0, 'inherit', 1, '2026-07-22 02:32:41'),
('H5', 27, 1, 'inherit', 1, '2026-07-22 02:35:24'),
('H5', 27, 2, 'inherit', 1, '2026-07-22 02:35:24'),
('H5', 27, 3, 'inherit', 1, '2026-07-22 02:35:24'),
('H5', 27, 4, 'inherit', 1, '2026-07-22 02:35:24'),
('H5', 27, 5, 'inherit', 1, '2026-07-22 02:35:24'),
('H5', 27, 6, 'inherit', 1, '2026-07-22 02:35:24'),
('H5', 27, 7, 'inherit', 1, '2026-07-22 02:35:24'),
('H5', 30, 0, 'inherit', 1, '2026-07-22 02:32:41'),
('H5', 30, 1, 'inherit', 1, '2026-07-22 02:35:24'),
('H5', 30, 2, 'inherit', 1, '2026-07-22 02:35:24'),
('H5', 30, 3, 'inherit', 1, '2026-07-22 02:35:24'),
('H5', 30, 4, 'inherit', 1, '2026-07-22 02:35:24'),
('H5', 30, 5, 'inherit', 1, '2026-07-22 02:35:24'),
('H5', 30, 6, 'inherit', 1, '2026-07-22 02:35:24'),
('H5', 30, 7, 'inherit', 1, '2026-07-22 02:35:24'),
('H5', 31, 0, 'inherit', 1, '2026-07-22 02:32:41'),
('H5', 31, 1, 'inherit', 1, '2026-07-22 02:35:24'),
('H5', 31, 2, 'inherit', 1, '2026-07-22 02:35:24'),
('H5', 31, 3, 'inherit', 1, '2026-07-22 02:35:24'),
('H5', 31, 4, 'inherit', 1, '2026-07-22 02:35:24'),
('H5', 31, 5, 'inherit', 1, '2026-07-22 02:35:24'),
('H5', 31, 6, 'inherit', 1, '2026-07-22 02:35:24'),
('H5', 31, 7, 'inherit', 1, '2026-07-22 02:35:24'),
('H5', 32, 0, 'inherit', 1, '2026-07-22 02:32:41'),
('H5', 32, 1, 'inherit', 1, '2026-07-22 02:35:24'),
('H5', 32, 2, 'inherit', 1, '2026-07-22 02:35:24'),
('H5', 32, 3, 'inherit', 1, '2026-07-22 02:35:24'),
('H5', 32, 4, 'inherit', 1, '2026-07-22 02:35:24'),
('H5', 32, 5, 'inherit', 1, '2026-07-22 02:35:24'),
('H5', 32, 6, 'inherit', 1, '2026-07-22 02:35:24'),
('H5', 32, 7, 'inherit', 1, '2026-07-22 02:35:24'),
('H5', 33, 0, 'inherit', 1, '2026-07-22 02:32:41'),
('H5', 33, 1, 'inherit', 1, '2026-07-22 02:35:24'),
('H5', 33, 2, 'inherit', 1, '2026-07-22 02:35:24'),
('H5', 33, 3, 'inherit', 1, '2026-07-22 02:35:24'),
('H5', 33, 4, 'inherit', 1, '2026-07-22 02:35:24'),
('H5', 33, 5, 'inherit', 1, '2026-07-22 02:35:24'),
('H5', 33, 6, 'inherit', 1, '2026-07-22 02:35:24'),
('H5', 33, 7, 'inherit', 1, '2026-07-22 02:35:24'),
('H5', 34, 0, 'inherit', 1, '2026-07-22 02:32:41'),
('H5', 34, 1, 'inherit', 1, '2026-07-22 02:32:41'),
('H5', 34, 2, 'inherit', 1, '2026-07-22 02:32:41'),
('H5', 34, 3, 'inherit', 1, '2026-07-22 02:32:41'),
('H5', 34, 4, 'inherit', 1, '2026-07-22 02:32:41'),
('H5', 34, 5, 'inherit', 1, '2026-07-22 02:35:24'),
('H5', 34, 6, 'inherit', 1, '2026-07-22 02:35:24'),
('H5', 34, 7, 'inherit', 1, '2026-07-22 02:32:41'),
('H5', 35, 0, 'inherit', 1, '2026-07-22 02:32:41'),
('H5', 35, 1, 'inherit', 1, '2026-07-22 02:32:41'),
('H5', 35, 2, 'inherit', 1, '2026-07-22 02:32:41'),
('H5', 35, 3, 'inherit', 1, '2026-07-22 02:32:41'),
('H5', 35, 4, 'inherit', 1, '2026-07-22 02:32:41'),
('H5', 35, 5, 'inherit', 1, '2026-07-22 02:32:41'),
('H5', 35, 6, 'inherit', 1, '2026-07-22 02:32:41'),
('H5', 35, 7, 'inherit', 1, '2026-07-22 02:32:41'),
('H5', 36, 0, 'inherit', 1, '2026-07-22 02:32:41'),
('H5', 36, 1, 'inherit', 1, '2026-07-22 02:32:41'),
('H5', 36, 2, 'inherit', 1, '2026-07-22 02:32:41'),
('H5', 36, 3, 'inherit', 1, '2026-07-22 02:32:41'),
('H5', 36, 4, 'inherit', 1, '2026-07-22 02:32:41'),
('H5', 36, 5, 'inherit', 1, '2026-07-22 02:32:41'),
('H5', 36, 6, 'inherit', 1, '2026-07-22 02:32:41'),
('H5', 36, 7, 'inherit', 1, '2026-07-22 02:32:41'),
('H5', 37, 0, 'inherit', 1, '2026-07-22 02:32:41'),
('H5', 37, 1, 'inherit', 1, '2026-07-22 02:35:24'),
('H5', 37, 2, 'inherit', 1, '2026-07-22 02:35:24'),
('H5', 37, 3, 'inherit', 1, '2026-07-22 02:35:24'),
('H5', 37, 4, 'inherit', 1, '2026-07-22 02:35:24'),
('H5', 37, 5, 'inherit', 1, '2026-07-22 02:35:24'),
('H5', 37, 6, 'inherit', 1, '2026-07-22 02:35:24'),
('H5', 37, 7, 'inherit', 1, '2026-07-22 02:35:24'),
('H5', 38, 0, 'inherit', 1, '2026-07-22 02:32:41'),
('H5', 38, 1, 'inherit', 1, '2026-07-22 02:32:41'),
('H5', 38, 2, 'inherit', 1, '2026-07-22 02:32:41'),
('H5', 38, 3, 'inherit', 1, '2026-07-22 02:32:41'),
('H5', 38, 4, 'inherit', 1, '2026-07-22 02:32:41'),
('H5', 38, 5, 'inherit', 1, '2026-07-22 02:35:24'),
('H5', 38, 6, 'inherit', 1, '2026-07-22 02:35:24'),
('H5', 38, 7, 'inherit', 1, '2026-07-22 02:32:41'),
('H5', 39, 0, 'inherit', 1, '2026-07-22 02:32:41'),
('H5', 39, 1, 'inherit', 1, '2026-07-22 02:35:24'),
('H5', 39, 2, 'inherit', 1, '2026-07-22 02:35:24'),
('H5', 39, 3, 'inherit', 1, '2026-07-22 02:35:24'),
('H5', 39, 4, 'inherit', 1, '2026-07-22 02:35:24'),
('H5', 39, 5, 'inherit', 1, '2026-07-22 02:35:24'),
('H5', 39, 6, 'inherit', 1, '2026-07-22 02:35:24'),
('H5', 39, 7, 'inherit', 1, '2026-07-22 02:35:24'),
('H5', 40, 0, 'inherit', 1, '2026-07-22 02:32:41'),
('H5', 40, 1, 'inherit', 1, '2026-07-22 02:35:24'),
('H5', 40, 2, 'inherit', 1, '2026-07-22 02:35:24'),
('H5', 40, 3, 'inherit', 1, '2026-07-22 02:35:24'),
('H5', 40, 4, 'inherit', 1, '2026-07-22 02:35:24'),
('H5', 40, 5, 'inherit', 1, '2026-07-22 02:35:24'),
('H5', 40, 6, 'inherit', 1, '2026-07-22 02:35:24'),
('H5', 40, 7, 'inherit', 1, '2026-07-22 02:35:24'),
('H5', 41, 0, 'inherit', 1, '2026-07-22 02:32:41'),
('H5', 41, 1, 'inherit', 1, '2026-07-22 02:35:24'),
('H5', 41, 2, 'inherit', 1, '2026-07-22 02:35:24'),
('H5', 41, 3, 'inherit', 1, '2026-07-22 02:35:24'),
('H5', 41, 4, 'inherit', 1, '2026-07-22 02:35:24'),
('H5', 41, 5, 'inherit', 1, '2026-07-22 02:35:24'),
('H5', 41, 6, 'inherit', 1, '2026-07-22 02:35:24'),
('H5', 41, 7, 'inherit', 1, '2026-07-22 02:35:24'),
('H5', 42, 0, 'inherit', 1, '2026-07-22 02:32:41'),
('H5', 42, 1, 'inherit', 1, '2026-07-22 02:32:41'),
('H5', 42, 2, 'inherit', 1, '2026-07-22 02:32:41'),
('H5', 42, 3, 'inherit', 1, '2026-07-22 02:32:41'),
('H5', 42, 4, 'inherit', 1, '2026-07-22 02:32:41'),
('H5', 42, 5, 'inherit', 1, '2026-07-22 02:35:24'),
('H5', 42, 6, 'inherit', 1, '2026-07-22 02:35:24'),
('H5', 42, 7, 'inherit', 1, '2026-07-22 02:32:41'),
('H5', 43, 0, 'inherit', 1, '2026-07-22 02:32:41'),
('H5', 43, 1, 'inherit', 1, '2026-07-22 02:32:41'),
('H5', 43, 2, 'inherit', 1, '2026-07-22 02:32:41'),
('H5', 43, 3, 'inherit', 1, '2026-07-22 02:32:41'),
('H5', 43, 4, 'inherit', 1, '2026-07-22 02:32:41'),
('H5', 43, 5, 'inherit', 1, '2026-07-22 02:35:24'),
('H5', 43, 6, 'inherit', 1, '2026-07-22 02:35:24'),
('H5', 43, 7, 'inherit', 1, '2026-07-22 02:32:41'),
('H5', 44, 0, 'inherit', 1, '2026-07-22 02:32:41'),
('H5', 44, 1, 'inherit', 1, '2026-07-22 02:32:41'),
('H5', 44, 2, 'inherit', 1, '2026-07-22 02:32:41'),
('H5', 44, 3, 'inherit', 1, '2026-07-22 02:32:41'),
('H5', 44, 4, 'inherit', 1, '2026-07-22 02:32:41'),
('H5', 44, 5, 'inherit', 1, '2026-07-22 02:32:41'),
('H5', 44, 6, 'inherit', 1, '2026-07-22 02:32:41'),
('H5', 44, 7, 'inherit', 1, '2026-07-22 02:32:41'),
('H5', 45, 0, 'inherit', 1, '2026-07-22 02:32:41'),
('H5', 45, 1, 'inherit', 1, '2026-07-22 02:32:41'),
('H5', 45, 2, 'inherit', 1, '2026-07-22 02:32:41'),
('H5', 45, 3, 'inherit', 1, '2026-07-22 02:32:41'),
('H5', 45, 4, 'inherit', 1, '2026-07-22 02:32:41'),
('H5', 45, 5, 'inherit', 1, '2026-07-22 02:32:41'),
('H5', 45, 6, 'inherit', 1, '2026-07-22 02:32:41'),
('H5', 45, 7, 'inherit', 1, '2026-07-22 02:32:41'),
('H5', 46, 0, 'inherit', 1, '2026-07-22 02:32:41'),
('H5', 46, 1, 'inherit', 1, '2026-07-22 02:35:24'),
('H5', 46, 2, 'inherit', 1, '2026-07-22 02:35:24'),
('H5', 46, 3, 'inherit', 1, '2026-07-22 02:35:24'),
('H5', 46, 4, 'inherit', 1, '2026-07-22 02:35:24'),
('H5', 46, 5, 'inherit', 1, '2026-07-22 02:35:24'),
('H5', 46, 6, 'inherit', 1, '2026-07-22 02:35:24'),
('H5', 46, 7, 'inherit', 1, '2026-07-22 02:35:24'),
('H5', 47, 0, 'inherit', 1, '2026-07-22 02:32:41'),
('H5', 47, 1, 'inherit', 1, '2026-07-22 02:32:41'),
('H5', 47, 2, 'inherit', 1, '2026-07-22 02:32:41'),
('H5', 47, 3, 'inherit', 1, '2026-07-22 02:32:41'),
('H5', 47, 4, 'inherit', 1, '2026-07-22 02:32:41'),
('H5', 47, 5, 'inherit', 1, '2026-07-22 02:35:24'),
('H5', 47, 6, 'inherit', 1, '2026-07-22 02:35:24'),
('H5', 47, 7, 'inherit', 1, '2026-07-22 02:32:41'),
('H5', 48, 0, 'inherit', 1, '2026-07-22 02:32:41'),
('H5', 48, 1, 'inherit', 1, '2026-07-22 02:35:24'),
('H5', 48, 2, 'inherit', 1, '2026-07-22 02:35:24'),
('H5', 48, 3, 'inherit', 1, '2026-07-22 02:35:24'),
('H5', 48, 4, 'inherit', 1, '2026-07-22 02:35:24'),
('H5', 48, 5, 'inherit', 1, '2026-07-22 02:35:24'),
('H5', 48, 6, 'inherit', 1, '2026-07-22 02:35:24'),
('H5', 48, 7, 'inherit', 1, '2026-07-22 02:35:24'),
('H5', 49, 0, 'inherit', 1, '2026-07-22 02:32:41'),
('H5', 49, 1, 'inherit', 1, '2026-07-22 02:35:24'),
('H5', 49, 2, 'inherit', 1, '2026-07-22 02:35:24'),
('H5', 49, 3, 'inherit', 1, '2026-07-22 02:35:24'),
('H5', 49, 4, 'inherit', 1, '2026-07-22 02:35:24'),
('H5', 49, 5, 'inherit', 1, '2026-07-22 02:35:24'),
('H5', 49, 6, 'inherit', 1, '2026-07-22 02:35:24'),
('H5', 49, 7, 'inherit', 1, '2026-07-22 02:35:24'),
('H5', 50, 0, 'inherit', 1, '2026-07-22 02:32:41'),
('H5', 50, 1, 'inherit', 1, '2026-07-22 02:35:24'),
('H5', 50, 2, 'inherit', 1, '2026-07-22 02:35:24'),
('H5', 50, 3, 'inherit', 1, '2026-07-22 02:35:24'),
('H5', 50, 4, 'inherit', 1, '2026-07-22 02:35:24'),
('H5', 50, 5, 'inherit', 1, '2026-07-22 02:35:24'),
('H5', 50, 6, 'inherit', 1, '2026-07-22 02:35:24'),
('H5', 50, 7, 'inherit', 1, '2026-07-22 02:35:24'),
('H5', 51, 0, 'inherit', 1, '2026-07-22 02:32:41'),
('H5', 51, 1, 'inherit', 1, '2026-07-22 02:35:24'),
('H5', 51, 2, 'inherit', 1, '2026-07-22 02:35:24'),
('H5', 51, 3, 'inherit', 1, '2026-07-22 02:35:24'),
('H5', 51, 4, 'inherit', 1, '2026-07-22 02:35:24'),
('H5', 51, 5, 'inherit', 1, '2026-07-22 02:35:24'),
('H5', 51, 6, 'inherit', 1, '2026-07-22 02:35:24'),
('H5', 51, 7, 'inherit', 1, '2026-07-22 02:35:24'),
('H5', 52, 0, 'inherit', 1, '2026-07-22 02:32:41'),
('H5', 52, 1, 'inherit', 1, '2026-07-22 02:32:41'),
('H5', 52, 2, 'inherit', 1, '2026-07-22 02:32:41'),
('H5', 52, 3, 'inherit', 1, '2026-07-22 02:32:41'),
('H5', 52, 4, 'inherit', 1, '2026-07-22 02:32:41'),
('H5', 52, 5, 'inherit', 1, '2026-07-22 02:32:41'),
('H5', 52, 6, 'inherit', 1, '2026-07-22 02:32:41'),
('H5', 52, 7, 'inherit', 1, '2026-07-22 02:32:41'),
('H5', 53, 0, 'inherit', 1, '2026-07-22 02:32:41'),
('H5', 53, 1, 'inherit', 1, '2026-07-22 02:32:41'),
('H5', 53, 2, 'inherit', 1, '2026-07-22 02:32:41'),
('H5', 53, 3, 'inherit', 1, '2026-07-22 02:32:41'),
('H5', 53, 4, 'inherit', 1, '2026-07-22 02:32:41'),
('H5', 53, 5, 'inherit', 1, '2026-07-22 02:32:41'),
('H5', 53, 6, 'inherit', 1, '2026-07-22 02:32:41'),
('H5', 53, 7, 'inherit', 1, '2026-07-22 02:32:41'),
('H5', 54, 0, 'inherit', 1, '2026-07-22 02:32:41'),
('H5', 54, 1, 'inherit', 1, '2026-07-22 02:32:41'),
('H5', 54, 2, 'inherit', 1, '2026-07-22 02:32:41'),
('H5', 54, 3, 'inherit', 1, '2026-07-22 02:32:41'),
('H5', 54, 4, 'inherit', 1, '2026-07-22 02:32:41'),
('H5', 54, 5, 'inherit', 1, '2026-07-22 02:32:41'),
('H5', 54, 6, 'inherit', 1, '2026-07-22 02:32:41'),
('H5', 54, 7, 'inherit', 1, '2026-07-22 02:32:41'),
('H5', 55, 0, 'inherit', 1, '2026-07-22 02:32:41'),
('H5', 55, 1, 'inherit', 1, '2026-07-22 02:32:41'),
('H5', 55, 2, 'inherit', 1, '2026-07-22 02:32:41'),
('H5', 55, 3, 'inherit', 1, '2026-07-22 02:32:41'),
('H5', 55, 4, 'inherit', 1, '2026-07-22 02:32:41'),
('H5', 55, 5, 'inherit', 1, '2026-07-22 02:32:41'),
('H5', 55, 6, 'inherit', 1, '2026-07-22 02:32:41'),
('H5', 55, 7, 'inherit', 1, '2026-07-22 02:32:41'),
('H5', 56, 0, 'inherit', 1, '2026-07-22 02:32:41'),
('H5', 56, 1, 'inherit', 1, '2026-07-22 02:32:41'),
('H5', 56, 2, 'inherit', 1, '2026-07-22 02:32:41'),
('H5', 56, 3, 'inherit', 1, '2026-07-22 02:32:41'),
('H5', 56, 4, 'inherit', 1, '2026-07-22 02:32:41'),
('H5', 56, 5, 'inherit', 1, '2026-07-22 02:32:41'),
('H5', 56, 6, 'inherit', 1, '2026-07-22 02:32:41'),
('H5', 56, 7, 'inherit', 1, '2026-07-22 02:32:41'),
('H5', 57, 0, 'inherit', 1, '2026-07-22 02:32:41'),
('H5', 57, 1, 'inherit', 1, '2026-07-22 02:32:41'),
('H5', 57, 2, 'inherit', 1, '2026-07-22 02:32:41'),
('H5', 57, 3, 'inherit', 1, '2026-07-22 02:32:41'),
('H5', 57, 4, 'inherit', 1, '2026-07-22 02:32:41'),
('H5', 57, 5, 'inherit', 1, '2026-07-22 02:32:41'),
('H5', 57, 6, 'inherit', 1, '2026-07-22 02:32:41'),
('H5', 57, 7, 'inherit', 1, '2026-07-22 02:32:41'),
('H5', 58, 0, 'inherit', 1, '2026-07-22 02:32:41'),
('H5', 58, 1, 'inherit', 1, '2026-07-22 02:32:41'),
('H5', 58, 2, 'inherit', 1, '2026-07-22 02:32:41'),
('H5', 58, 3, 'inherit', 1, '2026-07-22 02:32:41'),
('H5', 58, 4, 'inherit', 1, '2026-07-22 02:32:41'),
('H5', 58, 5, 'inherit', 1, '2026-07-22 02:32:41'),
('H5', 58, 6, 'inherit', 1, '2026-07-22 02:32:41'),
('H5', 58, 7, 'inherit', 1, '2026-07-22 02:32:41'),
('H5', 59, 0, 'inherit', 1, '2026-07-22 02:32:41'),
('H5', 59, 1, 'inherit', 1, '2026-07-22 02:32:41'),
('H5', 59, 2, 'inherit', 1, '2026-07-22 02:32:41'),
('H5', 59, 3, 'inherit', 1, '2026-07-22 02:32:41'),
('H5', 59, 4, 'inherit', 1, '2026-07-22 02:32:41'),
('H5', 59, 5, 'inherit', 1, '2026-07-22 02:32:41'),
('H5', 59, 6, 'inherit', 1, '2026-07-22 02:32:41'),
('H5', 59, 7, 'inherit', 1, '2026-07-22 02:32:41'),
('H5', 60, 0, 'inherit', 1, '2026-07-22 02:32:41'),
('H5', 60, 1, 'inherit', 1, '2026-07-22 02:32:41'),
('H5', 60, 2, 'inherit', 1, '2026-07-22 02:32:41'),
('H5', 60, 3, 'inherit', 1, '2026-07-22 02:32:41'),
('H5', 60, 4, 'inherit', 1, '2026-07-22 02:32:41'),
('H5', 60, 5, 'inherit', 1, '2026-07-22 02:32:41'),
('H5', 60, 6, 'inherit', 1, '2026-07-22 02:32:41'),
('H5', 60, 7, 'inherit', 1, '2026-07-22 02:32:41'),
('H5', 61, 0, 'inherit', 1, '2026-07-22 02:32:41'),
('H5', 61, 1, 'inherit', 1, '2026-07-22 02:32:41'),
('H5', 61, 2, 'inherit', 1, '2026-07-22 02:32:41'),
('H5', 61, 3, 'inherit', 1, '2026-07-22 02:32:41'),
('H5', 61, 4, 'inherit', 1, '2026-07-22 02:32:41'),
('H5', 61, 5, 'inherit', 1, '2026-07-22 02:32:41'),
('H5', 61, 6, 'inherit', 1, '2026-07-22 02:32:41'),
('H5', 61, 7, 'inherit', 1, '2026-07-22 02:32:41'),
('H5', 62, 0, 'inherit', 1, '2026-07-22 02:32:41'),
('H5', 62, 1, 'inherit', 1, '2026-07-22 02:32:41'),
('H5', 62, 2, 'inherit', 1, '2026-07-22 02:32:41'),
('H5', 62, 3, 'inherit', 1, '2026-07-22 02:32:41'),
('H5', 62, 4, 'inherit', 1, '2026-07-22 02:32:41'),
('H5', 62, 5, 'inherit', 1, '2026-07-22 02:32:41'),
('H5', 62, 6, 'inherit', 1, '2026-07-22 02:32:41'),
('H5', 62, 7, 'inherit', 1, '2026-07-22 02:32:41'),
('H5', 63, 0, 'inherit', 1, '2026-07-22 02:32:41'),
('H5', 63, 1, 'inherit', 1, '2026-07-22 02:32:41'),
('H5', 63, 2, 'inherit', 1, '2026-07-22 02:32:41'),
('H5', 63, 3, 'inherit', 1, '2026-07-22 02:32:41'),
('H5', 63, 4, 'inherit', 1, '2026-07-22 02:32:41'),
('H5', 63, 5, 'inherit', 1, '2026-07-22 02:32:41'),
('H5', 63, 6, 'inherit', 1, '2026-07-22 02:32:41'),
('H5', 63, 7, 'inherit', 1, '2026-07-22 02:32:41'),
('H5', 64, 0, 'inherit', 1, '2026-07-22 02:32:41'),
('H5', 64, 1, 'inherit', 1, '2026-07-22 02:35:24'),
('H5', 64, 2, 'inherit', 1, '2026-07-22 02:35:24'),
('H5', 64, 3, 'inherit', 1, '2026-07-22 02:35:24'),
('H5', 64, 4, 'inherit', 1, '2026-07-22 02:35:24'),
('H5', 64, 5, 'inherit', 1, '2026-07-22 02:35:24'),
('H5', 64, 6, 'inherit', 1, '2026-07-22 02:35:24'),
('H5', 64, 7, 'inherit', 1, '2026-07-22 02:35:24');

-- --------------------------------------------------------

--
-- Table structure for table `sarv_role_virtual_module_permission`
--

CREATE TABLE `sarv_role_virtual_module_permission` (
  `role_id` varchar(50) NOT NULL,
  `module_key` varchar(64) NOT NULL,
  `permission_state` varchar(16) NOT NULL DEFAULT 'inherit',
  `updated_by` int(19) NOT NULL DEFAULT 0,
  `updated_at` datetime NOT NULL
) ENGINE=InnoDB DEFAULT CHARSET=utf8mb4 COLLATE=utf8mb4_general_ci;

--
-- Dumping data for table `sarv_role_virtual_module_permission`
--

INSERT IGNORE INTO `sarv_role_virtual_module_permission` (`role_id`, `module_key`, `permission_state`, `updated_by`, `updated_at`) VALUES
('H1', 'GOOYACALL', 'inherit', 1, '2026-08-03 10:05:36'),
('H2', 'GOOYACALL', 'inherit', 1, '2026-08-03 10:05:36'),
('H29', 'GOOYACALL', 'inherit', 1, '2026-08-03 10:05:36'),
('H29', 'KPI', 'allow', 1, '2026-08-01 11:00:07'),
('H3', 'GOOYACALL', 'inherit', 1, '2026-08-03 10:05:36'),
('H30', 'GOOYACALL', 'inherit', 1, '2026-08-03 10:05:36'),
('H30', 'KPI', 'inherit', 1, '2026-08-01 11:00:10'),
('H31', 'GOOYACALL', 'inherit', 1, '2026-08-03 10:05:36'),
('H31', 'KPI', 'deny', 1, '2026-08-01 11:25:30'),
('H4', 'GOOYACALL', 'inherit', 1, '2026-08-03 10:05:36'),
('H5', 'GOOYACALL', 'inherit', 1, '2026-08-03 10:05:36');

-- --------------------------------------------------------

--
-- Table structure for table `sarv_security_group_audit`
--

CREATE TABLE `sarv_security_group_audit` (
  `audit_id` bigint(20) UNSIGNED NOT NULL,
  `group_id` int(19) DEFAULT NULL,
  `action_name` varchar(40) NOT NULL,
  `before_json` longtext DEFAULT NULL,
  `after_json` longtext DEFAULT NULL,
  `actor_id` int(19) DEFAULT NULL,
  `created_at` datetime NOT NULL
) ENGINE=InnoDB DEFAULT CHARSET=utf8 COLLATE=utf8_general_ci;

-- --------------------------------------------------------

--
-- Table structure for table `sarv_security_group_meta`
--

CREATE TABLE `sarv_security_group_meta` (
  `group_id` int(19) NOT NULL,
  `not_inheritable` tinyint(1) NOT NULL DEFAULT 0,
  `assigned_user_id` int(19) DEFAULT NULL,
  `created_at` datetime NOT NULL,
  `updated_at` datetime NOT NULL,
  `created_by` int(19) DEFAULT NULL,
  `updated_by` int(19) DEFAULT NULL
) ENGINE=InnoDB DEFAULT CHARSET=utf8 COLLATE=utf8_general_ci;

--
-- Dumping data for table `sarv_security_group_meta`
--

INSERT IGNORE INTO `sarv_security_group_meta` (`group_id`, `not_inheritable`, `assigned_user_id`, `created_at`, `updated_at`, `created_by`, `updated_by`) VALUES
(2, 0, NULL, '2026-07-23 02:46:25', '2026-07-23 02:46:25', 1, 1),
(3, 0, NULL, '2026-07-23 02:46:25', '2026-07-23 02:46:25', 1, 1),
(4, 0, NULL, '2026-07-23 02:46:25', '2026-07-23 02:46:25', 1, 1);

-- --------------------------------------------------------

--
-- Table structure for table `sarv_stock_movement_ledger`
--

CREATE TABLE `sarv_stock_movement_ledger` (
  `movement_id` bigint(20) UNSIGNED NOT NULL,
  `source_module` varchar(100) NOT NULL,
  `source_record_id` int(19) NOT NULL,
  `productid` int(19) NOT NULL,
  `movement_code` varchar(30) NOT NULL,
  `quantity_delta` decimal(25,3) NOT NULL,
  `from_status` varchar(50) NOT NULL,
  `to_status` varchar(50) NOT NULL,
  `createdby` int(19) NOT NULL,
  `createdtime` datetime NOT NULL
) ENGINE=InnoDB DEFAULT CHARSET=utf8mb4 COLLATE=utf8mb4_general_ci;

--
-- Dumping data for table `sarv_stock_movement_ledger`
--

INSERT IGNORE INTO `sarv_stock_movement_ledger` (`movement_id`, `source_module`, `source_record_id`, `productid`, `movement_code`, `quantity_delta`, `from_status`, `to_status`, `createdby`, `createdtime`) VALUES
(1, 'SarvGifts', 2226, 26, 'dispatch', -1.000, 'Approved', 'Dispatched', 1, '2026-07-18 12:36:00'),
(2, 'SarvProductSamples', 2227, 26, 'dispatch', -2.000, 'Approved', 'Dispatched', 1, '2026-07-18 12:36:01'),
(3, 'SarvProductSamples', 2227, 26, 'return', 2.000, 'Delivered', 'Returned', 1, '2026-07-18 12:36:01');

-- --------------------------------------------------------

--
-- Table structure for table `sarv_subpanel_visibility`
--

CREATE TABLE `sarv_subpanel_visibility` (
  `panel_key` varchar(80) NOT NULL,
  `relation_id` int(19) DEFAULT NULL,
  `is_visible` tinyint(1) NOT NULL DEFAULT 0,
  `position` int(11) NOT NULL DEFAULT 0,
  `updated_by` int(19) DEFAULT NULL,
  `updated_at` datetime NOT NULL
) ENGINE=InnoDB DEFAULT CHARSET=utf8mb4 COLLATE=utf8mb4_unicode_ci;

--
-- Dumping data for table `sarv_subpanel_visibility`
--

INSERT IGNORE INTO `sarv_subpanel_visibility` (`panel_key`, `relation_id`, `is_visible`, `position`, `updated_by`, `updated_at`) VALUES
('approvals', NULL, 0, 35, 1, '2026-07-23 06:07:20'),
('bank_accounts', 184, 1, 17, 1, '2026-07-23 06:07:20'),
('branches', 187, 1, 20, 1, '2026-07-23 06:07:20'),
('bugs', NULL, 0, 27, 1, '2026-07-23 06:07:20'),
('campaigns', 87, 1, 12, 1, '2026-07-23 06:07:20'),
('checklist_results', NULL, 0, 31, 1, '2026-07-23 06:07:20'),
('child_accounts', 186, 1, 19, 1, '2026-07-23 06:07:20'),
('collections', NULL, 0, 48, 1, '2026-07-23 06:07:20'),
('competitors', NULL, 0, 30, 1, '2026-07-23 06:07:20'),
('contacts', 1, 1, 1, 1, '2026-07-23 06:07:20'),
('deposits', 185, 1, 18, 1, '2026-07-23 06:07:20'),
('device_types', NULL, 0, 40, 1, '2026-07-23 06:07:20'),
('documents', 9, 1, 16, 1, '2026-07-23 06:07:20'),
('evaluation_responses', NULL, 0, 28, 1, '2026-07-23 06:07:20'),
('geo_regions', NULL, 0, 29, 1, '2026-07-23 06:07:20'),
('gifts', 189, 1, 24, 1, '2026-07-23 06:07:20'),
('invoices', 5, 1, 4, 1, '2026-07-23 06:07:20'),
('knowledge_base', NULL, 0, 43, 1, '2026-07-23 06:07:20'),
('knowledge_categories', NULL, 0, 42, 1, '2026-07-23 06:07:20'),
('leads', 180, 1, 11, 1, '2026-07-23 06:07:20'),
('participations', 179, 1, 10, 1, '2026-07-23 06:07:20'),
('payments', 177, 1, 6, 1, '2026-07-23 06:07:20'),
('potentials', 2, 1, 2, 1, '2026-07-23 06:07:20'),
('product_categories', NULL, 0, 36, 1, '2026-07-23 06:07:20'),
('product_features', NULL, 0, 38, 1, '2026-07-23 06:07:20'),
('product_samples', 190, 1, 25, 1, '2026-07-23 06:07:20'),
('products', 11, 1, 26, 1, '2026-07-23 06:07:20'),
('project_tasks', NULL, 0, 39, 1, '2026-07-23 06:07:20'),
('projects', 131, 1, 9, 1, '2026-07-23 06:07:20'),
('purchase_orders', 178, 1, 8, 1, '2026-07-23 06:07:20'),
('quotes', 3, 1, 3, 1, '2026-07-23 06:07:20'),
('required_parts', NULL, 0, 46, 1, '2026-07-23 06:07:20'),
('required_products', NULL, 0, 41, 1, '2026-07-23 06:07:20'),
('retail_invoices', 5, 1, 5, 1, '2026-07-23 06:07:20'),
('sales_centers', 187, 1, 22, 1, '2026-07-23 06:07:20'),
('sales_contracts', 182, 1, 15, 1, '2026-07-23 06:07:20'),
('service_centers', 187, 1, 21, 1, '2026-07-23 06:07:20'),
('service_contract_items', NULL, 0, 45, 1, '2026-07-23 06:07:20'),
('service_contracts', 95, 1, 14, 1, '2026-07-23 06:07:20'),
('services', 10, 1, 7, 1, '2026-07-23 06:07:20'),
('surveys', 181, 1, 13, 1, '2026-07-23 06:07:20'),
('tariffs', NULL, 0, 47, 1, '2026-07-23 06:07:20'),
('terminals', NULL, 0, 33, 1, '2026-07-23 06:07:20'),
('time_reservation_items', NULL, 0, 44, 1, '2026-07-23 06:07:20'),
('time_reservations', 188, 1, 23, 1, '2026-07-23 06:07:20'),
('timesheets', NULL, 0, 32, 1, '2026-07-23 06:07:20'),
('tree_fields', NULL, 0, 34, 1, '2026-07-23 06:07:20'),
('vendors', NULL, 0, 37, 1, '2026-07-23 06:07:20');

-- --------------------------------------------------------

--
-- Table structure for table `sarv_subpanel_visibility_audit`
--

CREATE TABLE `sarv_subpanel_visibility_audit` (
  `id` bigint(20) UNSIGNED NOT NULL,
  `changed_by` int(19) DEFAULT NULL,
  `before_json` longtext NOT NULL,
  `after_json` longtext NOT NULL,
  `changed_at` datetime NOT NULL
) ENGINE=InnoDB DEFAULT CHARSET=utf8mb4 COLLATE=utf8mb4_unicode_ci;

-- --------------------------------------------------------

--
-- Table structure for table `sarv_team_audit`
--

CREATE TABLE `sarv_team_audit` (
  `audit_id` bigint(20) UNSIGNED NOT NULL,
  `team_id` int(11) DEFAULT NULL,
  `action_name` varchar(40) NOT NULL,
  `before_json` longtext DEFAULT NULL,
  `after_json` longtext DEFAULT NULL,
  `actor_id` int(11) DEFAULT NULL,
  `created_at` datetime NOT NULL
) ENGINE=InnoDB DEFAULT CHARSET=utf8 COLLATE=utf8_general_ci;

--
-- Dumping data for table `sarv_team_audit`
--

INSERT IGNORE INTO `sarv_team_audit` (`audit_id`, `team_id`, `action_name`, `before_json`, `after_json`, `actor_id`, `created_at`) VALUES
(1, 19, 'seed', '{}', '{\"name\":\"تیم فروش نمونه (قابل حذف)\"}', 1, '2026-07-23 03:12:21'),
(18, 27, 'create', '[]', '{\"0\":\"27\",\"id\":27,\"1\":\"تیم نمونه طرح گویا\",\"name\":\"تیم نمونه طرح گویا\",\"2\":\"نمونه عملی برای آزمون ذخیره، بازخوانی، اعضا و هماهنگی دیتابیس در طرح گویا\",\"description\":\"نمونه عملی برای آزمون ذخیره، بازخوانی، اعضا و هماهنگی دیتابیس در طرح گویا\",\"3\":\"1\",\"supervisor_id\":1,\"4\":\"2026-08-01 12:23:13\",\"created_at\":\"2026-08-01 12:23:13\",\"5\":\"2026-08-01 12:23:13\",\"modified_at\":\"2026-08-01 12:23:13\",\"6\":\"1\",\"created_by\":\"1\",\"7\":\"1\",\"modified_by\":\"1\",\"8\":\"0\",\"deleted\":\"0\",\"9\":\"2026-08-01 12:23:13\",\"updated_at\":\"2026-08-01 12:23:13\",\"10\":\"حسین فغان پور\",\"leader_label\":\"حسین فغان پور\",\"11\":\"admin\",\"leader_username\":\"admin\",\"members\":[1],\"member_count\":1,\"created_at_display\":\"08-01-2026 15:53:13\",\"modified_at_display\":\"08-01-2026 15:53:13\"}', 1, '2026-08-01 12:23:13'),
(19, 27, 'update', '{\"0\":\"27\",\"id\":27,\"1\":\"تیم نمونه طرح گویا\",\"name\":\"تیم نمونه طرح گویا\",\"2\":\"نمونه عملی برای آزمون ذخیره، بازخوانی، اعضا و هماهنگی دیتابیس در طرح گویا\",\"description\":\"نمونه عملی برای آزمون ذخیره، بازخوانی، اعضا و هماهنگی دیتابیس در طرح گویا\",\"3\":\"1\",\"supervisor_id\":1,\"4\":\"2026-08-01 12:23:13\",\"created_at\":\"2026-08-01 12:23:13\",\"5\":\"2026-08-01 12:23:13\",\"modified_at\":\"2026-08-01 12:23:13\",\"6\":\"1\",\"created_by\":\"1\",\"7\":\"1\",\"modified_by\":\"1\",\"8\":\"0\",\"deleted\":\"0\",\"9\":\"2026-08-01 12:23:13\",\"updated_at\":\"2026-08-01 12:23:13\",\"10\":\"حسین فغان پور\",\"leader_label\":\"حسین فغان پور\",\"11\":\"admin\",\"leader_username\":\"admin\",\"members\":[1],\"member_count\":1,\"created_at_display\":\"08-01-2026 15:53:13\",\"modified_at_display\":\"08-01-2026 15:53:13\"}', '{\"0\":\"27\",\"id\":27,\"1\":\"تیم نمونه طرح گویا\",\"name\":\"تیم نمونه طرح گویا\",\"2\":\"نمونه عملی برای آزمون ذخیره، بازخوانی، اعضا و هماهنگی دیتابیس در طرح گویا\",\"description\":\"نمونه عملی برای آزمون ذخیره، بازخوانی، اعضا و هماهنگی دیتابیس در طرح گویا\",\"3\":\"24\",\"supervisor_id\":24,\"4\":\"2026-08-01 12:23:13\",\"created_at\":\"2026-08-01 12:23:13\",\"5\":\"2026-08-01 12:33:05\",\"modified_at\":\"2026-08-01 12:33:05\",\"6\":\"1\",\"created_by\":\"1\",\"7\":\"1\",\"modified_by\":\"1\",\"8\":\"0\",\"deleted\":\"0\",\"9\":\"2026-08-01 12:33:05\",\"updated_at\":\"2026-08-01 12:33:05\",\"10\":\"آرش فلاحی\",\"leader_label\":\"آرش فلاحی\",\"11\":\"kpiseed_emp13\",\"leader_username\":\"kpiseed_emp13\",\"members\":[1,14,24],\"member_count\":3,\"created_at_display\":\"08-01-2026 15:53:13\",\"modified_at_display\":\"08-01-2026 16:03:05\"}', 1, '2026-08-01 12:33:05');

-- --------------------------------------------------------

--
-- Table structure for table `sarv_user_emails`
--

CREATE TABLE `sarv_user_emails` (
  `id` bigint(20) UNSIGNED NOT NULL,
  `user_id` int(11) NOT NULL,
  `email_address` varchar(190) NOT NULL,
  `is_primary` tinyint(1) NOT NULL DEFAULT 0,
  `position` int(11) NOT NULL DEFAULT 0,
  `created_at` datetime NOT NULL,
  `updated_at` datetime NOT NULL
) ENGINE=InnoDB DEFAULT CHARSET=utf8mb4 COLLATE=utf8mb4_unicode_ci;

--
-- Dumping data for table `sarv_user_emails`
--

INSERT IGNORE INTO `sarv_user_emails` (`id`, `user_id`, `email_address`, `is_primary`, `position`, `created_at`, `updated_at`) VALUES
(2, 5, 'a@gmail.com', 1, 1, '2026-07-21 05:46:30', '2026-07-21 05:46:30'),
(4, 7, 'kpiseed_sup1@example.local', 1, 1, '2026-07-21 05:46:30', '2026-07-21 05:46:30'),
(5, 8, 'kpiseed_emp1@example.local', 1, 1, '2026-07-21 05:46:30', '2026-07-21 05:46:30'),
(6, 9, 'kpiseed_emp2@example.local', 1, 1, '2026-07-21 05:46:30', '2026-07-21 05:46:30'),
(7, 10, 'kpiseed_emp3@example.local', 1, 1, '2026-07-21 05:46:30', '2026-07-21 05:46:30'),
(8, 11, 'kpiseed_sup2@example.local', 1, 1, '2026-07-21 05:46:30', '2026-07-21 05:46:30'),
(9, 12, 'kpiseed_emp4@example.local', 1, 1, '2026-07-21 05:46:30', '2026-07-21 05:46:30'),
(10, 13, 'kpiseed_emp5@example.local', 1, 1, '2026-07-21 05:46:30', '2026-07-21 05:46:30'),
(11, 14, 'kpiseed_emp6@example.local', 1, 1, '2026-07-21 05:46:30', '2026-07-21 05:46:30'),
(12, 15, 'kpiseed_sup3@example.local', 1, 1, '2026-07-21 05:46:30', '2026-07-21 05:46:30'),
(13, 16, 'kpiseed_emp7@example.local', 1, 1, '2026-07-21 05:46:30', '2026-07-21 05:46:30'),
(14, 17, 'kpiseed_emp8@example.local', 1, 1, '2026-07-21 05:46:30', '2026-07-21 05:46:30'),
(15, 18, 'kpiseed_emp9@example.local', 1, 1, '2026-07-21 05:46:30', '2026-07-21 05:46:30'),
(16, 19, 'kpiseed_sup4@example.local', 1, 1, '2026-07-21 05:46:30', '2026-07-21 05:46:30'),
(17, 20, 'kpiseed_emp10@example.local', 1, 1, '2026-07-21 05:46:30', '2026-07-21 05:46:30'),
(18, 21, 'kpiseed_emp11@example.local', 1, 1, '2026-07-21 05:46:30', '2026-07-21 05:46:30'),
(19, 22, 'kpiseed_emp12@example.local', 1, 1, '2026-07-21 05:46:30', '2026-07-21 05:46:30'),
(20, 23, 'kpiseed_sup5@example.local', 1, 1, '2026-07-21 05:46:30', '2026-07-21 05:46:30'),
(21, 24, 'kpiseed_emp13@example.local', 1, 1, '2026-07-21 05:46:30', '2026-07-21 05:46:30'),
(22, 25, 'kpiseed_emp14@example.local', 1, 1, '2026-07-21 05:46:30', '2026-07-21 05:46:30'),
(23, 26, 'kpiseed_emp15@example.local', 1, 1, '2026-07-21 05:46:30', '2026-07-21 05:46:30'),
(44, 6, 'kpiseed_mgr@example.local', 1, 1, '2026-07-21 06:07:11', '2026-07-21 06:07:11'),
(53, 1, 'hossein.fgh@gmail.com', 1, 1, '2026-07-21 07:29:14', '2026-07-21 07:29:14');

-- --------------------------------------------------------

--
-- Table structure for table `sarv_user_module_layout`
--

CREATE TABLE `sarv_user_module_layout` (
  `user_id` int(11) NOT NULL,
  `layout_key` varchar(64) NOT NULL,
  `module_name` varchar(100) NOT NULL,
  `tabid` int(19) DEFAULT NULL,
  `is_visible` tinyint(1) NOT NULL DEFAULT 1,
  `position` int(11) NOT NULL DEFAULT 0,
  `updated_by` int(11) DEFAULT NULL,
  `updated_at` datetime NOT NULL
) ENGINE=InnoDB DEFAULT CHARSET=utf8mb4 COLLATE=utf8mb4_unicode_ci;

--
-- Dumping data for table `sarv_user_module_layout`
--

INSERT IGNORE INTO `sarv_user_module_layout` (`user_id`, `layout_key`, `module_name`, `tabid`, `is_visible`, `position`, `updated_by`, `updated_at`) VALUES
(6, 'Accounts', 'Accounts', 6, 1, 3, 1, '2026-07-21 06:00:53'),
(6, 'Calendar', 'Calendar', 9, 1, 8, 1, '2026-07-21 06:00:53'),
(6, 'CalendarCal', 'Calendar', 9, 1, 7, 1, '2026-07-21 06:00:53'),
(6, 'Campaigns', 'Campaigns', 26, 1, 27, 1, '2026-07-21 06:00:53'),
(6, 'Communications', 'GooyaCommunications', NULL, 1, 9, 1, '2026-07-21 06:00:53'),
(6, 'Contacts', 'Contacts', 4, 1, 4, 1, '2026-07-21 06:00:53'),
(6, 'Emails', 'Emails', 10, 1, 11, 1, '2026-07-21 06:00:53'),
(6, 'Google', 'Google', 41, 0, 30, 1, '2026-07-21 06:00:53'),
(6, 'GooyaApprovals', 'GooyaApprovals', NULL, 1, 17, 1, '2026-07-21 06:00:53'),
(6, 'GooyaCompetitors', 'GooyaCompetitors', NULL, 1, 21, 1, '2026-07-21 06:00:53'),
(6, 'GooyaDropbox', 'GooyaDropbox', NULL, 0, 19, 1, '2026-07-21 06:00:53'),
(6, 'GooyaGoals', 'GooyaGoals', NULL, 1, 10, 1, '2026-07-21 06:00:53'),
(6, 'GooyaPdfTpl', 'GooyaPdfTpl', NULL, 1, 25, 1, '2026-07-21 06:00:53'),
(6, 'GooyaProductCat', 'GooyaProductCat', NULL, 1, 20, 1, '2026-07-21 06:00:53'),
(6, 'GooyaReports', 'GooyaReports', 50, 1, 28, 1, '2026-07-21 06:00:53'),
(6, 'GooyaTimesheet', 'GooyaTimesheet', NULL, 0, 16, 1, '2026-07-21 06:00:53'),
(6, 'Home', 'Home', 3, 1, 1, 1, '2026-07-21 06:00:53'),
(6, 'Invoice', 'Invoice', 23, 1, 24, 1, '2026-07-21 06:00:53'),
(6, 'KPI', 'KPI', NULL, 1, 18, 1, '2026-07-21 06:00:53'),
(6, 'Leads', 'Leads', 7, 1, 2, 1, '2026-07-21 06:00:53'),
(6, 'Potentials', 'Potentials', 2, 1, 5, 1, '2026-07-21 06:00:53'),
(6, 'Products', 'Products', 14, 1, 31, 1, '2026-07-21 06:00:53'),
(6, 'Project', 'Project', 45, 1, 13, 1, '2026-07-21 06:00:53'),
(6, 'PurchaseOrder', 'PurchaseOrder', 21, 1, 23, 1, '2026-07-21 06:00:53'),
(6, 'Quotes', 'Quotes', 20, 1, 6, 1, '2026-07-21 06:00:53'),
(6, 'SarvDeposits', 'SarvDeposits', 58, 1, 29, 1, '2026-07-21 06:00:53'),
(6, 'SarvPayments', 'SarvPayments', 52, 1, 12, 1, '2026-07-21 06:00:53'),
(6, 'SarvSalesContracts', 'SarvSalesContracts', 55, 1, 26, 1, '2026-07-21 06:00:53'),
(6, 'SarvSurveyResponses', 'SarvSurveyResponses', 54, 1, 32, 1, '2026-07-21 06:00:53'),
(6, 'Services', 'Services', 36, 1, 22, 1, '2026-07-21 06:00:53'),
(6, 'SMSNotifier', 'SMSNotifier', 47, 1, 14, 1, '2026-07-21 06:00:53'),
(6, 'Vendors', 'Vendors', 18, 1, 15, 1, '2026-07-21 06:00:53');

-- --------------------------------------------------------

--
-- Table structure for table `sarv_user_phones`
--

CREATE TABLE `sarv_user_phones` (
  `id` bigint(20) UNSIGNED NOT NULL,
  `user_id` int(11) NOT NULL,
  `phone_type` varchar(20) NOT NULL DEFAULT 'Office',
  `country_code` varchar(8) NOT NULL DEFAULT '+98',
  `phone_number` varchar(50) NOT NULL,
  `is_internal` tinyint(1) NOT NULL DEFAULT 0,
  `is_primary` tinyint(1) NOT NULL DEFAULT 0,
  `allow_fax` tinyint(1) NOT NULL DEFAULT 0,
  `allow_sms` tinyint(1) NOT NULL DEFAULT 0,
  `position` int(11) NOT NULL DEFAULT 0,
  `created_at` datetime NOT NULL,
  `updated_at` datetime NOT NULL
) ENGINE=InnoDB DEFAULT CHARSET=utf8mb4 COLLATE=utf8mb4_unicode_ci;

--
-- Dumping data for table `sarv_user_phones`
--

INSERT IGNORE INTO `sarv_user_phones` (`id`, `user_id`, `phone_type`, `country_code`, `phone_number`, `is_internal`, `is_primary`, `allow_fax`, `allow_sms`, `position`, `created_at`, `updated_at`) VALUES
(2, 5, 'Mobile', '+98', '09119220020', 0, 1, 0, 1, 2, '2026-07-21 05:46:30', '2026-07-21 05:46:30'),
(4, 7, 'Mobile', '+98', '09119090378', 0, 1, 0, 1, 2, '2026-07-21 05:46:30', '2026-07-21 05:46:30'),
(5, 8, 'Mobile', '+98', '09119090378', 0, 1, 0, 1, 2, '2026-07-21 05:46:30', '2026-07-21 05:46:30'),
(6, 9, 'Mobile', '+98', '09119090378', 0, 1, 0, 1, 2, '2026-07-21 05:46:30', '2026-07-21 05:46:30'),
(7, 10, 'Mobile', '+98', '09119090378', 0, 1, 0, 1, 2, '2026-07-21 05:46:30', '2026-07-21 05:46:30'),
(8, 11, 'Mobile', '+98', '09119090378', 0, 1, 0, 1, 2, '2026-07-21 05:46:30', '2026-07-21 05:46:30'),
(9, 12, 'Mobile', '+98', '09119090378', 0, 1, 0, 1, 2, '2026-07-21 05:46:30', '2026-07-21 05:46:30'),
(10, 13, 'Mobile', '+98', '09119090378', 0, 1, 0, 1, 2, '2026-07-21 05:46:30', '2026-07-21 05:46:30'),
(11, 14, 'Mobile', '+98', '09119090378', 0, 1, 0, 1, 2, '2026-07-21 05:46:30', '2026-07-21 05:46:30'),
(12, 15, 'Mobile', '+98', '09119090378', 0, 1, 0, 1, 2, '2026-07-21 05:46:30', '2026-07-21 05:46:30'),
(13, 16, 'Mobile', '+98', '09119090378', 0, 1, 0, 1, 2, '2026-07-21 05:46:30', '2026-07-21 05:46:30'),
(14, 17, 'Mobile', '+98', '09119090378', 0, 1, 0, 1, 2, '2026-07-21 05:46:30', '2026-07-21 05:46:30'),
(15, 18, 'Mobile', '+98', '09119090378', 0, 1, 0, 1, 2, '2026-07-21 05:46:30', '2026-07-21 05:46:30'),
(16, 19, 'Mobile', '+98', '09119090378', 0, 1, 0, 1, 2, '2026-07-21 05:46:30', '2026-07-21 05:46:30'),
(17, 20, 'Mobile', '+98', '09119090378', 0, 1, 0, 1, 2, '2026-07-21 05:46:30', '2026-07-21 05:46:30'),
(18, 21, 'Mobile', '+98', '09119090378', 0, 1, 0, 1, 2, '2026-07-21 05:46:30', '2026-07-21 05:46:30'),
(19, 22, 'Mobile', '+98', '09119090378', 0, 1, 0, 1, 2, '2026-07-21 05:46:30', '2026-07-21 05:46:30'),
(20, 23, 'Mobile', '+98', '09119090378', 0, 1, 0, 1, 2, '2026-07-21 05:46:30', '2026-07-21 05:46:30'),
(21, 24, 'Mobile', '+98', '09119090378', 0, 1, 0, 1, 2, '2026-07-21 05:46:30', '2026-07-21 05:46:30'),
(22, 25, 'Mobile', '+98', '09119090378', 0, 1, 0, 1, 2, '2026-07-21 05:46:30', '2026-07-21 05:46:30'),
(23, 26, 'Mobile', '+98', '09119090378', 0, 1, 0, 1, 2, '2026-07-21 05:46:30', '2026-07-21 05:46:30'),
(42, 6, 'Mobile', '+98', '09119090378', 0, 1, 0, 1, 1, '2026-07-21 06:07:11', '2026-07-21 06:07:11'),
(50, 6, 'Office', '+98', '+98 09119090378', 0, 0, 1, 0, 1, '2026-07-21 07:29:03', '2026-07-21 07:29:03'),
(51, 6, 'Mobile', '+98', '+98 09119090378', 0, 0, 0, 1, 2, '2026-07-21 07:29:03', '2026-07-21 07:29:03'),
(52, 1, 'Mobile', '+98', '09119090378', 0, 1, 0, 1, 1, '2026-07-21 07:29:14', '2026-07-21 07:29:14');

-- --------------------------------------------------------

--
-- Table structure for table `sarv_user_profile`
--

CREATE TABLE `sarv_user_profile` (
  `user_id` int(11) NOT NULL,
  `employee_status` varchar(30) NOT NULL DEFAULT 'Active',
  `job_position` varchar(100) DEFAULT NULL,
  `employment_start_date` date DEFAULT NULL,
  `position_change_date` date DEFAULT NULL,
  `geo_region` varchar(150) DEFAULT NULL,
  `geo_region_id` int(10) UNSIGNED DEFAULT NULL,
  `latitude` decimal(10,7) DEFAULT NULL,
  `longitude` decimal(10,7) DEFAULT NULL,
  `export_charset` varchar(20) NOT NULL DEFAULT 'UTF-8',
  `show_full_name` tinyint(1) NOT NULL DEFAULT 1,
  `name_format` varchar(30) NOT NULL DEFAULT 's f l',
  `notify_assignments` tinyint(1) NOT NULL DEFAULT 1,
  `default_sales_process` varchar(100) NOT NULL DEFAULT 'Default',
  `portal_support_access` tinyint(1) NOT NULL DEFAULT 0,
  `signature_original_name` varchar(255) DEFAULT NULL,
  `signature_stored_name` varchar(255) DEFAULT NULL,
  `signature_mime` varchar(100) DEFAULT NULL,
  `signature_size` int(10) UNSIGNED NOT NULL DEFAULT 0,
  `signature_updated_at` datetime DEFAULT NULL,
  `updated_by` int(11) DEFAULT NULL,
  `updated_at` datetime NOT NULL
) ENGINE=InnoDB DEFAULT CHARSET=utf8mb4 COLLATE=utf8mb4_unicode_ci;

--
-- Dumping data for table `sarv_user_profile`
--

INSERT IGNORE INTO `sarv_user_profile` (`user_id`, `employee_status`, `job_position`, `employment_start_date`, `position_change_date`, `geo_region`, `geo_region_id`, `latitude`, `longitude`, `export_charset`, `show_full_name`, `name_format`, `notify_assignments`, `default_sales_process`, `portal_support_access`, `signature_original_name`, `signature_stored_name`, `signature_mime`, `signature_size`, `signature_updated_at`, `updated_by`, `updated_at`) VALUES
(1, 'Active', '', NULL, NULL, '', NULL, NULL, NULL, 'UTF-8', 1, 's f l', 1, 'Default', 0, '', '', '', 0, NULL, 1, '2026-07-21 07:29:14'),
(2, 'Active', NULL, NULL, NULL, NULL, NULL, NULL, NULL, 'UTF-8', 1, 's f l', 1, 'Default', 0, NULL, NULL, NULL, 0, NULL, 1, '2026-07-21 05:46:30'),
(3, 'Active', NULL, NULL, NULL, NULL, NULL, NULL, NULL, 'UTF-8', 1, 's f l', 1, 'Default', 0, NULL, NULL, NULL, 0, NULL, 1, '2026-07-21 05:46:30'),
(4, 'Active', NULL, NULL, NULL, NULL, NULL, NULL, NULL, 'UTF-8', 1, 's f l', 1, 'Default', 0, NULL, NULL, NULL, 0, NULL, 1, '2026-07-21 05:46:30'),
(5, 'Active', NULL, NULL, NULL, NULL, NULL, NULL, NULL, 'UTF-8', 1, 's f l', 1, 'Default', 0, NULL, NULL, NULL, 0, NULL, 1, '2026-07-21 05:46:30'),
(6, 'Active', '', NULL, NULL, '', NULL, NULL, NULL, 'UTF-8', 1, 's f l', 1, 'Default', 0, '', '', '', 0, NULL, 1, '2026-07-21 06:07:11'),
(7, 'Active', NULL, NULL, NULL, NULL, NULL, NULL, NULL, 'UTF-8', 1, 's f l', 1, 'Default', 0, NULL, NULL, NULL, 0, NULL, 1, '2026-07-21 05:46:30'),
(8, 'Active', NULL, NULL, NULL, NULL, NULL, NULL, NULL, 'UTF-8', 1, 's f l', 1, 'Default', 0, NULL, NULL, NULL, 0, NULL, 1, '2026-07-21 05:46:30'),
(9, 'Active', NULL, NULL, NULL, NULL, NULL, NULL, NULL, 'UTF-8', 1, 's f l', 1, 'Default', 0, NULL, NULL, NULL, 0, NULL, 1, '2026-07-21 05:46:30'),
(10, 'Active', NULL, NULL, NULL, NULL, NULL, NULL, NULL, 'UTF-8', 1, 's f l', 1, 'Default', 0, NULL, NULL, NULL, 0, NULL, 1, '2026-07-21 05:46:30'),
(11, 'Active', NULL, NULL, NULL, NULL, NULL, NULL, NULL, 'UTF-8', 1, 's f l', 1, 'Default', 0, NULL, NULL, NULL, 0, NULL, 1, '2026-07-21 05:46:30'),
(12, 'Active', NULL, NULL, NULL, NULL, NULL, NULL, NULL, 'UTF-8', 1, 's f l', 1, 'Default', 0, NULL, NULL, NULL, 0, NULL, 1, '2026-07-21 05:46:30'),
(13, 'Active', NULL, NULL, NULL, NULL, NULL, NULL, NULL, 'UTF-8', 1, 's f l', 1, 'Default', 0, NULL, NULL, NULL, 0, NULL, 1, '2026-07-21 05:46:30'),
(14, 'Active', NULL, NULL, NULL, NULL, NULL, NULL, NULL, 'UTF-8', 1, 's f l', 1, 'Default', 0, NULL, NULL, NULL, 0, NULL, 1, '2026-07-21 05:46:30'),
(15, 'Active', NULL, NULL, NULL, NULL, NULL, NULL, NULL, 'UTF-8', 1, 's f l', 1, 'Default', 0, NULL, NULL, NULL, 0, NULL, 1, '2026-07-21 05:46:30'),
(16, 'Active', NULL, NULL, NULL, NULL, NULL, NULL, NULL, 'UTF-8', 1, 's f l', 1, 'Default', 0, NULL, NULL, NULL, 0, NULL, 1, '2026-07-21 05:46:30'),
(17, 'Active', NULL, NULL, NULL, NULL, NULL, NULL, NULL, 'UTF-8', 1, 's f l', 1, 'Default', 0, NULL, NULL, NULL, 0, NULL, 1, '2026-07-21 05:46:30'),
(18, 'Active', NULL, NULL, NULL, NULL, NULL, NULL, NULL, 'UTF-8', 1, 's f l', 1, 'Default', 0, NULL, NULL, NULL, 0, NULL, 1, '2026-07-21 05:46:30'),
(19, 'Active', NULL, NULL, NULL, NULL, NULL, NULL, NULL, 'UTF-8', 1, 's f l', 1, 'Default', 0, NULL, NULL, NULL, 0, NULL, 1, '2026-07-21 05:46:30'),
(20, 'Active', NULL, NULL, NULL, NULL, NULL, NULL, NULL, 'UTF-8', 1, 's f l', 1, 'Default', 0, NULL, NULL, NULL, 0, NULL, 1, '2026-07-21 05:46:30'),
(21, 'Active', NULL, NULL, NULL, NULL, NULL, NULL, NULL, 'UTF-8', 1, 's f l', 1, 'Default', 0, NULL, NULL, NULL, 0, NULL, 1, '2026-07-21 05:46:30'),
(22, 'Active', NULL, NULL, NULL, NULL, NULL, NULL, NULL, 'UTF-8', 1, 's f l', 1, 'Default', 0, NULL, NULL, NULL, 0, NULL, 1, '2026-07-21 05:46:30'),
(23, 'Active', NULL, NULL, NULL, NULL, NULL, NULL, NULL, 'UTF-8', 1, 's f l', 1, 'Default', 0, NULL, NULL, NULL, 0, NULL, 1, '2026-07-21 05:46:30'),
(24, 'Active', NULL, NULL, NULL, NULL, NULL, NULL, NULL, 'UTF-8', 1, 's f l', 1, 'Default', 0, NULL, NULL, NULL, 0, NULL, 1, '2026-07-21 05:46:30'),
(25, 'Active', NULL, NULL, NULL, NULL, NULL, NULL, NULL, 'UTF-8', 1, 's f l', 1, 'Default', 0, NULL, NULL, NULL, 0, NULL, 1, '2026-07-21 05:46:30'),
(26, 'Active', NULL, NULL, NULL, NULL, NULL, NULL, NULL, 'UTF-8', 1, 's f l', 1, 'Default', 0, NULL, NULL, NULL, 0, NULL, 1, '2026-07-21 05:46:30');

-- --------------------------------------------------------

--
-- Table structure for table `sarv_user_profile_audit`
--

CREATE TABLE `sarv_user_profile_audit` (
  `id` bigint(20) UNSIGNED NOT NULL,
  `user_id` int(11) NOT NULL,
  `changed_by` int(11) DEFAULT NULL,
  `before_json` longtext DEFAULT NULL,
  `after_json` longtext NOT NULL,
  `changed_at` datetime NOT NULL
) ENGINE=InnoDB DEFAULT CHARSET=utf8mb4 COLLATE=utf8mb4_unicode_ci;

--
-- Dumping data for table `sarv_user_profile_audit`
--

INSERT IGNORE INTO `sarv_user_profile_audit` (`id`, `user_id`, `changed_by`, `before_json`, `after_json`, `changed_at`) VALUES
(1, 1, 1, '{\"profile\":{\"employee_status\":\"Active\",\"job_position\":\"\",\"employment_start_date\":\"\",\"position_change_date\":\"\",\"geo_region\":\"\",\"latitude\":\"\",\"longitude\":\"\",\"export_charset\":\"UTF-8\",\"show_full_name\":\"1\",\"name_format\":\"s f l\",\"notify_assignments\":\"1\",\"default_sales_process\":\"Default\",\"portal_support_access\":\"0\",\"signature_original_name\":\"\",\"signature_stored_name\":\"\",\"signature_mime\":\"\",\"signature_size\":\"0\"},\"phones\":[{\"type\":\"Mobile\",\"country_code\":\"+98\",\"number\":\"09119090378\",\"internal\":0,\"primary\":1,\"fax\":0,\"sms\":1}],\"emails\":[{\"email\":\"hossein.fgh@gmail.com\",\"primary\":1}]}', '{\"profile\":{\"employee_status\":\"Active\",\"job_position\":\"\",\"employment_start_date\":\"\",\"position_change_date\":\"\",\"geo_region\":\"\",\"latitude\":\"\",\"longitude\":\"\",\"export_charset\":\"UTF-8\",\"show_full_name\":\"1\",\"name_format\":\"s f l\",\"notify_assignments\":\"1\",\"default_sales_process\":\"Default\",\"portal_support_access\":\"0\",\"signature_original_name\":\"\",\"signature_stored_name\":\"\",\"signature_mime\":\"\",\"signature_size\":\"0\"},\"phones\":[{\"type\":\"Mobile\",\"country_code\":\"+98\",\"number\":\"09119090378\",\"internal\":0,\"primary\":1,\"fax\":0,\"sms\":1}],\"emails\":[{\"email\":\"hossein.fgh@gmail.com\",\"primary\":1}]}', '2026-07-21 05:52:16'),
(2, 6, 1, '{\"profile\":{\"employee_status\":\"Active\",\"job_position\":\"\",\"employment_start_date\":\"\",\"position_change_date\":\"\",\"geo_region\":\"\",\"latitude\":\"\",\"longitude\":\"\",\"export_charset\":\"UTF-8\",\"show_full_name\":\"1\",\"name_format\":\"s f l\",\"notify_assignments\":\"1\",\"default_sales_process\":\"Default\",\"portal_support_access\":\"0\",\"signature_original_name\":\"\",\"signature_stored_name\":\"\",\"signature_mime\":\"\",\"signature_size\":\"0\"},\"phones\":[{\"type\":\"Mobile\",\"country_code\":\"+98\",\"number\":\"09119090378\",\"internal\":0,\"primary\":1,\"fax\":0,\"sms\":1}],\"emails\":[{\"email\":\"kpiseed_mgr@example.local\",\"primary\":1}]}', '{\"profile\":{\"employee_status\":\"Active\",\"job_position\":\"\",\"employment_start_date\":\"\",\"position_change_date\":\"\",\"geo_region\":\"\",\"latitude\":\"\",\"longitude\":\"\",\"export_charset\":\"UTF-8\",\"show_full_name\":\"1\",\"name_format\":\"s f l\",\"notify_assignments\":\"1\",\"default_sales_process\":\"Default\",\"portal_support_access\":\"0\",\"signature_original_name\":\"\",\"signature_stored_name\":\"\",\"signature_mime\":\"\",\"signature_size\":\"0\"},\"phones\":[{\"type\":\"Mobile\",\"country_code\":\"+98\",\"number\":\"09119090378\",\"internal\":0,\"primary\":1,\"fax\":0,\"sms\":1}],\"emails\":[{\"email\":\"kpiseed_mgr@example.local\",\"primary\":1}]}', '2026-07-21 05:59:19'),
(3, 6, 1, '{\"profile\":{\"employee_status\":\"Active\",\"job_position\":\"\",\"employment_start_date\":\"\",\"position_change_date\":\"\",\"geo_region\":\"\",\"latitude\":\"\",\"longitude\":\"\",\"export_charset\":\"UTF-8\",\"show_full_name\":\"1\",\"name_format\":\"s f l\",\"notify_assignments\":\"1\",\"default_sales_process\":\"Default\",\"portal_support_access\":\"0\",\"signature_original_name\":\"\",\"signature_stored_name\":\"\",\"signature_mime\":\"\",\"signature_size\":\"0\"},\"phones\":[{\"type\":\"Mobile\",\"country_code\":\"+98\",\"number\":\"09119090378\",\"internal\":0,\"primary\":1,\"fax\":0,\"sms\":1}],\"emails\":[{\"email\":\"kpiseed_mgr@example.local\",\"primary\":1}]}', '{\"profile\":{\"employee_status\":\"Active\",\"job_position\":\"\",\"employment_start_date\":\"\",\"position_change_date\":\"\",\"geo_region\":\"\",\"latitude\":\"\",\"longitude\":\"\",\"export_charset\":\"UTF-8\",\"show_full_name\":\"1\",\"name_format\":\"s f l\",\"notify_assignments\":\"1\",\"default_sales_process\":\"Default\",\"portal_support_access\":\"0\",\"signature_original_name\":\"logo.png\",\"signature_stored_name\":\"0dbf5cc9551e2e970eebc6231f09cb0b394e259c.png\",\"signature_mime\":\"image\\/png\",\"signature_size\":\"13070\"},\"phones\":[{\"type\":\"Mobile\",\"country_code\":\"+98\",\"number\":\"09119090378\",\"internal\":0,\"primary\":1,\"fax\":0,\"sms\":1}],\"emails\":[{\"email\":\"kpiseed_mgr@example.local\",\"primary\":1}]}', '2026-07-21 06:00:04'),
(4, 6, 1, '{\"profile\":{\"employee_status\":\"Active\",\"job_position\":\"\",\"employment_start_date\":\"\",\"position_change_date\":\"\",\"geo_region\":\"\",\"latitude\":\"\",\"longitude\":\"\",\"export_charset\":\"UTF-8\",\"show_full_name\":\"1\",\"name_format\":\"s f l\",\"notify_assignments\":\"1\",\"default_sales_process\":\"Default\",\"portal_support_access\":\"0\",\"signature_original_name\":\"logo.png\",\"signature_stored_name\":\"0dbf5cc9551e2e970eebc6231f09cb0b394e259c.png\",\"signature_mime\":\"image\\/png\",\"signature_size\":\"13070\"},\"phones\":[{\"type\":\"Mobile\",\"country_code\":\"+98\",\"number\":\"09119090378\",\"internal\":0,\"primary\":1,\"fax\":0,\"sms\":1}],\"emails\":[{\"email\":\"kpiseed_mgr@example.local\",\"primary\":1}]}', '{\"profile\":{\"employee_status\":\"Active\",\"job_position\":\"\",\"employment_start_date\":\"\",\"position_change_date\":\"\",\"geo_region\":\"\",\"latitude\":\"\",\"longitude\":\"\",\"export_charset\":\"UTF-8\",\"show_full_name\":\"1\",\"name_format\":\"s f l\",\"notify_assignments\":\"1\",\"default_sales_process\":\"Default\",\"portal_support_access\":\"0\",\"signature_original_name\":\"\",\"signature_stored_name\":\"\",\"signature_mime\":\"\",\"signature_size\":\"0\"},\"phones\":[{\"type\":\"Mobile\",\"country_code\":\"+98\",\"number\":\"09119090378\",\"internal\":0,\"primary\":1,\"fax\":0,\"sms\":1}],\"emails\":[{\"email\":\"kpiseed_mgr@example.local\",\"primary\":1}]}', '2026-07-21 06:00:27'),
(5, 6, 1, '{\"profile\":{\"employee_status\":\"Active\",\"job_position\":\"\",\"employment_start_date\":\"\",\"position_change_date\":\"\",\"geo_region\":\"\",\"latitude\":\"\",\"longitude\":\"\",\"export_charset\":\"UTF-8\",\"show_full_name\":\"1\",\"name_format\":\"s f l\",\"notify_assignments\":\"1\",\"default_sales_process\":\"Default\",\"portal_support_access\":\"0\",\"signature_original_name\":\"\",\"signature_stored_name\":\"\",\"signature_mime\":\"\",\"signature_size\":\"0\"},\"phones\":[{\"type\":\"Mobile\",\"country_code\":\"+98\",\"number\":\"09119090378\",\"internal\":0,\"primary\":1,\"fax\":0,\"sms\":1}],\"emails\":[{\"email\":\"kpiseed_mgr@example.local\",\"primary\":1}]}', '{\"profile\":{\"employee_status\":\"Active\",\"job_position\":\"\",\"employment_start_date\":\"\",\"position_change_date\":\"\",\"geo_region\":\"\",\"latitude\":\"\",\"longitude\":\"\",\"export_charset\":\"UTF-8\",\"show_full_name\":\"1\",\"name_format\":\"s f l\",\"notify_assignments\":\"1\",\"default_sales_process\":\"Default\",\"portal_support_access\":\"0\",\"signature_original_name\":\"\",\"signature_stored_name\":\"\",\"signature_mime\":\"\",\"signature_size\":\"0\"},\"phones\":[{\"type\":\"Mobile\",\"country_code\":\"+98\",\"number\":\"09119090378\",\"internal\":0,\"primary\":1,\"fax\":0,\"sms\":1}],\"emails\":[{\"email\":\"kpiseed_mgr@example.local\",\"primary\":1}]}', '2026-07-21 06:00:53'),
(6, 1, 1, '{\"profile\":{\"employee_status\":\"Active\",\"job_position\":\"\",\"employment_start_date\":\"\",\"position_change_date\":\"\",\"geo_region\":\"\",\"latitude\":\"\",\"longitude\":\"\",\"export_charset\":\"UTF-8\",\"show_full_name\":\"1\",\"name_format\":\"s f l\",\"notify_assignments\":\"1\",\"default_sales_process\":\"Default\",\"portal_support_access\":\"0\",\"signature_original_name\":\"\",\"signature_stored_name\":\"\",\"signature_mime\":\"\",\"signature_size\":\"0\"},\"phones\":[{\"type\":\"Mobile\",\"country_code\":\"+98\",\"number\":\"09119090378\",\"internal\":0,\"primary\":1,\"fax\":0,\"sms\":1}],\"emails\":[{\"email\":\"hossein.fgh@gmail.com\",\"primary\":1}]}', '{\"profile\":{\"employee_status\":\"Active\",\"job_position\":\"\",\"employment_start_date\":\"\",\"position_change_date\":\"\",\"geo_region\":\"\",\"latitude\":\"\",\"longitude\":\"\",\"export_charset\":\"UTF-8\",\"show_full_name\":\"1\",\"name_format\":\"s f l\",\"notify_assignments\":\"1\",\"default_sales_process\":\"Default\",\"portal_support_access\":\"0\",\"signature_original_name\":\"\",\"signature_stored_name\":\"\",\"signature_mime\":\"\",\"signature_size\":\"0\"},\"phones\":[{\"type\":\"Mobile\",\"country_code\":\"+98\",\"number\":\"09119090378\",\"internal\":0,\"primary\":1,\"fax\":0,\"sms\":1}],\"emails\":[{\"email\":\"hossein.fgh@gmail.com\",\"primary\":1}]}', '2026-07-21 06:01:29'),
(7, 1, 1, '{\"profile\":{\"employee_status\":\"Active\",\"job_position\":\"\",\"employment_start_date\":\"\",\"position_change_date\":\"\",\"geo_region\":\"\",\"latitude\":\"\",\"longitude\":\"\",\"export_charset\":\"UTF-8\",\"show_full_name\":\"1\",\"name_format\":\"s f l\",\"notify_assignments\":\"1\",\"default_sales_process\":\"Default\",\"portal_support_access\":\"0\",\"signature_original_name\":\"\",\"signature_stored_name\":\"\",\"signature_mime\":\"\",\"signature_size\":\"0\"},\"phones\":[{\"type\":\"Mobile\",\"country_code\":\"+98\",\"number\":\"09119090378\",\"internal\":0,\"primary\":1,\"fax\":0,\"sms\":1}],\"emails\":[{\"email\":\"hossein.fgh@gmail.com\",\"primary\":1}]}', '{\"profile\":{\"employee_status\":\"Active\",\"job_position\":\"\",\"employment_start_date\":\"\",\"position_change_date\":\"\",\"geo_region\":\"\",\"latitude\":\"\",\"longitude\":\"\",\"export_charset\":\"UTF-8\",\"show_full_name\":\"1\",\"name_format\":\"s f l\",\"notify_assignments\":\"1\",\"default_sales_process\":\"Default\",\"portal_support_access\":\"0\",\"signature_original_name\":\"\",\"signature_stored_name\":\"\",\"signature_mime\":\"\",\"signature_size\":\"0\"},\"phones\":[{\"type\":\"Mobile\",\"country_code\":\"+98\",\"number\":\"09119090378\",\"internal\":0,\"primary\":1,\"fax\":0,\"sms\":1}],\"emails\":[{\"email\":\"hossein.fgh@gmail.com\",\"primary\":1}]}', '2026-07-21 06:04:03'),
(8, 6, 1, '{\"profile\":{\"employee_status\":\"Active\",\"job_position\":\"\",\"employment_start_date\":\"\",\"position_change_date\":\"\",\"geo_region\":\"\",\"latitude\":\"\",\"longitude\":\"\",\"export_charset\":\"UTF-8\",\"show_full_name\":\"1\",\"name_format\":\"s f l\",\"notify_assignments\":\"1\",\"default_sales_process\":\"Default\",\"portal_support_access\":\"0\",\"signature_original_name\":\"\",\"signature_stored_name\":\"\",\"signature_mime\":\"\",\"signature_size\":\"0\"},\"phones\":[{\"type\":\"Mobile\",\"country_code\":\"+98\",\"number\":\"09119090378\",\"internal\":0,\"primary\":1,\"fax\":0,\"sms\":1}],\"emails\":[{\"email\":\"kpiseed_mgr@example.local\",\"primary\":1}]}', '{\"profile\":{\"employee_status\":\"Active\",\"job_position\":\"\",\"employment_start_date\":\"\",\"position_change_date\":\"\",\"geo_region\":\"\",\"latitude\":\"\",\"longitude\":\"\",\"export_charset\":\"UTF-8\",\"show_full_name\":\"1\",\"name_format\":\"s f l\",\"notify_assignments\":\"1\",\"default_sales_process\":\"Default\",\"portal_support_access\":\"0\",\"signature_original_name\":\"\",\"signature_stored_name\":\"\",\"signature_mime\":\"\",\"signature_size\":\"0\"},\"phones\":[{\"type\":\"Mobile\",\"country_code\":\"+98\",\"number\":\"09119090378\",\"internal\":0,\"primary\":1,\"fax\":0,\"sms\":1}],\"emails\":[{\"email\":\"kpiseed_mgr@example.local\",\"primary\":1}]}', '2026-07-21 06:05:31'),
(9, 6, 1, '{\"profile\":{\"employee_status\":\"Active\",\"job_position\":\"\",\"employment_start_date\":\"\",\"position_change_date\":\"\",\"geo_region\":\"\",\"latitude\":\"\",\"longitude\":\"\",\"export_charset\":\"UTF-8\",\"show_full_name\":\"1\",\"name_format\":\"s f l\",\"notify_assignments\":\"1\",\"default_sales_process\":\"Default\",\"portal_support_access\":\"0\",\"signature_original_name\":\"\",\"signature_stored_name\":\"\",\"signature_mime\":\"\",\"signature_size\":\"0\"},\"phones\":[{\"type\":\"Mobile\",\"country_code\":\"+98\",\"number\":\"09119090378\",\"internal\":0,\"primary\":1,\"fax\":0,\"sms\":1}],\"emails\":[{\"email\":\"kpiseed_mgr@example.local\",\"primary\":1}]}', '{\"profile\":{\"employee_status\":\"Active\",\"job_position\":\"\",\"employment_start_date\":\"\",\"position_change_date\":\"\",\"geo_region\":\"\",\"latitude\":\"\",\"longitude\":\"\",\"export_charset\":\"UTF-8\",\"show_full_name\":\"1\",\"name_format\":\"s f l\",\"notify_assignments\":\"1\",\"default_sales_process\":\"Default\",\"portal_support_access\":\"0\",\"signature_original_name\":\"\",\"signature_stored_name\":\"\",\"signature_mime\":\"\",\"signature_size\":\"0\"},\"phones\":[{\"type\":\"Mobile\",\"country_code\":\"+98\",\"number\":\"09119090378\",\"internal\":0,\"primary\":1,\"fax\":0,\"sms\":1}],\"emails\":[{\"email\":\"kpiseed_mgr@example.local\",\"primary\":1}]}', '2026-07-21 06:06:20'),
(10, 6, 1, '{\"profile\":{\"employee_status\":\"Active\",\"job_position\":\"\",\"employment_start_date\":\"\",\"position_change_date\":\"\",\"geo_region\":\"\",\"latitude\":\"\",\"longitude\":\"\",\"export_charset\":\"UTF-8\",\"show_full_name\":\"1\",\"name_format\":\"s f l\",\"notify_assignments\":\"1\",\"default_sales_process\":\"Default\",\"portal_support_access\":\"0\",\"signature_original_name\":\"\",\"signature_stored_name\":\"\",\"signature_mime\":\"\",\"signature_size\":\"0\"},\"phones\":[{\"type\":\"Mobile\",\"country_code\":\"+98\",\"number\":\"09119090378\",\"internal\":0,\"primary\":1,\"fax\":0,\"sms\":1}],\"emails\":[{\"email\":\"kpiseed_mgr@example.local\",\"primary\":1}]}', '{\"profile\":{\"employee_status\":\"Active\",\"job_position\":\"\",\"employment_start_date\":\"\",\"position_change_date\":\"\",\"geo_region\":\"\",\"latitude\":\"\",\"longitude\":\"\",\"export_charset\":\"UTF-8\",\"show_full_name\":\"1\",\"name_format\":\"s f l\",\"notify_assignments\":\"1\",\"default_sales_process\":\"Default\",\"portal_support_access\":\"0\",\"signature_original_name\":\"logo.png\",\"signature_stored_name\":\"f99804f5c03fcfccf123b263cd3919eb0118e9ff.png\",\"signature_mime\":\"image\\/png\",\"signature_size\":\"13070\"},\"phones\":[{\"type\":\"Mobile\",\"country_code\":\"+98\",\"number\":\"09119090378\",\"internal\":0,\"primary\":1,\"fax\":0,\"sms\":1}],\"emails\":[{\"email\":\"kpiseed_mgr@example.local\",\"primary\":1}]}', '2026-07-21 06:07:09'),
(11, 6, 1, '{\"profile\":{\"employee_status\":\"Active\",\"job_position\":\"\",\"employment_start_date\":\"\",\"position_change_date\":\"\",\"geo_region\":\"\",\"latitude\":\"\",\"longitude\":\"\",\"export_charset\":\"UTF-8\",\"show_full_name\":\"1\",\"name_format\":\"s f l\",\"notify_assignments\":\"1\",\"default_sales_process\":\"Default\",\"portal_support_access\":\"0\",\"signature_original_name\":\"logo.png\",\"signature_stored_name\":\"f99804f5c03fcfccf123b263cd3919eb0118e9ff.png\",\"signature_mime\":\"image\\/png\",\"signature_size\":\"13070\"},\"phones\":[{\"type\":\"Mobile\",\"country_code\":\"+98\",\"number\":\"09119090378\",\"internal\":0,\"primary\":1,\"fax\":0,\"sms\":1}],\"emails\":[{\"email\":\"kpiseed_mgr@example.local\",\"primary\":1}]}', '{\"profile\":{\"employee_status\":\"Active\",\"job_position\":\"\",\"employment_start_date\":\"\",\"position_change_date\":\"\",\"geo_region\":\"\",\"latitude\":\"\",\"longitude\":\"\",\"export_charset\":\"UTF-8\",\"show_full_name\":\"1\",\"name_format\":\"s f l\",\"notify_assignments\":\"1\",\"default_sales_process\":\"Default\",\"portal_support_access\":\"0\",\"signature_original_name\":\"\",\"signature_stored_name\":\"\",\"signature_mime\":\"\",\"signature_size\":\"0\"},\"phones\":[{\"type\":\"Mobile\",\"country_code\":\"+98\",\"number\":\"09119090378\",\"internal\":0,\"primary\":1,\"fax\":0,\"sms\":1}],\"emails\":[{\"email\":\"kpiseed_mgr@example.local\",\"primary\":1}]}', '2026-07-21 06:07:11'),
(12, 1, 1, '{\"profile\":{\"employee_status\":\"Active\",\"job_position\":\"\",\"employment_start_date\":\"\",\"position_change_date\":\"\",\"geo_region\":\"\",\"latitude\":\"\",\"longitude\":\"\",\"export_charset\":\"UTF-8\",\"show_full_name\":\"1\",\"name_format\":\"s f l\",\"notify_assignments\":\"1\",\"default_sales_process\":\"Default\",\"portal_support_access\":\"0\",\"signature_original_name\":\"\",\"signature_stored_name\":\"\",\"signature_mime\":\"\",\"signature_size\":\"0\"},\"phones\":[{\"type\":\"Mobile\",\"country_code\":\"+98\",\"number\":\"09119090378\",\"internal\":0,\"primary\":1,\"fax\":0,\"sms\":1}],\"emails\":[{\"email\":\"hossein.fgh@gmail.com\",\"primary\":1}]}', '{\"profile\":{\"employee_status\":\"Active\",\"job_position\":\"\",\"employment_start_date\":\"\",\"position_change_date\":\"\",\"geo_region\":\"\",\"latitude\":\"\",\"longitude\":\"\",\"export_charset\":\"UTF-8\",\"show_full_name\":\"1\",\"name_format\":\"s f l\",\"notify_assignments\":\"1\",\"default_sales_process\":\"Default\",\"portal_support_access\":\"0\",\"signature_original_name\":\"\",\"signature_stored_name\":\"\",\"signature_mime\":\"\",\"signature_size\":\"0\"},\"phones\":[{\"type\":\"Mobile\",\"country_code\":\"+98\",\"number\":\"09119090378\",\"internal\":0,\"primary\":1,\"fax\":0,\"sms\":1}],\"emails\":[{\"email\":\"hossein.fgh@gmail.com\",\"primary\":1}]}', '2026-07-21 06:07:58'),
(13, 1, 1, '{\"profile\":{\"employee_status\":\"Active\",\"job_position\":\"\",\"employment_start_date\":\"\",\"position_change_date\":\"\",\"geo_region\":\"\",\"latitude\":\"\",\"longitude\":\"\",\"export_charset\":\"UTF-8\",\"show_full_name\":\"1\",\"name_format\":\"s f l\",\"notify_assignments\":\"1\",\"default_sales_process\":\"Default\",\"portal_support_access\":\"0\",\"signature_original_name\":\"\",\"signature_stored_name\":\"\",\"signature_mime\":\"\",\"signature_size\":\"0\"},\"phones\":[{\"type\":\"Mobile\",\"country_code\":\"+98\",\"number\":\"09119090378\",\"internal\":0,\"primary\":1,\"fax\":0,\"sms\":1}],\"emails\":[{\"email\":\"hossein.fgh@gmail.com\",\"primary\":1}]}', '{\"profile\":{\"employee_status\":\"Active\",\"job_position\":\"\",\"employment_start_date\":\"\",\"position_change_date\":\"\",\"geo_region\":\"\",\"latitude\":\"\",\"longitude\":\"\",\"export_charset\":\"UTF-8\",\"show_full_name\":\"1\",\"name_format\":\"s f l\",\"notify_assignments\":\"1\",\"default_sales_process\":\"Default\",\"portal_support_access\":\"0\",\"signature_original_name\":\"\",\"signature_stored_name\":\"\",\"signature_mime\":\"\",\"signature_size\":\"0\"},\"phones\":[{\"type\":\"Mobile\",\"country_code\":\"+98\",\"number\":\"09119090378\",\"internal\":0,\"primary\":1,\"fax\":0,\"sms\":1}],\"emails\":[{\"email\":\"hossein.fgh@gmail.com\",\"primary\":1}]}', '2026-07-21 06:23:37'),
(14, 1, 1, '{\"profile\":{\"employee_status\":\"Active\",\"job_position\":\"\",\"employment_start_date\":\"\",\"position_change_date\":\"\",\"geo_region\":\"\",\"latitude\":\"\",\"longitude\":\"\",\"export_charset\":\"UTF-8\",\"show_full_name\":\"1\",\"name_format\":\"s f l\",\"notify_assignments\":\"1\",\"default_sales_process\":\"Default\",\"portal_support_access\":\"0\",\"signature_original_name\":\"\",\"signature_stored_name\":\"\",\"signature_mime\":\"\",\"signature_size\":\"0\"},\"phones\":[{\"type\":\"Mobile\",\"country_code\":\"+98\",\"number\":\"09119090378\",\"internal\":0,\"primary\":1,\"fax\":0,\"sms\":1}],\"emails\":[{\"email\":\"hossein.fgh@gmail.com\",\"primary\":1}]}', '{\"profile\":{\"employee_status\":\"Active\",\"job_position\":\"\",\"employment_start_date\":\"\",\"position_change_date\":\"\",\"geo_region\":\"\",\"latitude\":\"\",\"longitude\":\"\",\"export_charset\":\"UTF-8\",\"show_full_name\":\"1\",\"name_format\":\"s f l\",\"notify_assignments\":\"1\",\"default_sales_process\":\"Default\",\"portal_support_access\":\"0\",\"signature_original_name\":\"\",\"signature_stored_name\":\"\",\"signature_mime\":\"\",\"signature_size\":\"0\"},\"phones\":[{\"type\":\"Mobile\",\"country_code\":\"+98\",\"number\":\"09119090378\",\"internal\":0,\"primary\":1,\"fax\":0,\"sms\":1}],\"emails\":[{\"email\":\"hossein.fgh@gmail.com\",\"primary\":1}]}', '2026-07-21 06:28:28'),
(15, 1, 1, '{\"profile\":{\"employee_status\":\"Active\",\"job_position\":\"\",\"employment_start_date\":\"\",\"position_change_date\":\"\",\"geo_region\":\"\",\"latitude\":\"\",\"longitude\":\"\",\"export_charset\":\"UTF-8\",\"show_full_name\":\"1\",\"name_format\":\"s f l\",\"notify_assignments\":\"1\",\"default_sales_process\":\"Default\",\"portal_support_access\":\"0\",\"signature_original_name\":\"\",\"signature_stored_name\":\"\",\"signature_mime\":\"\",\"signature_size\":\"0\"},\"phones\":[{\"type\":\"Mobile\",\"country_code\":\"+98\",\"number\":\"09119090378\",\"internal\":0,\"primary\":1,\"fax\":0,\"sms\":1}],\"emails\":[{\"email\":\"hossein.fgh@gmail.com\",\"primary\":1}]}', '{\"profile\":{\"employee_status\":\"Active\",\"job_position\":\"\",\"employment_start_date\":\"\",\"position_change_date\":\"\",\"geo_region\":\"\",\"latitude\":\"\",\"longitude\":\"\",\"export_charset\":\"UTF-8\",\"show_full_name\":\"1\",\"name_format\":\"s f l\",\"notify_assignments\":\"1\",\"default_sales_process\":\"Default\",\"portal_support_access\":\"0\",\"signature_original_name\":\"\",\"signature_stored_name\":\"\",\"signature_mime\":\"\",\"signature_size\":\"0\"},\"phones\":[{\"type\":\"Mobile\",\"country_code\":\"+98\",\"number\":\"09119090378\",\"internal\":0,\"primary\":1,\"fax\":0,\"sms\":1}],\"emails\":[{\"email\":\"hossein.fgh@gmail.com\",\"primary\":1}]}', '2026-07-21 06:52:20'),
(16, 1, 1, '{\"profile\":{\"employee_status\":\"Active\",\"job_position\":\"\",\"employment_start_date\":\"\",\"position_change_date\":\"\",\"geo_region\":\"\",\"latitude\":\"\",\"longitude\":\"\",\"export_charset\":\"UTF-8\",\"show_full_name\":\"1\",\"name_format\":\"s f l\",\"notify_assignments\":\"1\",\"default_sales_process\":\"Default\",\"portal_support_access\":\"0\",\"signature_original_name\":\"\",\"signature_stored_name\":\"\",\"signature_mime\":\"\",\"signature_size\":\"0\"},\"phones\":[{\"type\":\"Mobile\",\"country_code\":\"+98\",\"number\":\"09119090378\",\"internal\":0,\"primary\":1,\"fax\":0,\"sms\":1}],\"emails\":[{\"email\":\"hossein.fgh@gmail.com\",\"primary\":1}]}', '{\"profile\":{\"employee_status\":\"Active\",\"job_position\":\"\",\"employment_start_date\":\"\",\"position_change_date\":\"\",\"geo_region\":\"\",\"latitude\":\"\",\"longitude\":\"\",\"export_charset\":\"UTF-8\",\"show_full_name\":\"1\",\"name_format\":\"s f l\",\"notify_assignments\":\"1\",\"default_sales_process\":\"Default\",\"portal_support_access\":\"0\",\"signature_original_name\":\"\",\"signature_stored_name\":\"\",\"signature_mime\":\"\",\"signature_size\":\"0\"},\"phones\":[{\"type\":\"Mobile\",\"country_code\":\"+98\",\"number\":\"09119090378\",\"internal\":0,\"primary\":1,\"fax\":0,\"sms\":1}],\"emails\":[{\"email\":\"hossein.fgh@gmail.com\",\"primary\":1}]}', '2026-07-21 06:57:21'),
(17, 1, 1, '{\"profile\":{\"employee_status\":\"Active\",\"job_position\":\"\",\"employment_start_date\":\"\",\"position_change_date\":\"\",\"geo_region\":\"\",\"latitude\":\"\",\"longitude\":\"\",\"export_charset\":\"UTF-8\",\"show_full_name\":\"1\",\"name_format\":\"s f l\",\"notify_assignments\":\"1\",\"default_sales_process\":\"Default\",\"portal_support_access\":\"0\",\"signature_original_name\":\"\",\"signature_stored_name\":\"\",\"signature_mime\":\"\",\"signature_size\":\"0\"},\"phones\":[{\"type\":\"Mobile\",\"country_code\":\"+98\",\"number\":\"09119090378\",\"internal\":0,\"primary\":1,\"fax\":0,\"sms\":1}],\"emails\":[{\"email\":\"hossein.fgh@gmail.com\",\"primary\":1}]}', '{\"profile\":{\"employee_status\":\"Active\",\"job_position\":\"\",\"employment_start_date\":\"\",\"position_change_date\":\"\",\"geo_region\":\"\",\"latitude\":\"\",\"longitude\":\"\",\"export_charset\":\"UTF-8\",\"show_full_name\":\"1\",\"name_format\":\"s f l\",\"notify_assignments\":\"1\",\"default_sales_process\":\"Default\",\"portal_support_access\":\"0\",\"signature_original_name\":\"\",\"signature_stored_name\":\"\",\"signature_mime\":\"\",\"signature_size\":\"0\"},\"phones\":[{\"type\":\"Mobile\",\"country_code\":\"+98\",\"number\":\"09119090378\",\"internal\":0,\"primary\":1,\"fax\":0,\"sms\":1}],\"emails\":[{\"email\":\"hossein.fgh@gmail.com\",\"primary\":1}]}', '2026-07-21 07:00:18'),
(18, 1, 1, '{\"profile\":{\"employee_status\":\"Active\",\"job_position\":\"\",\"employment_start_date\":\"\",\"position_change_date\":\"\",\"geo_region\":\"\",\"geo_region_id\":\"\",\"latitude\":\"\",\"longitude\":\"\",\"export_charset\":\"UTF-8\",\"show_full_name\":\"1\",\"name_format\":\"s f l\",\"notify_assignments\":\"1\",\"default_sales_process\":\"Default\",\"portal_support_access\":\"0\",\"signature_original_name\":\"\",\"signature_stored_name\":\"\",\"signature_mime\":\"\",\"signature_size\":\"0\"},\"phones\":[{\"type\":\"Mobile\",\"country_code\":\"+98\",\"number\":\"09119090378\",\"internal\":0,\"primary\":1,\"fax\":0,\"sms\":1}],\"emails\":[{\"email\":\"hossein.fgh@gmail.com\",\"primary\":1}]}', '{\"profile\":{\"employee_status\":\"Active\",\"job_position\":\"\",\"employment_start_date\":\"\",\"position_change_date\":\"\",\"geo_region\":\"\",\"geo_region_id\":\"\",\"latitude\":\"\",\"longitude\":\"\",\"export_charset\":\"UTF-8\",\"show_full_name\":\"1\",\"name_format\":\"s f l\",\"notify_assignments\":\"1\",\"default_sales_process\":\"Default\",\"portal_support_access\":\"0\",\"signature_original_name\":\"\",\"signature_stored_name\":\"\",\"signature_mime\":\"\",\"signature_size\":\"0\"},\"phones\":[{\"type\":\"Mobile\",\"country_code\":\"+98\",\"number\":\"09119090378\",\"internal\":0,\"primary\":1,\"fax\":0,\"sms\":1}],\"emails\":[{\"email\":\"hossein.fgh@gmail.com\",\"primary\":1}]}', '2026-07-21 07:21:01'),
(19, 1, 1, '{\"profile\":{\"employee_status\":\"Active\",\"job_position\":\"\",\"employment_start_date\":\"\",\"position_change_date\":\"\",\"geo_region\":\"\",\"geo_region_id\":\"\",\"latitude\":\"\",\"longitude\":\"\",\"export_charset\":\"UTF-8\",\"show_full_name\":\"1\",\"name_format\":\"s f l\",\"notify_assignments\":\"1\",\"default_sales_process\":\"Default\",\"portal_support_access\":\"0\",\"signature_original_name\":\"\",\"signature_stored_name\":\"\",\"signature_mime\":\"\",\"signature_size\":\"0\"},\"phones\":[{\"type\":\"Mobile\",\"country_code\":\"+98\",\"number\":\"09119090378\",\"internal\":0,\"primary\":1,\"fax\":0,\"sms\":1}],\"emails\":[{\"email\":\"hossein.fgh@gmail.com\",\"primary\":1}]}', '{\"profile\":{\"employee_status\":\"Active\",\"job_position\":\"\",\"employment_start_date\":\"\",\"position_change_date\":\"\",\"geo_region\":\"\",\"geo_region_id\":\"\",\"latitude\":\"\",\"longitude\":\"\",\"export_charset\":\"UTF-8\",\"show_full_name\":\"1\",\"name_format\":\"s f l\",\"notify_assignments\":\"1\",\"default_sales_process\":\"Default\",\"portal_support_access\":\"0\",\"signature_original_name\":\"\",\"signature_stored_name\":\"\",\"signature_mime\":\"\",\"signature_size\":\"0\"},\"phones\":[{\"type\":\"Mobile\",\"country_code\":\"+98\",\"number\":\"09119090378\",\"internal\":0,\"primary\":1,\"fax\":0,\"sms\":1}],\"emails\":[{\"email\":\"hossein.fgh@gmail.com\",\"primary\":1}]}', '2026-07-21 07:29:14');

-- --------------------------------------------------------

--
-- Table structure for table `vtiger_access_level`
--

CREATE TABLE `vtiger_access_level` (
  `access_levelid` int(11) NOT NULL,
  `access_level` varchar(200) NOT NULL,
  `presence` int(1) NOT NULL DEFAULT 1,
  `picklist_valueid` int(11) NOT NULL DEFAULT 0,
  `sortorderid` int(11) DEFAULT 0,
  `color` varchar(10) DEFAULT NULL
) ENGINE=InnoDB DEFAULT CHARSET=utf8 COLLATE=utf8_general_ci;

--
-- Dumping data for table `vtiger_access_level`
--

INSERT IGNORE INTO `vtiger_access_level` (`access_levelid`, `access_level`, `presence`, `picklist_valueid`, `sortorderid`, `color`) VALUES
(1, 'Read', 1, 464, 1, NULL),
(2, 'Write', 1, 465, 2, NULL);

-- --------------------------------------------------------

--
-- Table structure for table `vtiger_access_level_seq`
--

CREATE TABLE `vtiger_access_level_seq` (
  `id` int(11) NOT NULL
) ENGINE=InnoDB DEFAULT CHARSET=utf8 COLLATE=utf8_unicode_ci;

--
-- Dumping data for table `vtiger_access_level_seq`
--

INSERT IGNORE INTO `vtiger_access_level_seq` (`id`) VALUES
(2);

-- --------------------------------------------------------

--
-- Table structure for table `vtiger_account`
--

CREATE TABLE `vtiger_account` (
  `accountid` int(19) NOT NULL DEFAULT 0,
  `account_no` varchar(100) NOT NULL,
  `accountname` varchar(100) NOT NULL,
  `parentid` int(19) DEFAULT 0,
  `account_type` varchar(200) DEFAULT NULL,
  `industry` varchar(200) DEFAULT NULL,
  `annualrevenue` decimal(25,8) DEFAULT NULL,
  `rating` varchar(200) DEFAULT NULL,
  `ownership` varchar(50) DEFAULT NULL,
  `siccode` varchar(50) DEFAULT NULL,
  `tickersymbol` varchar(30) DEFAULT NULL,
  `phone` varchar(30) DEFAULT NULL,
  `otherphone` varchar(30) DEFAULT NULL,
  `email1` varchar(100) DEFAULT NULL,
  `email2` varchar(100) DEFAULT NULL,
  `website` varchar(100) DEFAULT NULL,
  `fax` varchar(30) DEFAULT NULL,
  `employees` int(10) DEFAULT 0,
  `emailoptout` varchar(3) DEFAULT '0',
  `notify_owner` varchar(3) DEFAULT '0',
  `isconvertedfromlead` varchar(3) DEFAULT '0',
  `tags` varchar(1) DEFAULT NULL
) ENGINE=InnoDB DEFAULT CHARSET=utf8 COLLATE=utf8_general_ci;

--
-- Dumping data for table `vtiger_account`
--

INSERT IGNORE INTO `vtiger_account` (`accountid`, `account_no`, `accountname`, `parentid`, `account_type`, `industry`, `annualrevenue`, `rating`, `ownership`, `siccode`, `tickersymbol`, `phone`, `otherphone`, `email1`, `email2`, `website`, `fax`, `employees`, `emailoptout`, `notify_owner`, `isconvertedfromlead`, `tags`) VALUES
(20, 'ACC20', 'فرایند سازان ایران فردا (مثال)', 0, NULL, NULL, NULL, NULL, NULL, NULL, NULL, NULL, NULL, NULL, NULL, NULL, NULL, 0, '0', '0', '0', NULL),
(21, 'ACC21', 'پیشگامان صنعت داده (مثال)', 0, NULL, NULL, NULL, NULL, NULL, NULL, NULL, NULL, NULL, NULL, NULL, NULL, NULL, 0, '0', '0', '0', NULL),
(22, 'ACC22', 'فرایند گستران شرق (مثال)', 0, NULL, NULL, NULL, NULL, NULL, NULL, NULL, NULL, NULL, NULL, NULL, NULL, NULL, 0, '0', '0', '0', NULL),
(23, 'ACC23', 'الکترونیک گستر (مثال)', 0, NULL, NULL, NULL, NULL, NULL, NULL, NULL, NULL, NULL, NULL, NULL, NULL, NULL, 0, '0', '0', '0', NULL),
(24, 'ACC24', 'اورنگ (مثال)', 0, NULL, NULL, NULL, NULL, NULL, NULL, NULL, NULL, NULL, NULL, NULL, NULL, NULL, 0, '0', '0', '0', NULL),
(25, 'ACC25', 'کیان (مثال)', 0, NULL, NULL, NULL, NULL, NULL, NULL, NULL, NULL, NULL, NULL, NULL, NULL, NULL, 0, '0', '0', '0', NULL),
(2028, 'ACC2028', 'هایتک (مثال)', 0, NULL, NULL, NULL, NULL, NULL, NULL, NULL, NULL, NULL, NULL, NULL, NULL, NULL, 0, '0', '0', '0', NULL),
(2029, 'ACC2029', 'لیما (مثال)', 0, NULL, NULL, NULL, NULL, NULL, NULL, NULL, NULL, NULL, NULL, NULL, NULL, NULL, 0, '0', '0', '0', NULL),
(2030, 'ACC2030', 'رایتل (مثال)', 0, NULL, NULL, NULL, NULL, NULL, NULL, NULL, NULL, NULL, NULL, NULL, NULL, NULL, 0, '0', '0', '0', NULL),
(2031, 'ACC2031', 'سبزیاران (مثال)', 0, NULL, NULL, NULL, NULL, NULL, NULL, NULL, NULL, NULL, NULL, NULL, NULL, NULL, 0, '0', '0', '0', NULL),
(2032, 'ACC2032', 'طلایه داران (مثال)', 0, NULL, NULL, NULL, NULL, NULL, NULL, NULL, NULL, NULL, NULL, NULL, NULL, NULL, 0, '0', '0', '0', NULL),
(2033, 'ACC2033', 'شباهنگ (مثال)', 0, NULL, NULL, NULL, NULL, NULL, NULL, NULL, NULL, NULL, NULL, NULL, NULL, NULL, 0, '0', '0', '0', NULL),
(2034, 'ACC2034', 'آذر مهر (مثال)', 0, NULL, NULL, NULL, NULL, NULL, NULL, NULL, '+98 910 000 0000', NULL, 'azarmehr@test.com', NULL, 'www.test.com', NULL, 0, '0', '0', '0', NULL),
(2035, 'ACC2035', 'نیروی ماهواره ای کوچک (مثال)', 0, NULL, NULL, NULL, NULL, NULL, NULL, NULL, NULL, NULL, NULL, NULL, NULL, NULL, 0, '0', '0', '0', NULL),
(2036, 'ACC2036', 'آقای کامران دادجو (مثال)', 0, NULL, NULL, NULL, NULL, NULL, NULL, NULL, NULL, NULL, NULL, NULL, NULL, NULL, 0, '0', '0', '0', NULL),
(2037, 'ACC2037', 'زامیاد (مثال)', 0, NULL, NULL, NULL, NULL, NULL, NULL, NULL, NULL, NULL, NULL, NULL, NULL, NULL, 0, '0', '0', '0', NULL),
(2166, 'ACC3', 'Gouya-LEAD-SMOKE-20260718040406-5955', 0, '', 'خدماتی', 0.00000000, 'زیاد', '', '', '', '+989129998877', '', 'lead-updated@example.test', '', 'https://example.test', '02166554433', 0, '0', '0', '1', ''),
(2198, 'ACC4', 'Gouya-LEAD-SMOKE-20260718043336-8174', 0, '', 'خدماتی', 0.00000000, 'زیاد', '', '', '', '+989129998877', '', 'lead-updated@example.test', '', 'https://example.test', '02166554433', 0, '0', '0', '1', ''),
(2206, 'ACC5', 'Gouya-LEAD-SMOKE-20260718043458-8234', 0, '', 'خدماتی', 0.00000000, 'زیاد', '', '', '', '+989129998877', '', 'lead-updated@example.test', '', 'https://example.test', '02166554433', 0, '0', '0', '1', ''),
(2214, 'ACC6', 'Gouya-LEAD-SMOKE-20260718043554-3440', 0, '', 'خدماتی', 0.00000000, 'زیاد', '', '', '', '+989129998877', '', 'lead-updated@example.test', '', 'https://example.test', '02166554433', 0, '0', '0', '1', ''),
(2221, 'ACC7', 'شعبه آزمایشی حساب ۲۰۳۶ [Gouya-PHASE06]', 2036, NULL, NULL, 0.00000000, NULL, '', '', '', '02100002036', '', 'branch2036@example.test', '', '', '', 0, '0', '0', '0', ''),
(2235, 'ACC8', 'گویا حساب', 0, '', '', 0.00000000, '', '', '', '', '', '', '', '', '', '', 0, '0', '0', '0', NULL),
(2275, 'ACC9', 'SARV-LEAD-SMOKE-20260730063600-5929', 0, '', 'خدماتی', 0.00000000, 'زیاد', '', '', '', '+989129998877', '', 'lead-updated@example.test', '', 'https://example.test', '02166554433', 0, '0', '0', '1', ''),
(2312, 'ACC10', 'SARV-LEAD-SMOKE-20260809061344-4881', 0, '', 'خدماتی', 0.00000000, 'زیاد', '', '', '', '+989129998877', '', 'lead-updated@example.test', '', 'https://example.test', '02166554433', 0, '0', '0', '1', ''),
(2320, 'ACC11', 'SARV-LEAD-SMOKE-20260809062044-1209', 0, '', 'خدماتی', 0.00000000, 'زیاد', '', '', '', '+989129998877', '', 'lead-updated@example.test', '', 'https://example.test', '02166554433', 0, '0', '0', '1', ''),
(2328, 'ACC12', 'SARV-LEAD-SMOKE-20260809062220-7570', 0, '', 'خدماتی', 0.00000000, 'زیاد', '', '', '', '+989129998877', '', 'lead-updated@example.test', '', 'https://example.test', '02166554433', 0, '0', '0', '1', ''),
(2336, 'ACC13', 'SARV-LEAD-SMOKE-20260809062704-6866', 0, '', 'خدماتی', 0.00000000, 'زیاد', '', '', '', '+989129998877', '', 'lead-updated@example.test', '', 'https://example.test', '02166554433', 0, '0', '0', '1', ''),
(2344, 'ACC14', 'SARV-LEAD-SMOKE-20260809063037-9459', 0, '', 'خدماتی', 0.00000000, 'زیاد', '', '', '', '+989129998877', '', 'lead-updated@example.test', '', 'https://example.test', '02166554433', 0, '0', '0', '1', ''),
(2352, 'ACC15', 'SARV-LEAD-SMOKE-20260809063122-8988', 0, '', 'خدماتی', 0.00000000, 'زیاد', '', '', '', '+989129998877', '', 'lead-updated@example.test', '', 'https://example.test', '02166554433', 0, '0', '0', '1', '');

-- --------------------------------------------------------

--
-- Table structure for table `vtiger_accountbillads`
--

CREATE TABLE `vtiger_accountbillads` (
  `accountaddressid` int(19) NOT NULL DEFAULT 0,
  `bill_city` varchar(30) DEFAULT NULL,
  `bill_code` varchar(30) DEFAULT NULL,
  `bill_country` varchar(30) DEFAULT NULL,
  `bill_state` varchar(30) DEFAULT NULL,
  `bill_street` varchar(250) DEFAULT NULL,
  `bill_pobox` varchar(30) DEFAULT NULL
) ENGINE=InnoDB DEFAULT CHARSET=utf8 COLLATE=utf8_general_ci;

--
-- Dumping data for table `vtiger_accountbillads`
--

INSERT IGNORE INTO `vtiger_accountbillads` (`accountaddressid`, `bill_city`, `bill_code`, `bill_country`, `bill_state`, `bill_street`, `bill_pobox`) VALUES
(20, 'تهران', NULL, NULL, NULL, NULL, NULL),
(21, 'اصفهان', NULL, NULL, NULL, NULL, NULL),
(22, 'مشهد', NULL, NULL, NULL, NULL, NULL),
(23, 'شیراز', NULL, NULL, NULL, NULL, NULL),
(24, 'تبریز', NULL, NULL, NULL, NULL, NULL),
(25, 'کرج', NULL, NULL, NULL, NULL, NULL),
(2028, 'اهواز', NULL, NULL, NULL, NULL, NULL),
(2029, 'رشت', NULL, NULL, NULL, NULL, NULL),
(2030, 'یزد', NULL, NULL, NULL, NULL, NULL),
(2031, 'قم', NULL, NULL, NULL, NULL, NULL),
(2032, 'کرمان', NULL, NULL, NULL, NULL, NULL),
(2033, 'همدان', NULL, NULL, NULL, NULL, NULL),
(2034, 'تهران', NULL, 'ایران', 'تهران', NULL, NULL),
(2035, 'تهران', NULL, NULL, NULL, NULL, NULL),
(2036, 'اصفهان', NULL, NULL, NULL, NULL, NULL),
(2037, 'مشهد', NULL, NULL, NULL, NULL, NULL),
(2166, 'تهران', '1111111111', 'ایران', 'تهران', 'آدرس اصلی تست', ''),
(2198, 'تهران', '1111111111', 'ایران', 'تهران', 'آدرس اصلی تست', ''),
(2206, 'تهران', '1111111111', 'ایران', 'تهران', 'آدرس اصلی تست', ''),
(2214, 'تهران', '1111111111', 'ایران', 'تهران', 'آدرس اصلی تست', ''),
(2221, '', '', '', '', '', ''),
(2235, '', '', '', '', '', ''),
(2275, 'تهران', '1111111111', 'ایران', 'تهران', 'آدرس اصلی تست', ''),
(2312, 'تهران', '1111111111', 'ایران', 'تهران', 'آدرس اصلی تست', ''),
(2320, 'تهران', '1111111111', 'ایران', 'تهران', 'آدرس اصلی تست', ''),
(2328, 'تهران', '1111111111', 'ایران', 'تهران', 'آدرس اصلی تست', ''),
(2336, 'تهران', '1111111111', 'ایران', 'تهران', 'آدرس اصلی تست', ''),
(2344, 'تهران', '1111111111', 'ایران', 'تهران', 'آدرس اصلی تست', ''),
(2352, 'تهران', '1111111111', 'ایران', 'تهران', 'آدرس اصلی تست', '');

-- --------------------------------------------------------

--
-- Table structure for table `vtiger_accountrating`
--

CREATE TABLE `vtiger_accountrating` (
  `accountratingid` int(19) NOT NULL,
  `rating` varchar(200) NOT NULL,
  `sortorderid` int(19) NOT NULL DEFAULT 0,
  `presence` int(1) NOT NULL DEFAULT 1
) ENGINE=InnoDB DEFAULT CHARSET=utf8 COLLATE=utf8_general_ci;

-- --------------------------------------------------------

--
-- Table structure for table `vtiger_accountscf`
--

CREATE TABLE `vtiger_accountscf` (
  `accountid` int(19) NOT NULL DEFAULT 0,
  `cf_party_type` varchar(200) DEFAULT NULL,
  `cf_customer_code` varchar(100) DEFAULT NULL,
  `cf_first_name` varchar(100) DEFAULT NULL,
  `cf_last_name` varchar(100) DEFAULT NULL,
  `cf_alternate_name` varchar(255) DEFAULT NULL,
  `cf_sub_industry` varchar(200) DEFAULT NULL,
  `cf_portal_visible` varchar(3) DEFAULT NULL,
  `cf_national_code` varchar(20) DEFAULT NULL,
  `cf_identity_no` varchar(50) DEFAULT NULL,
  `cf_birth_date` date DEFAULT NULL,
  `cf_registration_no` varchar(100) DEFAULT NULL,
  `cf_national_id` varchar(20) DEFAULT NULL,
  `cf_economic_code` varchar(30) DEFAULT NULL,
  `cf_registration_date` date DEFAULT NULL,
  `cf_foreign_national` varchar(3) DEFAULT NULL,
  `cf_universal_code` varchar(100) DEFAULT NULL,
  `cf_bill_region` varchar(150) DEFAULT NULL,
  `cf_ship_region` varchar(150) DEFAULT NULL,
  `cf_bill_lat` decimal(10,7) DEFAULT NULL,
  `cf_bill_lng` decimal(10,7) DEFAULT NULL,
  `cf_ship_lat` decimal(10,7) DEFAULT NULL,
  `cf_ship_lng` decimal(10,7) DEFAULT NULL,
  `cf_credit_status` varchar(100) DEFAULT NULL,
  `cf_credit_type` varchar(100) DEFAULT NULL,
  `cf_credit_source` varchar(255) DEFAULT NULL,
  `cf_credit_expiry` date DEFAULT NULL,
  `cf_credit_amount` decimal(25,8) DEFAULT NULL,
  `cf_credit_limit` decimal(25,8) DEFAULT NULL,
  `cf_credit_notes` text DEFAULT NULL,
  `cf_sales_discount` decimal(7,3) DEFAULT NULL,
  `cf_linkedin` varchar(255) DEFAULT NULL,
  `cf_instagram` varchar(255) DEFAULT NULL,
  `cf_facebook` varchar(255) DEFAULT NULL,
  `cf_twitter` varchar(255) DEFAULT NULL,
  `cf_blog` varchar(255) DEFAULT NULL
) ENGINE=InnoDB DEFAULT CHARSET=utf8 COLLATE=utf8_general_ci;

--
-- Dumping data for table `vtiger_accountscf`
--

INSERT IGNORE INTO `vtiger_accountscf` (`accountid`, `cf_party_type`, `cf_customer_code`, `cf_first_name`, `cf_last_name`, `cf_alternate_name`, `cf_sub_industry`, `cf_portal_visible`, `cf_national_code`, `cf_identity_no`, `cf_birth_date`, `cf_registration_no`, `cf_national_id`, `cf_economic_code`, `cf_registration_date`, `cf_foreign_national`, `cf_universal_code`, `cf_bill_region`, `cf_ship_region`, `cf_bill_lat`, `cf_bill_lng`, `cf_ship_lat`, `cf_ship_lng`, `cf_credit_status`, `cf_credit_type`, `cf_credit_source`, `cf_credit_expiry`, `cf_credit_amount`, `cf_credit_limit`, `cf_credit_notes`, `cf_sales_discount`, `cf_linkedin`, `cf_instagram`, `cf_facebook`, `cf_twitter`, `cf_blog`) VALUES
(20, NULL, NULL, NULL, NULL, NULL, NULL, NULL, NULL, NULL, NULL, NULL, NULL, NULL, NULL, NULL, NULL, NULL, NULL, NULL, NULL, NULL, NULL, NULL, NULL, NULL, NULL, NULL, NULL, NULL, NULL, NULL, NULL, NULL, NULL, NULL),
(21, NULL, NULL, NULL, NULL, NULL, NULL, NULL, NULL, NULL, NULL, NULL, NULL, NULL, NULL, NULL, NULL, NULL, NULL, NULL, NULL, NULL, NULL, NULL, NULL, NULL, NULL, NULL, NULL, NULL, NULL, NULL, NULL, NULL, NULL, NULL),
(22, NULL, NULL, NULL, NULL, NULL, NULL, NULL, NULL, NULL, NULL, NULL, NULL, NULL, NULL, NULL, NULL, NULL, NULL, NULL, NULL, NULL, NULL, NULL, NULL, NULL, NULL, NULL, NULL, NULL, NULL, NULL, NULL, NULL, NULL, NULL),
(23, NULL, NULL, NULL, NULL, NULL, NULL, NULL, NULL, NULL, NULL, NULL, NULL, NULL, NULL, NULL, NULL, NULL, NULL, NULL, NULL, NULL, NULL, NULL, NULL, NULL, NULL, NULL, NULL, NULL, NULL, NULL, NULL, NULL, NULL, NULL),
(24, NULL, NULL, NULL, NULL, NULL, NULL, NULL, NULL, NULL, NULL, NULL, NULL, NULL, NULL, NULL, NULL, NULL, NULL, NULL, NULL, NULL, NULL, NULL, NULL, NULL, NULL, NULL, NULL, NULL, NULL, NULL, NULL, NULL, NULL, NULL),
(25, NULL, NULL, NULL, NULL, NULL, NULL, NULL, NULL, NULL, NULL, NULL, NULL, NULL, NULL, NULL, NULL, NULL, NULL, NULL, NULL, NULL, NULL, NULL, NULL, NULL, NULL, NULL, NULL, NULL, NULL, NULL, NULL, NULL, NULL, NULL),
(2028, NULL, NULL, NULL, NULL, NULL, NULL, NULL, NULL, NULL, NULL, NULL, NULL, NULL, NULL, NULL, NULL, NULL, NULL, NULL, NULL, NULL, NULL, NULL, NULL, NULL, NULL, NULL, NULL, NULL, NULL, NULL, NULL, NULL, NULL, NULL),
(2029, NULL, NULL, NULL, NULL, NULL, NULL, NULL, NULL, NULL, NULL, NULL, NULL, NULL, NULL, NULL, NULL, NULL, NULL, NULL, NULL, NULL, NULL, NULL, NULL, NULL, NULL, NULL, NULL, NULL, NULL, NULL, NULL, NULL, NULL, NULL),
(2030, NULL, NULL, NULL, NULL, NULL, NULL, NULL, NULL, NULL, NULL, NULL, NULL, NULL, NULL, NULL, NULL, NULL, NULL, NULL, NULL, NULL, NULL, NULL, NULL, NULL, NULL, NULL, NULL, NULL, NULL, NULL, NULL, NULL, NULL, NULL),
(2031, NULL, NULL, NULL, NULL, NULL, NULL, NULL, NULL, NULL, NULL, NULL, NULL, NULL, NULL, NULL, NULL, NULL, NULL, NULL, NULL, NULL, NULL, NULL, NULL, NULL, NULL, NULL, NULL, NULL, NULL, NULL, NULL, NULL, NULL, NULL),
(2032, NULL, NULL, NULL, NULL, NULL, NULL, NULL, NULL, NULL, NULL, NULL, NULL, NULL, NULL, NULL, NULL, NULL, NULL, NULL, NULL, NULL, NULL, NULL, NULL, NULL, NULL, NULL, NULL, NULL, NULL, NULL, NULL, NULL, NULL, NULL),
(2033, NULL, NULL, NULL, NULL, NULL, NULL, NULL, NULL, NULL, NULL, NULL, NULL, NULL, NULL, NULL, NULL, NULL, NULL, NULL, NULL, NULL, NULL, NULL, NULL, NULL, NULL, NULL, NULL, NULL, NULL, NULL, NULL, NULL, NULL, NULL),
(2034, 'حقوقی', NULL, NULL, NULL, NULL, NULL, NULL, NULL, NULL, NULL, NULL, NULL, NULL, NULL, NULL, NULL, NULL, NULL, NULL, NULL, NULL, NULL, NULL, NULL, NULL, NULL, NULL, NULL, NULL, NULL, NULL, NULL, NULL, NULL, NULL),
(2035, NULL, NULL, NULL, NULL, NULL, NULL, NULL, NULL, NULL, NULL, NULL, NULL, NULL, NULL, NULL, NULL, NULL, NULL, NULL, NULL, NULL, NULL, NULL, NULL, NULL, NULL, NULL, NULL, NULL, NULL, NULL, NULL, NULL, NULL, NULL),
(2036, NULL, NULL, NULL, NULL, NULL, NULL, NULL, NULL, NULL, NULL, NULL, NULL, NULL, NULL, NULL, NULL, NULL, NULL, NULL, NULL, NULL, NULL, NULL, NULL, NULL, NULL, NULL, NULL, NULL, NULL, NULL, NULL, NULL, NULL, NULL),
(2037, NULL, NULL, NULL, NULL, NULL, NULL, NULL, NULL, NULL, NULL, NULL, NULL, NULL, NULL, NULL, NULL, NULL, NULL, NULL, NULL, NULL, NULL, NULL, NULL, NULL, NULL, NULL, NULL, NULL, NULL, NULL, NULL, NULL, NULL, NULL),
(2166, 'حقوقی', '', 'آزمون', 'یکپارچگی سرنخ', '', '', '1', '', '', NULL, '98765', '10101010101', '411111111111', NULL, '0', '', 'منطقه یک', 'منطقه دو', 35.6900000, 51.3900000, 35.8400000, 50.9400000, '', '', '', NULL, 0.00000000, 0.00000000, '', 0.000, 'https://linkedin.com/company/example', 'https://instagram.com/example', '', '', ''),
(2198, 'حقوقی', '', 'آزمون', 'یکپارچگی سرنخ', '', '', '1', '', '', NULL, '98765', '10101010101', '411111111111', NULL, '0', '', 'منطقه یک', 'منطقه دو', 35.6900000, 51.3900000, 35.8400000, 50.9400000, '', '', '', NULL, 0.00000000, 0.00000000, '', 0.000, 'https://linkedin.com/company/example', 'https://instagram.com/example', '', '', ''),
(2206, 'حقوقی', '', 'آزمون', 'یکپارچگی سرنخ', '', '', '1', '', '', NULL, '98765', '10101010101', '411111111111', NULL, '0', '', 'منطقه یک', 'منطقه دو', 35.6900000, 51.3900000, 35.8400000, 50.9400000, '', '', '', NULL, 0.00000000, 0.00000000, '', 0.000, 'https://linkedin.com/company/example', 'https://instagram.com/example', '', '', ''),
(2214, 'حقوقی', '', 'آزمون', 'یکپارچگی سرنخ', '', '', '1', '', '', NULL, '98765', '10101010101', '411111111111', NULL, '0', '', 'منطقه یک', 'منطقه دو', 35.6900000, 51.3900000, 35.8400000, 50.9400000, '', '', '', NULL, 0.00000000, 0.00000000, '', 0.000, 'https://linkedin.com/company/example', 'https://instagram.com/example', '', '', ''),
(2221, NULL, '', '', '', '', '', '0', '', '', NULL, '', '', '', NULL, '0', '', '', '', 0.0000000, 0.0000000, 0.0000000, 0.0000000, NULL, NULL, NULL, NULL, 0.00000000, 0.00000000, '', 0.000, '', '', '', '', ''),
(2235, NULL, NULL, NULL, NULL, NULL, NULL, NULL, NULL, NULL, NULL, NULL, NULL, NULL, NULL, NULL, NULL, NULL, NULL, NULL, NULL, NULL, NULL, NULL, NULL, NULL, NULL, NULL, NULL, NULL, NULL, NULL, NULL, NULL, NULL, NULL),
(2275, 'حقوقی', '', 'آزمون', 'یکپارچگی سرنخ', '', '', '1', '', '', NULL, '98765', '10101010101', '411111111111', NULL, '0', '', 'منطقه یک', 'منطقه دو', 35.6900000, 51.3900000, 35.8400000, 50.9400000, '', '', '', NULL, 0.00000000, 0.00000000, '', 0.000, 'https://linkedin.com/company/example', 'https://instagram.com/example', '', '', ''),
(2312, 'حقوقی', '', 'آزمون', 'یکپارچگی سرنخ', '', '', '1', '', '', NULL, '98765', '10101010101', '411111111111', NULL, '0', '', 'منطقه یک', 'منطقه دو', 35.6900000, 51.3900000, 35.8400000, 50.9400000, '', '', '', NULL, 0.00000000, 0.00000000, '', 0.000, 'https://linkedin.com/company/example', 'https://instagram.com/example', '', '', ''),
(2320, 'حقوقی', '', 'آزمون', 'یکپارچگی سرنخ', '', '', '1', '', '', NULL, '98765', '10101010101', '411111111111', NULL, '0', '', 'منطقه یک', 'منطقه دو', 35.6900000, 51.3900000, 35.8400000, 50.9400000, '', '', '', NULL, 0.00000000, 0.00000000, '', 0.000, 'https://linkedin.com/company/example', 'https://instagram.com/example', '', '', ''),
(2328, 'حقوقی', '', 'آزمون', 'یکپارچگی سرنخ', '', '', '1', '', '', NULL, '98765', '10101010101', '411111111111', NULL, '0', '', 'منطقه یک', 'منطقه دو', 35.6900000, 51.3900000, 35.8400000, 50.9400000, '', '', '', NULL, 0.00000000, 0.00000000, '', 0.000, 'https://linkedin.com/company/example', 'https://instagram.com/example', '', '', ''),
(2336, 'حقوقی', '', 'آزمون', 'یکپارچگی سرنخ', '', '', '1', '', '', NULL, '98765', '10101010101', '411111111111', NULL, '0', '', 'منطقه یک', 'منطقه دو', 35.6900000, 51.3900000, 35.8400000, 50.9400000, '', '', '', NULL, 0.00000000, 0.00000000, '', 0.000, 'https://linkedin.com/company/example', 'https://instagram.com/example', '', '', ''),
(2344, 'حقوقی', '', 'آزمون', 'یکپارچگی سرنخ', '', '', '1', '', '', NULL, '98765', '10101010101', '411111111111', NULL, '0', '', 'منطقه یک', 'منطقه دو', 35.6900000, 51.3900000, 35.8400000, 50.9400000, '', '', '', NULL, 0.00000000, 0.00000000, '', 0.000, 'https://linkedin.com/company/example', 'https://instagram.com/example', '', '', ''),
(2352, 'حقوقی', '', 'آزمون', 'یکپارچگی سرنخ', '', '', '1', '', '', NULL, '98765', '10101010101', '411111111111', NULL, '0', '', 'منطقه یک', 'منطقه دو', 35.6900000, 51.3900000, 35.8400000, 50.9400000, '', '', '', NULL, 0.00000000, 0.00000000, '', 0.000, 'https://linkedin.com/company/example', 'https://instagram.com/example', '', '', '');

-- --------------------------------------------------------

--
-- Table structure for table `vtiger_accountshipads`
--

CREATE TABLE `vtiger_accountshipads` (
  `accountaddressid` int(19) NOT NULL DEFAULT 0,
  `ship_city` varchar(30) DEFAULT NULL,
  `ship_code` varchar(30) DEFAULT NULL,
  `ship_country` varchar(30) DEFAULT NULL,
  `ship_state` varchar(30) DEFAULT NULL,
  `ship_pobox` varchar(30) DEFAULT NULL,
  `ship_street` varchar(250) DEFAULT NULL
) ENGINE=InnoDB DEFAULT CHARSET=utf8 COLLATE=utf8_general_ci;

--
-- Dumping data for table `vtiger_accountshipads`
--

INSERT IGNORE INTO `vtiger_accountshipads` (`accountaddressid`, `ship_city`, `ship_code`, `ship_country`, `ship_state`, `ship_pobox`, `ship_street`) VALUES
(20, NULL, NULL, NULL, NULL, NULL, NULL),
(21, NULL, NULL, NULL, NULL, NULL, NULL),
(22, NULL, NULL, NULL, NULL, NULL, NULL),
(23, NULL, NULL, NULL, NULL, NULL, NULL),
(24, NULL, NULL, NULL, NULL, NULL, NULL),
(25, NULL, NULL, NULL, NULL, NULL, NULL),
(2028, NULL, NULL, NULL, NULL, NULL, NULL),
(2029, NULL, NULL, NULL, NULL, NULL, NULL),
(2030, NULL, NULL, NULL, NULL, NULL, NULL),
(2031, NULL, NULL, NULL, NULL, NULL, NULL),
(2032, NULL, NULL, NULL, NULL, NULL, NULL),
(2033, NULL, NULL, NULL, NULL, NULL, NULL),
(2034, NULL, NULL, NULL, NULL, NULL, NULL),
(2035, NULL, NULL, NULL, NULL, NULL, NULL),
(2036, NULL, NULL, NULL, NULL, NULL, NULL),
(2037, NULL, NULL, NULL, NULL, NULL, NULL),
(2166, 'کرج', '2222222222', 'ایران', 'البرز', '', 'آدرس دوم تست'),
(2198, 'کرج', '2222222222', 'ایران', 'البرز', '', 'آدرس دوم تست'),
(2206, 'کرج', '2222222222', 'ایران', 'البرز', '', 'آدرس دوم تست'),
(2214, 'کرج', '2222222222', 'ایران', 'البرز', '', 'آدرس دوم تست'),
(2221, '', '', '', '', '', ''),
(2235, '', '', '', '', '', ''),
(2275, 'کرج', '2222222222', 'ایران', 'البرز', '', 'آدرس دوم تست'),
(2312, 'کرج', '2222222222', 'ایران', 'البرز', '', 'آدرس دوم تست'),
(2320, 'کرج', '2222222222', 'ایران', 'البرز', '', 'آدرس دوم تست'),
(2328, 'کرج', '2222222222', 'ایران', 'البرز', '', 'آدرس دوم تست'),
(2336, 'کرج', '2222222222', 'ایران', 'البرز', '', 'آدرس دوم تست'),
(2344, 'کرج', '2222222222', 'ایران', 'البرز', '', 'آدرس دوم تست'),
(2352, 'کرج', '2222222222', 'ایران', 'البرز', '', 'آدرس دوم تست');

-- --------------------------------------------------------

--
-- Table structure for table `vtiger_accounttype`
--

CREATE TABLE `vtiger_accounttype` (
  `accounttypeid` int(19) NOT NULL,
  `accounttype` varchar(200) NOT NULL,
  `presence` int(1) NOT NULL DEFAULT 1,
  `picklist_valueid` int(19) NOT NULL DEFAULT 0,
  `sortorderid` int(11) DEFAULT NULL,
  `color` varchar(10) DEFAULT NULL
) ENGINE=InnoDB DEFAULT CHARSET=utf8 COLLATE=utf8_general_ci;

--
-- Dumping data for table `vtiger_accounttype`
--

INSERT IGNORE INTO `vtiger_accounttype` (`accounttypeid`, `accounttype`, `presence`, `picklist_valueid`, `sortorderid`, `color`) VALUES
(2, 'Analyst', 1, 2, 1, NULL),
(3, 'Competitor', 1, 3, 2, NULL),
(4, 'Customer', 1, 4, 3, NULL),
(5, 'Integrator', 1, 5, 4, NULL),
(6, 'Investor', 1, 6, 5, NULL),
(7, 'Partner', 1, 7, 6, NULL),
(8, 'Press', 1, 8, 7, NULL),
(9, 'Prospect', 1, 9, 8, NULL),
(10, 'Reseller', 1, 10, 9, NULL),
(11, 'Other', 1, 11, 10, NULL),
(12, 'حقوقی', 1, 341, 11, NULL),
(13, 'حقیقی', 1, 342, 12, NULL);

-- --------------------------------------------------------

--
-- Table structure for table `vtiger_accounttype_seq`
--

CREATE TABLE `vtiger_accounttype_seq` (
  `id` int(11) NOT NULL
) ENGINE=InnoDB DEFAULT CHARSET=utf8mb4 COLLATE=utf8mb4_general_ci;

--
-- Dumping data for table `vtiger_accounttype_seq`
--

INSERT IGNORE INTO `vtiger_accounttype_seq` (`id`) VALUES
(13);

-- --------------------------------------------------------

--
-- Table structure for table `vtiger_account_status`
--

CREATE TABLE `vtiger_account_status` (
  `account_statusid` int(11) NOT NULL,
  `account_status` varchar(200) NOT NULL,
  `presence` int(1) NOT NULL DEFAULT 1,
  `picklist_valueid` int(11) NOT NULL DEFAULT 0,
  `sortorderid` int(11) DEFAULT 0,
  `color` varchar(10) DEFAULT NULL
) ENGINE=InnoDB DEFAULT CHARSET=utf8 COLLATE=utf8_general_ci;

--
-- Dumping data for table `vtiger_account_status`
--

INSERT IGNORE INTO `vtiger_account_status` (`account_statusid`, `account_status`, `presence`, `picklist_valueid`, `sortorderid`, `color`) VALUES
(1, 'Pending', 1, 418, 1, NULL),
(2, 'Verified', 1, 419, 2, NULL),
(3, 'Active', 1, 420, 3, NULL),
(4, 'Inactive', 1, 421, 4, NULL);

-- --------------------------------------------------------

--
-- Table structure for table `vtiger_account_status_seq`
--

CREATE TABLE `vtiger_account_status_seq` (
  `id` int(11) NOT NULL
) ENGINE=InnoDB DEFAULT CHARSET=utf8 COLLATE=utf8_unicode_ci;

--
-- Dumping data for table `vtiger_account_status_seq`
--

INSERT IGNORE INTO `vtiger_account_status_seq` (`id`) VALUES
(4);

-- --------------------------------------------------------

--
-- Table structure for table `vtiger_account_type`
--

CREATE TABLE `vtiger_account_type` (
  `account_typeid` int(11) NOT NULL,
  `account_type` varchar(200) NOT NULL,
  `presence` int(1) NOT NULL DEFAULT 1,
  `picklist_valueid` int(11) NOT NULL DEFAULT 0,
  `sortorderid` int(11) DEFAULT 0,
  `color` varchar(10) DEFAULT NULL
) ENGINE=InnoDB DEFAULT CHARSET=utf8 COLLATE=utf8_general_ci;

--
-- Dumping data for table `vtiger_account_type`
--

INSERT IGNORE INTO `vtiger_account_type` (`account_typeid`, `account_type`, `presence`, `picklist_valueid`, `sortorderid`, `color`) VALUES
(1, 'Current', 1, 414, 1, NULL),
(2, 'Savings', 1, 415, 2, NULL),
(3, 'Card', 1, 416, 3, NULL),
(4, 'Other', 1, 417, 4, NULL);

-- --------------------------------------------------------

--
-- Table structure for table `vtiger_account_type_seq`
--

CREATE TABLE `vtiger_account_type_seq` (
  `id` int(11) NOT NULL
) ENGINE=InnoDB DEFAULT CHARSET=utf8 COLLATE=utf8_unicode_ci;

--
-- Dumping data for table `vtiger_account_type_seq`
--

INSERT IGNORE INTO `vtiger_account_type_seq` (`id`) VALUES
(4);

-- --------------------------------------------------------

--
-- Table structure for table `vtiger_actionmapping`
--

CREATE TABLE `vtiger_actionmapping` (
  `actionid` int(19) NOT NULL,
  `actionname` varchar(200) NOT NULL,
  `securitycheck` int(19) DEFAULT NULL
) ENGINE=InnoDB DEFAULT CHARSET=utf8 COLLATE=utf8_general_ci;

--
-- Dumping data for table `vtiger_actionmapping`
--

INSERT IGNORE INTO `vtiger_actionmapping` (`actionid`, `actionname`, `securitycheck`) VALUES
(0, 'Save', 0),
(0, 'SavePriceBook', 1),
(0, 'SaveVendor', 1),
(1, 'DetailViewAjax', 1),
(1, 'EditView', 0),
(1, 'PriceBookEditView', 1),
(1, 'QuickCreate', 1),
(1, 'VendorEditView', 1),
(2, 'Delete', 0),
(2, 'DeletePriceBook', 1),
(2, 'DeleteVendor', 1),
(3, 'index', 0),
(3, 'Popup', 1),
(4, 'DetailView', 0),
(4, 'PriceBookDetailView', 1),
(4, 'TagCloud', 1),
(4, 'VendorDetailView', 1),
(5, 'Import', 0),
(6, 'Export', 0),
(7, 'CreateView', 0),
(8, 'Merge', 0),
(9, 'ConvertLead', 0),
(10, 'DuplicatesHandling', 0),
(11, 'ReceiveIncomingCalls', 0),
(12, 'MakeOutgoingCalls', 0),
(13, 'Print', 0);

-- --------------------------------------------------------

--
-- Table structure for table `vtiger_activity`
--

CREATE TABLE `vtiger_activity` (
  `activityid` int(19) NOT NULL DEFAULT 0,
  `subject` varchar(255) DEFAULT NULL,
  `semodule` varchar(20) DEFAULT NULL,
  `activitytype` varchar(200) NOT NULL,
  `date_start` date NOT NULL,
  `due_date` date DEFAULT NULL,
  `time_start` varchar(50) DEFAULT NULL,
  `time_end` varchar(50) DEFAULT NULL,
  `sendnotification` varchar(3) NOT NULL DEFAULT '0',
  `duration_hours` varchar(200) DEFAULT NULL,
  `duration_minutes` varchar(200) DEFAULT NULL,
  `status` varchar(200) DEFAULT NULL,
  `eventstatus` varchar(200) DEFAULT NULL,
  `priority` varchar(200) DEFAULT NULL,
  `location` varchar(150) DEFAULT NULL,
  `notime` varchar(3) NOT NULL DEFAULT '0',
  `visibility` varchar(50) NOT NULL DEFAULT 'all',
  `recurringtype` varchar(200) DEFAULT NULL,
  `tags` varchar(1) DEFAULT NULL
) ENGINE=InnoDB DEFAULT CHARSET=utf8 COLLATE=utf8_general_ci;

--
-- Dumping data for table `vtiger_activity`
--

INSERT IGNORE INTO `vtiger_activity` (`activityid`, `subject`, `semodule`, `activitytype`, `date_start`, `due_date`, `time_start`, `time_end`, `sendnotification`, `duration_hours`, `duration_minutes`, `status`, `eventstatus`, `priority`, `location`, `notime`, `visibility`, `recurringtype`, `tags`) VALUES
(9, 'تست', NULL, 'Task', '2026-07-09', '2026-07-10', '10:23:00', '', '0', '34', '7', 'In Progress', '', '', '', '0', 'Private', '', ''),
(10, 'بیبیب', NULL, 'Task', '2026-06-22', '2026-06-22', '10:36:00', '', '0', '9', '54', 'In Progress', '', '', '', '0', 'Private', '', ''),
(14, 'تماس', NULL, 'Call', '2026-06-29', '2026-06-29', '18:00', '18:15', '0', '0', '15', NULL, 'Planned', '', '', '0', 'Public', '', ''),
(15, 'تماس ساعت ۱۰', NULL, 'Call', '2026-06-29', '2026-06-29', '06:30', '06:45', '0', '0', '15', NULL, 'Not Held', '', '', '0', 'Public', '', ''),
(16, 'تماس آزمایشی مرتبط با سرنخ', NULL, 'Call', '2026-06-30', '2026-06-30', '01:30', '01:45', '0', '0', '15', NULL, 'Not Held', '', '', '0', 'Public', '', ''),
(17, 'جلسهٔ آزمایشی مرتبط', NULL, 'Meeting', '2026-06-30', '2026-06-30', '05:30', '05:45', '0', '0', '15', NULL, 'Planned', '', 'اتاق جلسات شمارهٔ ۲', '0', 'Public', '', ''),
(18, 'جلسه آزمایشی مرتبط با سرنخ', NULL, 'Meeting', '2026-06-30', '2026-06-30', '08:30', '08:45', '0', '0', '15', NULL, 'Planned', '', '', '0', 'Public', '', ''),
(19, 'وظیفه آزمایشی مرتبط با سرنخ', NULL, 'Task', '2026-06-30', '2026-06-30', '09:30', '', '0', '11', '0', 'In Progress', '', 'Medium', '', '0', 'Public', '', ''),
(1035, 'Call نمونه 1', NULL, 'Call', '2026-06-15', '2026-06-15', '10:00:00', '11:00:00', '0', NULL, NULL, '', 'Held', NULL, NULL, '0', 'all', NULL, NULL),
(1036, 'Call نمونه 2', NULL, 'Call', '2026-06-13', '2026-06-13', '10:00:00', '11:00:00', '0', NULL, NULL, '', 'Not Held', NULL, NULL, '0', 'all', NULL, NULL),
(1037, 'Call نمونه 3', NULL, 'Call', '2026-06-21', '2026-06-21', '10:00:00', '11:00:00', '0', NULL, NULL, '', 'Planned', NULL, NULL, '0', 'all', NULL, NULL),
(1038, 'Call نمونه 4', NULL, 'Call', '2026-06-01', '2026-06-01', '10:00:00', '11:00:00', '0', NULL, NULL, '', 'Held', NULL, NULL, '0', 'all', NULL, NULL),
(1039, 'Call نمونه 5', NULL, 'Call', '2026-06-01', '2026-06-01', '10:00:00', '11:00:00', '0', '1', '0', '', 'Held', NULL, NULL, '0', 'all', NULL, NULL),
(1040, 'Call نمونه 6', NULL, 'Call', '2026-06-08', '2026-06-08', '10:00:00', '11:00:00', '0', NULL, NULL, '', 'Planned', NULL, NULL, '0', 'all', NULL, NULL),
(1041, 'Call نمونه 7', NULL, 'Call', '2026-06-16', '2026-06-16', '10:00:00', '11:00:00', '0', NULL, NULL, '', 'Held', NULL, NULL, '0', 'all', NULL, NULL),
(1042, 'Call نمونه 8', NULL, 'Call', '2026-06-11', '2026-06-11', '10:00:00', '11:00:00', '0', NULL, NULL, '', 'Not Held', NULL, NULL, '0', 'all', NULL, NULL),
(1043, 'Task نمونه 1', NULL, 'Task', '2026-06-17', '2026-06-17', '10:00:00', '11:00:00', '0', NULL, NULL, 'In Progress', '', NULL, NULL, '0', 'all', NULL, NULL),
(1044, 'Task نمونه 2', NULL, 'Task', '2026-06-17', '2026-06-17', '10:00:00', '11:00:00', '0', NULL, NULL, 'Completed', '', NULL, NULL, '0', 'all', NULL, NULL),
(1045, 'Task نمونه 3', NULL, 'Task', '2026-06-09', '2026-06-09', '10:00:00', '11:00:00', '0', NULL, NULL, 'Deferred', '', NULL, NULL, '0', 'all', NULL, NULL),
(1046, 'Task نمونه 4', NULL, 'Task', '2026-06-06', '2026-06-06', '10:00:00', '11:00:00', '0', NULL, NULL, 'Not Started', '', NULL, NULL, '0', 'all', NULL, NULL),
(1047, 'Task نمونه 5', NULL, 'Task', '2026-06-08', '2026-06-08', '10:00:00', '11:00:00', '0', NULL, NULL, 'In Progress', '', NULL, NULL, '0', 'all', NULL, NULL),
(1048, 'Task نمونه 6', NULL, 'Task', '2026-06-11', '2026-06-11', '10:00:00', '11:00:00', '0', NULL, NULL, 'Completed', '', NULL, NULL, '0', 'all', NULL, NULL),
(1049, 'Task نمونه 7', NULL, 'Task', '2026-06-07', '2026-06-07', '10:00:00', '11:00:00', '0', NULL, NULL, 'Deferred', '', NULL, NULL, '0', 'all', NULL, NULL),
(1050, 'Task نمونه 8', NULL, 'Task', '2026-06-19', '2026-06-19', '10:00:00', '11:00:00', '0', '1', '0', 'Pending Input', '', NULL, NULL, '0', 'all', NULL, NULL),
(1051, 'Meeting نمونه 1', NULL, 'Meeting', '2026-06-14', '2026-06-14', '10:00:00', '11:00:00', '0', NULL, NULL, '', 'Held', NULL, NULL, '0', 'all', NULL, NULL),
(1052, 'Meeting نمونه 2', NULL, 'Meeting', '2026-06-06', '2026-06-06', '10:00:00', '11:00:00', '0', NULL, NULL, '', 'Not Held', NULL, NULL, '0', 'all', NULL, NULL),
(1053, 'Meeting نمونه 3', NULL, 'Meeting', '2026-06-16', '2026-06-16', '10:00:00', '11:00:00', '0', NULL, NULL, '', 'Planned', NULL, NULL, '0', 'all', NULL, NULL),
(1054, 'Meeting نمونه 4', NULL, 'Meeting', '2026-06-12', '2026-06-12', '10:00:00', '11:00:00', '0', NULL, NULL, '', 'Held', NULL, NULL, '0', 'all', NULL, NULL),
(1055, 'Meeting نمونه 5', NULL, 'Meeting', '2026-06-13', '2026-06-13', '10:00:00', '11:00:00', '0', NULL, NULL, '', 'Not Held', NULL, NULL, '0', 'all', NULL, NULL),
(1056, 'Meeting نمونه 6', NULL, 'Meeting', '2026-06-05', '2026-06-05', '10:00:00', '11:00:00', '0', NULL, NULL, '', 'Planned', NULL, NULL, '0', 'all', NULL, NULL),
(1057, 'Meeting نمونه 7', NULL, 'Meeting', '2026-06-18', '2026-06-18', '10:00:00', '11:00:00', '0', NULL, NULL, '', 'Held', NULL, NULL, '0', 'all', NULL, NULL),
(1058, 'Meeting نمونه 8', NULL, 'Meeting', '2026-06-04', '2026-06-04', '10:00:00', '11:00:00', '0', NULL, NULL, '', 'Not Held', NULL, NULL, '0', 'all', NULL, NULL),
(2061, 'تماس پیگیری سرنخ', 'Leads', 'Call', '2026-07-08', '2026-07-08', '10:00', '10:30', '0', '0', '30', NULL, 'Not Held', NULL, NULL, '0', 'Public', NULL, NULL),
(2062, 'جلسه معارفه انجام شده', 'Leads', 'Call', '2026-07-03', '2026-07-03', '10:00', '10:30', '0', '0', NULL, NULL, 'Held', NULL, NULL, '0', 'Public', NULL, NULL),
(2112, 'وظیفه ارسال مستندات (مثال)', NULL, 'Task', '2026-07-13', '2026-07-14', '10:00', '11:00', '0', '25', '0', 'Pending Input', NULL, 'Normal', '', '0', 'Public', NULL, ''),
(2115, 'پیگیری تاییدیه مشتری (مثال)', NULL, 'Task', '2026-07-15', '2026-07-16', '10:00', '11:00', '0', '25', '0', 'Pending Input', NULL, 'Normal', '', '0', 'Public', NULL, ''),
(2132, 'جلسه', NULL, 'Meeting', '2026-07-14', '2026-07-14', '08:30', '08:45', '0', '0', '15', NULL, 'Planned', '', '', '0', 'Public', '', ''),
(2133, 'وظیفه', NULL, 'Task', '2026-07-14', '2026-07-14', '12:30', '', '0', '8', '0', 'Not Started', '', 'Medium', '', '0', 'Public', '', ''),
(2134, 'جلسه', NULL, 'Meeting', '2026-07-14', '2026-07-14', '12:30', '12:45', '0', '0', '15', NULL, 'Planned', '', '', '0', 'Public', '', ''),
(2160, 'Gouya-LEAD-SMOKE-20260718040333-5938-Task', NULL, 'Task', '2026-07-18', '2026-07-18', '10:00', '', '0', '10', '30', 'Not Started', NULL, 'Medium', '', '0', 'Public', NULL, ''),
(2165, 'Gouya-LEAD-SMOKE-20260718040406-5955-Task', NULL, 'Task', '2026-07-18', '2026-07-18', '10:00', '', '0', '10', '30', 'Not Started', NULL, 'Medium', '', '0', 'Public', NULL, ''),
(2172, 'Gouya-LEAD-SMOKE-20260718040648-8253-Task', NULL, 'Task', '2026-07-18', '2026-07-18', '10:00', '', '0', '10', '30', 'Not Started', NULL, 'Medium', '', '0', 'Public', NULL, ''),
(2178, 'Gouya-LEAD-SMOKE-20260718040939-3209-Task', NULL, 'Task', '2026-07-18', '2026-07-18', '10:00', '', '0', '10', '30', 'Not Started', NULL, 'Medium', '', '0', 'Public', NULL, ''),
(2184, 'Gouya-LEAD-SMOKE-20260718043251-9053-Task', NULL, 'Task', '2026-07-18', '2026-07-18', '10:00', '', '0', '10', '30', 'Not Started', NULL, 'Medium', '', '0', 'Public', NULL, ''),
(2190, 'Gouya-LEAD-SMOKE-20260718043314-6749-Task', NULL, 'Task', '2026-07-18', '2026-07-18', '10:00', '', '0', '10', '30', 'Not Started', NULL, 'Medium', '', '0', 'Public', NULL, ''),
(2196, 'Gouya-LEAD-SMOKE-20260718043336-8174-Task', NULL, 'Task', '2026-07-18', '2026-07-18', '10:00', '', '0', '10', '30', 'Not Started', NULL, 'Medium', '', '0', 'Public', NULL, ''),
(2204, 'Gouya-LEAD-SMOKE-20260718043458-8234-Task', NULL, 'Task', '2026-07-18', '2026-07-18', '10:00', '', '0', '10', '30', 'Not Started', NULL, 'Medium', '', '0', 'Public', NULL, ''),
(2212, 'Gouya-LEAD-SMOKE-20260718043554-3440-Task', NULL, 'Task', '2026-07-18', '2026-07-18', '10:00', '', '0', '10', '30', 'Not Started', NULL, 'Medium', '', '0', 'Public', NULL, ''),
(2229, 'پیگیری تلفنی پیشنهاد قیمت [GOOYA-TEST]', 'Leads', 'Task', '2026-07-19', '2026-07-19', '09:00:00', '09:30:00', '0', '0', '0', 'In Progress', '', 'Normal', 'دفتر مرکزی', '0', 'Public', NULL, NULL),
(2230, 'جلسه دمو محصول گویا [GOOYA-TEST]', 'Leads', 'Meeting', '2026-07-21', '2026-07-21', '11:00:00', '12:00:00', '0', '0', '0', '', 'Planned', 'Normal', 'دفتر مرکزی', '0', 'Public', NULL, NULL),
(2231, 'تماس اولیه معارفه [GOOYA-TEST]', 'Leads', 'Call', '2026-07-16', '2026-07-16', '10:00:00', '10:15:00', '0', '0', '0', '', 'Held', 'Normal', 'دفتر مرکزی', '0', 'Public', NULL, NULL),
(2258, 'پیگیری مدارک پرسنلی [GOOYA-TEST]', 'Contacts', 'Task', '2026-07-20', '2026-07-20', '10:00:00', '10:30:00', '0', '0', '0', 'In Progress', '', 'Normal', 'دفتر مرکزی', '0', 'Public', NULL, NULL),
(2259, 'جلسه هماهنگی داخلی [GOOYA-TEST]', 'Contacts', 'Meeting', '2026-07-21', '2026-07-21', '14:00:00', '15:00:00', '0', '0', '0', '', 'Planned', 'Normal', 'دفتر مرکزی', '0', 'Public', NULL, NULL),
(2260, 'تماس آزمایشی داخلی [GOOYA-TEST]', 'Contacts', 'Call', '2026-07-18', '2026-07-18', '09:00:00', '09:15:00', '0', '0', '0', '', 'Held', 'Normal', 'دفتر مرکزی', '0', 'Public', NULL, NULL),
(2263, 'پیگیری پیشنهاد فرصت [GOOYA-TEST]', 'Potentials', 'Task', '2026-07-21', '2026-07-21', '10:00:00', '10:30:00', '0', '0', '0', 'In Progress', '', 'Normal', 'دفتر مرکزی', '0', 'Public', NULL, NULL),
(2264, 'جلسه ارائه پکیج [GOOYA-TEST]', 'Potentials', 'Meeting', '2026-07-22', '2026-07-22', '13:00:00', '14:00:00', '0', '0', '0', '', 'Planned', 'Normal', 'دفتر مرکزی', '0', 'Public', NULL, NULL),
(2265, 'تماس نیازسنجی [GOOYA-TEST]', 'Potentials', 'Call', '2026-07-19', '2026-07-19', '09:00:00', '09:20:00', '0', '0', '0', '', 'Held', 'Normal', 'دفتر مرکزی', '0', 'Public', NULL, NULL),
(2273, 'SARV-LEAD-SMOKE-20260730063600-5929-Task', NULL, 'Task', '2026-07-30', '2026-07-30', '10:00', '', '0', '10', '30', 'Not Started', NULL, 'Medium', '', '0', 'Public', NULL, ''),
(2290, 'تماس آزمایشی عملی طرح گویا - ۱۴۰۵/۰۵/۱۳', NULL, 'Call', '2026-08-03', '2026-08-03', '07:00', '07:30', '0', '0', '30', NULL, 'Planned', '', '', '0', 'Public', '', ''),
(2291, 'تماس نمونه نهایی طرح گویا - ۱۴۰۵/۰۵/۱۳', NULL, 'Call', '2026-08-03', '2026-08-03', '07:00', '07:30', '0', '0', '30', NULL, 'Planned', '', '', '0', 'Public', '', ''),
(2292, 'تماس نهایی تأییدشده طرح گویا - ۱۴۰۵/۰۵/۱۳', NULL, 'Call', '2026-08-03', '2026-08-03', '07:00', '07:30', '0', '0', '30', NULL, 'Planned', '', '', '0', 'Public', '', ''),
(2293, 'تماس عملی نهایی طرح گویا - ۱۴۰۵/۰۵/۱۳', NULL, 'Call', '2026-08-03', '2026-08-03', '07:00', '07:30', '0', '0', '30', NULL, 'Planned', '', '', '0', 'Public', '', ''),
(2294, 'تماس تست نهایی موفق طرح گویا - ۱۴۰۵/۰۵/۱۳', NULL, 'Call', '2026-08-03', '2026-08-03', '07:00', '07:30', '0', '0', '30', NULL, 'Planned', '', '', '0', 'Public', '', ''),
(2295, 'تماس نهایی تأیید دیتابیس طرح گویا - ۱۴۰۵/۰۵/۱۳', NULL, 'Call', '2026-08-04', '2026-08-04', '07:00', '07:30', '0', '0', '30', NULL, 'Not Held', '', '', '0', 'Public', '', ''),
(2300, 'SARV-LEAD-SMOKE-20260809060946-7013-Task', NULL, 'Task', '2026-08-09', '2026-08-09', '10:00', '', '0', '10', '30', 'Not Started', NULL, 'Medium', '', '0', 'Public', NULL, ''),
(2305, 'SARV-LEAD-SMOKE-20260809061248-2728-Task', NULL, 'Task', '2026-08-09', '2026-08-09', '10:00', '', '0', '10', '30', 'Not Started', NULL, 'Medium', '', '0', 'Public', NULL, ''),
(2310, 'SARV-LEAD-SMOKE-20260809061344-4881-Task', NULL, 'Task', '2026-08-09', '2026-08-09', '10:00', '', '0', '10', '30', 'Not Started', NULL, 'Medium', '', '0', 'Public', NULL, ''),
(2318, 'SARV-LEAD-SMOKE-20260809062044-1209-Task', NULL, 'Task', '2026-08-09', '2026-08-09', '10:00', '', '0', '10', '30', 'Not Started', NULL, 'Medium', '', '0', 'Public', NULL, ''),
(2326, 'SARV-LEAD-SMOKE-20260809062220-7570-Task', NULL, 'Task', '2026-08-09', '2026-08-09', '10:00', '', '0', '10', '30', 'Not Started', NULL, 'Medium', '', '0', 'Public', NULL, ''),
(2334, 'SARV-LEAD-SMOKE-20260809062704-6866-Task', NULL, 'Task', '2026-08-09', '2026-08-09', '10:00', '', '0', '10', '30', 'Not Started', NULL, 'Medium', '', '0', 'Public', NULL, ''),
(2342, 'SARV-LEAD-SMOKE-20260809063037-9459-Task', NULL, 'Task', '2026-08-09', '2026-08-09', '10:00', '', '0', '10', '30', 'Not Started', NULL, 'Medium', '', '0', 'Public', NULL, ''),
(2350, 'SARV-LEAD-SMOKE-20260809063122-8988-Task', NULL, 'Task', '2026-08-09', '2026-08-09', '10:00', '', '0', '10', '30', 'Not Started', NULL, 'Medium', '', '0', 'Public', NULL, ''),
(2366, 'SARV-LEAD-SMOKE-20260809084321-3905-Task', NULL, 'Task', '2026-08-09', '2026-08-09', '10:00', '', '0', '10', '30', 'Not Started', NULL, 'Medium', '', '0', 'Public', NULL, '');

-- --------------------------------------------------------

--
-- Table structure for table `vtiger_activitycf`
--

CREATE TABLE `vtiger_activitycf` (
  `activityid` int(19) NOT NULL DEFAULT 0,
  `sms_remind_user` varchar(60) DEFAULT NULL,
  `sms_remind_invitees` varchar(60) DEFAULT NULL,
  `send_sms_invite` varchar(3) DEFAULT NULL,
  `pbx_system_id` varchar(100) DEFAULT NULL,
  `notify_group` varchar(100) DEFAULT NULL,
  `call_direction` varchar(50) DEFAULT NULL
) ENGINE=InnoDB DEFAULT CHARSET=utf8 COLLATE=utf8_general_ci;

--
-- Dumping data for table `vtiger_activitycf`
--

INSERT IGNORE INTO `vtiger_activitycf` (`activityid`, `sms_remind_user`, `sms_remind_invitees`, `send_sms_invite`, `pbx_system_id`, `notify_group`, `call_direction`) VALUES
(9, NULL, NULL, NULL, NULL, NULL, NULL),
(10, NULL, NULL, NULL, NULL, NULL, NULL),
(14, 'بدون', 'بدون', '0', '', NULL, 'خروجی'),
(15, 'بدون', 'بدون', '0', '', NULL, 'خروجی'),
(16, 'بدون', 'بدون', '1', '', NULL, 'خروجی'),
(17, 'بدون', 'بدون', '0', '', NULL, ''),
(18, 'بدون', 'بدون', '1', '', NULL, ''),
(19, 'بدون', NULL, NULL, NULL, '', NULL),
(1039, '', '', '0', '', NULL, ''),
(1050, '', NULL, NULL, NULL, '', NULL),
(2061, '', '', '0', '', NULL, ''),
(2112, NULL, NULL, NULL, NULL, '', NULL),
(2115, NULL, NULL, NULL, NULL, '', NULL),
(2132, 'بدون', 'بدون', '0', '', NULL, ''),
(2133, 'بدون', NULL, NULL, NULL, '', NULL),
(2134, 'بدون', 'بدون', '0', '', NULL, ''),
(2160, NULL, NULL, NULL, NULL, '', NULL),
(2165, NULL, NULL, NULL, NULL, '', NULL),
(2172, NULL, NULL, NULL, NULL, '', NULL),
(2178, NULL, NULL, NULL, NULL, '', NULL),
(2184, NULL, NULL, NULL, NULL, '', NULL),
(2190, NULL, NULL, NULL, NULL, '', NULL),
(2196, NULL, NULL, NULL, NULL, '', NULL),
(2204, NULL, NULL, NULL, NULL, '', NULL),
(2212, NULL, NULL, NULL, NULL, '', NULL),
(2273, NULL, NULL, NULL, NULL, '', NULL),
(2290, 'بدون', 'بدون', '0', 'GOUYA-CALL-TEST-14050513', NULL, 'خروجی'),
(2291, 'بدون', 'بدون', '0', 'GOUYA-CALL-FINAL-14050513', NULL, 'خروجی'),
(2292, 'بدون', 'بدون', '0', 'GOUYA-CALL-VERIFIED-14050513', NULL, 'خروجی'),
(2293, 'بدون', 'بدون', '0', 'GOUYA-CALL-PASS-14050513', NULL, 'خروجی'),
(2294, 'بدون', 'بدون', '0', 'GOUYA-CALL-FINAL-PASS-14050513', NULL, 'خروجی'),
(2295, 'بدون', 'بدون', '0', 'GOUYA-CALL-DB-VERIFIED-14050513', NULL, 'خروجی'),
(2300, NULL, NULL, NULL, NULL, '', NULL),
(2305, NULL, NULL, NULL, NULL, '', NULL),
(2310, NULL, NULL, NULL, NULL, '', NULL),
(2318, NULL, NULL, NULL, NULL, '', NULL),
(2326, NULL, NULL, NULL, NULL, '', NULL),
(2334, NULL, NULL, NULL, NULL, '', NULL),
(2342, NULL, NULL, NULL, NULL, '', NULL),
(2350, NULL, NULL, NULL, NULL, '', NULL),
(2366, NULL, NULL, NULL, NULL, '', NULL);

-- --------------------------------------------------------

--
-- Table structure for table `vtiger_activityproductrel`
--

CREATE TABLE `vtiger_activityproductrel` (
  `activityid` int(19) NOT NULL DEFAULT 0,
  `productid` int(19) NOT NULL DEFAULT 0
) ENGINE=InnoDB DEFAULT CHARSET=utf8 COLLATE=utf8_general_ci;

-- --------------------------------------------------------

--
-- Table structure for table `vtiger_activitytype`
--

CREATE TABLE `vtiger_activitytype` (
  `activitytypeid` int(19) NOT NULL,
  `activitytype` varchar(200) NOT NULL,
  `presence` int(1) NOT NULL DEFAULT 1,
  `picklist_valueid` int(19) NOT NULL DEFAULT 0,
  `sortorderid` int(11) DEFAULT NULL,
  `color` varchar(10) DEFAULT NULL
) ENGINE=InnoDB DEFAULT CHARSET=utf8 COLLATE=utf8_general_ci;

--
-- Dumping data for table `vtiger_activitytype`
--

INSERT IGNORE INTO `vtiger_activitytype` (`activitytypeid`, `activitytype`, `presence`, `picklist_valueid`, `sortorderid`, `color`) VALUES
(1, 'Call', 0, 12, 0, NULL),
(2, 'Meeting', 0, 13, 1, NULL),
(3, 'Mobile Call', 0, 295, 1, NULL);

-- --------------------------------------------------------

--
-- Table structure for table `vtiger_activitytype_seq`
--

CREATE TABLE `vtiger_activitytype_seq` (
  `id` int(11) NOT NULL
) ENGINE=InnoDB DEFAULT CHARSET=utf8mb4 COLLATE=utf8mb4_general_ci;

--
-- Dumping data for table `vtiger_activitytype_seq`
--

INSERT IGNORE INTO `vtiger_activitytype_seq` (`id`) VALUES
(3);

-- --------------------------------------------------------

--
-- Table structure for table `vtiger_activity_recurring_info`
--

CREATE TABLE `vtiger_activity_recurring_info` (
  `activityid` int(19) NOT NULL,
  `recurrenceid` int(19) NOT NULL
) ENGINE=InnoDB DEFAULT CHARSET=utf8 COLLATE=utf8_general_ci;

-- --------------------------------------------------------

--
-- Table structure for table `vtiger_activity_reminder`
--

CREATE TABLE `vtiger_activity_reminder` (
  `activity_id` int(11) NOT NULL,
  `reminder_time` int(11) NOT NULL,
  `reminder_sent` int(2) NOT NULL,
  `recurringid` int(19) NOT NULL
) ENGINE=InnoDB DEFAULT CHARSET=utf8 COLLATE=utf8_general_ci;

--
-- Dumping data for table `vtiger_activity_reminder`
--

INSERT IGNORE INTO `vtiger_activity_reminder` (`activity_id`, `reminder_time`, `reminder_sent`, `recurringid`) VALUES
(9, 0, 0, 0),
(10, 0, 0, 0),
(2290, 900, 0, 0),
(2291, 900, 0, 0),
(2292, 900, 0, 0),
(2293, 900, 0, 0),
(2294, 900, 0, 0),
(2295, 900, 0, 0);

-- --------------------------------------------------------

--
-- Table structure for table `vtiger_activity_reminder_popup`
--

CREATE TABLE `vtiger_activity_reminder_popup` (
  `reminderid` int(19) NOT NULL,
  `semodule` varchar(100) NOT NULL,
  `recordid` int(19) NOT NULL,
  `date_start` date NOT NULL,
  `time_start` varchar(100) NOT NULL,
  `status` int(2) NOT NULL
) ENGINE=InnoDB DEFAULT CHARSET=utf8 COLLATE=utf8_general_ci;

--
-- Dumping data for table `vtiger_activity_reminder_popup`
--

INSERT IGNORE INTO `vtiger_activity_reminder_popup` (`reminderid`, `semodule`, `recordid`, `date_start`, `time_start`, `status`) VALUES
(1, 'Calendar', 9, '2026-07-09', '10:23:00', 1),
(2, 'Calendar', 2112, '2026-07-13', '10:00', 0),
(3, 'Calendar', 2115, '2026-07-15', '10:00', 0),
(4, 'Calendar', 2160, '2026-07-18', '10:00', 0),
(5, 'Calendar', 2165, '2026-07-18', '10:00', 0),
(6, 'Calendar', 2172, '2026-07-18', '10:00', 0),
(7, 'Calendar', 2178, '2026-07-18', '10:00', 0),
(8, 'Calendar', 2184, '2026-07-18', '10:00', 0),
(9, 'Calendar', 2190, '2026-07-18', '10:00', 0),
(10, 'Calendar', 2196, '2026-07-18', '10:00', 0),
(11, 'Calendar', 2204, '2026-07-18', '10:00', 0),
(12, 'Calendar', 2212, '2026-07-18', '10:00', 0),
(13, 'Calendar', 2273, '2026-07-30', '10:00', 0),
(14, 'Events', 2290, '2026-08-03', '07:00', 1),
(15, 'Events', 2291, '2026-08-03', '07:00', 1),
(16, 'Events', 2292, '2026-08-03', '07:00', 1),
(17, 'Events', 2293, '2026-08-03', '07:00', 1),
(18, 'Events', 2295, '2026-08-04', '07:00', 1),
(19, 'Calendar', 2300, '2026-08-09', '10:00', 0),
(20, 'Calendar', 2305, '2026-08-09', '10:00', 0),
(21, 'Calendar', 2310, '2026-08-09', '10:00', 0),
(22, 'Calendar', 2318, '2026-08-09', '10:00', 0),
(23, 'Calendar', 2326, '2026-08-09', '10:00', 0),
(24, 'Calendar', 2334, '2026-08-09', '10:00', 0),
(25, 'Calendar', 2342, '2026-08-09', '10:00', 0),
(26, 'Calendar', 2350, '2026-08-09', '10:00', 0),
(27, 'Calendar', 2354, '2026-08-09', '07:35', 0),
(28, 'Calendar', 2355, '2026-08-09', '07:35', 0),
(29, 'Calendar', 2356, '2026-08-09', '07:35', 0),
(30, 'Calendar', 2357, '2026-08-09', '07:35', 0),
(31, 'Calendar', 2358, '2026-08-09', '07:35', 0),
(32, 'Calendar', 2359, '2026-08-09', '07:35', 0),
(33, 'Calendar', 2366, '2026-08-09', '10:00', 0);

-- --------------------------------------------------------

--
-- Table structure for table `vtiger_activity_view`
--

CREATE TABLE `vtiger_activity_view` (
  `activity_viewid` int(19) NOT NULL,
  `activity_view` varchar(200) NOT NULL,
  `sortorderid` int(19) NOT NULL DEFAULT 0,
  `presence` int(1) NOT NULL DEFAULT 1
) ENGINE=InnoDB DEFAULT CHARSET=utf8 COLLATE=utf8_general_ci;

--
-- Dumping data for table `vtiger_activity_view`
--

INSERT IGNORE INTO `vtiger_activity_view` (`activity_viewid`, `activity_view`, `sortorderid`, `presence`) VALUES
(1, 'Today', 0, 1),
(2, 'This Week', 1, 1),
(3, 'This Month', 2, 1),
(4, 'This Year', 3, 1),
(5, 'Agenda', 4, 1);

-- --------------------------------------------------------

--
-- Table structure for table `vtiger_activity_view_seq`
--

CREATE TABLE `vtiger_activity_view_seq` (
  `id` int(11) NOT NULL
) ENGINE=InnoDB DEFAULT CHARSET=utf8mb4 COLLATE=utf8mb4_general_ci;

--
-- Dumping data for table `vtiger_activity_view_seq`
--

INSERT IGNORE INTO `vtiger_activity_view_seq` (`id`) VALUES
(5);

-- --------------------------------------------------------

--
-- Table structure for table `vtiger_announcement`
--

CREATE TABLE `vtiger_announcement` (
  `creatorid` int(19) NOT NULL,
  `announcement` text DEFAULT NULL,
  `title` varchar(255) DEFAULT NULL,
  `time` timestamp NOT NULL DEFAULT current_timestamp() ON UPDATE current_timestamp()
) ENGINE=InnoDB DEFAULT CHARSET=utf8 COLLATE=utf8_general_ci;

-- --------------------------------------------------------

--
-- Table structure for table `vtiger_app2tab`
--

CREATE TABLE `vtiger_app2tab` (
  `tabid` int(11) DEFAULT NULL,
  `appname` varchar(20) DEFAULT NULL,
  `sequence` int(19) DEFAULT NULL,
  `visible` int(3) DEFAULT 1
) ENGINE=InnoDB DEFAULT CHARSET=utf8 COLLATE=utf8_general_ci;

--
-- Dumping data for table `vtiger_app2tab`
--

INSERT IGNORE INTO `vtiger_app2tab` (`tabid`, `appname`, `sequence`, `visible`) VALUES
(34, 'TOOLS', 5, 1),
(35, 'SUPPORT', 3, 1),
(36, 'INVENTORY', 2, 1),
(40, 'TOOLS', 1, 1),
(46, 'TOOLS', 4, 1),
(49, 'SETTINGS', 1, 1),
(2, 'SALES', 1, 1),
(20, 'SALES', 2, 1),
(4, 'SALES', 6, 1),
(6, 'SALES', 7, 1),
(14, 'SALES', 3, 1),
(36, 'SALES', 4, 1),
(4, 'MARKETING', 3, 1),
(6, 'MARKETING', 4, 1),
(7, 'MARKETING', 2, 1),
(26, 'MARKETING', 1, 1),
(4, 'INVENTORY', 8, 1),
(6, 'INVENTORY', 9, 1),
(22, 'INVENTORY', 5, 1),
(23, 'INVENTORY', 4, 1),
(14, 'INVENTORY', 1, 1),
(18, 'INVENTORY', 7, 1),
(19, 'INVENTORY', 3, 1),
(21, 'INVENTORY', 6, 1),
(4, 'SUPPORT', 6, 1),
(6, 'SUPPORT', 7, 1),
(13, 'SUPPORT', 1, 1),
(15, 'SUPPORT', 2, 1),
(38, 'SUPPORT', 4, 1),
(45, 'PROJECT', 1, 1),
(44, 'PROJECT', 2, 1),
(43, 'PROJECT', 3, 1),
(4, 'PROJECT', 4, 1),
(6, 'PROJECT', 5, 1),
(47, 'SALES', 5, 1),
(47, 'SUPPORT', 5, 1),
(24, 'TOOLS', 2, 1),
(27, 'TOOLS', 3, 1),
(50, 'TOOLS', 6, 1),
(51, 'TOOLS', 7, 1),
(52, 'SALES', 8, 1),
(53, 'SALES', 9, 1),
(54, 'SALES', 10, 1),
(55, 'SALES', 11, 1),
(56, 'SALES', 12, 1),
(57, 'SALES', 13, 1),
(58, 'SALES', 14, 1),
(59, 'SALES', 15, 1),
(60, 'SALES', 16, 1),
(61, 'SALES', 17, 1),
(62, 'SALES', 18, 1),
(63, 'SALES', 19, 1),
(65, 'MARKETING', 5, 1),
(66, 'TOOLS', 8, 1),
(67, 'TOOLS', 9, 1),
(68, 'TOOLS', 10, 1);

-- --------------------------------------------------------

--
-- Table structure for table `vtiger_assets`
--

CREATE TABLE `vtiger_assets` (
  `assetsid` int(11) NOT NULL,
  `asset_no` varchar(30) NOT NULL,
  `account` int(19) DEFAULT NULL,
  `product` int(19) NOT NULL,
  `serialnumber` varchar(200) DEFAULT NULL,
  `datesold` date DEFAULT NULL,
  `dateinservice` date DEFAULT NULL,
  `assetstatus` varchar(200) DEFAULT 'In Service',
  `tagnumber` varchar(300) DEFAULT NULL,
  `invoiceid` int(19) DEFAULT NULL,
  `shippingmethod` varchar(200) DEFAULT NULL,
  `shippingtrackingnumber` varchar(200) DEFAULT NULL,
  `assetname` varchar(100) DEFAULT NULL,
  `contact` int(19) DEFAULT NULL,
  `tags` varchar(1) DEFAULT NULL
) ENGINE=InnoDB DEFAULT CHARSET=utf8 COLLATE=utf8_general_ci;

-- --------------------------------------------------------

--
-- Table structure for table `vtiger_assetscf`
--

CREATE TABLE `vtiger_assetscf` (
  `assetsid` int(19) NOT NULL
) ENGINE=InnoDB DEFAULT CHARSET=utf8 COLLATE=utf8_general_ci;

-- --------------------------------------------------------

--
-- Table structure for table `vtiger_assetstatus`
--

CREATE TABLE `vtiger_assetstatus` (
  `assetstatusid` int(11) NOT NULL,
  `assetstatus` varchar(200) NOT NULL,
  `presence` int(1) NOT NULL DEFAULT 1,
  `picklist_valueid` int(11) NOT NULL DEFAULT 0,
  `sortorderid` int(11) DEFAULT 0,
  `color` varchar(10) DEFAULT NULL
) ENGINE=InnoDB DEFAULT CHARSET=utf8 COLLATE=utf8_general_ci;

--
-- Dumping data for table `vtiger_assetstatus`
--

INSERT IGNORE INTO `vtiger_assetstatus` (`assetstatusid`, `assetstatus`, `presence`, `picklist_valueid`, `sortorderid`, `color`) VALUES
(1, 'In Service', 1, 235, 1, NULL),
(2, 'Out-of-service', 1, 236, 2, NULL);

-- --------------------------------------------------------

--
-- Table structure for table `vtiger_assetstatus_seq`
--

CREATE TABLE `vtiger_assetstatus_seq` (
  `id` int(11) NOT NULL
) ENGINE=InnoDB DEFAULT CHARSET=utf8mb4 COLLATE=utf8mb4_general_ci;

--
-- Dumping data for table `vtiger_assetstatus_seq`
--

INSERT IGNORE INTO `vtiger_assetstatus_seq` (`id`) VALUES
(2);

-- --------------------------------------------------------

--
-- Table structure for table `vtiger_asteriskextensions`
--

CREATE TABLE `vtiger_asteriskextensions` (
  `userid` int(11) DEFAULT NULL,
  `asterisk_extension` varchar(50) DEFAULT NULL,
  `use_asterisk` varchar(3) DEFAULT NULL
) ENGINE=InnoDB DEFAULT CHARSET=utf8 COLLATE=utf8_general_ci;

--
-- Dumping data for table `vtiger_asteriskextensions`
--

INSERT IGNORE INTO `vtiger_asteriskextensions` (`userid`, `asterisk_extension`, `use_asterisk`) VALUES
(1, NULL, NULL),
(5, NULL, NULL),
(6, NULL, NULL);

-- --------------------------------------------------------

--
-- Table structure for table `vtiger_asteriskincomingcalls`
--

CREATE TABLE `vtiger_asteriskincomingcalls` (
  `from_number` varchar(50) DEFAULT NULL,
  `from_name` varchar(50) DEFAULT NULL,
  `to_number` varchar(50) DEFAULT NULL,
  `callertype` varchar(30) DEFAULT NULL,
  `flag` int(19) DEFAULT NULL,
  `timer` int(19) DEFAULT NULL,
  `refuid` varchar(255) DEFAULT NULL
) ENGINE=InnoDB DEFAULT CHARSET=utf8 COLLATE=utf8_general_ci;

-- --------------------------------------------------------

--
-- Table structure for table `vtiger_asteriskincomingevents`
--

CREATE TABLE `vtiger_asteriskincomingevents` (
  `uid` varchar(255) NOT NULL,
  `channel` varchar(100) DEFAULT NULL,
  `from_number` bigint(20) DEFAULT NULL,
  `from_name` varchar(100) DEFAULT NULL,
  `to_number` bigint(20) DEFAULT NULL,
  `callertype` varchar(100) DEFAULT NULL,
  `timer` int(20) DEFAULT NULL,
  `flag` varchar(3) DEFAULT NULL,
  `pbxrecordid` int(19) DEFAULT NULL,
  `relcrmid` int(19) DEFAULT NULL
) ENGINE=InnoDB DEFAULT CHARSET=utf8mb4 COLLATE=utf8mb4_general_ci;

-- --------------------------------------------------------

--
-- Table structure for table `vtiger_attachments`
--

CREATE TABLE `vtiger_attachments` (
  `attachmentsid` int(19) NOT NULL,
  `name` varchar(255) NOT NULL,
  `description` text DEFAULT NULL,
  `type` varchar(100) DEFAULT NULL,
  `path` text DEFAULT NULL,
  `storedname` varchar(255) DEFAULT NULL,
  `subject` varchar(255) DEFAULT NULL
) ENGINE=InnoDB DEFAULT CHARSET=utf8 COLLATE=utf8_general_ci;

--
-- Dumping data for table `vtiger_attachments`
--

INSERT IGNORE INTO `vtiger_attachments` (`attachmentsid`, `name`, `description`, `type`, `path`, `storedname`, `subject`) VALUES
(13, 'logo_psd_JUICE2.jpg', '', 'image/jpeg', 'storage/2026/June/week4/', 'ba2722f16b39f4aff128ddd06e7a47ab.jpg', NULL),
(2159, 'Gouya-LEAD-SMOKE-20260718040333-5938.txt', NULL, 'text/plain', 'storage/2026/July/week3/', '714dfd1ce2f004a036eda7f339984fdc.txt', NULL),
(2164, 'Gouya-LEAD-SMOKE-20260718040406-5955.txt', NULL, 'text/plain', 'storage/2026/July/week3/', '2cc65fcc3adb93089f6019304874e228.txt', NULL),
(2171, 'Gouya-LEAD-SMOKE-20260718040648-8253.txt', NULL, 'text/plain', 'storage/2026/July/week3/', 'c071cceaca1943e5606fefa4eecb66fc.txt', NULL),
(2177, 'Gouya-LEAD-SMOKE-20260718040939-3209.txt', NULL, 'text/plain', 'storage/2026/July/week3/', 'e8378acaff6cb66116e301d079f64a39.txt', NULL),
(2183, 'Gouya-LEAD-SMOKE-20260718043251-9053.txt', NULL, 'text/plain', 'storage/2026/July/week3/', '6dc49a2671972619c3af5d9b8ef4334b.txt', NULL),
(2189, 'Gouya-LEAD-SMOKE-20260718043314-6749.txt', NULL, 'text/plain', 'storage/2026/July/week3/', '28fa5f8e7c2a71b89d838430bf8e396e.txt', NULL),
(2195, 'Gouya-LEAD-SMOKE-20260718043336-8174.txt', NULL, 'text/plain', 'storage/2026/July/week3/', 'f636749fd261dfd622f09df2dd9ed743.txt', NULL),
(2203, 'Gouya-LEAD-SMOKE-20260718043458-8234.txt', NULL, 'text/plain', 'storage/2026/July/week3/', '5045631230ef189e04c6d5292ff4f642.txt', NULL),
(2211, 'Gouya-LEAD-SMOKE-20260718043554-3440.txt', NULL, 'text/plain', 'storage/2026/July/week3/', '9ecde9732833b4f938e12c129b20800b.txt', NULL),
(2278, 'quote-sample-attachment.txt', 'SARV_TYPE:Invoice', 'text/plain', 'storage/2026/July/week5/', NULL, NULL),
(2299, 'SARV-LEAD-SMOKE-20260809060946-7013.txt', NULL, 'text/plain', 'storage/2026/August/week2/', '721650ffa1d570fb456f1ec8b9f20229.txt', NULL),
(2304, 'SARV-LEAD-SMOKE-20260809061248-2728.txt', NULL, 'text/plain', 'storage/2026/August/week2/', 'f2dafc89500fc0b85d0a3e4d09591b69.txt', NULL),
(2309, 'SARV-LEAD-SMOKE-20260809061344-4881.txt', NULL, 'text/plain', 'storage/2026/August/week2/', '1b5eaa0955f99c0bcddb215724066d91.txt', NULL),
(2317, 'SARV-LEAD-SMOKE-20260809062044-1209.txt', NULL, 'text/plain', 'storage/2026/August/week2/', 'b30ac274fde443f8f3c57ae724cfd5a1.txt', NULL),
(2325, 'SARV-LEAD-SMOKE-20260809062220-7570.txt', NULL, 'text/plain', 'storage/2026/August/week2/', '80985599cfe0cf851d00310e87390b1c.txt', NULL),
(2333, 'SARV-LEAD-SMOKE-20260809062704-6866.txt', NULL, 'text/plain', 'storage/2026/August/week2/', 'f04378bf3587eefd548fcb930a74df94.txt', NULL),
(2341, 'SARV-LEAD-SMOKE-20260809063037-9459.txt', NULL, 'text/plain', 'storage/2026/August/week2/', '9c900a2d461e424a20a45c4a333979f4.txt', NULL),
(2349, 'SARV-LEAD-SMOKE-20260809063122-8988.txt', NULL, 'text/plain', 'storage/2026/August/week2/', '2ac3abbf8e8fac445c318f6c3fb5305f.txt', NULL),
(2550, 'gooyachat-archive-1-20260811-075923.zip', 'gooyachat-archive-1-20260811-075923.zip', 'application/zip', 'storage/2026/August/week2/', '3cd0ef7646041e8a8451652b15e6e29c.zip', NULL),
(2560, 'gooyachat-archive-7-20260811-082641.zip', 'gooyachat-archive-7-20260811-082641.zip', 'application/zip', 'storage/2026/August/week2/', '775a3ad6df6cda817c96b34473a506ea.zip', NULL),
(2561, 'gooyachat-archive-8-20260811-082643.zip', 'gooyachat-archive-8-20260811-082643.zip', 'application/zip', 'storage/2026/August/week2/', '40510db1ce29d0d0e870525fabfc56d7.zip', NULL),
(2566, 'gooyachat-archive-9-20260811-082707.zip', 'gooyachat-archive-9-20260811-082707.zip', 'application/zip', 'storage/2026/August/week2/', '32d54d3f58339212fbc9a4c7ec6676b7.zip', NULL),
(2567, 'gooyachat-archive-10-20260811-082708.zip', 'gooyachat-archive-10-20260811-082708.zip', 'application/zip', 'storage/2026/August/week2/', 'e6673b7a5963551be1976d02af40beea.zip', NULL),
(2569, 'voice-1786437748206.webm', 'voice-1786437748206.webm', 'video/webm', 'storage/2026/August/week2/', '60dd4832fc2ff9ef5395c1cadb392e19.webm', NULL),
(2581, 'gooyanegar-recovery-1.zip', 'gooyanegar-recovery-1.zip', 'application/zip', 'storage/2026/August/week2/', '495e464e3faca9ac6d545254d879189b.zip', NULL),
(2588, 'gooyanegar-recovery-2.zip', 'gooyanegar-recovery-2.zip', 'application/zip', 'storage/2026/August/week2/', '218a30ed75edb36ef7403c421fd4d122.zip', NULL),
(2589, 'gooyanegar-recovery-3.zip', 'gooyanegar-recovery-3.zip', 'application/zip', 'storage/2026/August/week2/', 'f69c63893b9d8fe7c4132106518cabeb.zip', NULL),
(2592, 'gooyanegar-recovery-5.zip', 'gooyanegar-recovery-5.zip', 'application/zip', 'storage/2026/August/week2/', '4a45200291ce1ffea8e3a2fc955ced8a.zip', NULL),
(2593, 'gooyanegar-recovery-6.zip', 'gooyanegar-recovery-6.zip', 'application/zip', 'storage/2026/August/week2/', '689a6a01e6a3e50f0db04b47470342d0.zip', NULL),
(2623, 'gooyanegar-recovery-8.zip', 'gooyanegar-recovery-8.zip', 'application/zip', 'storage/2026/August/week2/', '1fb841e6739c014abddf7b9bb13e228c.zip', NULL),
(2626, 'gooyanegar-recovery-9.zip', 'gooyanegar-recovery-9.zip', 'application/zip', 'storage/2026/August/week2/', '0dd7557ab00ba95510c5b1a4a211acbb.zip', NULL),
(2627, 'gooyanegar-recovery-10.zip', 'gooyanegar-recovery-10.zip', 'application/zip', 'storage/2026/August/week2/', '8556d178863aec9d8ce47aaf94916454.zip', NULL),
(2636, 'gooyanegar-recovery-12.zip', 'gooyanegar-recovery-12.zip', 'application/zip', 'storage/2026/August/week2/', '17e3cd78b7377cdae65b48db51f4c5af.zip', NULL),
(2637, 'gooyanegar-recovery-13.zip', 'gooyanegar-recovery-13.zip', 'application/zip', 'storage/2026/August/week2/', '7b88bd0a9498031e3500d286d1ccdfde.zip', NULL),
(2642, 'gooyanegar-recovery-15.zip', 'gooyanegar-recovery-15.zip', 'application/zip', 'storage/2026/August/week2/', '67ac28278536d4a64ada3d4d68cb0956.zip', NULL),
(2643, 'gooyanegar-recovery-16.zip', 'gooyanegar-recovery-16.zip', 'application/zip', 'storage/2026/August/week2/', '1a97a80e1056682ed5d0fe7df23501a2.zip', NULL),
(2644, 'gooyanegar-recovery-17.zip', 'gooyanegar-recovery-17.zip', 'application/zip', 'storage/2026/August/week2/', 'eff12bf91916cf36a112664469f0fade.zip', NULL),
(2645, 'gooyanegar-recovery-18.zip', 'gooyanegar-recovery-18.zip', 'application/zip', 'storage/2026/August/week2/', '41057c661dc4520ef17ba666574c49f8.zip', NULL),
(2659, 'gooyanegar-recovery-20.zip', 'gooyanegar-recovery-20.zip', 'application/zip', 'storage/2026/August/week2/', 'eccb00e4a9f0f3e98b9a2c3d6abadf41.zip', NULL),
(2664, 'gooyanegar-recovery-21.zip', 'gooyanegar-recovery-21.zip', 'application/zip', 'storage/2026/August/week2/', 'de3d66ba8f872d011e9b66f54bbc82dc.zip', NULL),
(2665, 'gooyanegar-recovery-22.zip', 'gooyanegar-recovery-22.zip', 'application/zip', 'storage/2026/August/week2/', '1b347b43336fc0b0ac8e6116627616a7.zip', NULL),
(2666, 'gooyanegar-recovery-23.zip', 'gooyanegar-recovery-23.zip', 'application/zip', 'storage/2026/August/week2/', '725c1b6f6872f4f421da09630305a661.zip', NULL),
(2667, 'gooyanegar-recovery-24.zip', 'gooyanegar-recovery-24.zip', 'application/zip', 'storage/2026/August/week2/', 'dae4ce93065fb9bc95596e0bc9e8213c.zip', NULL),
(2689, 'gooyanegar-recovery-26.zip', 'gooyanegar-recovery-26.zip', 'application/zip', 'storage/2026/August/week3/', '7b498128602ff11cff3febb1b43fb4c6.zip', NULL),
(2694, 'gooyanegar-recovery-27.zip', 'gooyanegar-recovery-27.zip', 'application/zip', 'storage/2026/August/week3/', 'b9cefa00f56ab9f26569319a6ef2b7bd.zip', NULL),
(2695, 'gooyanegar-recovery-28.zip', 'gooyanegar-recovery-28.zip', 'application/zip', 'storage/2026/August/week3/', '825430e53d179fbe2ca3f37b044905f1.zip', NULL),
(2696, 'gooyanegar-recovery-29.zip', 'gooyanegar-recovery-29.zip', 'application/zip', 'storage/2026/August/week3/', '3c5f83021eebd20f9313ee03665ad151.zip', NULL),
(2697, 'gooyanegar-recovery-30.zip', 'gooyanegar-recovery-30.zip', 'application/zip', 'storage/2026/August/week3/', '6649f54a91a9b83a5b5346a4a8aa48be.zip', NULL),
(2699, 'signature-u6-20260815072724.png', 'نسخه امضای شخصی گویانگار', 'image/png', 'storage/2026/August/week3/', '59863574e042e5afed2b3f851fe18b4b.png', NULL),
(2700, 'official-GNT-1405-000001.pdf', 'PDF رسمی و تغییرناپذیر گویانگار', 'application/pdf', 'storage/2026/August/week3/', 'df5927bc859646f47d815222aa8f022d.pdf', NULL),
(2701, 'registry-GNT-1405-000001.pdf', 'PDF رسمی و تغییرناپذیر گویانگار', 'application/pdf', 'storage/2026/August/week3/', '89dd3b7bb3e28013add5f2fb55e3e8c6.pdf', NULL),
(2702, 'official-GNT-1405-000002.pdf', 'PDF رسمی و تغییرناپذیر گویانگار', 'application/pdf', 'storage/2026/August/week3/', 'ff5096539a6a2692c9f7181643b8c0d2.pdf', NULL),
(2703, 'registry-GNT-1405-000002.pdf', 'PDF رسمی و تغییرناپذیر گویانگار', 'application/pdf', 'storage/2026/August/week3/', '3741e7a7a07dd82706d1fb68f5ef9c7c.pdf', NULL),
(2704, 'پیوست-آزمایشی-گویانگار.txt', 'پیوست-آزمایشی-گویانگار.txt', 'text/plain', 'storage/2026/August/week3/', 'cb3237b3d783f206fba33c4e7e00d2b8.txt', NULL),
(2714, 'voice-1786962651679.webm', 'voice-1786962651679.webm', 'video/webm', 'storage/2026/August/week3/', '764cd3bd2332a9b0de9b0e5dba618215.webm', NULL),
(2715, 'Book1_(2).pdf', 'Book1 (2).pdf', 'application/pdf', 'storage/2026/August/week3/', 'eaabe30dce4e30be216335fd9dee5632.pdf', NULL),
(2716, 'signature-u1-20260817103937.png', 'نسخه امضای شخصی گویانگار', 'image/png', 'storage/2026/August/week3/', 'a328d932718f14fd6742d1a68122279d.png', NULL);

-- --------------------------------------------------------

--
