-- Table structure for table `vtiger_profile2globalpermissions`
--

CREATE TABLE `vtiger_profile2globalpermissions` (
  `profileid` int(19) NOT NULL,
  `globalactionid` int(19) NOT NULL,
  `globalactionpermission` int(19) DEFAULT NULL
) ENGINE=InnoDB DEFAULT CHARSET=utf8 COLLATE=utf8_general_ci;

--
-- Dumping data for table `vtiger_profile2globalpermissions`
--

INSERT IGNORE INTO `vtiger_profile2globalpermissions` (`profileid`, `globalactionid`, `globalactionpermission`) VALUES
(1, 1, 0),
(1, 2, 0),
(2, 1, 1),
(2, 2, 1),
(3, 1, 1),
(3, 2, 1),
(4, 1, 1),
(4, 2, 1),
(5, 1, 0),
(5, 2, 0),
(6, 1, 1),
(6, 2, 1),
(7, 1, 1),
(7, 2, 1),
(8, 1, 1),
(8, 2, 1),
(32, 1, 0),
(32, 2, 0),
(33, 1, 0),
(33, 2, 0),
(34, 1, 1),
(34, 2, 1);

-- --------------------------------------------------------

--
-- Table structure for table `vtiger_profile2standardpermissions`
--

CREATE TABLE `vtiger_profile2standardpermissions` (
  `profileid` int(11) NOT NULL,
  `tabid` int(10) NOT NULL,
  `operation` int(10) NOT NULL,
  `permissions` int(1) DEFAULT NULL
) ENGINE=InnoDB DEFAULT CHARSET=utf8 COLLATE=utf8_general_ci;

--
-- Dumping data for table `vtiger_profile2standardpermissions`
--

INSERT IGNORE INTO `vtiger_profile2standardpermissions` (`profileid`, `tabid`, `operation`, `permissions`) VALUES
(1, 2, 0, 0),
(1, 2, 1, 0),
(1, 2, 2, 0),
(1, 2, 3, 0),
(1, 2, 4, 0),
(1, 2, 7, 0),
(1, 4, 0, 0),
(1, 4, 1, 0),
(1, 4, 2, 0),
(1, 4, 3, 0),
(1, 4, 4, 0),
(1, 4, 7, 0),
(1, 6, 0, 0),
(1, 6, 1, 0),
(1, 6, 2, 0),
(1, 6, 3, 0),
(1, 6, 4, 0),
(1, 6, 7, 0),
(1, 7, 0, 0),
(1, 7, 1, 0),
(1, 7, 2, 0),
(1, 7, 3, 0),
(1, 7, 4, 0),
(1, 7, 7, 0),
(1, 8, 0, 0),
(1, 8, 1, 0),
(1, 8, 2, 0),
(1, 8, 3, 0),
(1, 8, 4, 0),
(1, 8, 7, 0),
(1, 9, 0, 0),
(1, 9, 1, 0),
(1, 9, 2, 0),
(1, 9, 3, 0),
(1, 9, 4, 0),
(1, 9, 7, 0),
(1, 10, 0, 0),
(1, 10, 1, 0),
(1, 10, 2, 0),
(1, 10, 3, 0),
(1, 10, 4, 0),
(1, 13, 0, 0),
(1, 13, 1, 0),
(1, 13, 2, 0),
(1, 13, 3, 0),
(1, 13, 4, 0),
(1, 13, 7, 0),
(1, 14, 0, 0),
(1, 14, 1, 0),
(1, 14, 2, 0),
(1, 14, 3, 0),
(1, 14, 4, 0),
(1, 14, 7, 0),
(1, 15, 0, 0),
(1, 15, 1, 0),
(1, 15, 2, 0),
(1, 15, 3, 0),
(1, 15, 4, 0),
(1, 15, 7, 0),
(1, 16, 0, 0),
(1, 16, 1, 0),
(1, 16, 2, 0),
(1, 16, 3, 0),
(1, 16, 4, 0),
(1, 16, 7, 0),
(1, 18, 0, 0),
(1, 18, 1, 0),
(1, 18, 2, 0),
(1, 18, 3, 0),
(1, 18, 4, 0),
(1, 18, 7, 0),
(1, 19, 0, 0),
(1, 19, 1, 0),
(1, 19, 2, 0),
(1, 19, 3, 0),
(1, 19, 4, 0),
(1, 19, 7, 0),
(1, 20, 0, 0),
(1, 20, 1, 0),
(1, 20, 2, 0),
(1, 20, 3, 0),
(1, 20, 4, 0),
(1, 20, 7, 0),
(1, 21, 0, 0),
(1, 21, 1, 0),
(1, 21, 2, 0),
(1, 21, 3, 0),
(1, 21, 4, 0),
(1, 21, 7, 0),
(1, 22, 0, 0),
(1, 22, 1, 0),
(1, 22, 2, 0),
(1, 22, 3, 0),
(1, 22, 4, 0),
(1, 22, 7, 0),
(1, 23, 0, 0),
(1, 23, 1, 0),
(1, 23, 2, 0),
(1, 23, 3, 0),
(1, 23, 4, 0),
(1, 23, 7, 0),
(1, 25, 0, 1),
(1, 25, 1, 1),
(1, 25, 2, 1),
(1, 25, 3, 0),
(1, 25, 4, 0),
(1, 25, 7, 1),
(1, 26, 0, 0),
(1, 26, 1, 0),
(1, 26, 2, 0),
(1, 26, 3, 0),
(1, 26, 4, 0),
(1, 26, 7, 0),
(1, 34, 0, 0),
(1, 34, 1, 0),
(1, 34, 2, 0),
(1, 34, 3, 0),
(1, 34, 4, 0),
(1, 34, 7, 0),
(1, 35, 0, 0),
(1, 35, 1, 0),
(1, 35, 2, 0),
(1, 35, 3, 0),
(1, 35, 4, 0),
(1, 35, 7, 0),
(1, 36, 0, 0),
(1, 36, 1, 0),
(1, 36, 2, 0),
(1, 36, 3, 0),
(1, 36, 4, 0),
(1, 36, 7, 0),
(1, 38, 0, 0),
(1, 38, 1, 0),
(1, 38, 2, 0),
(1, 38, 3, 0),
(1, 38, 4, 0),
(1, 38, 7, 0),
(1, 42, 0, 0),
(1, 42, 1, 0),
(1, 42, 2, 0),
(1, 42, 3, 0),
(1, 42, 4, 0),
(1, 42, 7, 0),
(1, 43, 0, 0),
(1, 43, 1, 0),
(1, 43, 2, 0),
(1, 43, 3, 0),
(1, 43, 4, 0),
(1, 43, 7, 0),
(1, 44, 0, 0),
(1, 44, 1, 0),
(1, 44, 2, 0),
(1, 44, 3, 0),
(1, 44, 4, 0),
(1, 44, 7, 0),
(1, 45, 0, 0),
(1, 45, 1, 0),
(1, 45, 2, 0),
(1, 45, 3, 0),
(1, 45, 4, 0),
(1, 45, 7, 0),
(1, 47, 0, 0),
(1, 47, 1, 0),
(1, 47, 2, 0),
(1, 47, 3, 0),
(1, 47, 4, 0),
(1, 47, 7, 0),
(1, 52, 0, 0),
(1, 52, 1, 0),
(1, 52, 2, 0),
(1, 52, 3, 0),
(1, 52, 4, 0),
(1, 52, 7, 0),
(1, 53, 0, 0),
(1, 53, 1, 0),
(1, 53, 2, 0),
(1, 53, 3, 0),
(1, 53, 4, 0),
(1, 53, 7, 0),
(1, 54, 0, 0),
(1, 54, 1, 0),
(1, 54, 2, 0),
(1, 54, 3, 0),
(1, 54, 4, 0),
(1, 54, 7, 0),
(1, 55, 0, 0),
(1, 55, 1, 0),
(1, 55, 2, 0),
(1, 55, 3, 0),
(1, 55, 4, 0),
(1, 55, 7, 0),
(1, 56, 0, 0),
(1, 56, 1, 0),
(1, 56, 2, 0),
(1, 56, 3, 0),
(1, 56, 4, 0),
(1, 56, 7, 0),
(1, 57, 0, 0),
(1, 57, 1, 0),
(1, 57, 2, 0),
(1, 57, 3, 0),
(1, 57, 4, 0),
(1, 57, 7, 0),
(1, 58, 0, 0),
(1, 58, 1, 0),
(1, 58, 2, 0),
(1, 58, 3, 0),
(1, 58, 4, 0),
(1, 58, 7, 0),
(1, 59, 0, 0),
(1, 59, 1, 0),
(1, 59, 2, 0),
(1, 59, 3, 0),
(1, 59, 4, 0),
(1, 59, 7, 0),
(1, 60, 0, 0),
(1, 60, 1, 0),
(1, 60, 2, 0),
(1, 60, 3, 0),
(1, 60, 4, 0),
(1, 60, 7, 0),
(1, 61, 0, 0),
(1, 61, 1, 0),
(1, 61, 2, 0),
(1, 61, 3, 0),
(1, 61, 4, 0),
(1, 61, 7, 0),
(1, 62, 0, 0),
(1, 62, 1, 0),
(1, 62, 2, 0),
(1, 62, 3, 0),
(1, 62, 4, 0),
(1, 62, 7, 0),
(1, 63, 0, 0),
(1, 63, 1, 0),
(1, 63, 2, 0),
(1, 63, 3, 0),
(1, 63, 4, 0),
(1, 63, 7, 0),
(1, 65, 0, 0),
(1, 65, 1, 0),
(1, 65, 2, 0),
(1, 65, 3, 0),
(1, 65, 4, 0),
(1, 65, 7, 0),
(2, 2, 0, 0),
(2, 2, 1, 0),
(2, 2, 2, 0),
(2, 2, 3, 0),
(2, 2, 4, 0),
(2, 2, 7, 0),
(2, 4, 0, 0),
(2, 4, 1, 0),
(2, 4, 2, 0),
(2, 4, 3, 0),
(2, 4, 4, 0),
(2, 4, 7, 0),
(2, 6, 0, 0),
(2, 6, 1, 0),
(2, 6, 2, 0),
(2, 6, 3, 0),
(2, 6, 4, 0),
(2, 6, 7, 0),
(2, 7, 0, 0),
(2, 7, 1, 0),
(2, 7, 2, 0),
(2, 7, 3, 0),
(2, 7, 4, 0),
(2, 7, 7, 0),
(2, 8, 0, 0),
(2, 8, 1, 0),
(2, 8, 2, 0),
(2, 8, 3, 0),
(2, 8, 4, 0),
(2, 8, 7, 0),
(2, 9, 0, 0),
(2, 9, 1, 0),
(2, 9, 2, 0),
(2, 9, 3, 0),
(2, 9, 4, 0),
(2, 9, 7, 0),
(2, 10, 0, 0),
(2, 10, 1, 0),
(2, 10, 2, 0),
(2, 10, 3, 0),
(2, 10, 4, 0),
(2, 13, 0, 1),
(2, 13, 1, 1),
(2, 13, 2, 1),
(2, 13, 3, 0),
(2, 13, 4, 0),
(2, 13, 7, 1),
(2, 14, 0, 0),
(2, 14, 1, 0),
(2, 14, 2, 0),
(2, 14, 3, 0),
(2, 14, 4, 0),
(2, 14, 7, 0),
(2, 15, 0, 0),
(2, 15, 1, 0),
(2, 15, 2, 0),
(2, 15, 3, 0),
(2, 15, 4, 0),
(2, 15, 7, 0),
(2, 16, 0, 0),
(2, 16, 1, 0),
(2, 16, 2, 0),
(2, 16, 3, 0),
(2, 16, 4, 0),
(2, 16, 7, 0),
(2, 18, 0, 0),
(2, 18, 1, 0),
(2, 18, 2, 0),
(2, 18, 3, 0),
(2, 18, 4, 0),
(2, 18, 7, 0),
(2, 19, 0, 0),
(2, 19, 1, 0),
(2, 19, 2, 0),
(2, 19, 3, 0),
(2, 19, 4, 0),
(2, 19, 7, 0),
(2, 20, 0, 0),
(2, 20, 1, 0),
(2, 20, 2, 0),
(2, 20, 3, 0),
(2, 20, 4, 0),
(2, 20, 7, 0),
(2, 21, 0, 0),
(2, 21, 1, 0),
(2, 21, 2, 0),
(2, 21, 3, 0),
(2, 21, 4, 0),
(2, 21, 7, 0),
(2, 22, 0, 0),
(2, 22, 1, 0),
(2, 22, 2, 0),
(2, 22, 3, 0),
(2, 22, 4, 0),
(2, 22, 7, 0),
(2, 23, 0, 0),
(2, 23, 1, 0),
(2, 23, 2, 0),
(2, 23, 3, 0),
(2, 23, 4, 0),
(2, 23, 7, 0),
(2, 25, 0, 1),
(2, 25, 1, 1),
(2, 25, 2, 1),
(2, 25, 3, 0),
(2, 25, 4, 0),
(2, 25, 7, 1),
(2, 26, 0, 0),
(2, 26, 1, 0),
(2, 26, 2, 0),
(2, 26, 3, 0),
(2, 26, 4, 0),
(2, 26, 7, 0),
(2, 34, 0, 0),
(2, 34, 1, 0),
(2, 34, 2, 0),
(2, 34, 3, 0),
(2, 34, 4, 0),
(2, 34, 7, 0),
(2, 35, 0, 0),
(2, 35, 1, 0),
(2, 35, 2, 0),
(2, 35, 3, 0),
(2, 35, 4, 0),
(2, 35, 7, 0),
(2, 36, 0, 0),
(2, 36, 1, 0),
(2, 36, 2, 0),
(2, 36, 3, 0),
(2, 36, 4, 0),
(2, 36, 7, 0),
(2, 38, 0, 0),
(2, 38, 1, 0),
(2, 38, 2, 0),
(2, 38, 3, 0),
(2, 38, 4, 0),
(2, 38, 7, 0),
(2, 42, 0, 0),
(2, 42, 1, 0),
(2, 42, 2, 0),
(2, 42, 3, 0),
(2, 42, 4, 0),
(2, 42, 7, 0),
(2, 43, 0, 0),
(2, 43, 1, 0),
(2, 43, 2, 0),
(2, 43, 3, 0),
(2, 43, 4, 0),
(2, 43, 7, 0),
(2, 44, 0, 0),
(2, 44, 1, 0),
(2, 44, 2, 0),
(2, 44, 3, 0),
(2, 44, 4, 0),
(2, 44, 7, 0),
(2, 45, 0, 0),
(2, 45, 1, 0),
(2, 45, 2, 0),
(2, 45, 3, 0),
(2, 45, 4, 0),
(2, 45, 7, 0),
(2, 47, 0, 0),
(2, 47, 1, 0),
(2, 47, 2, 0),
(2, 47, 3, 0),
(2, 47, 4, 0),
(2, 47, 7, 0),
(2, 52, 0, 0),
(2, 52, 1, 0),
(2, 52, 2, 0),
(2, 52, 3, 0),
(2, 52, 4, 0),
(2, 52, 7, 0),
(2, 53, 0, 0),
(2, 53, 1, 0),
(2, 53, 2, 0),
(2, 53, 3, 0),
(2, 53, 4, 0),
(2, 53, 7, 0),
(2, 54, 0, 0),
(2, 54, 1, 0),
(2, 54, 2, 0),
(2, 54, 3, 0),
(2, 54, 4, 0),
(2, 54, 7, 0),
(2, 55, 0, 0),
(2, 55, 1, 0),
(2, 55, 2, 0),
(2, 55, 3, 0),
(2, 55, 4, 0),
(2, 55, 7, 0),
(2, 56, 0, 0),
(2, 56, 1, 0),
(2, 56, 2, 0),
(2, 56, 3, 0),
(2, 56, 4, 0),
(2, 56, 7, 0),
(2, 57, 0, 0),
(2, 57, 1, 0),
(2, 57, 2, 0),
(2, 57, 3, 0),
(2, 57, 4, 0),
(2, 57, 7, 0),
(2, 58, 0, 0),
(2, 58, 1, 0),
(2, 58, 2, 0),
(2, 58, 3, 0),
(2, 58, 4, 0),
(2, 58, 7, 0),
(2, 59, 0, 0),
(2, 59, 1, 0),
(2, 59, 2, 0),
(2, 59, 3, 0),
(2, 59, 4, 0),
(2, 59, 7, 0),
(2, 60, 0, 0),
(2, 60, 1, 0),
(2, 60, 2, 0),
(2, 60, 3, 0),
(2, 60, 4, 0),
(2, 60, 7, 0),
(2, 61, 0, 0),
(2, 61, 1, 0),
(2, 61, 2, 0),
(2, 61, 3, 0),
(2, 61, 4, 0),
(2, 61, 7, 0),
(2, 62, 0, 0),
(2, 62, 1, 0),
(2, 62, 2, 0),
(2, 62, 3, 0),
(2, 62, 4, 0),
(2, 62, 7, 0),
(2, 63, 0, 0),
(2, 63, 1, 0),
(2, 63, 2, 0),
(2, 63, 3, 0),
(2, 63, 4, 0),
(2, 63, 7, 0),
(2, 65, 0, 0),
(2, 65, 1, 0),
(2, 65, 2, 0),
(2, 65, 3, 0),
(2, 65, 4, 0),
(2, 65, 7, 0),
(3, 2, 0, 1),
(3, 2, 1, 1),
(3, 2, 2, 1),
(3, 2, 3, 0),
(3, 2, 4, 0),
(3, 2, 7, 1),
(3, 4, 0, 0),
(3, 4, 1, 0),
(3, 4, 2, 0),
(3, 4, 3, 0),
(3, 4, 4, 0),
(3, 4, 7, 0),
(3, 6, 0, 0),
(3, 6, 1, 0),
(3, 6, 2, 0),
(3, 6, 3, 0),
(3, 6, 4, 0),
(3, 6, 7, 0),
(3, 7, 0, 0),
(3, 7, 1, 0),
(3, 7, 2, 0),
(3, 7, 3, 0),
(3, 7, 4, 0),
(3, 7, 7, 0),
(3, 8, 0, 0),
(3, 8, 1, 0),
(3, 8, 2, 0),
(3, 8, 3, 0),
(3, 8, 4, 0),
(3, 8, 7, 0),
(3, 9, 0, 0),
(3, 9, 1, 0),
(3, 9, 2, 0),
(3, 9, 3, 0),
(3, 9, 4, 0),
(3, 9, 7, 0),
(3, 10, 0, 0),
(3, 10, 1, 0),
(3, 10, 2, 0),
(3, 10, 3, 0),
(3, 10, 4, 0),
(3, 13, 0, 0),
(3, 13, 1, 0),
(3, 13, 2, 0),
(3, 13, 3, 0),
(3, 13, 4, 0),
(3, 13, 7, 0),
(3, 14, 0, 0),
(3, 14, 1, 0),
(3, 14, 2, 0),
(3, 14, 3, 0),
(3, 14, 4, 0),
(3, 14, 7, 0),
(3, 15, 0, 0),
(3, 15, 1, 0),
(3, 15, 2, 0),
(3, 15, 3, 0),
(3, 15, 4, 0),
(3, 15, 7, 0),
(3, 16, 0, 0),
(3, 16, 1, 0),
(3, 16, 2, 0),
(3, 16, 3, 0),
(3, 16, 4, 0),
(3, 16, 7, 0),
(3, 18, 0, 0),
(3, 18, 1, 0),
(3, 18, 2, 0),
(3, 18, 3, 0),
(3, 18, 4, 0),
(3, 18, 7, 0),
(3, 19, 0, 0),
(3, 19, 1, 0),
(3, 19, 2, 0),
(3, 19, 3, 0),
(3, 19, 4, 0),
(3, 19, 7, 0),
(3, 20, 0, 0),
(3, 20, 1, 0),
(3, 20, 2, 0),
(3, 20, 3, 0),
(3, 20, 4, 0),
(3, 20, 7, 0),
(3, 21, 0, 0),
(3, 21, 1, 0),
(3, 21, 2, 0),
(3, 21, 3, 0),
(3, 21, 4, 0),
(3, 21, 7, 0),
(3, 22, 0, 0),
(3, 22, 1, 0),
(3, 22, 2, 0),
(3, 22, 3, 0),
(3, 22, 4, 0),
(3, 22, 7, 0),
(3, 23, 0, 0),
(3, 23, 1, 0),
(3, 23, 2, 0),
(3, 23, 3, 0),
(3, 23, 4, 0),
(3, 23, 7, 0),
(3, 25, 0, 1),
(3, 25, 1, 1),
(3, 25, 2, 1),
(3, 25, 3, 0),
(3, 25, 4, 0),
(3, 25, 7, 1),
(3, 26, 0, 0),
(3, 26, 1, 0),
(3, 26, 2, 0),
(3, 26, 3, 0),
(3, 26, 4, 0),
(3, 26, 7, 0),
(3, 34, 0, 0),
(3, 34, 1, 0),
(3, 34, 2, 0),
(3, 34, 3, 0),
(3, 34, 4, 0),
(3, 34, 7, 0),
(3, 35, 0, 0),
(3, 35, 1, 0),
(3, 35, 2, 0),
(3, 35, 3, 0),
(3, 35, 4, 0),
(3, 35, 7, 0),
(3, 36, 0, 0),
(3, 36, 1, 0),
(3, 36, 2, 0),
(3, 36, 3, 0),
(3, 36, 4, 0),
(3, 36, 7, 0),
(3, 38, 0, 0),
(3, 38, 1, 0),
(3, 38, 2, 0),
(3, 38, 3, 0),
(3, 38, 4, 0),
(3, 38, 7, 0),
(3, 42, 0, 0),
(3, 42, 1, 0),
(3, 42, 2, 0),
(3, 42, 3, 0),
(3, 42, 4, 0),
(3, 42, 7, 0),
(3, 43, 0, 0),
(3, 43, 1, 0),
(3, 43, 2, 0),
(3, 43, 3, 0),
(3, 43, 4, 0),
(3, 43, 7, 0),
(3, 44, 0, 0),
(3, 44, 1, 0),
(3, 44, 2, 0),
(3, 44, 3, 0),
(3, 44, 4, 0),
(3, 44, 7, 0),
(3, 45, 0, 0),
(3, 45, 1, 0),
(3, 45, 2, 0),
(3, 45, 3, 0),
(3, 45, 4, 0),
(3, 45, 7, 0),
(3, 47, 0, 0),
(3, 47, 1, 0),
(3, 47, 2, 0),
(3, 47, 3, 0),
(3, 47, 4, 0),
(3, 47, 7, 0),
(3, 52, 0, 0),
(3, 52, 1, 0),
(3, 52, 2, 0),
(3, 52, 3, 0),
(3, 52, 4, 0),
(3, 52, 7, 0),
(3, 53, 0, 0),
(3, 53, 1, 0),
(3, 53, 2, 0),
(3, 53, 3, 0),
(3, 53, 4, 0),
(3, 53, 7, 0),
(3, 54, 0, 0),
(3, 54, 1, 0),
(3, 54, 2, 0),
(3, 54, 3, 0),
(3, 54, 4, 0),
(3, 54, 7, 0),
(3, 55, 0, 0),
(3, 55, 1, 0),
(3, 55, 2, 0),
(3, 55, 3, 0),
(3, 55, 4, 0),
(3, 55, 7, 0),
(3, 56, 0, 0),
(3, 56, 1, 0),
(3, 56, 2, 0),
(3, 56, 3, 0),
(3, 56, 4, 0),
(3, 56, 7, 0),
(3, 57, 0, 0),
(3, 57, 1, 0),
(3, 57, 2, 0),
(3, 57, 3, 0),
(3, 57, 4, 0),
(3, 57, 7, 0),
(3, 58, 0, 0),
(3, 58, 1, 0),
(3, 58, 2, 0),
(3, 58, 3, 0),
(3, 58, 4, 0),
(3, 58, 7, 0),
(3, 59, 0, 0),
(3, 59, 1, 0),
(3, 59, 2, 0),
(3, 59, 3, 0),
(3, 59, 4, 0),
(3, 59, 7, 0),
(3, 60, 0, 0),
(3, 60, 1, 0),
(3, 60, 2, 0),
(3, 60, 3, 0),
(3, 60, 4, 0),
(3, 60, 7, 0),
(3, 61, 0, 0),
(3, 61, 1, 0),
(3, 61, 2, 0),
(3, 61, 3, 0),
(3, 61, 4, 0),
(3, 61, 7, 0),
(3, 62, 0, 0),
(3, 62, 1, 0),
(3, 62, 2, 0),
(3, 62, 3, 0),
(3, 62, 4, 0),
(3, 62, 7, 0),
(3, 63, 0, 0),
(3, 63, 1, 0),
(3, 63, 2, 0),
(3, 63, 3, 0),
(3, 63, 4, 0),
(3, 63, 7, 0),
(3, 65, 0, 0),
(3, 65, 1, 0),
(3, 65, 2, 0),
(3, 65, 3, 0),
(3, 65, 4, 0),
(3, 65, 7, 0),
(4, 2, 0, 1),
(4, 2, 1, 1),
(4, 2, 2, 1),
(4, 2, 3, 0),
(4, 2, 4, 0),
(4, 2, 7, 1),
(4, 4, 0, 1),
(4, 4, 1, 1),
(4, 4, 2, 1),
(4, 4, 3, 0),
(4, 4, 4, 0),
(4, 4, 7, 1),
(4, 6, 0, 1),
(4, 6, 1, 1),
(4, 6, 2, 1),
(4, 6, 3, 0),
(4, 6, 4, 0),
(4, 6, 7, 1),
(4, 7, 0, 1),
(4, 7, 1, 1),
(4, 7, 2, 1),
(4, 7, 3, 0),
(4, 7, 4, 0),
(4, 7, 7, 1),
(4, 8, 0, 1),
(4, 8, 1, 1),
(4, 8, 2, 1),
(4, 8, 3, 0),
(4, 8, 4, 0),
(4, 8, 7, 1),
(4, 9, 0, 1),
(4, 9, 1, 1),
(4, 9, 2, 1),
(4, 9, 3, 0),
(4, 9, 4, 0),
(4, 9, 7, 1),
(4, 10, 0, 0),
(4, 10, 1, 0),
(4, 10, 2, 0),
(4, 10, 3, 0),
(4, 10, 4, 0),
(4, 13, 0, 1),
(4, 13, 1, 1),
(4, 13, 2, 1),
(4, 13, 3, 0),
(4, 13, 4, 0),
(4, 13, 7, 1),
(4, 14, 0, 1),
(4, 14, 1, 1),
(4, 14, 2, 1),
(4, 14, 3, 0),
(4, 14, 4, 0),
(4, 14, 7, 1),
(4, 15, 0, 1),
(4, 15, 1, 1),
(4, 15, 2, 1),
(4, 15, 3, 0),
(4, 15, 4, 0),
(4, 15, 7, 1),
(4, 16, 0, 1),
(4, 16, 1, 1),
(4, 16, 2, 1),
(4, 16, 3, 0),
(4, 16, 4, 0),
(4, 16, 7, 1),
(4, 18, 0, 1),
(4, 18, 1, 1),
(4, 18, 2, 1),
(4, 18, 3, 0),
(4, 18, 4, 0),
(4, 18, 7, 1),
(4, 19, 0, 1),
(4, 19, 1, 1),
(4, 19, 2, 1),
(4, 19, 3, 0),
(4, 19, 4, 0),
(4, 19, 7, 1),
(4, 20, 0, 1),
(4, 20, 1, 1),
(4, 20, 2, 1),
(4, 20, 3, 0),
(4, 20, 4, 0),
(4, 20, 7, 1),
(4, 21, 0, 1),
(4, 21, 1, 1),
(4, 21, 2, 1),
(4, 21, 3, 0),
(4, 21, 4, 0),
(4, 21, 7, 1),
(4, 22, 0, 1),
(4, 22, 1, 1),
(4, 22, 2, 1),
(4, 22, 3, 0),
(4, 22, 4, 0),
(4, 22, 7, 1),
(4, 23, 0, 1),
(4, 23, 1, 1),
(4, 23, 2, 1),
(4, 23, 3, 0),
(4, 23, 4, 0),
(4, 23, 7, 1),
(4, 25, 0, 1),
(4, 25, 1, 1),
(4, 25, 2, 1),
(4, 25, 3, 0),
(4, 25, 4, 0),
(4, 25, 7, 1),
(4, 26, 0, 1),
(4, 26, 1, 1),
(4, 26, 2, 1),
(4, 26, 3, 0),
(4, 26, 4, 0),
(4, 26, 7, 1),
(4, 34, 0, 0),
(4, 34, 1, 0),
(4, 34, 2, 0),
(4, 34, 3, 0),
(4, 34, 4, 0),
(4, 34, 7, 0),
(4, 35, 0, 0),
(4, 35, 1, 0),
(4, 35, 2, 0),
(4, 35, 3, 0),
(4, 35, 4, 0),
(4, 35, 7, 0),
(4, 36, 0, 0),
(4, 36, 1, 0),
(4, 36, 2, 0),
(4, 36, 3, 0),
(4, 36, 4, 0),
(4, 36, 7, 0),
(4, 38, 0, 0),
(4, 38, 1, 0),
(4, 38, 2, 0),
(4, 38, 3, 0),
(4, 38, 4, 0),
(4, 38, 7, 0),
(4, 42, 0, 0),
(4, 42, 1, 0),
(4, 42, 2, 0),
(4, 42, 3, 0),
(4, 42, 4, 0),
(4, 42, 7, 0),
(4, 43, 0, 0),
(4, 43, 1, 0),
(4, 43, 2, 0),
(4, 43, 3, 0),
(4, 43, 4, 0),
(4, 43, 7, 0),
(4, 44, 0, 0),
(4, 44, 1, 0),
(4, 44, 2, 0),
(4, 44, 3, 0),
(4, 44, 4, 0),
(4, 44, 7, 0),
(4, 45, 0, 0),
(4, 45, 1, 0),
(4, 45, 2, 0),
(4, 45, 3, 0),
(4, 45, 4, 0),
(4, 45, 7, 0),
(4, 47, 0, 0),
(4, 47, 1, 0),
(4, 47, 2, 0),
(4, 47, 3, 0),
(4, 47, 4, 0),
(4, 47, 7, 0),
(4, 52, 0, 0),
(4, 52, 1, 0),
(4, 52, 2, 0),
(4, 52, 3, 0),
(4, 52, 4, 0),
(4, 52, 7, 0),
(4, 53, 0, 0),
(4, 53, 1, 0),
(4, 53, 2, 0),
(4, 53, 3, 0),
(4, 53, 4, 0),
(4, 53, 7, 0),
(4, 54, 0, 0),
(4, 54, 1, 0),
(4, 54, 2, 0),
(4, 54, 3, 0),
(4, 54, 4, 0),
(4, 54, 7, 0),
(4, 55, 0, 0),
(4, 55, 1, 0),
(4, 55, 2, 0),
(4, 55, 3, 0),
(4, 55, 4, 0),
(4, 55, 7, 0),
(4, 56, 0, 0),
(4, 56, 1, 0),
(4, 56, 2, 0),
(4, 56, 3, 0),
(4, 56, 4, 0),
(4, 56, 7, 0),
(4, 57, 0, 0),
(4, 57, 1, 0),
(4, 57, 2, 0),
(4, 57, 3, 0),
(4, 57, 4, 0),
(4, 57, 7, 0),
(4, 58, 0, 0),
(4, 58, 1, 0),
(4, 58, 2, 0),
(4, 58, 3, 0),
(4, 58, 4, 0),
(4, 58, 7, 0),
(4, 59, 0, 0),
(4, 59, 1, 0),
(4, 59, 2, 0),
(4, 59, 3, 0),
(4, 59, 4, 0),
(4, 59, 7, 0),
(4, 60, 0, 0),
(4, 60, 1, 0),
(4, 60, 2, 0),
(4, 60, 3, 0),
(4, 60, 4, 0),
(4, 60, 7, 0),
(4, 61, 0, 0),
(4, 61, 1, 0),
(4, 61, 2, 0),
(4, 61, 3, 0),
(4, 61, 4, 0),
(4, 61, 7, 0),
(4, 62, 0, 0),
(4, 62, 1, 0),
(4, 62, 2, 0),
(4, 62, 3, 0),
(4, 62, 4, 0),
(4, 62, 7, 0),
(4, 63, 0, 0),
(4, 63, 1, 0),
(4, 63, 2, 0),
(4, 63, 3, 0),
(4, 63, 4, 0),
(4, 63, 7, 0),
(4, 65, 0, 0),
(4, 65, 1, 0),
(4, 65, 2, 0),
(4, 65, 3, 0),
(4, 65, 4, 0),
(4, 65, 7, 0),
(5, 2, 0, 0),
(5, 2, 1, 0),
(5, 2, 2, 0),
(5, 2, 3, 0),
(5, 2, 4, 0),
(5, 2, 7, 0),
(5, 4, 0, 0),
(5, 4, 1, 0),
(5, 4, 2, 0),
(5, 4, 3, 0),
(5, 4, 4, 0),
(5, 4, 7, 0),
(5, 6, 0, 0),
(5, 6, 1, 0),
(5, 6, 2, 0),
(5, 6, 3, 0),
(5, 6, 4, 0),
(5, 6, 7, 0),
(5, 7, 0, 0),
(5, 7, 1, 0),
(5, 7, 2, 0),
(5, 7, 3, 0),
(5, 7, 4, 0),
(5, 7, 7, 0),
(5, 8, 0, 0),
(5, 8, 1, 0),
(5, 8, 2, 0),
(5, 8, 3, 0),
(5, 8, 4, 0),
(5, 8, 7, 0),
(5, 9, 0, 0),
(5, 9, 1, 0),
(5, 9, 2, 0),
(5, 9, 3, 0),
(5, 9, 4, 0),
(5, 9, 7, 0),
(5, 10, 0, 0),
(5, 10, 1, 0),
(5, 10, 2, 0),
(5, 10, 3, 0),
(5, 10, 4, 0),
(5, 13, 0, 0),
(5, 13, 1, 0),
(5, 13, 2, 0),
(5, 13, 3, 0),
(5, 13, 4, 0),
(5, 13, 7, 0),
(5, 14, 0, 0),
(5, 14, 1, 0),
(5, 14, 2, 0),
(5, 14, 3, 0),
(5, 14, 4, 0),
(5, 14, 7, 0),
(5, 15, 0, 0),
(5, 15, 1, 0),
(5, 15, 2, 0),
(5, 15, 3, 0),
(5, 15, 4, 0),
(5, 15, 7, 0),
(5, 16, 0, 0),
(5, 16, 1, 0),
(5, 16, 2, 0),
(5, 16, 3, 0),
(5, 16, 4, 0),
(5, 16, 7, 0),
(5, 18, 0, 0),
(5, 18, 1, 0),
(5, 18, 2, 0),
(5, 18, 3, 0),
(5, 18, 4, 0),
(5, 18, 7, 0),
(5, 19, 0, 0),
(5, 19, 1, 0),
(5, 19, 2, 0),
(5, 19, 3, 0),
(5, 19, 4, 0),
(5, 19, 7, 0),
(5, 20, 0, 0),
(5, 20, 1, 0),
(5, 20, 2, 0),
(5, 20, 3, 0),
(5, 20, 4, 0),
(5, 20, 7, 0),
(5, 21, 0, 0),
(5, 21, 1, 0),
(5, 21, 2, 0),
(5, 21, 3, 0),
(5, 21, 4, 0),
(5, 21, 7, 0),
(5, 22, 0, 0),
(5, 22, 1, 0),
(5, 22, 2, 0),
(5, 22, 3, 0),
(5, 22, 4, 0),
(5, 22, 7, 0),
(5, 23, 0, 0),
(5, 23, 1, 0),
(5, 23, 2, 0),
(5, 23, 3, 0),
(5, 23, 4, 0),
(5, 23, 7, 0),
(5, 25, 0, 1),
(5, 25, 1, 1),
(5, 25, 2, 1),
(5, 25, 3, 0),
(5, 25, 4, 0),
(5, 25, 7, 1),
(5, 26, 0, 0),
(5, 26, 1, 0),
(5, 26, 2, 0),
(5, 26, 3, 0),
(5, 26, 4, 0),
(5, 26, 7, 0),
(5, 34, 0, 0),
(5, 34, 1, 0),
(5, 34, 2, 0),
(5, 34, 3, 0),
(5, 34, 4, 0),
(5, 34, 7, 0),
(5, 35, 0, 0),
(5, 35, 1, 0),
(5, 35, 2, 0),
(5, 35, 3, 0),
(5, 35, 4, 0),
(5, 35, 7, 0),
(5, 36, 0, 0),
(5, 36, 1, 0),
(5, 36, 2, 0),
(5, 36, 3, 0),
(5, 36, 4, 0),
(5, 36, 7, 0),
(5, 38, 0, 0),
(5, 38, 1, 0),
(5, 38, 2, 0),
(5, 38, 3, 0),
(5, 38, 4, 0),
(5, 38, 7, 0),
(5, 42, 0, 0),
(5, 42, 1, 0),
(5, 42, 2, 0),
(5, 42, 3, 0),
(5, 42, 4, 0),
(5, 42, 7, 0),
(5, 43, 0, 0),
(5, 43, 1, 0),
(5, 43, 2, 0),
(5, 43, 3, 0),
(5, 43, 4, 0),
(5, 43, 7, 0),
(5, 44, 0, 0),
(5, 44, 1, 0),
(5, 44, 2, 0),
(5, 44, 3, 0),
(5, 44, 4, 0),
(5, 44, 7, 0),
(5, 45, 0, 0),
(5, 45, 1, 0),
(5, 45, 2, 0),
(5, 45, 3, 0),
(5, 45, 4, 0),
(5, 45, 7, 0),
(5, 47, 0, 0),
(5, 47, 1, 0),
(5, 47, 2, 0),
(5, 47, 3, 0),
(5, 47, 4, 0),
(5, 47, 7, 0),
(5, 52, 0, 0),
(5, 52, 1, 0),
(5, 52, 2, 0),
(5, 52, 3, 0),
(5, 52, 4, 0),
(5, 52, 7, 0),
(5, 53, 0, 0),
(5, 53, 1, 0),
(5, 53, 2, 0),
(5, 53, 3, 0),
(5, 53, 4, 0),
(5, 53, 7, 0),
(5, 54, 0, 0),
(5, 54, 1, 0),
(5, 54, 2, 0),
(5, 54, 3, 0),
(5, 54, 4, 0),
(5, 54, 7, 0),
(5, 55, 0, 0),
(5, 55, 1, 0),
(5, 55, 2, 0),
(5, 55, 3, 0),
(5, 55, 4, 0),
(5, 55, 7, 0),
(5, 56, 0, 0),
(5, 56, 1, 0),
(5, 56, 2, 0),
(5, 56, 3, 0),
(5, 56, 4, 0),
(5, 56, 7, 0),
(5, 57, 0, 0),
(5, 57, 1, 0),
(5, 57, 2, 0),
(5, 57, 3, 0),
(5, 57, 4, 0),
(5, 57, 7, 0),
(5, 58, 0, 0),
(5, 58, 1, 0),
(5, 58, 2, 0),
(5, 58, 3, 0),
(5, 58, 4, 0),
(5, 58, 7, 0),
(5, 59, 0, 0),
(5, 59, 1, 0),
(5, 59, 2, 0),
(5, 59, 3, 0),
(5, 59, 4, 0),
(5, 59, 7, 0),
(5, 60, 0, 0),
(5, 60, 1, 0),
(5, 60, 2, 0),
(5, 60, 3, 0),
(5, 60, 4, 0),
(5, 60, 7, 0),
(5, 61, 0, 0),
(5, 61, 1, 0),
(5, 61, 2, 0),
(5, 61, 3, 0),
(5, 61, 4, 0),
(5, 61, 7, 0),
(5, 62, 0, 0),
(5, 62, 1, 0),
(5, 62, 2, 0),
(5, 62, 3, 0),
(5, 62, 4, 0),
(5, 62, 7, 0),
(5, 63, 0, 0),
(5, 63, 1, 0),
(5, 63, 2, 0),
(5, 63, 3, 0),
(5, 63, 4, 0),
(5, 63, 7, 0),
(5, 65, 0, 0),
(5, 65, 1, 0),
(5, 65, 2, 0),
(5, 65, 3, 0),
(5, 65, 4, 0),
(5, 65, 7, 0),
(6, 2, 0, 0),
(6, 2, 1, 0),
(6, 2, 2, 0),
(6, 2, 3, 0),
(6, 2, 4, 0),
(6, 2, 7, 0),
(6, 4, 0, 0),
(6, 4, 1, 0),
(6, 4, 2, 0),
(6, 4, 3, 0),
(6, 4, 4, 0),
(6, 4, 7, 0),
(6, 6, 0, 0),
(6, 6, 1, 0),
(6, 6, 2, 0),
(6, 6, 3, 0),
(6, 6, 4, 0),
(6, 6, 7, 0),
(6, 7, 0, 0),
(6, 7, 1, 0),
(6, 7, 2, 0),
(6, 7, 3, 0),
(6, 7, 4, 0),
(6, 7, 7, 0),
(6, 8, 0, 0),
(6, 8, 1, 0),
(6, 8, 2, 0),
(6, 8, 3, 0),
(6, 8, 4, 0),
(6, 8, 7, 0),
(6, 9, 0, 0),
(6, 9, 1, 0),
(6, 9, 2, 0),
(6, 9, 3, 0),
(6, 9, 4, 0),
(6, 9, 7, 0),
(6, 10, 0, 0),
(6, 10, 1, 0),
(6, 10, 2, 0),
(6, 10, 3, 0),
(6, 10, 4, 0),
(6, 13, 0, 1),
(6, 13, 1, 1),
(6, 13, 2, 1),
(6, 13, 3, 0),
(6, 13, 4, 0),
(6, 13, 7, 1),
(6, 14, 0, 0),
(6, 14, 1, 0),
(6, 14, 2, 0),
(6, 14, 3, 0),
(6, 14, 4, 0),
(6, 14, 7, 0),
(6, 15, 0, 0),
(6, 15, 1, 0),
(6, 15, 2, 0),
(6, 15, 3, 0),
(6, 15, 4, 0),
(6, 15, 7, 0),
(6, 16, 0, 0),
(6, 16, 1, 0),
(6, 16, 2, 0),
(6, 16, 3, 0),
(6, 16, 4, 0),
(6, 16, 7, 0),
(6, 18, 0, 0),
(6, 18, 1, 0),
(6, 18, 2, 0),
(6, 18, 3, 0),
(6, 18, 4, 0),
(6, 18, 7, 0),
(6, 19, 0, 0),
(6, 19, 1, 0),
(6, 19, 2, 0),
(6, 19, 3, 0),
(6, 19, 4, 0),
(6, 19, 7, 0),
(6, 20, 0, 0),
(6, 20, 1, 0),
(6, 20, 2, 0),
(6, 20, 3, 0),
(6, 20, 4, 0),
(6, 20, 7, 0),
(6, 21, 0, 0),
(6, 21, 1, 0),
(6, 21, 2, 0),
(6, 21, 3, 0),
(6, 21, 4, 0),
(6, 21, 7, 0),
(6, 22, 0, 0),
(6, 22, 1, 0),
(6, 22, 2, 0),
(6, 22, 3, 0),
(6, 22, 4, 0),
(6, 22, 7, 0),
(6, 23, 0, 0),
(6, 23, 1, 0),
(6, 23, 2, 0),
(6, 23, 3, 0),
(6, 23, 4, 0),
(6, 23, 7, 0),
(6, 25, 0, 1),
(6, 25, 1, 1),
(6, 25, 2, 1),
(6, 25, 3, 0),
(6, 25, 4, 0),
(6, 25, 7, 1),
(6, 26, 0, 0),
(6, 26, 1, 0),
(6, 26, 2, 0),
(6, 26, 3, 0),
(6, 26, 4, 0),
(6, 26, 7, 0),
(6, 34, 0, 0),
(6, 34, 1, 0),
(6, 34, 2, 0),
(6, 34, 3, 0),
(6, 34, 4, 0),
(6, 34, 7, 0),
(6, 35, 0, 0),
(6, 35, 1, 0),
(6, 35, 2, 0),
(6, 35, 3, 0),
(6, 35, 4, 0),
(6, 35, 7, 0),
(6, 36, 0, 0),
(6, 36, 1, 0),
(6, 36, 2, 0),
(6, 36, 3, 0),
(6, 36, 4, 0),
(6, 36, 7, 0),
(6, 38, 0, 0),
(6, 38, 1, 0),
(6, 38, 2, 0),
(6, 38, 3, 0),
(6, 38, 4, 0),
(6, 38, 7, 0),
(6, 42, 0, 0),
(6, 42, 1, 0),
(6, 42, 2, 0),
(6, 42, 3, 0),
(6, 42, 4, 0),
(6, 42, 7, 0),
(6, 43, 0, 0),
(6, 43, 1, 0),
(6, 43, 2, 0),
(6, 43, 3, 0),
(6, 43, 4, 0),
(6, 43, 7, 0),
(6, 44, 0, 0),
(6, 44, 1, 0),
(6, 44, 2, 0),
(6, 44, 3, 0),
(6, 44, 4, 0),
(6, 44, 7, 0),
(6, 45, 0, 0),
(6, 45, 1, 0),
(6, 45, 2, 0),
(6, 45, 3, 0),
(6, 45, 4, 0),
(6, 45, 7, 0),
(6, 47, 0, 0),
(6, 47, 1, 0),
(6, 47, 2, 0),
(6, 47, 3, 0),
(6, 47, 4, 0),
(6, 47, 7, 0),
(6, 52, 0, 0),
(6, 52, 1, 0),
(6, 52, 2, 0),
(6, 52, 3, 0),
(6, 52, 4, 0),
(6, 52, 7, 0),
(6, 53, 0, 0),
(6, 53, 1, 0),
(6, 53, 2, 0),
(6, 53, 3, 0),
(6, 53, 4, 0),
(6, 53, 7, 0),
(6, 54, 0, 0),
(6, 54, 1, 0),
(6, 54, 2, 0),
(6, 54, 3, 0),
(6, 54, 4, 0),
(6, 54, 7, 0),
(6, 55, 0, 0),
(6, 55, 1, 0),
(6, 55, 2, 0),
(6, 55, 3, 0),
(6, 55, 4, 0),
(6, 55, 7, 0),
(6, 56, 0, 0),
(6, 56, 1, 0),
(6, 56, 2, 0),
(6, 56, 3, 0),
(6, 56, 4, 0),
(6, 56, 7, 0),
(6, 57, 0, 0),
(6, 57, 1, 0),
(6, 57, 2, 0),
(6, 57, 3, 0),
(6, 57, 4, 0),
(6, 57, 7, 0),
(6, 58, 0, 0),
(6, 58, 1, 0),
(6, 58, 2, 0),
(6, 58, 3, 0),
(6, 58, 4, 0),
(6, 58, 7, 0),
(6, 59, 0, 0),
(6, 59, 1, 0),
(6, 59, 2, 0),
(6, 59, 3, 0),
(6, 59, 4, 0),
(6, 59, 7, 0),
(6, 60, 0, 0),
(6, 60, 1, 0),
(6, 60, 2, 0),
(6, 60, 3, 0),
(6, 60, 4, 0),
(6, 60, 7, 0),
(6, 61, 0, 0),
(6, 61, 1, 0),
(6, 61, 2, 0),
(6, 61, 3, 0),
(6, 61, 4, 0),
(6, 61, 7, 0),
(6, 62, 0, 0),
(6, 62, 1, 0),
(6, 62, 2, 0),
(6, 62, 3, 0),
(6, 62, 4, 0),
(6, 62, 7, 0),
(6, 63, 0, 0),
(6, 63, 1, 0),
(6, 63, 2, 0),
(6, 63, 3, 0),
(6, 63, 4, 0),
(6, 63, 7, 0),
(6, 65, 0, 0),
(6, 65, 1, 0),
(6, 65, 2, 0),
(6, 65, 3, 0),
(6, 65, 4, 0),
(6, 65, 7, 0),
(7, 2, 0, 0),
(7, 2, 1, 0),
(7, 2, 2, 0),
(7, 2, 3, 0),
(7, 2, 4, 0),
(7, 2, 7, 0),
(7, 4, 0, 0),
(7, 4, 1, 0),
(7, 4, 2, 0),
(7, 4, 3, 0),
(7, 4, 4, 0),
(7, 4, 7, 0),
(7, 6, 0, 0),
(7, 6, 1, 0),
(7, 6, 2, 0),
(7, 6, 3, 0),
(7, 6, 4, 0),
(7, 6, 7, 0),
(7, 7, 0, 0),
(7, 7, 1, 0),
(7, 7, 2, 0),
(7, 7, 3, 0),
(7, 7, 4, 0),
(7, 7, 7, 0),
(7, 8, 0, 0),
(7, 8, 1, 0),
(7, 8, 2, 0),
(7, 8, 3, 0),
(7, 8, 4, 0),
(7, 8, 7, 0),
(7, 9, 0, 0),
(7, 9, 1, 0),
(7, 9, 2, 0),
(7, 9, 3, 0),
(7, 9, 4, 0),
(7, 9, 7, 0),
(7, 10, 0, 0),
(7, 10, 1, 0),
(7, 10, 2, 0),
(7, 10, 3, 0),
(7, 10, 4, 0),
(7, 13, 0, 1),
(7, 13, 1, 1),
(7, 13, 2, 1),
(7, 13, 3, 0),
(7, 13, 4, 0),
(7, 13, 7, 1),
(7, 14, 0, 0),
(7, 14, 1, 0),
(7, 14, 2, 0),
(7, 14, 3, 0),
(7, 14, 4, 0),
(7, 14, 7, 0),
(7, 15, 0, 0),
(7, 15, 1, 0),
(7, 15, 2, 0),
(7, 15, 3, 0),
(7, 15, 4, 0),
(7, 15, 7, 0),
(7, 16, 0, 0),
(7, 16, 1, 0),
(7, 16, 2, 0),
(7, 16, 3, 0),
(7, 16, 4, 0),
(7, 16, 7, 0),
(7, 18, 0, 0),
(7, 18, 1, 0),
(7, 18, 2, 0),
(7, 18, 3, 0),
(7, 18, 4, 0),
(7, 18, 7, 0),
(7, 19, 0, 0),
(7, 19, 1, 0),
(7, 19, 2, 0),
(7, 19, 3, 0),
(7, 19, 4, 0),
(7, 19, 7, 0),
(7, 20, 0, 0),
(7, 20, 1, 0),
(7, 20, 2, 0),
(7, 20, 3, 0),
(7, 20, 4, 0),
(7, 20, 7, 0),
(7, 21, 0, 0),
(7, 21, 1, 0),
(7, 21, 2, 0),
(7, 21, 3, 0),
(7, 21, 4, 0),
(7, 21, 7, 0),
(7, 22, 0, 0),
(7, 22, 1, 0),
(7, 22, 2, 0),
(7, 22, 3, 0),
(7, 22, 4, 0),
(7, 22, 7, 0),
(7, 23, 0, 0),
(7, 23, 1, 0),
(7, 23, 2, 0),
(7, 23, 3, 0),
(7, 23, 4, 0),
(7, 23, 7, 0),
(7, 25, 0, 1),
(7, 25, 1, 1),
(7, 25, 2, 1),
(7, 25, 3, 0),
(7, 25, 4, 0),
(7, 25, 7, 1),
(7, 26, 0, 0),
(7, 26, 1, 0),
(7, 26, 2, 0),
(7, 26, 3, 0),
(7, 26, 4, 0),
(7, 26, 7, 0),
(7, 34, 0, 0),
(7, 34, 1, 0),
(7, 34, 2, 0),
(7, 34, 3, 0),
(7, 34, 4, 0),
(7, 34, 7, 0),
(7, 35, 0, 0),
(7, 35, 1, 0),
(7, 35, 2, 0),
(7, 35, 3, 0),
(7, 35, 4, 0),
(7, 35, 7, 0),
(7, 36, 0, 0),
(7, 36, 1, 0),
(7, 36, 2, 0),
(7, 36, 3, 0),
(7, 36, 4, 0),
(7, 36, 7, 0),
(7, 38, 0, 0),
(7, 38, 1, 0),
(7, 38, 2, 0),
(7, 38, 3, 0),
(7, 38, 4, 0),
(7, 38, 7, 0),
(7, 42, 0, 0),
(7, 42, 1, 0),
(7, 42, 2, 0),
(7, 42, 3, 0),
(7, 42, 4, 0),
(7, 42, 7, 0),
(7, 43, 0, 0),
(7, 43, 1, 0),
(7, 43, 2, 0),
(7, 43, 3, 0),
(7, 43, 4, 0),
(7, 43, 7, 0),
(7, 44, 0, 0),
(7, 44, 1, 0),
(7, 44, 2, 0),
(7, 44, 3, 0),
(7, 44, 4, 0),
(7, 44, 7, 0),
(7, 45, 0, 0),
(7, 45, 1, 0),
(7, 45, 2, 0),
(7, 45, 3, 0),
(7, 45, 4, 0),
(7, 45, 7, 0),
(7, 47, 0, 0),
(7, 47, 1, 0),
(7, 47, 2, 0),
(7, 47, 3, 0),
(7, 47, 4, 0),
(7, 47, 7, 0),
(7, 52, 0, 0),
(7, 52, 1, 0),
(7, 52, 2, 0),
(7, 52, 3, 0),
(7, 52, 4, 0),
(7, 52, 7, 0),
(7, 53, 0, 0),
(7, 53, 1, 0),
(7, 53, 2, 0),
(7, 53, 3, 0),
(7, 53, 4, 0),
(7, 53, 7, 0),
(7, 54, 0, 0),
(7, 54, 1, 0),
(7, 54, 2, 0),
(7, 54, 3, 0),
(7, 54, 4, 0),
(7, 54, 7, 0),
(7, 55, 0, 0),
(7, 55, 1, 0),
(7, 55, 2, 0),
(7, 55, 3, 0),
(7, 55, 4, 0),
(7, 55, 7, 0),
(7, 56, 0, 0),
(7, 56, 1, 0),
(7, 56, 2, 0),
(7, 56, 3, 0),
(7, 56, 4, 0),
(7, 56, 7, 0),
(7, 57, 0, 0),
(7, 57, 1, 0),
(7, 57, 2, 0),
(7, 57, 3, 0),
(7, 57, 4, 0),
(7, 57, 7, 0),
(7, 58, 0, 0),
(7, 58, 1, 0),
(7, 58, 2, 0),
(7, 58, 3, 0),
(7, 58, 4, 0),
(7, 58, 7, 0),
(7, 59, 0, 0),
(7, 59, 1, 0),
(7, 59, 2, 0),
(7, 59, 3, 0),
(7, 59, 4, 0),
(7, 59, 7, 0),
(7, 60, 0, 0),
(7, 60, 1, 0),
(7, 60, 2, 0),
(7, 60, 3, 0),
(7, 60, 4, 0),
(7, 60, 7, 0),
(7, 61, 0, 0),
(7, 61, 1, 0),
(7, 61, 2, 0),
(7, 61, 3, 0),
(7, 61, 4, 0),
(7, 61, 7, 0),
(7, 62, 0, 0),
(7, 62, 1, 0),
(7, 62, 2, 0),
(7, 62, 3, 0),
(7, 62, 4, 0),
(7, 62, 7, 0),
(7, 63, 0, 0),
(7, 63, 1, 0),
(7, 63, 2, 0),
(7, 63, 3, 0),
(7, 63, 4, 0),
(7, 63, 7, 0),
(7, 65, 0, 0),
(7, 65, 1, 0),
(7, 65, 2, 0),
(7, 65, 3, 0),
(7, 65, 4, 0),
(7, 65, 7, 0),
(8, 2, 0, 0),
(8, 2, 1, 0),
(8, 2, 2, 0),
(8, 2, 3, 0),
(8, 2, 4, 0),
(8, 2, 7, 0),
(8, 4, 0, 0),
(8, 4, 1, 0),
(8, 4, 2, 0),
(8, 4, 3, 0),
(8, 4, 4, 0),
(8, 4, 7, 0),
(8, 6, 0, 0),
(8, 6, 1, 0),
(8, 6, 2, 0),
(8, 6, 3, 0),
(8, 6, 4, 0),
(8, 6, 7, 0),
(8, 7, 0, 0),
(8, 7, 1, 0),
(8, 7, 2, 0),
(8, 7, 3, 0),
(8, 7, 4, 0),
(8, 7, 7, 0),
(8, 8, 0, 0),
(8, 8, 1, 0),
(8, 8, 2, 0),
(8, 8, 3, 0),
(8, 8, 4, 0),
(8, 8, 7, 0),
(8, 9, 0, 0),
(8, 9, 1, 0),
(8, 9, 2, 0),
(8, 9, 3, 0),
(8, 9, 4, 0),
(8, 9, 7, 0),
(8, 10, 0, 0),
(8, 10, 1, 0),
(8, 10, 2, 0),
(8, 10, 3, 0),
(8, 10, 4, 0),
(8, 13, 0, 1),
(8, 13, 1, 1),
(8, 13, 2, 1),
(8, 13, 3, 0),
(8, 13, 4, 0),
(8, 13, 7, 1),
(8, 14, 0, 0),
(8, 14, 1, 0),
(8, 14, 2, 0),
(8, 14, 3, 0),
(8, 14, 4, 0),
(8, 14, 7, 0),
(8, 15, 0, 0),
(8, 15, 1, 0),
(8, 15, 2, 0),
(8, 15, 3, 0),
(8, 15, 4, 0),
(8, 15, 7, 0),
(8, 16, 0, 0),
(8, 16, 1, 0),
(8, 16, 2, 0),
(8, 16, 3, 0),
(8, 16, 4, 0),
(8, 16, 7, 0),
(8, 18, 0, 0),
(8, 18, 1, 0),
(8, 18, 2, 0),
(8, 18, 3, 0),
(8, 18, 4, 0),
(8, 18, 7, 0),
(8, 19, 0, 0),
(8, 19, 1, 0),
(8, 19, 2, 0),
(8, 19, 3, 0),
(8, 19, 4, 0),
(8, 19, 7, 0),
(8, 20, 0, 0),
(8, 20, 1, 0),
(8, 20, 2, 0),
(8, 20, 3, 0),
(8, 20, 4, 0),
(8, 20, 7, 0),
(8, 21, 0, 0),
(8, 21, 1, 0),
(8, 21, 2, 0),
(8, 21, 3, 0),
(8, 21, 4, 0),
(8, 21, 7, 0),
(8, 22, 0, 0),
(8, 22, 1, 0),
(8, 22, 2, 0),
(8, 22, 3, 0),
(8, 22, 4, 0),
(8, 22, 7, 0),
(8, 23, 0, 0),
(8, 23, 1, 0),
(8, 23, 2, 0),
(8, 23, 3, 0),
(8, 23, 4, 0),
(8, 23, 7, 0),
(8, 25, 0, 1),
(8, 25, 1, 1),
(8, 25, 2, 1),
(8, 25, 3, 0),
(8, 25, 4, 0),
(8, 25, 7, 1),
(8, 26, 0, 0),
(8, 26, 1, 0),
(8, 26, 2, 0),
(8, 26, 3, 0),
(8, 26, 4, 0),
(8, 26, 7, 0),
(8, 34, 0, 0),
(8, 34, 1, 0),
(8, 34, 2, 0),
(8, 34, 3, 0),
(8, 34, 4, 0),
(8, 34, 7, 0),
(8, 35, 0, 0),
(8, 35, 1, 0),
(8, 35, 2, 0),
(8, 35, 3, 0),
(8, 35, 4, 0),
(8, 35, 7, 0),
(8, 36, 0, 0),
(8, 36, 1, 0),
(8, 36, 2, 0),
(8, 36, 3, 0),
(8, 36, 4, 0),
(8, 36, 7, 0),
(8, 38, 0, 0),
(8, 38, 1, 0),
(8, 38, 2, 0),
(8, 38, 3, 0),
(8, 38, 4, 0),
(8, 38, 7, 0),
(8, 42, 0, 0),
(8, 42, 1, 0),
(8, 42, 2, 0),
(8, 42, 3, 0),
(8, 42, 4, 0),
(8, 42, 7, 0),
(8, 43, 0, 0),
(8, 43, 1, 0),
(8, 43, 2, 0),
(8, 43, 3, 0),
(8, 43, 4, 0),
(8, 43, 7, 0),
(8, 44, 0, 0),
(8, 44, 1, 0),
(8, 44, 2, 0),
(8, 44, 3, 0),
(8, 44, 4, 0),
(8, 44, 7, 0),
(8, 45, 0, 0),
(8, 45, 1, 0),
(8, 45, 2, 0),
(8, 45, 3, 0),
(8, 45, 4, 0),
(8, 45, 7, 0),
(8, 47, 0, 0),
(8, 47, 1, 0),
(8, 47, 2, 0),
(8, 47, 3, 0),
(8, 47, 4, 0),
(8, 47, 7, 0),
(8, 52, 0, 0),
(8, 52, 1, 0),
(8, 52, 2, 0),
(8, 52, 3, 0),
(8, 52, 4, 0),
(8, 52, 7, 0),
(8, 53, 0, 0),
(8, 53, 1, 0),
(8, 53, 2, 0),
(8, 53, 3, 0),
(8, 53, 4, 0),
(8, 53, 7, 0),
(8, 54, 0, 0),
(8, 54, 1, 0),
(8, 54, 2, 0),
(8, 54, 3, 0),
(8, 54, 4, 0),
(8, 54, 7, 0),
(8, 55, 0, 0),
(8, 55, 1, 0),
(8, 55, 2, 0),
(8, 55, 3, 0),
(8, 55, 4, 0),
(8, 55, 7, 0),
(8, 56, 0, 0),
(8, 56, 1, 0),
(8, 56, 2, 0),
(8, 56, 3, 0),
(8, 56, 4, 0),
(8, 56, 7, 0),
(8, 57, 0, 0),
(8, 57, 1, 0),
(8, 57, 2, 0),
(8, 57, 3, 0),
(8, 57, 4, 0),
(8, 57, 7, 0),
(8, 58, 0, 0),
(8, 58, 1, 0),
(8, 58, 2, 0),
(8, 58, 3, 0),
(8, 58, 4, 0),
(8, 58, 7, 0),
(8, 59, 0, 0),
(8, 59, 1, 0),
(8, 59, 2, 0),
(8, 59, 3, 0),
(8, 59, 4, 0),
(8, 59, 7, 0),
(8, 60, 0, 0),
(8, 60, 1, 0),
(8, 60, 2, 0),
(8, 60, 3, 0),
(8, 60, 4, 0),
(8, 60, 7, 0),
(8, 61, 0, 0),
(8, 61, 1, 0),
(8, 61, 2, 0),
(8, 61, 3, 0),
(8, 61, 4, 0),
(8, 61, 7, 0),
(8, 62, 0, 0),
(8, 62, 1, 0),
(8, 62, 2, 0),
(8, 62, 3, 0),
(8, 62, 4, 0),
(8, 62, 7, 0),
(8, 63, 0, 0),
(8, 63, 1, 0),
(8, 63, 2, 0),
(8, 63, 3, 0),
(8, 63, 4, 0),
(8, 63, 7, 0),
(8, 65, 0, 0),
(8, 65, 1, 0),
(8, 65, 2, 0),
(8, 65, 3, 0),
(8, 65, 4, 0),
(8, 65, 7, 0),
(32, 2, 0, 0),
(32, 2, 1, 1),
(32, 2, 2, 0),
(32, 2, 3, 0),
(32, 2, 4, 0),
(32, 2, 7, 0),
(32, 4, 0, 0),
(32, 4, 1, 1),
(32, 4, 2, 0),
(32, 4, 3, 0),
(32, 4, 4, 0),
(32, 4, 7, 0),
(32, 6, 0, 0),
(32, 6, 1, 1),
(32, 6, 2, 0),
(32, 6, 3, 0),
(32, 6, 4, 0),
(32, 6, 7, 0),
(32, 7, 0, 0),
(32, 7, 1, 1),
(32, 7, 2, 0),
(32, 7, 3, 0),
(32, 7, 4, 0),
(32, 7, 7, 0),
(32, 8, 0, 0),
(32, 8, 1, 1),
(32, 8, 2, 0),
(32, 8, 3, 0),
(32, 8, 4, 0),
(32, 8, 7, 0),
(32, 9, 0, 0),
(32, 9, 1, 1),
(32, 9, 2, 0),
(32, 9, 3, 0),
(32, 9, 4, 0),
(32, 9, 7, 0),
(32, 10, 0, 0),
(32, 10, 1, 1),
(32, 10, 2, 0),
(32, 10, 3, 0),
(32, 10, 4, 0),
(32, 10, 7, 0),
(32, 13, 0, 0),
(32, 13, 1, 1),
(32, 13, 2, 0),
(32, 13, 3, 0),
(32, 13, 4, 0),
(32, 13, 7, 0),
(32, 14, 0, 0),
(32, 14, 1, 1),
(32, 14, 2, 0),
(32, 14, 3, 0),
(32, 14, 4, 0),
(32, 14, 7, 0),
(32, 15, 0, 0),
(32, 15, 1, 1),
(32, 15, 2, 0),
(32, 15, 3, 0),
(32, 15, 4, 0),
(32, 15, 7, 0),
(32, 16, 0, 0),
(32, 16, 1, 1),
(32, 16, 2, 0),
(32, 16, 3, 0),
(32, 16, 4, 0),
(32, 16, 7, 0),
(32, 18, 0, 0),
(32, 18, 1, 1),
(32, 18, 2, 0),
(32, 18, 3, 0),
(32, 18, 4, 0),
(32, 18, 7, 0),
(32, 19, 0, 0),
(32, 19, 1, 1),
(32, 19, 2, 0),
(32, 19, 3, 0),
(32, 19, 4, 0),
(32, 19, 7, 0),
(32, 20, 0, 0),
(32, 20, 1, 1),
(32, 20, 2, 0),
(32, 20, 3, 0),
(32, 20, 4, 0),
(32, 20, 7, 0),
(32, 21, 0, 0),
(32, 21, 1, 1),
(32, 21, 2, 0),
(32, 21, 3, 0),
(32, 21, 4, 0),
(32, 21, 7, 0),
(32, 22, 0, 0),
(32, 22, 1, 1),
(32, 22, 2, 0),
(32, 22, 3, 0),
(32, 22, 4, 0),
(32, 22, 7, 0),
(32, 23, 0, 0),
(32, 23, 1, 1),
(32, 23, 2, 0),
(32, 23, 3, 0),
(32, 23, 4, 0),
(32, 23, 7, 0),
(32, 25, 0, 1),
(32, 25, 1, 0),
(32, 25, 2, 0),
(32, 25, 3, 0),
(32, 25, 4, 0),
(32, 25, 7, 0),
(32, 26, 0, 0),
(32, 26, 1, 1),
(32, 26, 2, 0),
(32, 26, 3, 0),
(32, 26, 4, 0),
(32, 26, 7, 0),
(32, 34, 0, 0),
(32, 34, 1, 1),
(32, 34, 2, 0),
(32, 34, 3, 0),
(32, 34, 4, 0),
(32, 34, 7, 0),
(32, 35, 0, 0),
(32, 35, 1, 1),
(32, 35, 2, 0),
(32, 35, 3, 0),
(32, 35, 4, 0),
(32, 35, 7, 0),
(32, 36, 0, 0),
(32, 36, 1, 1),
(32, 36, 2, 0),
(32, 36, 3, 0),
(32, 36, 4, 0),
(32, 36, 7, 0),
(32, 38, 0, 0),
(32, 38, 1, 1),
(32, 38, 2, 0),
(32, 38, 3, 0),
(32, 38, 4, 0),
(32, 38, 7, 0),
(32, 42, 0, 0),
(32, 42, 1, 1),
(32, 42, 2, 0),
(32, 42, 3, 0),
(32, 42, 4, 0),
(32, 42, 7, 0),
(32, 43, 0, 0),
(32, 43, 1, 1),
(32, 43, 2, 0),
(32, 43, 3, 0),
(32, 43, 4, 0),
(32, 43, 7, 0),
(32, 44, 0, 0),
(32, 44, 1, 1),
(32, 44, 2, 0),
(32, 44, 3, 0),
(32, 44, 4, 0),
(32, 44, 7, 0),
(32, 45, 0, 0),
(32, 45, 1, 1),
(32, 45, 2, 0),
(32, 45, 3, 0),
(32, 45, 4, 0),
(32, 45, 7, 0),
(32, 47, 0, 0),
(32, 47, 1, 1),
(32, 47, 2, 0),
(32, 47, 3, 0),
(32, 47, 4, 0),
(32, 47, 7, 0),
(32, 52, 0, 0),
(32, 52, 1, 1),
(32, 52, 2, 0),
(32, 52, 3, 0),
(32, 52, 4, 0),
(32, 52, 7, 0),
(32, 53, 0, 0),
(32, 53, 1, 1),
(32, 53, 2, 0),
(32, 53, 3, 0),
(32, 53, 4, 0),
(32, 53, 7, 0),
(32, 54, 0, 0),
(32, 54, 1, 1),
(32, 54, 2, 0),
(32, 54, 3, 0),
(32, 54, 4, 0),
(32, 54, 7, 0),
(32, 55, 0, 0),
(32, 55, 1, 1),
(32, 55, 2, 0),
(32, 55, 3, 0),
(32, 55, 4, 0),
(32, 55, 7, 0),
(32, 56, 0, 0),
(32, 56, 1, 1),
(32, 56, 2, 0),
(32, 56, 3, 0),
(32, 56, 4, 0),
(32, 56, 7, 0),
(32, 57, 0, 0),
(32, 57, 1, 1),
(32, 57, 2, 0),
(32, 57, 3, 0),
(32, 57, 4, 0),
(32, 57, 7, 0),
(32, 58, 0, 0),
(32, 58, 1, 1),
(32, 58, 2, 0),
(32, 58, 3, 0),
(32, 58, 4, 0),
(32, 58, 7, 0),
(32, 59, 0, 0),
(32, 59, 1, 1),
(32, 59, 2, 0),
(32, 59, 3, 0),
(32, 59, 4, 0),
(32, 59, 7, 0),
(32, 60, 0, 0),
(32, 60, 1, 1),
(32, 60, 2, 0),
(32, 60, 3, 0),
(32, 60, 4, 0),
(32, 60, 7, 0),
(32, 61, 0, 0),
(32, 61, 1, 1),
(32, 61, 2, 0),
(32, 61, 3, 0),
(32, 61, 4, 0),
(32, 61, 7, 0),
(32, 62, 0, 0),
(32, 62, 1, 1),
(32, 62, 2, 0),
(32, 62, 3, 0),
(32, 62, 4, 0),
(32, 62, 7, 0),
(32, 63, 0, 0),
(32, 63, 1, 1),
(32, 63, 2, 0),
(32, 63, 3, 0),
(32, 63, 4, 0),
(32, 63, 7, 0),
(32, 65, 0, 0),
(32, 65, 1, 0),
(32, 65, 2, 0),
(32, 65, 3, 0),
(32, 65, 4, 0),
(32, 65, 7, 0),
(33, 2, 0, 0),
(33, 2, 1, 1),
(33, 2, 2, 0),
(33, 2, 3, 0),
(33, 2, 4, 0),
(33, 2, 7, 0),
(33, 4, 0, 0),
(33, 4, 1, 1),
(33, 4, 2, 0),
(33, 4, 3, 0),
(33, 4, 4, 0),
(33, 4, 7, 0),
(33, 6, 0, 0),
(33, 6, 1, 1),
(33, 6, 2, 0),
(33, 6, 3, 0),
(33, 6, 4, 0),
(33, 6, 7, 0),
(33, 7, 0, 0),
(33, 7, 1, 1),
(33, 7, 2, 0),
(33, 7, 3, 0),
(33, 7, 4, 0),
(33, 7, 7, 0),
(33, 8, 0, 0),
(33, 8, 1, 1),
(33, 8, 2, 0),
(33, 8, 3, 0),
(33, 8, 4, 0),
(33, 8, 7, 0),
(33, 9, 0, 0),
(33, 9, 1, 1),
(33, 9, 2, 0),
(33, 9, 3, 0),
(33, 9, 4, 0),
(33, 9, 7, 0),
(33, 10, 0, 0),
(33, 10, 1, 1),
(33, 10, 2, 0),
(33, 10, 3, 0),
(33, 10, 4, 0),
(33, 10, 7, 0),
(33, 13, 0, 0),
(33, 13, 1, 1),
(33, 13, 2, 0),
(33, 13, 3, 0),
(33, 13, 4, 0),
(33, 13, 7, 0),
(33, 14, 0, 0),
(33, 14, 1, 1),
(33, 14, 2, 0),
(33, 14, 3, 0),
(33, 14, 4, 0),
(33, 14, 7, 0),
(33, 15, 0, 0),
(33, 15, 1, 1),
(33, 15, 2, 0),
(33, 15, 3, 0),
(33, 15, 4, 0),
(33, 15, 7, 0),
(33, 16, 0, 0),
(33, 16, 1, 1),
(33, 16, 2, 0),
(33, 16, 3, 0),
(33, 16, 4, 0),
(33, 16, 7, 0),
(33, 18, 0, 0),
(33, 18, 1, 1),
(33, 18, 2, 0),
(33, 18, 3, 0),
(33, 18, 4, 0),
(33, 18, 7, 0),
(33, 19, 0, 0),
(33, 19, 1, 1),
(33, 19, 2, 0),
(33, 19, 3, 0),
(33, 19, 4, 0),
(33, 19, 7, 0),
(33, 20, 0, 0),
(33, 20, 1, 1),
(33, 20, 2, 0),
(33, 20, 3, 0),
(33, 20, 4, 0),
(33, 20, 7, 0),
(33, 21, 0, 0),
(33, 21, 1, 1),
(33, 21, 2, 0),
(33, 21, 3, 0),
(33, 21, 4, 0),
(33, 21, 7, 0),
(33, 22, 0, 0),
(33, 22, 1, 1),
(33, 22, 2, 0),
(33, 22, 3, 0),
(33, 22, 4, 0),
(33, 22, 7, 0),
(33, 23, 0, 0),
(33, 23, 1, 1),
(33, 23, 2, 0),
(33, 23, 3, 0),
(33, 23, 4, 0),
(33, 23, 7, 0),
(33, 25, 0, 1),
(33, 25, 1, 0),
(33, 25, 2, 0),
(33, 25, 3, 0),
(33, 25, 4, 0),
(33, 25, 7, 0),
(33, 26, 0, 0),
(33, 26, 1, 1),
(33, 26, 2, 0),
(33, 26, 3, 0),
(33, 26, 4, 0),
(33, 26, 7, 0),
(33, 34, 0, 0),
(33, 34, 1, 1),
(33, 34, 2, 0),
(33, 34, 3, 0),
(33, 34, 4, 0),
(33, 34, 7, 0),
(33, 35, 0, 0),
(33, 35, 1, 1),
(33, 35, 2, 0),
(33, 35, 3, 0),
(33, 35, 4, 0),
(33, 35, 7, 0),
(33, 36, 0, 0),
(33, 36, 1, 1),
(33, 36, 2, 0),
(33, 36, 3, 0),
(33, 36, 4, 0),
(33, 36, 7, 0),
(33, 38, 0, 0),
(33, 38, 1, 1),
(33, 38, 2, 0),
(33, 38, 3, 0),
(33, 38, 4, 0),
(33, 38, 7, 0),
(33, 42, 0, 0),
(33, 42, 1, 1),
(33, 42, 2, 0),
(33, 42, 3, 0),
(33, 42, 4, 0),
(33, 42, 7, 0),
(33, 43, 0, 0),
(33, 43, 1, 1),
(33, 43, 2, 0),
(33, 43, 3, 0),
(33, 43, 4, 0),
(33, 43, 7, 0),
(33, 44, 0, 0),
(33, 44, 1, 1),
(33, 44, 2, 0),
(33, 44, 3, 0),
(33, 44, 4, 0),
(33, 44, 7, 0),
(33, 45, 0, 0),
(33, 45, 1, 1),
(33, 45, 2, 0),
(33, 45, 3, 0),
(33, 45, 4, 0),
(33, 45, 7, 0),
(33, 47, 0, 0),
(33, 47, 1, 1),
(33, 47, 2, 0),
(33, 47, 3, 0),
(33, 47, 4, 0),
(33, 47, 7, 0),
(33, 52, 0, 0),
(33, 52, 1, 1),
(33, 52, 2, 0),
(33, 52, 3, 0),
(33, 52, 4, 0),
(33, 52, 7, 0),
(33, 53, 0, 0),
(33, 53, 1, 1),
(33, 53, 2, 0),
(33, 53, 3, 0),
(33, 53, 4, 0),
(33, 53, 7, 0),
(33, 54, 0, 0),
(33, 54, 1, 1),
(33, 54, 2, 0),
(33, 54, 3, 0),
(33, 54, 4, 0),
(33, 54, 7, 0),
(33, 55, 0, 0),
(33, 55, 1, 1),
(33, 55, 2, 0),
(33, 55, 3, 0),
(33, 55, 4, 0),
(33, 55, 7, 0),
(33, 56, 0, 0),
(33, 56, 1, 1),
(33, 56, 2, 0),
(33, 56, 3, 0),
(33, 56, 4, 0),
(33, 56, 7, 0),
(33, 57, 0, 0),
(33, 57, 1, 1),
(33, 57, 2, 0),
(33, 57, 3, 0),
(33, 57, 4, 0),
(33, 57, 7, 0),
(33, 58, 0, 0),
(33, 58, 1, 1),
(33, 58, 2, 0),
(33, 58, 3, 0),
(33, 58, 4, 0),
(33, 58, 7, 0),
(33, 59, 0, 0),
(33, 59, 1, 1),
(33, 59, 2, 0),
(33, 59, 3, 0),
(33, 59, 4, 0),
(33, 59, 7, 0),
(33, 60, 0, 0),
(33, 60, 1, 1),
(33, 60, 2, 0),
(33, 60, 3, 0),
(33, 60, 4, 0),
(33, 60, 7, 0),
(33, 61, 0, 0),
(33, 61, 1, 1),
(33, 61, 2, 0),
(33, 61, 3, 0),
(33, 61, 4, 0),
(33, 61, 7, 0),
(33, 62, 0, 0),
(33, 62, 1, 1),
(33, 62, 2, 0),
(33, 62, 3, 0),
(33, 62, 4, 0),
(33, 62, 7, 0),
(33, 63, 0, 0),
(33, 63, 1, 1),
(33, 63, 2, 0),
(33, 63, 3, 0),
(33, 63, 4, 0),
(33, 63, 7, 0),
(33, 65, 0, 0),
(33, 65, 1, 0),
(33, 65, 2, 0),
(33, 65, 3, 0),
(33, 65, 4, 0),
(33, 65, 7, 0),
(34, 2, 0, 0),
(34, 2, 1, 0),
(34, 2, 2, 0),
(34, 2, 3, 1),
(34, 2, 4, 0),
(34, 2, 7, 0),
(34, 4, 0, 0),
(34, 4, 1, 0),
(34, 4, 2, 0),
(34, 4, 3, 1),
(34, 4, 4, 0),
(34, 4, 7, 0),
(34, 6, 0, 0),
(34, 6, 1, 1),
(34, 6, 2, 1),
(34, 6, 3, 1),
(34, 6, 4, 1),
(34, 6, 7, 1),
(34, 7, 0, 0),
(34, 7, 1, 1),
(34, 7, 2, 1),
(34, 7, 3, 1),
(34, 7, 4, 1),
(34, 7, 7, 1),
(34, 8, 0, 0),
(34, 8, 1, 0),
(34, 8, 2, 0),
(34, 8, 3, 1),
(34, 8, 4, 0),
(34, 8, 7, 0),
(34, 9, 0, 0),
(34, 9, 1, 0),
(34, 9, 2, 0),
(34, 9, 3, 1),
(34, 9, 4, 0),
(34, 9, 7, 0),
(34, 10, 0, 0),
(34, 10, 1, 0),
(34, 10, 2, 0),
(34, 10, 3, 1),
(34, 10, 4, 0),
(34, 10, 7, 0),
(34, 13, 0, 0),
(34, 13, 1, 0),
(34, 13, 2, 0),
(34, 13, 3, 1),
(34, 13, 4, 0),
(34, 13, 7, 0),
(34, 14, 0, 0),
(34, 14, 1, 0),
(34, 14, 2, 0),
(34, 14, 3, 1),
(34, 14, 4, 0),
(34, 14, 7, 0),
(34, 15, 0, 0),
(34, 15, 1, 0),
(34, 15, 2, 0),
(34, 15, 3, 1),
(34, 15, 4, 0),
(34, 15, 7, 0),
(34, 16, 0, 0),
(34, 16, 1, 0),
(34, 16, 2, 0),
(34, 16, 3, 1),
(34, 16, 4, 0),
(34, 16, 7, 0),
(34, 18, 0, 0),
(34, 18, 1, 0),
(34, 18, 2, 0),
(34, 18, 3, 1),
(34, 18, 4, 0),
(34, 18, 7, 0),
(34, 19, 0, 0),
(34, 19, 1, 0),
(34, 19, 2, 0),
(34, 19, 3, 1),
(34, 19, 4, 0),
(34, 19, 7, 0),
(34, 20, 0, 0),
(34, 20, 1, 0),
(34, 20, 2, 0),
(34, 20, 3, 1),
(34, 20, 4, 0),
(34, 20, 7, 0),
(34, 21, 0, 0),
(34, 21, 1, 0),
(34, 21, 2, 0),
(34, 21, 3, 1),
(34, 21, 4, 0),
(34, 21, 7, 0),
(34, 22, 0, 0),
(34, 22, 1, 0),
(34, 22, 2, 0),
(34, 22, 3, 1),
(34, 22, 4, 0),
(34, 22, 7, 0),
(34, 23, 0, 0),
(34, 23, 1, 0),
(34, 23, 2, 0),
(34, 23, 3, 1),
(34, 23, 4, 0),
(34, 23, 7, 0),
(34, 25, 0, 1),
(34, 25, 1, 0),
(34, 25, 2, 0),
(34, 25, 3, 0),
(34, 25, 4, 0),
(34, 25, 7, 0),
(34, 26, 0, 0),
(34, 26, 1, 0),
(34, 26, 2, 0),
(34, 26, 3, 1),
(34, 26, 4, 0),
(34, 26, 7, 0),
(34, 34, 0, 0),
(34, 34, 1, 0),
(34, 34, 2, 0),
(34, 34, 3, 1),
(34, 34, 4, 0),
(34, 34, 7, 0),
(34, 35, 0, 0),
(34, 35, 1, 0),
(34, 35, 2, 0),
(34, 35, 3, 1),
(34, 35, 4, 0),
(34, 35, 7, 0),
(34, 36, 0, 0),
(34, 36, 1, 0),
(34, 36, 2, 0),
(34, 36, 3, 1),
(34, 36, 4, 1),
(34, 36, 7, 0),
(34, 38, 0, 0),
(34, 38, 1, 1),
(34, 38, 2, 0),
(34, 38, 3, 0),
(34, 38, 4, 0),
(34, 38, 7, 0),
(34, 42, 0, 0),
(34, 42, 1, 1),
(34, 42, 2, 0),
(34, 42, 3, 0),
(34, 42, 4, 0),
(34, 42, 7, 0),
(34, 43, 0, 0),
(34, 43, 1, 1),
(34, 43, 2, 0),
(34, 43, 3, 0),
(34, 43, 4, 0),
(34, 43, 7, 0),
(34, 44, 0, 0),
(34, 44, 1, 1),
(34, 44, 2, 0),
(34, 44, 3, 0),
(34, 44, 4, 0),
(34, 44, 7, 0),
(34, 45, 0, 0),
(34, 45, 1, 1),
(34, 45, 2, 0),
(34, 45, 3, 0),
(34, 45, 4, 0),
(34, 45, 7, 0),
(34, 47, 0, 0),
(34, 47, 1, 1),
(34, 47, 2, 0),
(34, 47, 3, 0),
(34, 47, 4, 0),
(34, 47, 7, 0),
(34, 52, 0, 0),
(34, 52, 1, 1),
(34, 52, 2, 0),
(34, 52, 3, 0),
(34, 52, 4, 0),
(34, 52, 7, 0),
(34, 53, 0, 0),
(34, 53, 1, 1),
(34, 53, 2, 0),
(34, 53, 3, 0),
(34, 53, 4, 0),
(34, 53, 7, 0),
(34, 54, 0, 0),
(34, 54, 1, 1),
(34, 54, 2, 0),
(34, 54, 3, 0),
(34, 54, 4, 0),
(34, 54, 7, 0),
(34, 55, 0, 0),
(34, 55, 1, 1),
(34, 55, 2, 0),
(34, 55, 3, 0),
(34, 55, 4, 0),
(34, 55, 7, 0),
(34, 56, 0, 0),
(34, 56, 1, 1),
(34, 56, 2, 0),
(34, 56, 3, 0),
(34, 56, 4, 0),
(34, 56, 7, 0),
(34, 57, 0, 0),
(34, 57, 1, 1),
(34, 57, 2, 0),
(34, 57, 3, 0),
(34, 57, 4, 0),
(34, 57, 7, 0),
(34, 58, 0, 0),
(34, 58, 1, 1),
(34, 58, 2, 0),
(34, 58, 3, 0),
(34, 58, 4, 0),
(34, 58, 7, 0),
(34, 59, 0, 0),
(34, 59, 1, 1),
(34, 59, 2, 0),
(34, 59, 3, 0),
(34, 59, 4, 0),
(34, 59, 7, 0),
(34, 60, 0, 0),
(34, 60, 1, 1),
(34, 60, 2, 0),
(34, 60, 3, 0),
(34, 60, 4, 0),
(34, 60, 7, 0),
(34, 61, 0, 0),
(34, 61, 1, 1),
(34, 61, 2, 0),
(34, 61, 3, 0),
(34, 61, 4, 0),
(34, 61, 7, 0),
(34, 62, 0, 0),
(34, 62, 1, 1),
(34, 62, 2, 0),
(34, 62, 3, 0),
(34, 62, 4, 0),
(34, 62, 7, 0),
(34, 63, 0, 0),
(34, 63, 1, 1),
(34, 63, 2, 0),
(34, 63, 3, 0),
(34, 63, 4, 0),
(34, 63, 7, 0),
(34, 65, 0, 0),
(34, 65, 1, 0),
(34, 65, 2, 0),
(34, 65, 3, 0),
(34, 65, 4, 0),
(34, 65, 7, 0);

-- --------------------------------------------------------

--
-- Table structure for table `vtiger_profile2tab`
--

CREATE TABLE `vtiger_profile2tab` (
  `profileid` int(11) DEFAULT NULL,
  `tabid` int(10) DEFAULT NULL,
  `permissions` int(10) NOT NULL DEFAULT 0
) ENGINE=InnoDB DEFAULT CHARSET=utf8 COLLATE=utf8_general_ci;

--
-- Dumping data for table `vtiger_profile2tab`
--

INSERT IGNORE INTO `vtiger_profile2tab` (`profileid`, `tabid`, `permissions`) VALUES
(1, 1, 0),
(1, 2, 0),
(1, 3, 0),
(1, 4, 0),
(1, 6, 0),
(1, 7, 0),
(1, 8, 0),
(1, 9, 0),
(1, 10, 0),
(1, 13, 0),
(1, 14, 0),
(1, 15, 0),
(1, 16, 0),
(1, 18, 0),
(1, 19, 0),
(1, 20, 0),
(1, 21, 0),
(1, 22, 0),
(1, 23, 0),
(1, 24, 0),
(1, 25, 0),
(1, 26, 0),
(1, 27, 0),
(2, 1, 0),
(2, 2, 0),
(2, 3, 0),
(2, 4, 0),
(2, 6, 0),
(2, 7, 0),
(2, 8, 0),
(2, 9, 0),
(2, 10, 0),
(2, 13, 0),
(2, 14, 0),
(2, 15, 0),
(2, 16, 0),
(2, 18, 0),
(2, 19, 0),
(2, 20, 0),
(2, 21, 0),
(2, 22, 0),
(2, 23, 0),
(2, 24, 0),
(2, 25, 0),
(2, 26, 0),
(2, 27, 0),
(3, 1, 0),
(3, 2, 0),
(3, 3, 0),
(3, 4, 0),
(3, 6, 0),
(3, 7, 0),
(3, 8, 0),
(3, 9, 0),
(3, 10, 0),
(3, 13, 0),
(3, 14, 0),
(3, 15, 0),
(3, 16, 0),
(3, 18, 0),
(3, 19, 0),
(3, 20, 0),
(3, 21, 0),
(3, 22, 0),
(3, 23, 0),
(3, 24, 0),
(3, 25, 0),
(3, 26, 0),
(3, 27, 0),
(4, 1, 0),
(4, 2, 0),
(4, 3, 0),
(4, 4, 0),
(4, 6, 0),
(4, 7, 0),
(4, 8, 0),
(4, 9, 0),
(4, 10, 0),
(4, 13, 0),
(4, 14, 0),
(4, 15, 0),
(4, 16, 0),
(4, 18, 0),
(4, 19, 0),
(4, 20, 0),
(4, 21, 0),
(4, 22, 0),
(4, 23, 0),
(4, 24, 0),
(4, 25, 0),
(4, 26, 0),
(4, 27, 0),
(1, 30, 0),
(2, 30, 0),
(3, 30, 0),
(4, 30, 0),
(1, 31, 0),
(2, 31, 0),
(3, 31, 0),
(4, 31, 0),
(1, 32, 0),
(2, 32, 0),
(3, 32, 0),
(4, 32, 0),
(1, 33, 0),
(2, 33, 0),
(3, 33, 0),
(4, 33, 0),
(1, 34, 0),
(2, 34, 0),
(3, 34, 0),
(4, 34, 0),
(1, 35, 0),
(2, 35, 0),
(3, 35, 0),
(4, 35, 0),
(1, 36, 0),
(2, 36, 0),
(3, 36, 0),
(4, 36, 0),
(1, 37, 0),
(2, 37, 0),
(3, 37, 0),
(4, 37, 0),
(1, 38, 0),
(2, 38, 0),
(3, 38, 0),
(4, 38, 0),
(1, 39, 0),
(2, 39, 0),
(3, 39, 0),
(4, 39, 0),
(1, 40, 0),
(2, 40, 0),
(3, 40, 0),
(4, 40, 0),
(1, 41, 0),
(2, 41, 0),
(3, 41, 0),
(4, 41, 0),
(1, 42, 0),
(2, 42, 0),
(3, 42, 0),
(4, 42, 0),
(1, 43, 0),
(2, 43, 0),
(3, 43, 0),
(4, 43, 0),
(1, 44, 0),
(2, 44, 0),
(3, 44, 0),
(4, 44, 0),
(1, 45, 0),
(2, 45, 0),
(3, 45, 0),
(4, 45, 0),
(1, 46, 0),
(2, 46, 0),
(3, 46, 0),
(4, 46, 0),
(1, 47, 0),
(2, 47, 0),
(3, 47, 0),
(4, 47, 0),
(1, 48, 0),
(2, 48, 0),
(3, 48, 0),
(4, 48, 0),
(1, 49, 0),
(2, 49, 0),
(3, 49, 0),
(4, 49, 0),
(1, 50, 0),
(2, 50, 0),
(3, 50, 0),
(4, 50, 0),
(1, 51, 0),
(2, 51, 0),
(3, 51, 0),
(4, 51, 0),
(1, 52, 0),
(2, 52, 0),
(3, 52, 0),
(4, 52, 0),
(1, 53, 0),
(2, 53, 0),
(3, 53, 0),
(4, 53, 0),
(1, 54, 0),
(2, 54, 0),
(3, 54, 0),
(4, 54, 0),
(1, 55, 0),
(2, 55, 0),
(3, 55, 0),
(4, 55, 0),
(1, 56, 0),
(2, 56, 0),
(3, 56, 0),
(4, 56, 0),
(1, 57, 0),
(2, 57, 0),
(3, 57, 0),
(4, 57, 0),
(1, 58, 0),
(2, 58, 0),
(3, 58, 0),
(4, 58, 0),
(1, 59, 0),
(2, 59, 0),
(3, 59, 0),
(4, 59, 0),
(1, 60, 0),
(2, 60, 0),
(3, 60, 0),
(4, 60, 0),
(1, 61, 0),
(2, 61, 0),
(3, 61, 0),
(4, 61, 0),
(1, 62, 0),
(2, 62, 0),
(3, 62, 0),
(4, 62, 0),
(1, 63, 0),
(2, 63, 0),
(3, 63, 0),
(4, 63, 0),
(1, 64, 0),
(2, 64, 0),
(3, 64, 0),
(4, 64, 0),
(5, 1, 0),
(5, 2, 0),
(5, 3, 0),
(5, 4, 0),
(5, 6, 0),
(5, 7, 0),
(5, 8, 0),
(5, 9, 0),
(5, 10, 0),
(5, 13, 0),
(5, 14, 0),
(5, 15, 0),
(5, 16, 0),
(5, 18, 0),
(5, 19, 0),
(5, 20, 0),
(5, 21, 0),
(5, 22, 0),
(5, 23, 0),
(5, 24, 0),
(5, 25, 0),
(5, 26, 0),
(5, 27, 0),
(5, 30, 0),
(5, 31, 0),
(5, 32, 0),
(5, 33, 0),
(5, 34, 0),
(5, 35, 0),
(5, 36, 0),
(5, 37, 0),
(5, 38, 0),
(5, 39, 0),
(5, 40, 0),
(5, 41, 0),
(5, 42, 0),
(5, 43, 0),
(5, 44, 0),
(5, 45, 0),
(5, 46, 0),
(5, 47, 0),
(5, 48, 0),
(5, 49, 0),
(5, 50, 0),
(5, 51, 0),
(5, 52, 0),
(5, 53, 0),
(5, 54, 0),
(5, 55, 0),
(5, 56, 0),
(5, 57, 0),
(5, 58, 0),
(5, 59, 0),
(5, 60, 0),
(5, 61, 0),
(5, 62, 0),
(5, 63, 0),
(5, 64, 0),
(6, 1, 0),
(6, 2, 0),
(6, 3, 0),
(6, 4, 0),
(6, 6, 0),
(6, 7, 0),
(6, 8, 0),
(6, 9, 0),
(6, 10, 0),
(6, 13, 0),
(6, 14, 0),
(6, 15, 0),
(6, 16, 0),
(6, 18, 0),
(6, 19, 0),
(6, 20, 0),
(6, 21, 0),
(6, 22, 0),
(6, 23, 0),
(6, 24, 0),
(6, 25, 0),
(6, 26, 0),
(6, 27, 0),
(6, 30, 0),
(6, 31, 0),
(6, 32, 0),
(6, 33, 0),
(6, 34, 0),
(6, 35, 0),
(6, 36, 0),
(6, 37, 0),
(6, 38, 0),
(6, 39, 0),
(6, 40, 0),
(6, 41, 0),
(6, 42, 0),
(6, 43, 0),
(6, 44, 0),
(6, 45, 0),
(6, 46, 0),
(6, 47, 0),
(6, 48, 0),
(6, 49, 0),
(6, 50, 0),
(6, 51, 0),
(6, 52, 0),
(6, 53, 0),
(6, 54, 0),
(6, 55, 0),
(6, 56, 0),
(6, 57, 0),
(6, 58, 0),
(6, 59, 0),
(6, 60, 0),
(6, 61, 0),
(6, 62, 0),
(6, 63, 0),
(6, 64, 0),
(7, 1, 0),
(7, 2, 0),
(7, 3, 0),
(7, 4, 0),
(7, 6, 0),
(7, 7, 0),
(7, 8, 0),
(7, 9, 0),
(7, 10, 0),
(7, 13, 0),
(7, 14, 0),
(7, 15, 0),
(7, 16, 0),
(7, 18, 0),
(7, 19, 0),
(7, 20, 0),
(7, 21, 0),
(7, 22, 0),
(7, 23, 0),
(7, 24, 0),
(7, 25, 0),
(7, 26, 0),
(7, 27, 0),
(7, 30, 0),
(7, 31, 0),
(7, 32, 0),
(7, 33, 0),
(7, 34, 0),
(7, 35, 0),
(7, 36, 0),
(7, 37, 0),
(7, 38, 0),
(7, 39, 0),
(7, 40, 0),
(7, 41, 0),
(7, 42, 0),
(7, 43, 0),
(7, 44, 0),
(7, 45, 0),
(7, 46, 0),
(7, 47, 0),
(7, 48, 0),
(7, 49, 0),
(7, 50, 0),
(7, 51, 0),
(7, 52, 0),
(7, 53, 0),
(7, 54, 0),
(7, 55, 0),
(7, 56, 0),
(7, 57, 0),
(7, 58, 0),
(7, 59, 0),
(7, 60, 0),
(7, 61, 0),
(7, 62, 0),
(7, 63, 0),
(7, 64, 0),
(8, 1, 0),
(8, 2, 0),
(8, 3, 0),
(8, 4, 0),
(8, 6, 0),
(8, 7, 0),
(8, 8, 0),
(8, 9, 0),
(8, 10, 0),
(8, 13, 0),
(8, 14, 0),
(8, 15, 0),
(8, 16, 0),
(8, 18, 0),
(8, 19, 0),
(8, 20, 0),
(8, 21, 0),
(8, 22, 0),
(8, 23, 0),
(8, 24, 0),
(8, 25, 0),
(8, 26, 0),
(8, 27, 0),
(8, 30, 0),
(8, 31, 0),
(8, 32, 0),
(8, 33, 0),
(8, 34, 0),
(8, 35, 0),
(8, 36, 0),
(8, 37, 0),
(8, 38, 0),
(8, 39, 0),
(8, 40, 0),
(8, 41, 0),
(8, 42, 0),
(8, 43, 0),
(8, 44, 0),
(8, 45, 0),
(8, 46, 0),
(8, 47, 0),
(8, 48, 0),
(8, 49, 0),
(8, 50, 0),
(8, 51, 0),
(8, 52, 0),
(8, 53, 0),
(8, 54, 0),
(8, 55, 0),
(8, 56, 0),
(8, 57, 0),
(8, 58, 0),
(8, 59, 0),
(8, 60, 0),
(8, 61, 0),
(8, 62, 0),
(8, 63, 0),
(8, 64, 0),
(32, 1, 0),
(32, 2, 0),
(32, 4, 0),
(32, 6, 0),
(32, 7, 0),
(32, 8, 0),
(32, 9, 0),
(32, 10, 0),
(32, 13, 0),
(32, 14, 0),
(32, 15, 0),
(32, 18, 0),
(32, 19, 0),
(32, 20, 0),
(32, 21, 0),
(32, 22, 0),
(32, 23, 0),
(32, 24, 0),
(32, 25, 0),
(32, 26, 0),
(32, 27, 0),
(32, 31, 0),
(32, 34, 0),
(32, 35, 0),
(32, 36, 0),
(32, 38, 0),
(32, 40, 0),
(32, 41, 0),
(32, 42, 0),
(32, 43, 0),
(32, 44, 0),
(32, 45, 0),
(32, 46, 0),
(32, 47, 0),
(32, 48, 0),
(32, 50, 0),
(32, 51, 0),
(32, 52, 0),
(32, 53, 0),
(32, 54, 0),
(32, 55, 0),
(32, 56, 0),
(32, 57, 0),
(32, 58, 0),
(32, 59, 0),
(32, 60, 0),
(32, 61, 0),
(32, 62, 0),
(32, 63, 0),
(32, 64, 0),
(32, 16, 0),
(33, 1, 0),
(33, 2, 0),
(33, 4, 0),
(33, 6, 0),
(33, 7, 0),
(33, 8, 0),
(33, 9, 0),
(33, 10, 0),
(33, 13, 0),
(33, 14, 0),
(33, 15, 0),
(33, 18, 0),
(33, 19, 0),
(33, 20, 0),
(33, 21, 0),
(33, 22, 0),
(33, 23, 0),
(33, 24, 0),
(33, 25, 0),
(33, 26, 0),
(33, 27, 0),
(33, 31, 0),
(33, 34, 0),
(33, 35, 0),
(33, 36, 0),
(33, 38, 0),
(33, 40, 0),
(33, 41, 0),
(33, 42, 0),
(33, 43, 0),
(33, 44, 0),
(33, 45, 0),
(33, 46, 0),
(33, 47, 0),
(33, 48, 0),
(33, 50, 0),
(33, 51, 0),
(33, 52, 0),
(33, 53, 0),
(33, 54, 0),
(33, 55, 0),
(33, 56, 0),
(33, 57, 0),
(33, 58, 0),
(33, 59, 0),
(33, 60, 0),
(33, 61, 0),
(33, 62, 0),
(33, 63, 0),
(33, 64, 0),
(33, 16, 0),
(34, 1, 0),
(34, 2, 0),
(34, 4, 0),
(34, 6, 1),
(34, 7, 1),
(34, 8, 0),
(34, 9, 0),
(34, 10, 0),
(34, 13, 0),
(34, 14, 0),
(34, 15, 0),
(34, 18, 0),
(34, 19, 0),
(34, 20, 0),
(34, 21, 0),
(34, 22, 0),
(34, 23, 0),
(34, 24, 0),
(34, 25, 0),
(34, 26, 0),
(34, 27, 0),
(34, 31, 0),
(34, 34, 0),
(34, 35, 0),
(34, 36, 0),
(34, 38, 1),
(34, 40, 1),
(34, 41, 1),
(34, 42, 1),
(34, 43, 1),
(34, 44, 1),
(34, 45, 1),
(34, 46, 1),
(34, 47, 1),
(34, 48, 1),
(34, 50, 1),
(34, 51, 1),
(34, 52, 1),
(34, 53, 1),
(34, 54, 1),
(34, 55, 1),
(34, 56, 1),
(34, 57, 1),
(34, 58, 1),
(34, 59, 1),
(34, 60, 1),
(34, 61, 1),
(34, 62, 1),
(34, 63, 1),
(34, 64, 1),
(34, 16, 0),
(1, 65, 0),
(2, 65, 0),
(3, 65, 0),
(4, 65, 0),
(5, 65, 0),
(6, 65, 0),
(7, 65, 0),
(8, 65, 0),
(32, 65, 0),
(33, 65, 0),
(34, 65, 0),
(1, 66, 0),
(2, 66, 0),
(3, 66, 0),
(4, 66, 0),
(5, 66, 0),
(6, 66, 0),
(7, 66, 0),
(8, 66, 0),
(32, 66, 0),
(33, 66, 0),
(34, 66, 0),
(1, 67, 0),
(2, 67, 0),
(3, 67, 0),
(4, 67, 0),
(5, 67, 0),
(6, 67, 0),
(7, 67, 0),
(8, 67, 0),
(32, 67, 0),
(33, 67, 0),
(34, 67, 0),
(1, 68, 0),
(2, 68, 0),
(3, 68, 0),
(4, 68, 0),
(5, 68, 0),
(6, 68, 0),
(7, 68, 0),
(8, 68, 0),
(32, 68, 0),
(33, 68, 0),
(34, 68, 0);

-- --------------------------------------------------------

--
-- Table structure for table `vtiger_profile2utility`
--

CREATE TABLE `vtiger_profile2utility` (
  `profileid` int(11) NOT NULL,
  `tabid` int(11) NOT NULL,
  `activityid` int(11) NOT NULL,
  `permission` int(1) DEFAULT NULL
) ENGINE=InnoDB DEFAULT CHARSET=utf8 COLLATE=utf8_general_ci;

--
-- Dumping data for table `vtiger_profile2utility`
--

INSERT IGNORE INTO `vtiger_profile2utility` (`profileid`, `tabid`, `activityid`, `permission`) VALUES
(1, 2, 5, 0),
(1, 2, 6, 0),
(1, 2, 10, 0),
(1, 4, 5, 0),
(1, 4, 6, 0),
(1, 4, 8, 0),
(1, 4, 10, 0),
(1, 6, 5, 0),
(1, 6, 6, 0),
(1, 6, 8, 0),
(1, 6, 10, 0),
(1, 7, 5, 0),
(1, 7, 6, 0),
(1, 7, 8, 0),
(1, 7, 9, 0),
(1, 7, 10, 0),
(1, 8, 6, 0),
(1, 9, 5, 0),
(1, 9, 6, 0),
(1, 13, 5, 0),
(1, 13, 6, 0),
(1, 13, 8, 0),
(1, 13, 10, 0),
(1, 14, 5, 0),
(1, 14, 6, 0),
(1, 14, 10, 0),
(1, 18, 5, 0),
(1, 18, 6, 0),
(1, 18, 10, 0),
(1, 19, 5, 1),
(1, 19, 6, 1),
(1, 19, 10, 1),
(1, 20, 5, 0),
(1, 20, 6, 0),
(1, 21, 5, 0),
(1, 21, 6, 0),
(1, 22, 5, 0),
(1, 22, 6, 0),
(1, 23, 5, 0),
(1, 23, 6, 0),
(1, 25, 6, 0),
(1, 25, 13, 0),
(1, 34, 11, 0),
(1, 34, 12, 0),
(1, 35, 5, 0),
(1, 35, 6, 0),
(1, 35, 10, 0),
(1, 36, 5, 0),
(1, 36, 6, 0),
(1, 36, 10, 0),
(1, 43, 5, 1),
(1, 43, 6, 1),
(1, 43, 10, 1),
(1, 44, 5, 0),
(1, 44, 6, 0),
(1, 44, 10, 0),
(1, 45, 5, 0),
(1, 45, 6, 0),
(1, 45, 10, 0),
(1, 52, 5, 0),
(1, 52, 6, 0),
(1, 53, 5, 0),
(1, 53, 6, 0),
(1, 54, 5, 0),
(1, 54, 6, 0),
(1, 55, 5, 0),
(1, 55, 6, 0),
(1, 56, 5, 0),
(1, 56, 6, 0),
(1, 57, 5, 0),
(1, 57, 6, 0),
(1, 58, 5, 0),
(1, 58, 6, 0),
(1, 59, 5, 0),
(1, 59, 6, 0),
(1, 60, 5, 0),
(1, 60, 6, 0),
(1, 61, 5, 0),
(1, 61, 6, 0),
(1, 62, 5, 0),
(1, 62, 6, 0),
(1, 63, 5, 0),
(1, 63, 6, 0),
(1, 65, 6, 0),
(2, 2, 5, 1),
(2, 2, 6, 1),
(2, 2, 10, 0),
(2, 4, 5, 1),
(2, 4, 6, 1),
(2, 4, 8, 0),
(2, 4, 10, 0),
(2, 6, 5, 1),
(2, 6, 6, 1),
(2, 6, 8, 0),
(2, 6, 10, 0),
(2, 7, 5, 1),
(2, 7, 6, 1),
(2, 7, 8, 0),
(2, 7, 9, 0),
(2, 7, 10, 0),
(2, 8, 6, 1),
(2, 9, 5, 0),
(2, 9, 6, 0),
(2, 13, 5, 1),
(2, 13, 6, 1),
(2, 13, 8, 0),
(2, 13, 10, 0),
(2, 14, 5, 1),
(2, 14, 6, 1),
(2, 14, 10, 0),
(2, 18, 5, 1),
(2, 18, 6, 1),
(2, 18, 10, 0),
(2, 19, 5, 1),
(2, 19, 6, 1),
(2, 19, 10, 1),
(2, 20, 5, 0),
(2, 20, 6, 0),
(2, 21, 5, 0),
(2, 21, 6, 0),
(2, 22, 5, 0),
(2, 22, 6, 0),
(2, 23, 5, 0),
(2, 23, 6, 0),
(2, 25, 6, 0),
(2, 25, 13, 0),
(2, 34, 11, 0),
(2, 34, 12, 0),
(2, 35, 5, 0),
(2, 35, 6, 0),
(2, 35, 10, 0),
(2, 36, 5, 0),
(2, 36, 6, 0),
(2, 36, 10, 0),
(2, 43, 5, 1),
(2, 43, 6, 1),
(2, 43, 10, 1),
(2, 44, 5, 0),
(2, 44, 6, 0),
(2, 44, 10, 0),
(2, 45, 5, 0),
(2, 45, 6, 0),
(2, 45, 10, 0),
(2, 52, 5, 0),
(2, 52, 6, 0),
(2, 53, 5, 0),
(2, 53, 6, 0),
(2, 54, 5, 0),
(2, 54, 6, 0),
(2, 55, 5, 0),
(2, 55, 6, 0),
(2, 56, 5, 0),
(2, 56, 6, 0),
(2, 57, 5, 0),
(2, 57, 6, 0),
(2, 58, 5, 0),
(2, 58, 6, 0),
(2, 59, 5, 0),
(2, 59, 6, 0),
(2, 60, 5, 0),
(2, 60, 6, 0),
(2, 61, 5, 0),
(2, 61, 6, 0),
(2, 62, 5, 0),
(2, 62, 6, 0),
(2, 63, 5, 0),
(2, 63, 6, 0),
(2, 65, 6, 0),
(3, 2, 5, 1),
(3, 2, 6, 1),
(3, 2, 10, 0),
(3, 4, 5, 1),
(3, 4, 6, 1),
(3, 4, 8, 0),
(3, 4, 10, 0),
(3, 6, 5, 1),
(3, 6, 6, 1),
(3, 6, 8, 0),
(3, 6, 10, 0),
(3, 7, 5, 1),
(3, 7, 6, 1),
(3, 7, 8, 0),
(3, 7, 9, 0),
(3, 7, 10, 0),
(3, 8, 6, 1),
(3, 9, 5, 0),
(3, 9, 6, 0),
(3, 13, 5, 1),
(3, 13, 6, 1),
(3, 13, 8, 0),
(3, 13, 10, 0),
(3, 14, 5, 1),
(3, 14, 6, 1),
(3, 14, 10, 0),
(3, 18, 5, 1),
(3, 18, 6, 1),
(3, 18, 10, 0),
(3, 19, 5, 1),
(3, 19, 6, 1),
(3, 19, 10, 1),
(3, 20, 5, 0),
(3, 20, 6, 0),
(3, 21, 5, 0),
(3, 21, 6, 0),
(3, 22, 5, 0),
(3, 22, 6, 0),
(3, 23, 5, 0),
(3, 23, 6, 0),
(3, 25, 6, 0),
(3, 25, 13, 0),
(3, 34, 11, 0),
(3, 34, 12, 0),
(3, 35, 5, 0),
(3, 35, 6, 0),
(3, 35, 10, 0),
(3, 36, 5, 0),
(3, 36, 6, 0),
(3, 36, 10, 0),
(3, 43, 5, 1),
(3, 43, 6, 1),
(3, 43, 10, 1),
(3, 44, 5, 0),
(3, 44, 6, 0),
(3, 44, 10, 0),
(3, 45, 5, 0),
(3, 45, 6, 0),
(3, 45, 10, 0),
(3, 52, 5, 0),
(3, 52, 6, 0),
(3, 53, 5, 0),
(3, 53, 6, 0),
(3, 54, 5, 0),
(3, 54, 6, 0),
(3, 55, 5, 0),
(3, 55, 6, 0),
(3, 56, 5, 0),
(3, 56, 6, 0),
(3, 57, 5, 0),
(3, 57, 6, 0),
(3, 58, 5, 0),
(3, 58, 6, 0),
(3, 59, 5, 0),
(3, 59, 6, 0),
(3, 60, 5, 0),
(3, 60, 6, 0),
(3, 61, 5, 0),
(3, 61, 6, 0),
(3, 62, 5, 0),
(3, 62, 6, 0),
(3, 63, 5, 0),
(3, 63, 6, 0),
(3, 65, 6, 0),
(4, 2, 5, 1),
(4, 2, 6, 1),
(4, 2, 10, 0),
(4, 4, 5, 1),
(4, 4, 6, 1),
(4, 4, 8, 1),
(4, 4, 10, 0),
(4, 6, 5, 1),
(4, 6, 6, 1),
(4, 6, 8, 1),
(4, 6, 10, 0),
(4, 7, 5, 1),
(4, 7, 6, 1),
(4, 7, 8, 1),
(4, 7, 9, 0),
(4, 7, 10, 0),
(4, 8, 6, 1),
(4, 9, 5, 0),
(4, 9, 6, 0),
(4, 13, 5, 1),
(4, 13, 6, 1),
(4, 13, 8, 1),
(4, 13, 10, 0),
(4, 14, 5, 1),
(4, 14, 6, 1),
(4, 14, 10, 0),
(4, 18, 5, 1),
(4, 18, 6, 1),
(4, 18, 10, 0),
(4, 19, 5, 1),
(4, 19, 6, 1),
(4, 19, 10, 1),
(4, 20, 5, 0),
(4, 20, 6, 0),
(4, 21, 5, 0),
(4, 21, 6, 0),
(4, 22, 5, 0),
(4, 22, 6, 0),
(4, 23, 5, 0),
(4, 23, 6, 0),
(4, 25, 6, 0),
(4, 25, 13, 0),
(4, 34, 11, 0),
(4, 34, 12, 0),
(4, 35, 5, 0),
(4, 35, 6, 0),
(4, 35, 10, 0),
(4, 36, 5, 0),
(4, 36, 6, 0),
(4, 36, 10, 0),
(4, 43, 5, 1),
(4, 43, 6, 1),
(4, 43, 10, 1),
(4, 44, 5, 0),
(4, 44, 6, 0),
(4, 44, 10, 0),
(4, 45, 5, 0),
(4, 45, 6, 0),
(4, 45, 10, 0),
(4, 52, 5, 0),
(4, 52, 6, 0),
(4, 53, 5, 0),
(4, 53, 6, 0),
(4, 54, 5, 0),
(4, 54, 6, 0),
(4, 55, 5, 0),
(4, 55, 6, 0),
(4, 56, 5, 0),
(4, 56, 6, 0),
(4, 57, 5, 0),
(4, 57, 6, 0),
(4, 58, 5, 0),
(4, 58, 6, 0),
(4, 59, 5, 0),
(4, 59, 6, 0),
(4, 60, 5, 0),
(4, 60, 6, 0),
(4, 61, 5, 0),
(4, 61, 6, 0),
(4, 62, 5, 0),
(4, 62, 6, 0),
(4, 63, 5, 0),
(4, 63, 6, 0),
(4, 65, 6, 0),
(5, 2, 5, 0),
(5, 2, 6, 0),
(5, 2, 10, 0),
(5, 4, 5, 0),
(5, 4, 6, 0),
(5, 4, 8, 0),
(5, 4, 10, 0),
(5, 6, 5, 0),
(5, 6, 6, 0),
(5, 6, 8, 0),
(5, 6, 10, 0),
(5, 7, 5, 0),
(5, 7, 6, 0),
(5, 7, 8, 0),
(5, 7, 9, 0),
(5, 7, 10, 0),
(5, 8, 6, 0),
(5, 9, 5, 0),
(5, 9, 6, 0),
(5, 13, 5, 0),
(5, 13, 6, 0),
(5, 13, 8, 0),
(5, 13, 10, 0),
(5, 14, 5, 0),
(5, 14, 6, 0),
(5, 14, 10, 0),
(5, 18, 5, 0),
(5, 18, 6, 0),
(5, 18, 10, 0),
(5, 19, 5, 1),
(5, 19, 6, 1),
(5, 19, 10, 1),
(5, 20, 5, 0),
(5, 20, 6, 0),
(5, 21, 5, 0),
(5, 21, 6, 0),
(5, 22, 5, 0),
(5, 22, 6, 0),
(5, 23, 5, 0),
(5, 23, 6, 0),
(5, 25, 6, 0),
(5, 25, 13, 0),
(5, 34, 11, 0),
(5, 34, 12, 0),
(5, 35, 5, 0),
(5, 35, 6, 0),
(5, 35, 10, 0),
(5, 36, 5, 0),
(5, 36, 6, 0),
(5, 36, 10, 0),
(5, 43, 5, 1),
(5, 43, 6, 1),
(5, 43, 10, 1),
(5, 44, 5, 0),
(5, 44, 6, 0),
(5, 44, 10, 0),
(5, 45, 5, 0),
(5, 45, 6, 0),
(5, 45, 10, 0),
(5, 52, 5, 0),
(5, 52, 6, 0),
(5, 53, 5, 0),
(5, 53, 6, 0),
(5, 54, 5, 0),
(5, 54, 6, 0),
(5, 55, 5, 0),
(5, 55, 6, 0),
(5, 56, 5, 0),
(5, 56, 6, 0),
(5, 57, 5, 0),
(5, 57, 6, 0),
(5, 58, 5, 0),
(5, 58, 6, 0),
(5, 59, 5, 0),
(5, 59, 6, 0),
(5, 60, 5, 0),
(5, 60, 6, 0),
(5, 61, 5, 0),
(5, 61, 6, 0),
(5, 62, 5, 0),
(5, 62, 6, 0),
(5, 63, 5, 0),
(5, 63, 6, 0),
(5, 65, 6, 0),
(6, 2, 5, 1),
(6, 2, 6, 1),
(6, 2, 10, 0),
(6, 4, 5, 1),
(6, 4, 6, 1),
(6, 4, 8, 0),
(6, 4, 10, 0),
(6, 6, 5, 1),
(6, 6, 6, 1),
(6, 6, 8, 0),
(6, 6, 10, 0),
(6, 7, 5, 1),
(6, 7, 6, 1),
(6, 7, 8, 0),
(6, 7, 9, 0),
(6, 7, 10, 0),
(6, 8, 6, 1),
(6, 9, 5, 0),
(6, 9, 6, 0),
(6, 13, 5, 1),
(6, 13, 6, 1),
(6, 13, 8, 0),
(6, 13, 10, 0),
(6, 14, 5, 1),
(6, 14, 6, 1),
(6, 14, 10, 0),
(6, 18, 5, 1),
(6, 18, 6, 1),
(6, 18, 10, 0),
(6, 19, 5, 1),
(6, 19, 6, 1),
(6, 19, 10, 1),
(6, 20, 5, 0),
(6, 20, 6, 0),
(6, 21, 5, 0),
(6, 21, 6, 0),
(6, 22, 5, 0),
(6, 22, 6, 0),
(6, 23, 5, 0),
(6, 23, 6, 0),
(6, 25, 6, 0),
(6, 25, 13, 0),
(6, 34, 11, 0),
(6, 34, 12, 0),
(6, 35, 5, 0),
(6, 35, 6, 0),
(6, 35, 10, 0),
(6, 36, 5, 0),
(6, 36, 6, 0),
(6, 36, 10, 0),
(6, 43, 5, 1),
(6, 43, 6, 1),
(6, 43, 10, 1),
(6, 44, 5, 0),
(6, 44, 6, 0),
(6, 44, 10, 0),
(6, 45, 5, 0),
(6, 45, 6, 0),
(6, 45, 10, 0),
(6, 52, 5, 0),
(6, 52, 6, 0),
(6, 53, 5, 0),
(6, 53, 6, 0),
(6, 54, 5, 0),
(6, 54, 6, 0),
(6, 55, 5, 0),
(6, 55, 6, 0),
(6, 56, 5, 0),
(6, 56, 6, 0),
(6, 57, 5, 0),
(6, 57, 6, 0),
(6, 58, 5, 0),
(6, 58, 6, 0),
(6, 59, 5, 0),
(6, 59, 6, 0),
(6, 60, 5, 0),
(6, 60, 6, 0),
(6, 61, 5, 0),
(6, 61, 6, 0),
(6, 62, 5, 0),
(6, 62, 6, 0),
(6, 63, 5, 0),
(6, 63, 6, 0),
(6, 65, 6, 0),
(7, 2, 5, 1),
(7, 2, 6, 1),
(7, 2, 10, 0),
(7, 4, 5, 1),
(7, 4, 6, 1),
(7, 4, 8, 0),
(7, 4, 10, 0),
(7, 6, 5, 1),
(7, 6, 6, 1),
(7, 6, 8, 0),
(7, 6, 10, 0),
(7, 7, 5, 1),
(7, 7, 6, 1),
(7, 7, 8, 0),
(7, 7, 9, 0),
(7, 7, 10, 0),
(7, 8, 6, 1),
(7, 9, 5, 0),
(7, 9, 6, 0),
(7, 13, 5, 1),
(7, 13, 6, 1),
(7, 13, 8, 0),
(7, 13, 10, 0),
(7, 14, 5, 1),
(7, 14, 6, 1),
(7, 14, 10, 0),
(7, 18, 5, 1),
(7, 18, 6, 1),
(7, 18, 10, 0),
(7, 19, 5, 1),
(7, 19, 6, 1),
(7, 19, 10, 1),
(7, 20, 5, 0),
(7, 20, 6, 0),
(7, 21, 5, 0),
(7, 21, 6, 0),
(7, 22, 5, 0),
(7, 22, 6, 0),
(7, 23, 5, 0),
(7, 23, 6, 0),
(7, 25, 6, 0),
(7, 25, 13, 0),
(7, 34, 11, 0),
(7, 34, 12, 0),
(7, 35, 5, 0),
(7, 35, 6, 0),
(7, 35, 10, 0),
(7, 36, 5, 0),
(7, 36, 6, 0),
(7, 36, 10, 0),
(7, 43, 5, 1),
(7, 43, 6, 1),
(7, 43, 10, 1),
(7, 44, 5, 0),
(7, 44, 6, 0),
(7, 44, 10, 0),
(7, 45, 5, 0),
(7, 45, 6, 0),
(7, 45, 10, 0),
(7, 52, 5, 0),
(7, 52, 6, 0),
(7, 53, 5, 0),
(7, 53, 6, 0),
(7, 54, 5, 0),
(7, 54, 6, 0),
(7, 55, 5, 0),
(7, 55, 6, 0),
(7, 56, 5, 0),
(7, 56, 6, 0),
(7, 57, 5, 0),
(7, 57, 6, 0),
(7, 58, 5, 0),
(7, 58, 6, 0),
(7, 59, 5, 0),
(7, 59, 6, 0),
(7, 60, 5, 0),
(7, 60, 6, 0),
(7, 61, 5, 0),
(7, 61, 6, 0),
(7, 62, 5, 0),
(7, 62, 6, 0),
(7, 63, 5, 0),
(7, 63, 6, 0),
(7, 65, 6, 0),
(8, 2, 5, 1),
(8, 2, 6, 1),
(8, 2, 10, 0),
(8, 4, 5, 1),
(8, 4, 6, 1),
(8, 4, 8, 0),
(8, 4, 10, 0),
(8, 6, 5, 1),
(8, 6, 6, 1),
(8, 6, 8, 0),
(8, 6, 10, 0),
(8, 7, 5, 1),
(8, 7, 6, 1),
(8, 7, 8, 0),
(8, 7, 9, 0),
(8, 7, 10, 0),
(8, 8, 6, 1),
(8, 9, 5, 0),
(8, 9, 6, 0),
(8, 13, 5, 1),
(8, 13, 6, 1),
(8, 13, 8, 0),
(8, 13, 10, 0),
(8, 14, 5, 1),
(8, 14, 6, 1),
(8, 14, 10, 0),
(8, 18, 5, 1),
(8, 18, 6, 1),
(8, 18, 10, 0),
(8, 19, 5, 1),
(8, 19, 6, 1),
(8, 19, 10, 1),
(8, 20, 5, 0),
(8, 20, 6, 0),
(8, 21, 5, 0),
(8, 21, 6, 0),
(8, 22, 5, 0),
(8, 22, 6, 0),
(8, 23, 5, 0),
(8, 23, 6, 0),
(8, 25, 6, 0),
(8, 25, 13, 0),
(8, 34, 11, 0),
(8, 34, 12, 0),
(8, 35, 5, 0),
(8, 35, 6, 0),
(8, 35, 10, 0),
(8, 36, 5, 0),
(8, 36, 6, 0),
(8, 36, 10, 0),
(8, 43, 5, 1),
(8, 43, 6, 1),
(8, 43, 10, 1),
(8, 44, 5, 0),
(8, 44, 6, 0),
(8, 44, 10, 0),
(8, 45, 5, 0),
(8, 45, 6, 0),
(8, 45, 10, 0),
(8, 52, 5, 0),
(8, 52, 6, 0),
(8, 53, 5, 0),
(8, 53, 6, 0),
(8, 54, 5, 0),
(8, 54, 6, 0),
(8, 55, 5, 0),
(8, 55, 6, 0),
(8, 56, 5, 0),
(8, 56, 6, 0),
(8, 57, 5, 0),
(8, 57, 6, 0),
(8, 58, 5, 0),
(8, 58, 6, 0),
(8, 59, 5, 0),
(8, 59, 6, 0),
(8, 60, 5, 0),
(8, 60, 6, 0),
(8, 61, 5, 0),
(8, 61, 6, 0),
(8, 62, 5, 0),
(8, 62, 6, 0),
(8, 63, 5, 0),
(8, 63, 6, 0),
(8, 65, 6, 0),
(32, 2, 5, 0),
(32, 2, 6, 0),
(32, 2, 10, 1),
(32, 4, 5, 0),
(32, 4, 6, 0),
(32, 4, 8, 1),
(32, 4, 10, 1),
(32, 6, 5, 0),
(32, 6, 6, 0),
(32, 6, 8, 1),
(32, 6, 10, 1),
(32, 7, 5, 0),
(32, 7, 6, 0),
(32, 7, 8, 1),
(32, 7, 9, 1),
(32, 7, 10, 1),
(32, 8, 6, 0),
(32, 9, 5, 0),
(32, 9, 6, 0),
(32, 13, 5, 0),
(32, 13, 6, 0),
(32, 13, 8, 1),
(32, 13, 10, 1),
(32, 14, 5, 0),
(32, 14, 6, 0),
(32, 14, 10, 1),
(32, 16, 5, 0),
(32, 16, 6, 0),
(32, 18, 5, 0),
(32, 18, 6, 0),
(32, 18, 10, 1),
(32, 19, 5, 0),
(32, 19, 6, 0),
(32, 20, 5, 0),
(32, 20, 6, 0),
(32, 21, 5, 0),
(32, 21, 6, 0),
(32, 22, 5, 0),
(32, 22, 6, 0),
(32, 23, 5, 0),
(32, 23, 6, 0),
(32, 25, 6, 0),
(32, 34, 5, 1),
(32, 34, 6, 1),
(32, 34, 8, 1),
(32, 35, 5, 0),
(32, 35, 6, 0),
(32, 35, 10, 1),
(32, 36, 5, 0),
(32, 36, 6, 0),
(32, 36, 10, 1),
(32, 38, 5, 1),
(32, 38, 6, 1),
(32, 38, 10, 1),
(32, 43, 5, 0),
(32, 43, 6, 0),
(32, 43, 10, 1),
(32, 44, 5, 0),
(32, 44, 6, 0),
(32, 44, 10, 1),
(32, 45, 5, 0),
(32, 45, 6, 0),
(32, 45, 10, 1),
(32, 52, 5, 0),
(32, 52, 6, 0),
(32, 52, 8, 1),
(32, 52, 10, 1),
(32, 53, 5, 0),
(32, 53, 6, 0),
(32, 53, 8, 1),
(32, 53, 10, 1),
(32, 54, 5, 0),
(32, 54, 6, 0),
(32, 54, 8, 1),
(32, 54, 10, 1),
(32, 55, 5, 0),
(32, 55, 6, 0),
(32, 55, 8, 1),
(32, 55, 10, 1),
(32, 56, 5, 0),
(32, 56, 6, 0),
(32, 56, 8, 1),
(32, 56, 10, 1),
(32, 57, 5, 0),
(32, 57, 6, 0),
(32, 57, 8, 1),
(32, 57, 10, 1),
(32, 58, 5, 0),
(32, 58, 6, 0),
(32, 58, 8, 1),
(32, 58, 10, 1),
(32, 59, 5, 0),
(32, 59, 6, 0),
(32, 59, 8, 1),
(32, 59, 10, 1),
(32, 60, 5, 0),
(32, 60, 6, 0),
(32, 60, 8, 1),
(32, 60, 10, 1),
(32, 61, 5, 0),
(32, 61, 6, 0),
(32, 61, 8, 1),
(32, 61, 10, 1),
(32, 62, 5, 0),
(32, 62, 6, 0),
(32, 62, 8, 1),
(32, 62, 10, 1),
(32, 63, 5, 0),
(32, 63, 6, 0),
(32, 63, 8, 1),
(32, 63, 10, 1),
(32, 65, 6, 0),
(33, 2, 5, 0),
(33, 2, 6, 0),
(33, 2, 10, 1),
(33, 4, 5, 0),
(33, 4, 6, 0),
(33, 4, 8, 1),
(33, 4, 10, 1),
(33, 6, 5, 0),
(33, 6, 6, 0),
(33, 6, 8, 1),
(33, 6, 10, 1),
(33, 7, 5, 0),
(33, 7, 6, 0),
(33, 7, 8, 1),
(33, 7, 9, 1),
(33, 7, 10, 1),
(33, 8, 6, 0),
(33, 9, 5, 0),
(33, 9, 6, 0),
(33, 13, 5, 0),
(33, 13, 6, 0),
(33, 13, 8, 1),
(33, 13, 10, 1),
(33, 14, 5, 0),
(33, 14, 6, 0),
(33, 14, 10, 1),
(33, 16, 5, 0),
(33, 16, 6, 0),
(33, 18, 5, 0),
(33, 18, 6, 0),
(33, 18, 10, 1),
(33, 19, 5, 0),
(33, 19, 6, 0),
(33, 20, 5, 0),
(33, 20, 6, 0),
(33, 21, 5, 0),
(33, 21, 6, 0),
(33, 22, 5, 0),
(33, 22, 6, 0),
(33, 23, 5, 0),
(33, 23, 6, 0),
(33, 25, 6, 0),
(33, 34, 5, 1),
(33, 34, 6, 1),
(33, 34, 8, 1),
(33, 35, 5, 0),
(33, 35, 6, 0),
(33, 35, 10, 1),
(33, 36, 5, 0),
(33, 36, 6, 0),
(33, 36, 10, 1),
(33, 38, 5, 1),
(33, 38, 6, 1),
(33, 38, 10, 1),
(33, 43, 5, 0),
(33, 43, 6, 0),
(33, 43, 10, 1),
(33, 44, 5, 0),
(33, 44, 6, 0),
(33, 44, 10, 1),
(33, 45, 5, 0),
(33, 45, 6, 0),
(33, 45, 10, 1),
(33, 52, 5, 0),
(33, 52, 6, 0),
(33, 52, 8, 1),
(33, 52, 10, 1),
(33, 53, 5, 0),
(33, 53, 6, 0),
(33, 53, 8, 1),
(33, 53, 10, 1),
(33, 54, 5, 0),
(33, 54, 6, 0),
(33, 54, 8, 1),
(33, 54, 10, 1),
(33, 55, 5, 0),
(33, 55, 6, 0),
(33, 55, 8, 1),
(33, 55, 10, 1),
(33, 56, 5, 0),
(33, 56, 6, 0),
(33, 56, 8, 1),
(33, 56, 10, 1),
(33, 57, 5, 0),
(33, 57, 6, 0),
(33, 57, 8, 1),
(33, 57, 10, 1),
(33, 58, 5, 0),
(33, 58, 6, 0),
(33, 58, 8, 1),
(33, 58, 10, 1),
(33, 59, 5, 0),
(33, 59, 6, 0),
(33, 59, 8, 1),
(33, 59, 10, 1),
(33, 60, 5, 0),
(33, 60, 6, 0),
(33, 60, 8, 1),
(33, 60, 10, 1),
(33, 61, 5, 0),
(33, 61, 6, 0),
(33, 61, 8, 1),
(33, 61, 10, 1),
(33, 62, 5, 0),
(33, 62, 6, 0),
(33, 62, 8, 1),
(33, 62, 10, 1),
(33, 63, 5, 0),
(33, 63, 6, 0),
(33, 63, 8, 1),
(33, 63, 10, 1),
(33, 65, 6, 0),
(34, 2, 5, 0),
(34, 2, 6, 0),
(34, 2, 10, 1),
(34, 4, 5, 0),
(34, 4, 6, 0),
(34, 4, 8, 1),
(34, 4, 10, 1),
(34, 6, 5, 1),
(34, 6, 6, 1),
(34, 6, 8, 1),
(34, 6, 10, 1),
(34, 7, 5, 1),
(34, 7, 6, 1),
(34, 7, 8, 1),
(34, 7, 9, 1),
(34, 7, 10, 1),
(34, 8, 6, 0),
(34, 9, 5, 0),
(34, 9, 6, 0),
(34, 13, 5, 0),
(34, 13, 6, 0),
(34, 13, 8, 1),
(34, 13, 10, 1),
(34, 14, 5, 0),
(34, 14, 6, 0),
(34, 14, 10, 1),
(34, 16, 5, 0),
(34, 16, 6, 0),
(34, 18, 5, 0),
(34, 18, 6, 0),
(34, 18, 10, 1),
(34, 19, 5, 0),
(34, 19, 6, 0),
(34, 20, 5, 0),
(34, 20, 6, 0),
(34, 21, 5, 0),
(34, 21, 6, 0),
(34, 22, 5, 0),
(34, 22, 6, 0),
(34, 23, 5, 0),
(34, 23, 6, 0),
(34, 25, 6, 0),
(34, 34, 5, 0),
(34, 34, 6, 0),
(34, 34, 8, 1),
(34, 35, 5, 0),
(34, 35, 6, 0),
(34, 35, 10, 1),
(34, 36, 5, 1),
(34, 36, 6, 1),
(34, 36, 10, 1),
(34, 38, 5, 1),
(34, 38, 6, 1),
(34, 38, 10, 1),
(34, 43, 5, 0),
(34, 43, 6, 0),
(34, 43, 10, 1),
(34, 44, 5, 0),
(34, 44, 6, 0),
(34, 44, 10, 1),
(34, 45, 5, 0),
(34, 45, 6, 0),
(34, 45, 10, 1),
(34, 52, 5, 0),
(34, 52, 6, 0),
(34, 52, 8, 1),
(34, 52, 10, 1),
(34, 53, 5, 0),
(34, 53, 6, 0),
(34, 53, 8, 1),
(34, 53, 10, 1),
(34, 54, 5, 0),
(34, 54, 6, 0),
(34, 54, 8, 1),
(34, 54, 10, 1),
(34, 55, 5, 0),
(34, 55, 6, 0),
(34, 55, 8, 1),
(34, 55, 10, 1),
(34, 56, 5, 0),
(34, 56, 6, 0),
(34, 56, 8, 1),
(34, 56, 10, 1),
(34, 57, 5, 0),
(34, 57, 6, 0),
(34, 57, 8, 1),
(34, 57, 10, 1),
(34, 58, 5, 0),
(34, 58, 6, 0),
(34, 58, 8, 1),
(34, 58, 10, 1),
(34, 59, 5, 0),
(34, 59, 6, 0),
(34, 59, 8, 1),
(34, 59, 10, 1),
(34, 60, 5, 0),
(34, 60, 6, 0),
(34, 60, 8, 1),
(34, 60, 10, 1),
(34, 61, 5, 0),
(34, 61, 6, 0),
(34, 61, 8, 1),
(34, 61, 10, 1),
(34, 62, 5, 0),
(34, 62, 6, 0),
(34, 62, 8, 1),
(34, 62, 10, 1),
(34, 63, 5, 0),
(34, 63, 6, 0),
(34, 63, 8, 1),
(34, 63, 10, 1),
(34, 65, 6, 0);

-- --------------------------------------------------------

--
-- Table structure for table `vtiger_profile_seq`
--

CREATE TABLE `vtiger_profile_seq` (
  `id` int(11) NOT NULL
) ENGINE=InnoDB DEFAULT CHARSET=utf8mb4 COLLATE=utf8mb4_general_ci;

--
-- Dumping data for table `vtiger_profile_seq`
--

INSERT IGNORE INTO `vtiger_profile_seq` (`id`) VALUES
(41);

-- --------------------------------------------------------

--
-- Table structure for table `vtiger_progress`
--

CREATE TABLE `vtiger_progress` (
  `progressid` int(11) NOT NULL,
  `progress` varchar(200) NOT NULL,
  `presence` int(1) NOT NULL DEFAULT 1,
  `picklist_valueid` int(11) NOT NULL DEFAULT 0,
  `sortorderid` int(11) DEFAULT 0,
  `color` varchar(10) DEFAULT NULL
) ENGINE=InnoDB DEFAULT CHARSET=utf8 COLLATE=utf8_general_ci;

--
-- Dumping data for table `vtiger_progress`
--

INSERT IGNORE INTO `vtiger_progress` (`progressid`, `progress`, `presence`, `picklist_valueid`, `sortorderid`, `color`) VALUES
(2, '10%', 1, 278, 2, NULL),
(3, '20%', 1, 279, 3, NULL),
(4, '30%', 1, 280, 4, NULL),
(5, '40%', 1, 281, 5, NULL),
(6, '50%', 1, 282, 6, NULL),
(7, '60%', 1, 283, 7, NULL),
(8, '70%', 1, 284, 8, NULL),
(9, '80%', 1, 285, 9, NULL),
(10, '90%', 1, 286, 10, NULL),
(11, '100%', 1, 287, 11, NULL);

-- --------------------------------------------------------

--
-- Table structure for table `vtiger_progress_seq`
--

CREATE TABLE `vtiger_progress_seq` (
  `id` int(11) NOT NULL
) ENGINE=InnoDB DEFAULT CHARSET=utf8mb4 COLLATE=utf8mb4_general_ci;

--
-- Dumping data for table `vtiger_progress_seq`
--

INSERT IGNORE INTO `vtiger_progress_seq` (`id`) VALUES
(11);

-- --------------------------------------------------------

--
-- Table structure for table `vtiger_project`
--

CREATE TABLE `vtiger_project` (
  `projectid` int(19) NOT NULL,
  `projectname` varchar(255) DEFAULT NULL,
  `project_no` varchar(100) DEFAULT NULL,
  `startdate` date DEFAULT NULL,
  `targetenddate` date DEFAULT NULL,
  `actualenddate` date DEFAULT NULL,
  `targetbudget` varchar(255) DEFAULT NULL,
  `projecturl` varchar(255) DEFAULT NULL,
  `projectstatus` varchar(100) DEFAULT NULL,
  `projectpriority` varchar(100) DEFAULT NULL,
  `projecttype` varchar(100) DEFAULT NULL,
  `progress` varchar(100) DEFAULT NULL,
  `linktoaccountscontacts` varchar(100) DEFAULT NULL,
  `tags` varchar(1) DEFAULT NULL,
  `isconvertedfrompotential` int(1) NOT NULL DEFAULT 0,
  `potentialid` varchar(100) DEFAULT NULL
) ENGINE=InnoDB DEFAULT CHARSET=utf8 COLLATE=utf8_general_ci;

--
-- Dumping data for table `vtiger_project`
--

INSERT IGNORE INTO `vtiger_project` (`projectid`, `projectname`, `project_no`, `startdate`, `targetenddate`, `actualenddate`, `targetbudget`, `projecturl`, `projectstatus`, `projectpriority`, `projecttype`, `progress`, `linktoaccountscontacts`, `tags`, `isconvertedfrompotential`, `potentialid`) VALUES
(2130, 'استقرار CRM الکترونیک گستر (مثال)', 'PROJ1', '2026-06-22', '2026-08-21', NULL, '', '', 'in progress', 'high', NULL, NULL, '20', '', 0, '0'),
(2131, 'راه‌اندازی پرتال مشتریان کیان (مثال)', 'PROJ2', '2026-07-07', '2026-09-10', NULL, '', '', 'prospecting', 'normal', NULL, NULL, '21', '', 0, '0');

-- --------------------------------------------------------

--
-- Table structure for table `vtiger_projectcf`
--

CREATE TABLE `vtiger_projectcf` (
  `projectid` int(11) NOT NULL
) ENGINE=InnoDB DEFAULT CHARSET=utf8 COLLATE=utf8_general_ci;

--
-- Dumping data for table `vtiger_projectcf`
--

INSERT IGNORE INTO `vtiger_projectcf` (`projectid`) VALUES
(2130),
(2131);

-- --------------------------------------------------------

--
-- Table structure for table `vtiger_projectmilestone`
--

CREATE TABLE `vtiger_projectmilestone` (
  `projectmilestoneid` int(11) NOT NULL,
  `projectmilestonename` varchar(255) DEFAULT NULL,
  `projectmilestone_no` varchar(100) DEFAULT NULL,
  `projectmilestonedate` varchar(255) DEFAULT NULL,
  `projectid` varchar(100) DEFAULT NULL,
  `projectmilestonetype` varchar(100) DEFAULT NULL,
  `tags` varchar(1) DEFAULT NULL
) ENGINE=InnoDB DEFAULT CHARSET=utf8 COLLATE=utf8_general_ci;

-- --------------------------------------------------------

--
-- Table structure for table `vtiger_projectmilestonecf`
--

CREATE TABLE `vtiger_projectmilestonecf` (
  `projectmilestoneid` int(11) NOT NULL DEFAULT 0
) ENGINE=InnoDB DEFAULT CHARSET=utf8 COLLATE=utf8_general_ci;

-- --------------------------------------------------------

--
-- Table structure for table `vtiger_projectmilestonetype`
--

CREATE TABLE `vtiger_projectmilestonetype` (
  `projectmilestonetypeid` int(11) NOT NULL,
  `projectmilestonetype` varchar(200) NOT NULL,
  `presence` int(1) NOT NULL DEFAULT 1,
  `picklist_valueid` int(11) NOT NULL DEFAULT 0,
  `sortorderid` int(11) DEFAULT 0,
  `color` varchar(10) DEFAULT NULL
) ENGINE=InnoDB DEFAULT CHARSET=utf8 COLLATE=utf8_general_ci;

--
-- Dumping data for table `vtiger_projectmilestonetype`
--

INSERT IGNORE INTO `vtiger_projectmilestonetype` (`projectmilestonetypeid`, `projectmilestonetype`, `presence`, `picklist_valueid`, `sortorderid`, `color`) VALUES
(2, 'administrative', 1, 238, 2, NULL),
(3, 'operative', 1, 239, 3, NULL),
(4, 'other', 1, 240, 4, NULL);

-- --------------------------------------------------------

--
-- Table structure for table `vtiger_projectmilestonetype_seq`
--

CREATE TABLE `vtiger_projectmilestonetype_seq` (
  `id` int(11) NOT NULL
) ENGINE=InnoDB DEFAULT CHARSET=utf8mb4 COLLATE=utf8mb4_general_ci;

--
-- Dumping data for table `vtiger_projectmilestonetype_seq`
--

INSERT IGNORE INTO `vtiger_projectmilestonetype_seq` (`id`) VALUES
(4);

-- --------------------------------------------------------

--
-- Table structure for table `vtiger_projectpriority`
--

CREATE TABLE `vtiger_projectpriority` (
  `projectpriorityid` int(11) NOT NULL,
  `projectpriority` varchar(200) NOT NULL,
  `presence` int(1) NOT NULL DEFAULT 1,
  `picklist_valueid` int(11) NOT NULL DEFAULT 0,
  `sortorderid` int(11) DEFAULT 0,
  `color` varchar(10) DEFAULT NULL
) ENGINE=InnoDB DEFAULT CHARSET=utf8 COLLATE=utf8_general_ci;

--
-- Dumping data for table `vtiger_projectpriority`
--

INSERT IGNORE INTO `vtiger_projectpriority` (`projectpriorityid`, `projectpriority`, `presence`, `picklist_valueid`, `sortorderid`, `color`) VALUES
(2, 'low', 1, 274, 2, NULL),
(3, 'normal', 1, 275, 3, NULL),
(4, 'high', 1, 276, 4, NULL);

-- --------------------------------------------------------

--
-- Table structure for table `vtiger_projectpriority_seq`
--

CREATE TABLE `vtiger_projectpriority_seq` (
  `id` int(11) NOT NULL
) ENGINE=InnoDB DEFAULT CHARSET=utf8mb4 COLLATE=utf8mb4_general_ci;

--
-- Dumping data for table `vtiger_projectpriority_seq`
--

INSERT IGNORE INTO `vtiger_projectpriority_seq` (`id`) VALUES
(4);

-- --------------------------------------------------------

--
-- Table structure for table `vtiger_projectstatus`
--

CREATE TABLE `vtiger_projectstatus` (
  `projectstatusid` int(11) NOT NULL,
  `projectstatus` varchar(200) NOT NULL,
  `presence` int(1) NOT NULL DEFAULT 1,
  `picklist_valueid` int(11) NOT NULL DEFAULT 0,
  `sortorderid` int(11) DEFAULT 0,
  `color` varchar(10) DEFAULT NULL
) ENGINE=InnoDB DEFAULT CHARSET=utf8 COLLATE=utf8_general_ci;

--
-- Dumping data for table `vtiger_projectstatus`
--

INSERT IGNORE INTO `vtiger_projectstatus` (`projectstatusid`, `projectstatus`, `presence`, `picklist_valueid`, `sortorderid`, `color`) VALUES
(2, 'prospecting', 1, 261, 2, NULL),
(3, 'initiated', 1, 262, 3, NULL),
(4, 'in progress', 1, 263, 4, NULL),
(5, 'waiting for feedback', 1, 264, 5, NULL),
(6, 'on hold', 1, 265, 6, NULL),
(7, 'completed', 1, 266, 7, NULL),
(8, 'delivered', 1, 267, 8, NULL),
(9, 'archived', 1, 268, 9, NULL);

-- --------------------------------------------------------

--
-- Table structure for table `vtiger_projectstatus_seq`
--

CREATE TABLE `vtiger_projectstatus_seq` (
  `id` int(11) NOT NULL
) ENGINE=InnoDB DEFAULT CHARSET=utf8mb4 COLLATE=utf8mb4_general_ci;

--
-- Dumping data for table `vtiger_projectstatus_seq`
--

INSERT IGNORE INTO `vtiger_projectstatus_seq` (`id`) VALUES
(9);

-- --------------------------------------------------------

--
-- Table structure for table `vtiger_projecttask`
--

CREATE TABLE `vtiger_projecttask` (
  `projecttaskid` int(11) NOT NULL,
  `projecttaskname` varchar(255) DEFAULT NULL,
  `projecttask_no` varchar(100) DEFAULT NULL,
  `projecttasktype` varchar(100) DEFAULT NULL,
  `projecttaskpriority` varchar(100) DEFAULT NULL,
  `projecttaskprogress` varchar(100) DEFAULT NULL,
  `projecttaskhours` varchar(255) DEFAULT NULL,
  `startdate` date DEFAULT NULL,
  `enddate` date DEFAULT NULL,
  `projectid` varchar(100) DEFAULT NULL,
  `projecttasknumber` int(11) DEFAULT NULL,
  `tags` varchar(1) DEFAULT NULL,
  `projecttaskstatus` varchar(100) DEFAULT NULL
) ENGINE=InnoDB DEFAULT CHARSET=utf8 COLLATE=utf8_general_ci;

-- --------------------------------------------------------

--
-- Table structure for table `vtiger_projecttaskcf`
--

CREATE TABLE `vtiger_projecttaskcf` (
  `projecttaskid` int(11) NOT NULL DEFAULT 0
) ENGINE=InnoDB DEFAULT CHARSET=utf8 COLLATE=utf8_general_ci;

-- --------------------------------------------------------

--
-- Table structure for table `vtiger_projecttaskpriority`
--

CREATE TABLE `vtiger_projecttaskpriority` (
  `projecttaskpriorityid` int(11) NOT NULL,
  `projecttaskpriority` varchar(200) NOT NULL,
  `presence` int(1) NOT NULL DEFAULT 1,
  `picklist_valueid` int(11) NOT NULL DEFAULT 0,
  `sortorderid` int(11) DEFAULT 0,
  `color` varchar(10) DEFAULT NULL
) ENGINE=InnoDB DEFAULT CHARSET=utf8 COLLATE=utf8_general_ci;

--
-- Dumping data for table `vtiger_projecttaskpriority`
--

INSERT IGNORE INTO `vtiger_projecttaskpriority` (`projecttaskpriorityid`, `projecttaskpriority`, `presence`, `picklist_valueid`, `sortorderid`, `color`) VALUES
(2, 'low', 1, 246, 2, NULL),
(3, 'normal', 1, 247, 3, NULL),
(4, 'high', 1, 248, 4, NULL);

-- --------------------------------------------------------

--
-- Table structure for table `vtiger_projecttaskpriority_seq`
--

CREATE TABLE `vtiger_projecttaskpriority_seq` (
  `id` int(11) NOT NULL
) ENGINE=InnoDB DEFAULT CHARSET=utf8mb4 COLLATE=utf8mb4_general_ci;

--
-- Dumping data for table `vtiger_projecttaskpriority_seq`
--

INSERT IGNORE INTO `vtiger_projecttaskpriority_seq` (`id`) VALUES
(4);

-- --------------------------------------------------------

--
-- Table structure for table `vtiger_projecttaskprogress`
--

CREATE TABLE `vtiger_projecttaskprogress` (
  `projecttaskprogressid` int(11) NOT NULL,
  `projecttaskprogress` varchar(200) NOT NULL,
  `presence` int(1) NOT NULL DEFAULT 1,
  `picklist_valueid` int(11) NOT NULL DEFAULT 0,
  `sortorderid` int(11) DEFAULT 0,
  `color` varchar(10) DEFAULT NULL
) ENGINE=InnoDB DEFAULT CHARSET=utf8 COLLATE=utf8_general_ci;

--
-- Dumping data for table `vtiger_projecttaskprogress`
--

INSERT IGNORE INTO `vtiger_projecttaskprogress` (`projecttaskprogressid`, `projecttaskprogress`, `presence`, `picklist_valueid`, `sortorderid`, `color`) VALUES
(2, '10%', 1, 250, 2, NULL),
(3, '20%', 1, 251, 3, NULL),
(4, '30%', 1, 252, 4, NULL),
(5, '40%', 1, 253, 5, NULL),
(6, '50%', 1, 254, 6, NULL),
(7, '60%', 1, 255, 7, NULL),
(8, '70%', 1, 256, 8, NULL),
(9, '80%', 1, 257, 9, NULL),
(10, '90%', 1, 258, 10, NULL),
(11, '100%', 1, 259, 11, NULL);

-- --------------------------------------------------------

--
-- Table structure for table `vtiger_projecttaskprogress_seq`
--

CREATE TABLE `vtiger_projecttaskprogress_seq` (
  `id` int(11) NOT NULL
) ENGINE=InnoDB DEFAULT CHARSET=utf8mb4 COLLATE=utf8mb4_general_ci;

--
-- Dumping data for table `vtiger_projecttaskprogress_seq`
--

INSERT IGNORE INTO `vtiger_projecttaskprogress_seq` (`id`) VALUES
(11);

-- --------------------------------------------------------

--
-- Table structure for table `vtiger_projecttaskstatus`
--

CREATE TABLE `vtiger_projecttaskstatus` (
  `projecttaskstatusid` int(11) NOT NULL,
  `projecttaskstatus` varchar(200) NOT NULL,
  `presence` int(1) NOT NULL DEFAULT 1,
  `picklist_valueid` int(11) NOT NULL DEFAULT 0,
  `sortorderid` int(11) DEFAULT 0,
  `color` varchar(10) DEFAULT NULL
) ENGINE=InnoDB DEFAULT CHARSET=utf8 COLLATE=utf8_general_ci;

--
-- Dumping data for table `vtiger_projecttaskstatus`
--

INSERT IGNORE INTO `vtiger_projecttaskstatus` (`projecttaskstatusid`, `projecttaskstatus`, `presence`, `picklist_valueid`, `sortorderid`, `color`) VALUES
(2, 'Open', 0, 290, 2, NULL),
(3, 'In Progress', 0, 291, 3, NULL),
(4, 'Completed', 0, 292, 4, NULL),
(5, 'Deferred', 0, 293, 5, NULL),
(6, 'Canceled', 0, 294, 6, NULL);

-- --------------------------------------------------------

--
-- Table structure for table `vtiger_projecttaskstatus_seq`
--

CREATE TABLE `vtiger_projecttaskstatus_seq` (
  `id` int(11) NOT NULL
) ENGINE=InnoDB DEFAULT CHARSET=utf8mb4 COLLATE=utf8mb4_general_ci;

--
-- Dumping data for table `vtiger_projecttaskstatus_seq`
--

INSERT IGNORE INTO `vtiger_projecttaskstatus_seq` (`id`) VALUES
(6);

-- --------------------------------------------------------

--
-- Table structure for table `vtiger_projecttasktype`
--

CREATE TABLE `vtiger_projecttasktype` (
  `projecttasktypeid` int(11) NOT NULL,
  `projecttasktype` varchar(200) NOT NULL,
  `presence` int(1) NOT NULL DEFAULT 1,
  `picklist_valueid` int(11) NOT NULL DEFAULT 0,
  `sortorderid` int(11) DEFAULT 0,
  `color` varchar(10) DEFAULT NULL
) ENGINE=InnoDB DEFAULT CHARSET=utf8 COLLATE=utf8_general_ci;

--
-- Dumping data for table `vtiger_projecttasktype`
--

INSERT IGNORE INTO `vtiger_projecttasktype` (`projecttasktypeid`, `projecttasktype`, `presence`, `picklist_valueid`, `sortorderid`, `color`) VALUES
(2, 'administrative', 1, 242, 2, NULL),
(3, 'operative', 1, 243, 3, NULL),
(4, 'other', 1, 244, 4, NULL);

-- --------------------------------------------------------

--
-- Table structure for table `vtiger_projecttasktype_seq`
--

CREATE TABLE `vtiger_projecttasktype_seq` (
  `id` int(11) NOT NULL
) ENGINE=InnoDB DEFAULT CHARSET=utf8mb4 COLLATE=utf8mb4_general_ci;

--
-- Dumping data for table `vtiger_projecttasktype_seq`
--

INSERT IGNORE INTO `vtiger_projecttasktype_seq` (`id`) VALUES
(4);

-- --------------------------------------------------------

--
-- Table structure for table `vtiger_projecttask_status_color`
--

CREATE TABLE `vtiger_projecttask_status_color` (
  `status` varchar(255) DEFAULT NULL,
  `defaultcolor` varchar(50) DEFAULT NULL,
  `color` varchar(50) DEFAULT NULL
) ENGINE=InnoDB DEFAULT CHARSET=utf8 COLLATE=utf8_general_ci;

--
-- Dumping data for table `vtiger_projecttask_status_color`
--

INSERT IGNORE INTO `vtiger_projecttask_status_color` (`status`, `defaultcolor`, `color`) VALUES
('Open', '#0099ff', NULL),
('In Progress', '#fdff00', NULL),
('Completed', '#3BBF67', NULL),
('Deferred', '#fbb11e', NULL),
('Canceled', '#660066', NULL);

-- --------------------------------------------------------

--
-- Table structure for table `vtiger_projecttype`
--

CREATE TABLE `vtiger_projecttype` (
  `projecttypeid` int(11) NOT NULL,
  `projecttype` varchar(200) NOT NULL,
  `presence` int(1) NOT NULL DEFAULT 1,
  `picklist_valueid` int(11) NOT NULL DEFAULT 0,
  `sortorderid` int(11) DEFAULT 0,
  `color` varchar(10) DEFAULT NULL
) ENGINE=InnoDB DEFAULT CHARSET=utf8 COLLATE=utf8_general_ci;

--
-- Dumping data for table `vtiger_projecttype`
--

INSERT IGNORE INTO `vtiger_projecttype` (`projecttypeid`, `projecttype`, `presence`, `picklist_valueid`, `sortorderid`, `color`) VALUES
(2, 'administrative', 1, 270, 2, NULL),
(3, 'operative', 1, 271, 3, NULL),
(4, 'other', 1, 272, 4, NULL);

-- --------------------------------------------------------

--
-- Table structure for table `vtiger_projecttype_seq`
--

CREATE TABLE `vtiger_projecttype_seq` (
  `id` int(11) NOT NULL
) ENGINE=InnoDB DEFAULT CHARSET=utf8mb4 COLLATE=utf8mb4_general_ci;

--
-- Dumping data for table `vtiger_projecttype_seq`
--

INSERT IGNORE INTO `vtiger_projecttype_seq` (`id`) VALUES
(4);

-- --------------------------------------------------------

--
-- Table structure for table `vtiger_purchaseorder`
--

CREATE TABLE `vtiger_purchaseorder` (
  `purchaseorderid` int(19) NOT NULL DEFAULT 0,
  `subject` varchar(100) DEFAULT NULL,
  `quoteid` int(19) DEFAULT NULL,
  `vendorid` int(19) DEFAULT NULL,
  `accountid` int(19) DEFAULT NULL,
  `requisition_no` varchar(100) DEFAULT NULL,
  `purchaseorder_no` varchar(100) DEFAULT NULL,
  `tracking_no` varchar(100) DEFAULT NULL,
  `contactid` int(19) DEFAULT NULL,
  `duedate` date DEFAULT NULL,
  `carrier` varchar(200) DEFAULT NULL,
  `type` varchar(100) DEFAULT NULL,
  `adjustment` decimal(25,8) DEFAULT NULL,
  `salescommission` decimal(25,3) DEFAULT NULL,
  `exciseduty` decimal(25,3) DEFAULT NULL,
  `total` decimal(25,8) DEFAULT NULL,
  `subtotal` decimal(25,8) DEFAULT NULL,
  `taxtype` varchar(25) DEFAULT NULL,
  `discount_percent` decimal(25,3) DEFAULT NULL,
  `discount_amount` decimal(25,8) DEFAULT NULL,
  `s_h_amount` decimal(25,8) DEFAULT NULL,
  `terms_conditions` text DEFAULT NULL,
  `postatus` varchar(200) DEFAULT NULL,
  `currency_id` int(19) NOT NULL DEFAULT 1,
  `conversion_rate` decimal(10,3) NOT NULL DEFAULT 1.000,
  `compound_taxes_info` text DEFAULT NULL,
  `pre_tax_total` decimal(25,8) DEFAULT NULL,
  `paid` decimal(25,8) DEFAULT NULL,
  `balance` decimal(25,8) DEFAULT NULL,
  `s_h_percent` decimal(25,3) DEFAULT NULL,
  `tags` varchar(1) DEFAULT NULL,
  `region_id` int(19) DEFAULT NULL
) ENGINE=InnoDB DEFAULT CHARSET=utf8 COLLATE=utf8_general_ci;

--
-- Dumping data for table `vtiger_purchaseorder`
--

INSERT IGNORE INTO `vtiger_purchaseorder` (`purchaseorderid`, `subject`, `quoteid`, `vendorid`, `accountid`, `requisition_no`, `purchaseorder_no`, `tracking_no`, `contactid`, `duedate`, `carrier`, `type`, `adjustment`, `salescommission`, `exciseduty`, `total`, `subtotal`, `taxtype`, `discount_percent`, `discount_amount`, `s_h_amount`, `terms_conditions`, `postatus`, `currency_id`, `conversion_rate`, `compound_taxes_info`, `pre_tax_total`, `paid`, `balance`, `s_h_percent`, `tags`, `region_id`) VALUES
(2150, 'سفارش خرید پکیج پیشرفته حساب کامران دادجو (نمونه فاز ۲)', NULL, 2126, 2036, 'Gouya-PHASE02-PO-2036', 'PO1', '', 2107, '2026-07-30', NULL, NULL, 0.00000000, 0.000, 0.000, 15000000.00000000, 15000000.00000000, 'group', NULL, NULL, 0.00000000, '', 'Approved', 2, 1.000, '[]', 15000000.00000000, 0.00000000, 15000000.00000000, 0.000, '', 0),
(2268, 'سفارش خرید نمونه عملی کامل - ۱۴۰۵/۰۵/۰۷', NULL, 2126, 20, 'REQ-DEMO-1405-001', 'PO2', 'TRK-DEMO-1405-001', 2096, '2026-08-05', NULL, NULL, 0.00000000, 0.000, 0.000, 110000000.00000000, 100000000.00000000, 'group', NULL, NULL, 0.00000000, 'تحویل طبق زمان‌بندی و پس از کنترل کیفیت انجام شود.', 'Created', 2, 1.000, '[]', 100000000.00000000, 0.00000000, 110000000.00000000, 0.000, '', NULL);

-- --------------------------------------------------------

--
-- Table structure for table `vtiger_purchaseordercf`
--

CREATE TABLE `vtiger_purchaseordercf` (
  `purchaseorderid` int(19) NOT NULL DEFAULT 0,
  `sarv_po_date` date DEFAULT NULL,
  `sarv_opportunity_id` int(19) DEFAULT NULL,
  `sarv_for_contact_id` int(19) DEFAULT NULL,
  `sarv_sms_reminder` varchar(255) DEFAULT NULL,
  `sarv_shipping_method` varchar(255) DEFAULT NULL,
  `sarv_delivery_format` varchar(255) DEFAULT NULL,
  `sarv_partial_delivery` varchar(3) DEFAULT NULL,
  `sarv_payment_method` varchar(255) DEFAULT NULL,
  `sarv_payment_status` varchar(255) DEFAULT NULL,
  `sarv_payment_notes` text DEFAULT NULL,
  `sarv_po_category` varchar(255) DEFAULT NULL,
  `sarv_print_template` varchar(255) DEFAULT NULL,
  `sarv_bill_geo_area` varchar(255) DEFAULT NULL,
  `sarv_ship_geo_area` varchar(255) DEFAULT NULL,
  `sarv_bill_latitude` varchar(50) DEFAULT NULL,
  `sarv_ship_latitude` varchar(50) DEFAULT NULL,
  `sarv_bill_longitude` varchar(50) DEFAULT NULL,
  `sarv_ship_longitude` varchar(50) DEFAULT NULL,
  `sarv_copy_address` varchar(3) DEFAULT NULL
) ENGINE=InnoDB DEFAULT CHARSET=utf8 COLLATE=utf8_general_ci;

--
-- Dumping data for table `vtiger_purchaseordercf`
--

INSERT IGNORE INTO `vtiger_purchaseordercf` (`purchaseorderid`, `sarv_po_date`, `sarv_opportunity_id`, `sarv_for_contact_id`, `sarv_sms_reminder`, `sarv_shipping_method`, `sarv_delivery_format`, `sarv_partial_delivery`, `sarv_payment_method`, `sarv_payment_status`, `sarv_payment_notes`, `sarv_po_category`, `sarv_print_template`, `sarv_bill_geo_area`, `sarv_ship_geo_area`, `sarv_bill_latitude`, `sarv_ship_latitude`, `sarv_bill_longitude`, `sarv_ship_longitude`, `sarv_copy_address`) VALUES
(2150, NULL, NULL, NULL, NULL, NULL, NULL, NULL, NULL, NULL, NULL, NULL, NULL, NULL, NULL, NULL, NULL, NULL, NULL, NULL),
(2268, '2026-07-29', 1024, 2096, 'یک روز قبل', 'زمینی', 'فوری', '1', 'انتقال بانکی', 'بخشی پرداخت شده', 'نمونه عملی جهت کنترل ثبت کامل فرم و محاسبات', 'تجهیزات', 'پیش‌فرض', 'تهران', 'تهران', '35.6892', '35.6892', '51.3890', '51.3890', '1');

-- --------------------------------------------------------

--
-- Table structure for table `vtiger_quotes`
--

CREATE TABLE `vtiger_quotes` (
  `quoteid` int(19) NOT NULL DEFAULT 0,
  `subject` varchar(100) DEFAULT NULL,
  `potentialid` int(19) DEFAULT NULL,
  `quotestage` varchar(200) DEFAULT NULL,
  `validtill` date DEFAULT NULL,
  `contactid` int(19) DEFAULT NULL,
  `quote_no` varchar(100) DEFAULT NULL,
  `subtotal` decimal(25,8) DEFAULT NULL,
  `carrier` varchar(200) DEFAULT NULL,
  `shipping` varchar(100) DEFAULT NULL,
  `inventorymanager` int(19) DEFAULT NULL,
  `type` varchar(100) DEFAULT NULL,
  `adjustment` decimal(25,8) DEFAULT NULL,
  `total` decimal(25,8) DEFAULT NULL,
  `taxtype` varchar(25) DEFAULT NULL,
  `discount_percent` decimal(25,3) DEFAULT NULL,
  `discount_amount` decimal(25,8) DEFAULT NULL,
  `s_h_amount` decimal(25,8) DEFAULT NULL,
  `accountid` int(19) DEFAULT NULL,
  `terms_conditions` text DEFAULT NULL,
  `currency_id` int(19) NOT NULL DEFAULT 1,
  `conversion_rate` decimal(10,3) NOT NULL DEFAULT 1.000,
  `compound_taxes_info` text DEFAULT NULL,
  `pre_tax_total` decimal(25,8) DEFAULT NULL,
  `s_h_percent` decimal(25,3) DEFAULT NULL,
  `tags` varchar(1) DEFAULT NULL,
  `region_id` int(19) DEFAULT NULL
) ENGINE=InnoDB DEFAULT CHARSET=utf8 COLLATE=utf8_general_ci;

--
-- Dumping data for table `vtiger_quotes`
--

INSERT IGNORE INTO `vtiger_quotes` (`quoteid`, `subject`, `potentialid`, `quotestage`, `validtill`, `contactid`, `quote_no`, `subtotal`, `carrier`, `shipping`, `inventorymanager`, `type`, `adjustment`, `total`, `taxtype`, `discount_percent`, `discount_amount`, `s_h_amount`, `accountid`, `terms_conditions`, `currency_id`, `conversion_rate`, `compound_taxes_info`, `pre_tax_total`, `s_h_percent`, `tags`, `region_id`) VALUES
(2012, 'فرایند سازان ایران فردا - پیش فاکتور (مثال)', NULL, 'با موفقیت بسته شده', '2026-07-19', NULL, '1', 120000000.00000000, NULL, NULL, NULL, NULL, NULL, 120000000.00000000, NULL, NULL, NULL, NULL, 20, NULL, 1, 1.000, NULL, NULL, NULL, NULL, NULL),
(2013, 'پیشگامان صنعت داده - پیش فاکتور (مثال)', NULL, 'با موفقیت بسته شده', '2026-07-08', NULL, '2', 100000000.00000000, NULL, NULL, NULL, NULL, NULL, 100000000.00000000, NULL, NULL, NULL, NULL, 21, NULL, 1, 1.000, NULL, NULL, NULL, NULL, NULL),
(2014, 'پیشگامان صنعت داده - پیش فاکتور (مثال)', NULL, 'با موفقیت بسته شده', '2026-07-02', NULL, '3', 144000000.00000000, NULL, NULL, NULL, NULL, NULL, 144000000.00000000, NULL, NULL, NULL, NULL, 21, NULL, 1, 1.000, NULL, NULL, NULL, NULL, NULL),
(2015, 'شرکت فرایند گستران شرق - پیش فاکتور (مثال)', NULL, 'با موفقیت بسته شده', '2026-07-14', NULL, '4', 75000000.00000000, NULL, NULL, NULL, NULL, NULL, 75000000.00000000, NULL, NULL, NULL, NULL, 22, NULL, 1, 1.000, NULL, NULL, NULL, NULL, NULL),
(2016, 'شرکت فرایند گستران شرق - پیش فاکتور (مثال)', NULL, 'با موفقیت بسته شده', '2026-07-21', NULL, '5', 100000000.00000000, NULL, NULL, NULL, NULL, NULL, 100000000.00000000, NULL, NULL, NULL, NULL, 22, NULL, 1, 1.000, NULL, NULL, NULL, NULL, NULL),
(2017, 'شرکت الکترونیک گستر - پیش فاکتور (مثال)', NULL, 'ارسال شده', '2026-07-24', NULL, '6', 84000000.00000000, NULL, NULL, NULL, NULL, NULL, 84000000.00000000, NULL, NULL, NULL, NULL, 23, NULL, 1, 1.000, NULL, NULL, NULL, NULL, NULL),
(2018, 'اورنگ (مثال) - فرصت', NULL, 'ارسال شده', '2026-07-10', NULL, '7', 98100000.00000000, NULL, NULL, NULL, NULL, NULL, 98100000.00000000, NULL, NULL, NULL, NULL, 24, NULL, 1, 1.000, NULL, NULL, NULL, NULL, NULL),
(2019, 'کیان (مثال) - فرصت', NULL, 'ارسال شده', '2026-07-27', NULL, '8', 20000000.00000000, NULL, NULL, NULL, NULL, NULL, 20000000.00000000, NULL, NULL, NULL, NULL, 25, NULL, 1, 1.000, NULL, NULL, NULL, NULL, NULL),
(2025, 'تست سیستم - ویرایش شده', NULL, 'به تعویق افتاده', '2026-09-22', 11, '9', 160000000.00000000, '', '', 0, NULL, 2000000.00000000, 153050000.00000000, 'group', NULL, 1000000.00000000, 0.00000000, 23, 'یادداشت تستی', 2, 1.000, '[]', 159000000.00000000, 0.000, '', NULL),
(2026, 'پیش فاکتور ورودی تست ۱', NULL, 'پیش نویس', NULL, NULL, '10', 55000000.00000000, NULL, NULL, NULL, NULL, NULL, 55000000.00000000, NULL, NULL, NULL, NULL, 25, NULL, 1, 1.000, NULL, 55000000.00000000, NULL, NULL, NULL),
(2027, 'پیش فاکتور ورودی تست ۲', NULL, 'مذاکره', NULL, NULL, '11', 32500000.00000000, NULL, NULL, NULL, NULL, NULL, 32500000.00000000, NULL, NULL, NULL, NULL, 24, NULL, 1, 1.000, NULL, 32500000.00000000, NULL, NULL, NULL),
(2277, 'پیش فاکتور نمونه طرح گویا ۱۴۰۵/۰۵/۰۸', NULL, 'Created', '2026-08-11', NULL, '11', 167200000.00000000, '', '', 0, NULL, 0.00000000, 167200000.00000000, 'individual', NULL, NULL, 0.00000000, 2037, 'اعتبار پیش فاکتور تا تاریخ درج شده و پرداخت طبق توافق طرفین است.', 2, 1.000, '[]', 152000000.00000000, 0.000, '', 0);

-- --------------------------------------------------------

--
-- Table structure for table `vtiger_quotesbillads`
--

CREATE TABLE `vtiger_quotesbillads` (
  `quotebilladdressid` int(19) NOT NULL DEFAULT 0,
  `bill_city` varchar(30) DEFAULT NULL,
  `bill_code` varchar(30) DEFAULT NULL,
  `bill_country` varchar(30) DEFAULT NULL,
  `bill_state` varchar(30) DEFAULT NULL,
  `bill_street` varchar(250) DEFAULT NULL,
  `bill_pobox` varchar(30) DEFAULT NULL
) ENGINE=InnoDB DEFAULT CHARSET=utf8 COLLATE=utf8_general_ci;

--
-- Dumping data for table `vtiger_quotesbillads`
--

INSERT IGNORE INTO `vtiger_quotesbillads` (`quotebilladdressid`, `bill_city`, `bill_code`, `bill_country`, `bill_state`, `bill_street`, `bill_pobox`) VALUES
(2025, 'تهران', '1234567890', 'ایران', 'تهران', 'خیابان ولیعصر، پلاک ۱۰', ''),
(2026, NULL, NULL, NULL, NULL, NULL, NULL),
(2027, NULL, NULL, NULL, NULL, NULL, NULL),
(2277, '', '', 'ایران', '', 'تهران، خیابان نمونه، پلاک ۱۴۰۵', '');

-- --------------------------------------------------------

--
-- Table structure for table `vtiger_quotescf`
--

CREATE TABLE `vtiger_quotescf` (
  `quoteid` int(19) NOT NULL DEFAULT 0,
  `cf_quote_date` date DEFAULT NULL,
  `cf_invoice_status` varchar(100) DEFAULT NULL,
  `cf_project` varchar(255) DEFAULT NULL,
  `cf_sms_reminder` varchar(100) DEFAULT NULL,
  `cf_payment_terms` varchar(100) DEFAULT NULL,
  `cf_internal_approval` varchar(100) DEFAULT NULL,
  `cf_approval_issues` text DEFAULT NULL,
  `cf_print_template` varchar(100) DEFAULT NULL,
  `cf_shipping_type` varchar(100) DEFAULT NULL,
  `cf_sender_company` varchar(150) DEFAULT NULL,
  `cf_insurance_percent` decimal(7,3) DEFAULT NULL,
  `cf_insurance_amount` decimal(25,8) DEFAULT NULL,
  `cf_retention_percent` decimal(7,3) DEFAULT NULL,
  `cf_retention_amount` decimal(25,8) DEFAULT NULL,
  `cf_bill_lat` varchar(50) DEFAULT NULL,
  `cf_bill_lng` varchar(50) DEFAULT NULL,
  `cf_ship_lat` varchar(50) DEFAULT NULL,
  `cf_ship_lng` varchar(50) DEFAULT NULL,
  `cf_bill_geo_area` varchar(255) DEFAULT NULL,
  `cf_ship_geo_area` varchar(255) DEFAULT NULL,
  `cf_copy_address` varchar(3) DEFAULT NULL,
  `cf_credit_limit` decimal(25,8) DEFAULT NULL,
  `cf_receivable_total` decimal(25,8) DEFAULT NULL
) ENGINE=InnoDB DEFAULT CHARSET=utf8 COLLATE=utf8_general_ci;

--
-- Dumping data for table `vtiger_quotescf`
--

INSERT IGNORE INTO `vtiger_quotescf` (`quoteid`, `cf_quote_date`, `cf_invoice_status`, `cf_project`, `cf_sms_reminder`, `cf_payment_terms`, `cf_internal_approval`, `cf_approval_issues`, `cf_print_template`, `cf_shipping_type`, `cf_sender_company`, `cf_insurance_percent`, `cf_insurance_amount`, `cf_retention_percent`, `cf_retention_amount`, `cf_bill_lat`, `cf_bill_lng`, `cf_ship_lat`, `cf_ship_lng`, `cf_bill_geo_area`, `cf_ship_geo_area`, `cf_copy_address`, `cf_credit_limit`, `cf_receivable_total`) VALUES
(2012, '2026-06-03', NULL, NULL, NULL, NULL, NULL, NULL, NULL, NULL, NULL, NULL, NULL, NULL, NULL, NULL, NULL, NULL, NULL, NULL, NULL, NULL, NULL, NULL),
(2013, '2026-06-15', NULL, NULL, NULL, NULL, NULL, NULL, NULL, NULL, NULL, NULL, NULL, NULL, NULL, NULL, NULL, NULL, NULL, NULL, NULL, NULL, NULL, NULL),
(2014, '2026-06-09', NULL, NULL, NULL, NULL, NULL, NULL, NULL, NULL, NULL, NULL, NULL, NULL, NULL, NULL, NULL, NULL, NULL, NULL, NULL, NULL, NULL, NULL),
(2015, '2026-06-05', NULL, NULL, NULL, NULL, NULL, NULL, NULL, NULL, NULL, NULL, NULL, NULL, NULL, NULL, NULL, NULL, NULL, NULL, NULL, NULL, NULL, NULL),
(2016, '2026-06-01', NULL, NULL, NULL, NULL, NULL, NULL, NULL, NULL, NULL, NULL, NULL, NULL, NULL, NULL, NULL, NULL, NULL, NULL, NULL, NULL, NULL, NULL),
(2017, '2026-06-07', NULL, NULL, NULL, NULL, NULL, NULL, NULL, NULL, NULL, NULL, NULL, NULL, NULL, NULL, NULL, NULL, NULL, NULL, NULL, NULL, NULL, NULL),
(2018, '2026-06-08', NULL, NULL, NULL, NULL, NULL, NULL, NULL, NULL, NULL, NULL, NULL, NULL, NULL, NULL, NULL, NULL, NULL, NULL, NULL, NULL, NULL, NULL),
(2019, '2026-06-12', NULL, NULL, NULL, NULL, NULL, NULL, NULL, NULL, NULL, NULL, NULL, NULL, NULL, NULL, NULL, NULL, NULL, NULL, NULL, NULL, NULL, NULL),
(2025, '2026-07-03', 'فاکتور شده', '', '', 'نقدی', '', '', '', '', '', 5.000, 7950000.00000000, 0.000, 0.00000000, '35.7219', '51.3347', '35.7219', '51.3347', NULL, NULL, NULL, NULL, NULL),
(2026, '2026-07-01', 'فاکتور نشده', NULL, NULL, NULL, NULL, NULL, NULL, NULL, NULL, NULL, NULL, NULL, NULL, NULL, NULL, NULL, NULL, NULL, NULL, NULL, NULL, NULL),
(2027, '2026-07-02', 'فاکتور نشده', NULL, NULL, NULL, NULL, NULL, NULL, NULL, NULL, NULL, NULL, NULL, NULL, NULL, NULL, NULL, NULL, NULL, NULL, NULL, NULL, NULL),
(2277, '2026-07-30', 'پیش نویس', '', 'یک روز قبل', 'نقدی', 'تایید شده', '', 'پیش فرض', 'زمینی', 'شرکت اصلی', 2.000, 3040000.00000000, 5.000, 7600000.00000000, '32.4279000', '53.6880000', '', '', 'ایران', '', '0', 0.00000000, 0.00000000);

-- --------------------------------------------------------

--
-- Table structure for table `vtiger_quotesshipads`
--

CREATE TABLE `vtiger_quotesshipads` (
  `quoteshipaddressid` int(19) NOT NULL DEFAULT 0,
  `ship_city` varchar(30) DEFAULT NULL,
  `ship_code` varchar(30) DEFAULT NULL,
  `ship_country` varchar(30) DEFAULT NULL,
  `ship_state` varchar(30) DEFAULT NULL,
  `ship_street` varchar(250) DEFAULT NULL,
  `ship_pobox` varchar(30) DEFAULT NULL
) ENGINE=InnoDB DEFAULT CHARSET=utf8 COLLATE=utf8_general_ci;

--
-- Dumping data for table `vtiger_quotesshipads`
--

INSERT IGNORE INTO `vtiger_quotesshipads` (`quoteshipaddressid`, `ship_city`, `ship_code`, `ship_country`, `ship_state`, `ship_street`, `ship_pobox`) VALUES
(2025, 'تهران', '1234567890', 'ایران', 'تهران', 'خیابان ولیعصر، پلاک ۱۰', ''),
(2026, NULL, NULL, NULL, NULL, NULL, NULL),
(2027, NULL, NULL, NULL, NULL, NULL, NULL),
(2277, '', '', '', '', 'تهران، خیابان نمونه، پلاک ۱۴۰۵', '');

-- --------------------------------------------------------

--
-- Table structure for table `vtiger_quotestage`
--

CREATE TABLE `vtiger_quotestage` (
  `quotestageid` int(19) NOT NULL,
  `quotestage` varchar(200) NOT NULL,
  `presence` int(1) NOT NULL DEFAULT 1,
  `picklist_valueid` int(19) NOT NULL DEFAULT 0,
  `sortorderid` int(11) DEFAULT NULL,
  `color` varchar(10) DEFAULT NULL
) ENGINE=InnoDB DEFAULT CHARSET=utf8 COLLATE=utf8_general_ci;

--
-- Dumping data for table `vtiger_quotestage`
--

INSERT IGNORE INTO `vtiger_quotestage` (`quotestageid`, `quotestage`, `presence`, `picklist_valueid`, `sortorderid`, `color`) VALUES
(1, 'Created', 1, 139, 0, NULL),
(2, 'Delivered', 1, 140, 1, NULL),
(3, 'Reviewed', 1, 141, 2, NULL),
(4, 'Accepted', 1, 142, 3, NULL),
(5, 'Rejected', 1, 143, 4, NULL),
(6, 'پیش نویس', 0, 305, 5, '#9e9e9e'),
(7, 'ارسال شده', 0, 306, 6, '#29a3dc'),
(8, 'مذاکره', 0, 307, 7, '#f7941e'),
(9, 'به تعویق افتاده', 0, 308, 8, '#e6c229'),
(10, 'تایید شده توسط مشتری', 0, 309, 9, '#8e44ad'),
(11, 'با موفقیت بسته شده', 0, 310, 10, '#27ae60'),
(12, 'بسته شده - ناموفق', 0, 311, 11, '#e8513a');

-- --------------------------------------------------------

--
-- Table structure for table `vtiger_quotestagehistory`
--

CREATE TABLE `vtiger_quotestagehistory` (
  `historyid` int(19) NOT NULL,
  `quoteid` int(19) NOT NULL,
  `accountname` varchar(100) DEFAULT NULL,
  `total` decimal(10,0) DEFAULT NULL,
  `quotestage` varchar(200) DEFAULT NULL,
  `lastmodified` datetime DEFAULT NULL
) ENGINE=InnoDB DEFAULT CHARSET=utf8 COLLATE=utf8_general_ci;

-- --------------------------------------------------------

--
-- Table structure for table `vtiger_quotestage_seq`
--

CREATE TABLE `vtiger_quotestage_seq` (
  `id` int(11) NOT NULL
) ENGINE=InnoDB DEFAULT CHARSET=utf8mb4 COLLATE=utf8mb4_general_ci;

--
-- Dumping data for table `vtiger_quotestage_seq`
--

INSERT IGNORE INTO `vtiger_quotestage_seq` (`id`) VALUES
(5);

-- --------------------------------------------------------

--
-- Table structure for table `vtiger_rating`
--

CREATE TABLE `vtiger_rating` (
  `rating_id` int(19) NOT NULL,
  `rating` varchar(200) DEFAULT NULL,
  `presence` int(1) NOT NULL DEFAULT 1,
  `picklist_valueid` int(19) NOT NULL DEFAULT 0,
  `sortorderid` int(11) DEFAULT NULL,
  `color` varchar(10) DEFAULT NULL
) ENGINE=InnoDB DEFAULT CHARSET=utf8 COLLATE=utf8_general_ci;

--
-- Dumping data for table `vtiger_rating`
--

INSERT IGNORE INTO `vtiger_rating` (`rating_id`, `rating`, `presence`, `picklist_valueid`, `sortorderid`, `color`) VALUES
(2, 'Acquired', 0, 145, 1, NULL),
(3, 'Active', 0, 146, 2, NULL),
(4, 'Market Failed', 0, 147, 3, NULL),
(5, 'Project Cancelled', 0, 148, 4, NULL),
(6, 'Shutdown', 0, 149, 5, NULL),
(7, 'کم', 1, 333, 6, NULL),
(8, 'متوسط', 1, 334, 7, NULL),
(9, 'زیاد', 1, 335, 8, NULL);

-- --------------------------------------------------------

--
-- Table structure for table `vtiger_rating_seq`
--

CREATE TABLE `vtiger_rating_seq` (
  `id` int(11) NOT NULL
) ENGINE=InnoDB DEFAULT CHARSET=utf8mb4 COLLATE=utf8mb4_general_ci;

--
-- Dumping data for table `vtiger_rating_seq`
--

INSERT IGNORE INTO `vtiger_rating_seq` (`id`) VALUES
(6);

-- --------------------------------------------------------

--
-- Table structure for table `vtiger_recurringevents`
--

CREATE TABLE `vtiger_recurringevents` (
  `recurringid` int(19) NOT NULL,
  `activityid` int(19) NOT NULL,
  `recurringdate` date DEFAULT NULL,
  `recurringtype` varchar(30) DEFAULT NULL,
  `recurringfreq` int(19) DEFAULT NULL,
  `recurringinfo` varchar(50) DEFAULT NULL,
  `recurringenddate` date DEFAULT NULL
) ENGINE=InnoDB DEFAULT CHARSET=utf8 COLLATE=utf8_general_ci;

-- --------------------------------------------------------

--
-- Table structure for table `vtiger_recurringtype`
--

CREATE TABLE `vtiger_recurringtype` (
  `recurringeventid` int(19) NOT NULL,
  `recurringtype` varchar(200) NOT NULL,
  `sortorderid` int(19) NOT NULL DEFAULT 0,
  `presence` int(1) NOT NULL DEFAULT 1,
  `color` varchar(10) DEFAULT NULL
) ENGINE=InnoDB DEFAULT CHARSET=utf8 COLLATE=utf8_general_ci;

--
-- Dumping data for table `vtiger_recurringtype`
--

INSERT IGNORE INTO `vtiger_recurringtype` (`recurringeventid`, `recurringtype`, `sortorderid`, `presence`, `color`) VALUES
(2, 'Daily', 1, 1, NULL),
(3, 'Weekly', 2, 1, NULL),
(4, 'Monthly', 3, 1, NULL),
(5, 'Yearly', 4, 1, NULL);

-- --------------------------------------------------------

--
-- Table structure for table `vtiger_recurringtype_seq`
--

CREATE TABLE `vtiger_recurringtype_seq` (
  `id` int(11) NOT NULL
) ENGINE=InnoDB DEFAULT CHARSET=utf8mb4 COLLATE=utf8mb4_general_ci;

--
-- Dumping data for table `vtiger_recurringtype_seq`
--

INSERT IGNORE INTO `vtiger_recurringtype_seq` (`id`) VALUES
(5);

-- --------------------------------------------------------

--
-- Table structure for table `vtiger_recurring_frequency`
--

CREATE TABLE `vtiger_recurring_frequency` (
  `recurring_frequency_id` int(11) DEFAULT NULL,
  `recurring_frequency` varchar(200) DEFAULT NULL,
  `sortorderid` int(11) DEFAULT NULL,
  `presence` int(11) DEFAULT NULL,
  `color` varchar(10) DEFAULT NULL
) ENGINE=InnoDB DEFAULT CHARSET=utf8 COLLATE=utf8_general_ci;

--
-- Dumping data for table `vtiger_recurring_frequency`
--

INSERT IGNORE INTO `vtiger_recurring_frequency` (`recurring_frequency_id`, `recurring_frequency`, `sortorderid`, `presence`, `color`) VALUES
(2, 'Daily', 1, 1, NULL),
(3, 'Weekly', 2, 1, NULL),
(4, 'Monthly', 3, 1, NULL),
(5, 'Quarterly', 4, 1, NULL),
(6, 'Yearly', 5, 1, NULL);

-- --------------------------------------------------------

--
-- Table structure for table `vtiger_recurring_frequency_seq`
--

CREATE TABLE `vtiger_recurring_frequency_seq` (
  `id` int(11) NOT NULL
) ENGINE=InnoDB DEFAULT CHARSET=utf8mb4 COLLATE=utf8mb4_general_ci;

--
-- Dumping data for table `vtiger_recurring_frequency_seq`
--

INSERT IGNORE INTO `vtiger_recurring_frequency_seq` (`id`) VALUES
(6);

-- --------------------------------------------------------

--
-- Table structure for table `vtiger_relatedlists`
--

CREATE TABLE `vtiger_relatedlists` (
  `relation_id` int(19) NOT NULL,
  `tabid` int(10) DEFAULT NULL,
  `related_tabid` int(10) DEFAULT NULL,
  `name` varchar(100) DEFAULT NULL,
  `sequence` int(10) DEFAULT NULL,
  `label` varchar(100) DEFAULT NULL,
  `presence` int(10) NOT NULL DEFAULT 0,
  `actions` varchar(50) NOT NULL DEFAULT '',
  `relationfieldid` int(19) DEFAULT NULL,
  `source` varchar(25) DEFAULT NULL,
  `relationtype` varchar(10) DEFAULT NULL
) ENGINE=InnoDB DEFAULT CHARSET=utf8 COLLATE=utf8_general_ci;

--
-- Dumping data for table `vtiger_relatedlists`
--

INSERT IGNORE INTO `vtiger_relatedlists` (`relation_id`, `tabid`, `related_tabid`, `name`, `sequence`, `label`, `presence`, `actions`, `relationfieldid`, `source`, `relationtype`) VALUES
(1, 6, 4, 'get_contacts', 2, 'Contacts', 0, 'add', 72, '', '1:N'),
(2, 6, 2, 'get_opportunities', 3, 'Potentials', 0, 'add', 113, '', '1:N'),
(3, 6, 20, 'get_quotes', 4, 'Quotes', 0, 'add', 330, '', '1:N'),
(4, 6, 22, 'get_salesorder', 5, 'Sales Order', 0, 'add', 409, '', '1:N'),
(5, 6, 23, 'get_invoices', 6, 'Invoice', 0, 'add', 452, '', '1:N'),
(6, 6, 9, 'get_activities', 7, 'Activities', 0, 'add', 238, '', '1:N'),
(7, 6, 10, 'get_emails', 8, 'Emails', 0, 'add', NULL, '', 'N:N'),
(8, 6, 9, 'get_history', 9, 'Activity History', 0, 'add', 238, '', '1:N'),
(9, 6, 8, 'get_attachments', 10, 'Documents', 0, 'add,select', NULL, '', 'N:N'),
(10, 6, 13, 'get_tickets', 11, 'HelpDesk', 0, 'ADD', 157, '', '1:N'),
(11, 6, 14, 'get_products', 12, 'Products', 0, 'select', NULL, '', 'N:N'),
(12, 7, 9, 'get_activities', 2, 'Activities', 0, 'add', 238, '', '1:N'),
(13, 7, 10, 'get_emails', 3, 'Emails', 0, 'add', NULL, '', 'N:N'),
(14, 7, 9, 'get_history', 4, 'Activity History', 0, 'add', 238, '', '1:N'),
(15, 7, 8, 'get_attachments', 5, 'Documents', 0, 'add,select', NULL, '', 'N:N'),
(16, 7, 14, 'get_products', 6, 'Products', 0, 'select', NULL, '', 'N:N'),
(17, 7, 26, 'get_campaigns', 7, 'Campaigns', 0, 'select', NULL, '', 'N:N'),
(18, 4, 2, 'get_opportunities', 2, 'Potentials', 0, 'add', 740, '', '1:N'),
(19, 4, 9, 'get_activities', 3, 'Activities', 0, 'add', 239, '', '1:N'),
(20, 4, 10, 'get_emails', 4, 'Emails', 0, 'add', NULL, '', 'N:N'),
(21, 4, 13, 'get_tickets', 5, 'HelpDesk', 0, 'add', 741, '', '1:N'),
(22, 4, 20, 'get_quotes', 6, 'Quotes', 0, 'add', 319, '', '1:N'),
(23, 4, 21, 'get_purchase_orders', 7, 'Purchase Order', 0, 'add', 356, '', '1:N'),
(24, 4, 22, 'get_salesorder', 8, 'Sales Order', 0, 'add', 395, '', '1:N'),
(25, 4, 14, 'get_products', 9, 'Products', 0, 'select', NULL, '', 'N:N'),
(26, 4, 9, 'get_history', 10, 'Activity History', 0, 'add', 239, '', '1:N'),
(27, 4, 8, 'get_attachments', 11, 'Documents', 0, 'add,select', NULL, '', 'N:N'),
(28, 4, 26, 'get_campaigns', 12, 'Campaigns', 0, 'select', NULL, '', 'N:N'),
(29, 4, 23, 'get_invoices', 13, 'Invoice', 0, 'add', 439, '', '1:N'),
(30, 2, 9, 'get_activities', 2, 'Activities', 0, 'add', 238, '', '1:N'),
(31, 2, 4, 'get_contacts', 3, 'Contacts', 0, 'select', NULL, '', 'N:N'),
(32, 2, 14, 'get_products', 4, 'Products', 0, 'select', NULL, '', 'N:N'),
(33, 2, 0, 'get_stage_history', 5, 'Sales Stage History', 0, '', NULL, '', 'N:N'),
(34, 2, 8, 'get_attachments', 6, 'Documents', 0, 'add,select', NULL, '', 'N:N'),
(35, 2, 20, 'get_Quotes', 7, 'Quotes', 0, 'add', 316, '', '1:N'),
(36, 2, 22, 'get_salesorder', 8, 'Sales Order', 0, 'add', 391, '', '1:N'),
(37, 2, 9, 'get_history', 9, 'Activity History', 0, '', 238, '', '1:N'),
(38, 14, 13, 'get_tickets', 1, 'HelpDesk', 0, 'add', 159, '', '1:N'),
(39, 14, 8, 'get_attachments', 3, 'Documents', 0, 'add,select', NULL, '', 'N:N'),
(40, 14, 20, 'get_quotes', 4, 'Quotes', 0, 'add', 703, '', '1:N'),
(41, 14, 21, 'get_purchase_orders', 5, 'Purchase Order', 0, 'add', 694, '', '1:N'),
(42, 14, 22, 'get_salesorder', 6, 'Sales Order', 0, 'add', 685, '', '1:N'),
(43, 14, 23, 'get_invoices', 7, 'Invoice', 0, 'add', 676, '', '1:N'),
(44, 14, 19, 'get_product_pricebooks', 8, 'PriceBooks', 0, 'ADD,SELECT', NULL, '', 'N:N'),
(45, 14, 7, 'get_leads', 9, 'Leads', 0, 'select', NULL, '', 'N:N'),
(46, 14, 6, 'get_accounts', 10, 'Accounts', 0, 'select', NULL, '', 'N:N'),
(47, 14, 4, 'get_contacts', 11, 'Contacts', 0, 'select', NULL, '', 'N:N'),
(48, 14, 2, 'get_opportunities', 12, 'Potentials', 0, 'select', NULL, '', 'N:N'),
(49, 14, 14, 'get_products', 13, 'Product Bundles', 0, 'add,select', NULL, '', 'N:N'),
(50, 14, 14, 'get_parent_products', 14, 'Parent Product', 0, '', NULL, '', 'N:N'),
(51, 10, 4, 'get_contacts', 1, 'Contacts', 0, 'select,bulkmail', NULL, '', 'N:N'),
(52, 10, 0, 'get_users', 2, 'Users', 0, '', NULL, '', 'N:N'),
(53, 10, 8, 'get_attachments', 3, 'Documents', 0, 'add,select', NULL, '', 'N:N'),
(54, 13, 9, 'get_activities', 2, 'Activities', 0, 'add', 238, '', '1:N'),
(55, 13, 8, 'get_attachments', 3, 'Documents', 0, 'add,select', NULL, '', 'N:N'),
(56, 13, 0, 'get_ticket_history', 4, 'Ticket History', 0, '', NULL, '', 'N:N'),
(57, 13, 9, 'get_history', 5, 'Activity History', 0, 'add', 238, '', '1:N'),
(58, 19, 14, 'get_pricebook_products', 2, 'Products', 0, 'select', NULL, '', 'N:N'),
(59, 18, 14, 'get_products', 1, 'Products', 0, 'add,select', 185, '', '1:N'),
(60, 18, 21, 'get_purchase_orders', 2, 'Purchase Order', 0, 'add', 353, '', '1:N'),
(61, 18, 4, 'get_contacts', 3, 'Contacts', 0, 'select', NULL, '', 'N:N'),
(62, 18, 10, 'get_emails', 4, 'Emails', 0, 'add', NULL, '', 'N:N'),
(63, 20, 22, 'get_salesorder', 1, 'Sales Order', 0, '', 393, '', '1:N'),
(64, 20, 9, 'get_activities', 2, 'Activities', 0, 'add', NULL, '', 'N:N'),
(65, 20, 8, 'get_attachments', 3, 'Documents', 0, 'add,select', NULL, '', 'N:N'),
(66, 20, 9, 'get_history', 4, 'Activity History', 0, '', NULL, '', 'N:N'),
(67, 20, 0, 'get_quotestagehistory', 5, 'Quote Stage History', 0, '', NULL, '', 'N:N'),
(68, 21, 9, 'get_activities', 1, 'Activities', 0, 'add', NULL, '', 'N:N'),
(69, 21, 8, 'get_attachments', 2, 'Documents', 0, 'add,select', NULL, '', 'N:N'),
(70, 21, 9, 'get_history', 3, 'Activity History', 0, '', NULL, '', 'N:N'),
(71, 21, 0, 'get_postatushistory', 4, 'PurchaseOrder Status History', 0, '', NULL, '', 'N:N'),
(72, 22, 9, 'get_activities', 1, 'Activities', 0, 'add', NULL, '', 'N:N'),
(73, 22, 8, 'get_attachments', 2, 'Documents', 0, 'add,select', NULL, '', 'N:N'),
(74, 22, 23, 'get_invoices', 3, 'Invoice', 0, '', 437, '', '1:N'),
(75, 22, 9, 'get_history', 4, 'Activity History', 0, '', NULL, '', 'N:N'),
(76, 22, 0, 'get_sostatushistory', 5, 'SalesOrder Status History', 0, '', NULL, '', 'N:N'),
(77, 23, 9, 'get_activities', 1, 'Activities', 0, 'add', NULL, '', 'N:N'),
(78, 23, 8, 'get_attachments', 2, 'Documents', 0, 'add,select', NULL, '', 'N:N'),
(79, 23, 9, 'get_history', 3, 'Activity History', 0, '', NULL, '', 'N:N'),
(80, 23, 0, 'get_invoicestatushistory', 4, 'Invoice Status History', 0, '', NULL, '', 'N:N'),
(81, 9, 0, 'get_users', 1, 'Users', 0, '', NULL, '', 'N:N'),
(82, 9, 4, 'get_contacts', 2, 'Contacts', 0, '', NULL, '', 'N:N'),
(83, 26, 4, 'get_contacts', 1, 'Contacts', 0, 'add,select', NULL, '', 'N:N'),
(84, 26, 7, 'get_leads', 2, 'Leads', 0, 'add,select', NULL, '', 'N:N'),
(85, 26, 2, 'get_opportunities', 3, 'Potentials', 0, 'add', 121, '', '1:N'),
(86, 26, 9, 'get_activities', 4, 'Activities', 0, 'add', 238, '', '1:N'),
(87, 6, 26, 'get_campaigns', 14, 'Campaigns', 0, 'select', NULL, '', 'N:N'),
(88, 26, 6, 'get_accounts', 5, 'Accounts', 0, 'add,select', NULL, '', 'N:N'),
(89, 15, 8, 'get_attachments', 2, 'Documents', 0, 'add,select', NULL, '', 'N:N'),
(90, 4, 34, 'get_dependents_list', 14, 'PBXManager', 0, '', 535, NULL, '1:N'),
(91, 7, 34, 'get_dependents_list', 8, 'PBXManager', 0, '', 535, NULL, '1:N'),
(92, 6, 34, 'get_dependents_list', 15, 'PBXManager', 0, '', 535, NULL, '1:N'),
(93, 35, 13, 'get_related_list', 1, 'Service Requests', 0, 'ADD,SELECT', NULL, NULL, 'N:N'),
(94, 35, 8, 'get_attachments', 2, 'Documents', 0, 'ADD,SELECT', NULL, NULL, 'N:N'),
(95, 6, 35, 'get_merged_list', 16, 'Service Contracts', 0, 'ADD', 549, NULL, '1:N'),
(96, 4, 35, 'get_dependents_list', 15, 'Service Contracts', 0, 'ADD', 549, NULL, '1:N'),
(97, 13, 35, 'get_related_list', 6, 'Service Contracts', 0, 'ADD,SELECT', NULL, NULL, 'N:N'),
(98, 36, 13, 'get_related_list', 1, 'HelpDesk', 0, 'ADD,SELECT', NULL, NULL, 'N:N'),
(99, 36, 20, 'get_quotes', 2, 'Quotes', 0, 'ADD', 703, NULL, '1:N'),
(100, 36, 21, 'get_purchase_orders', 3, 'Purchase Order', 0, 'ADD', 694, NULL, '1:N'),
(101, 36, 22, 'get_salesorder', 4, 'Sales Order', 0, 'ADD', 685, NULL, '1:N'),
(102, 36, 23, 'get_invoices', 5, 'Invoice', 0, 'ADD', 676, NULL, '1:N'),
(103, 36, 19, 'get_service_pricebooks', 6, 'PriceBooks', 0, 'ADD', NULL, NULL, 'N:N'),
(104, 36, 7, 'get_related_list', 7, 'Leads', 0, 'SELECT', NULL, NULL, 'N:N'),
(105, 36, 6, 'get_related_list', 8, 'Accounts', 0, 'SELECT', NULL, NULL, 'N:N'),
(106, 36, 4, 'get_related_list', 9, 'Contacts', 0, 'SELECT', NULL, NULL, 'N:N'),
(107, 36, 2, 'get_related_list', 10, 'Potentials', 0, 'SELECT', NULL, NULL, 'N:N'),
(108, 36, 8, 'get_attachments', 11, 'Documents', 0, 'ADD,SELECT', NULL, NULL, 'N:N'),
(109, 13, 36, 'get_related_list', 7, 'Services', 0, 'SELECT', NULL, NULL, 'N:N'),
(110, 7, 36, 'get_related_list', 9, 'Services', 0, 'SELECT', NULL, NULL, 'N:N'),
(111, 6, 36, 'get_related_list', 17, 'Services', 0, 'SELECT', NULL, NULL, 'N:N'),
(112, 4, 36, 'get_related_list', 16, 'Services', 0, 'SELECT', NULL, NULL, 'N:N'),
(113, 2, 36, 'get_related_list', 10, 'Services', 0, 'SELECT', NULL, NULL, 'N:N'),
(114, 19, 36, 'get_pricebook_services', 3, 'Services', 0, 'SELECT', NULL, NULL, 'N:N'),
(115, 38, 13, 'get_related_list', 1, 'HelpDesk', 0, 'ADD,SELECT', NULL, NULL, 'N:N'),
(116, 38, 8, 'get_attachments', 2, 'Documents', 0, 'ADD,SELECT', NULL, NULL, 'N:N'),
(117, 6, 38, 'get_merged_list', 18, 'Assets', 0, 'ADD', 600, NULL, '1:N'),
(118, 14, 38, 'get_dependents_list', 15, 'Assets', 0, 'ADD', 589, NULL, '1:N'),
(119, 23, 38, 'get_dependents_list', 5, 'Assets', 0, 'ADD', 595, NULL, '1:N'),
(120, 7, 42, 'get_comments', 10, 'ModComments', 0, '', 613, NULL, '1:N'),
(121, 4, 42, 'get_comments', 17, 'ModComments', 0, '', 613, NULL, '1:N'),
(122, 6, 42, 'get_comments', 19, 'ModComments', 0, '', 613, NULL, '1:N'),
(123, 2, 42, 'get_comments', 11, 'ModComments', 0, '', 613, NULL, '1:N'),
(131, 6, 45, 'get_merged_list', 20, 'Projects', 0, 'add', 654, NULL, '1:N'),
(132, 4, 45, 'get_dependents_list', 18, 'Projects', 0, 'add', 654, NULL, '1:N'),
(133, 13, 45, 'get_related_list', 8, 'Projects', 0, 'SELECT', NULL, NULL, 'N:N'),
(135, 47, 6, 'get_related_list', 1, 'Accounts', 0, ' ', NULL, NULL, 'N:N'),
(136, 47, 4, 'get_related_list', 2, 'Contacts', 0, ' ', NULL, NULL, 'N:N'),
(137, 47, 7, 'get_related_list', 3, 'Leads', 0, ' ', NULL, NULL, 'N:N'),
(138, 44, 8, 'get_attachments', 2, 'Documents', 0, 'ADD,SELECT', NULL, NULL, 'N:N'),
(139, 44, 42, 'get_comments', 3, 'ModComments', 0, '', 613, NULL, '1:N'),
(140, 45, 44, 'get_dependents_list', 2, 'Project Tasks', 0, 'ADD', 633, NULL, '1:N'),
(141, 45, 43, 'get_dependents_list', 3, 'Project Milestones', 0, 'ADD', 619, NULL, '1:N'),
(142, 45, 8, 'get_attachments', 4, 'Documents', 0, 'ADD,SELECT', NULL, NULL, 'N:N'),
(143, 45, 13, 'get_related_list', 5, 'HelpDesk', 0, 'ADD,SELECT', NULL, NULL, 'N:N'),
(144, 45, 0, 'get_gantt_chart', 6, 'Charts', 0, '', NULL, NULL, 'N:N'),
(145, 45, 42, 'get_comments', 7, 'ModComments', 0, '', 613, NULL, '1:N'),
(146, 13, 42, 'get_comments', 9, 'ModComments', 0, '', 613, NULL, '1:N'),
(147, 15, 42, 'get_comments', 3, 'ModComments', 0, '', 613, NULL, '1:N'),
(148, 4, 38, 'get_dependents_list', 19, 'Assets', 0, 'ADD', 601, NULL, '1:N'),
(149, 4, 18, 'get_vendors', 20, 'Vendors', 0, 'SELECT', NULL, '', 'N:N'),
(150, 2, 23, 'get_dependents_list', 12, 'Invoice', 0, 'ADD', 774, NULL, '1:N'),
(151, 8, 4, 'get_related_list', 1, 'Contacts', 0, '1', NULL, NULL, 'N:N'),
(152, 8, 6, 'get_related_list', 2, 'Accounts', 0, '1', NULL, NULL, 'N:N'),
(153, 8, 2, 'get_related_list', 3, 'Potentials', 0, '1', NULL, NULL, 'N:N'),
(154, 8, 7, 'get_related_list', 4, 'Leads', 0, '1', NULL, NULL, 'N:N'),
(155, 8, 14, 'get_related_list', 5, 'Products', 0, '1', NULL, NULL, 'N:N'),
(156, 8, 36, 'get_related_list', 6, 'Services', 0, '1', NULL, NULL, 'N:N'),
(157, 8, 45, 'get_related_list', 7, 'Project', 0, '1', NULL, NULL, 'N:N'),
(158, 8, 38, 'get_related_list', 8, 'Assets', 0, '1', NULL, NULL, 'N:N'),
(159, 8, 35, 'get_related_list', 9, 'ServiceContracts', 0, '1', NULL, NULL, 'N:N'),
(160, 8, 20, 'get_related_list', 10, 'Quotes', 0, '1', NULL, NULL, 'N:N'),
(161, 8, 23, 'get_related_list', 11, 'Invoice', 0, '1', NULL, NULL, 'N:N'),
(162, 8, 22, 'get_related_list', 12, 'SalesOrder', 0, '1', NULL, NULL, 'N:N'),
(163, 8, 21, 'get_related_list', 13, 'PurchaseOrder', 0, '1', NULL, NULL, 'N:N'),
(164, 8, 13, 'get_related_list', 14, 'HelpDesk', 0, '1', NULL, NULL, 'N:N'),
(165, 8, 15, 'get_related_list', 15, 'Faq', 0, '1', NULL, NULL, 'N:N'),
(166, 45, 10, 'get_emails', 8, 'Emails', 0, 'ADD', NULL, NULL, 'N:N'),
(167, 44, 10, 'get_emails', 4, 'Emails', 0, 'ADD', NULL, NULL, 'N:N'),
(168, 45, 9, 'get_related_list', 9, 'Activities', 0, 'ADD', NULL, NULL, 'N:N'),
(169, 45, 20, 'get_related_list', 10, 'Quotes', 0, 'SELECT', NULL, NULL, 'N:N'),
(170, 14, 21, 'get_purchase_orders', 16, 'PurchaseOrder', 0, 'ADD', NULL, NULL, 'N:N'),
(171, 2, 10, 'get_emails', 13, 'Emails', 0, 'ADD', NULL, NULL, 'N:N'),
(172, 13, 10, 'get_emails', 10, 'Emails', 0, 'ADD', NULL, NULL, 'N:N'),
(173, 23, 42, 'get_comments', 6, 'ModComments', 0, '', 613, NULL, '1:N'),
(174, 20, 42, 'get_comments', 6, 'ModComments', 0, '', 613, NULL, '1:N'),
(175, 21, 42, 'get_comments', 5, 'ModComments', 0, '', 613, NULL, '1:N'),
(176, 22, 42, 'get_comments', 6, 'ModComments', 0, '', 613, NULL, '1:N'),
(177, 6, 52, 'get_dependents_list', 21, 'Gouya Payments', 0, 'ADD', 930, NULL, '1:N'),
(178, 6, 21, 'get_purchaseorder', 22, 'Gouya Purchase Orders', 1, 'ADD', 953, NULL, '1:N'),
(179, 6, 53, 'get_dependents_list', 23, 'Gouya Participations', 0, 'ADD', 956, NULL, '1:N'),
(180, 6, 7, 'get_related_list', 24, 'Gouya Leads', 0, 'ADD,SELECT', NULL, NULL, 'N:N'),
(181, 6, 54, 'get_dependents_list', 25, 'Gouya Survey Responses', 0, 'ADD', 972, NULL, '1:N'),
(182, 6, 55, 'get_dependents_list', 26, 'Gouya Sales Contracts', 0, 'ADD', 988, NULL, '1:N'),
(183, 6, 56, 'get_dependents_list', 27, 'Gouya Target Lists', 0, 'ADD', 1036, NULL, '1:N'),
(184, 6, 57, 'get_dependents_list', 28, 'Gouya Bank Accounts', 0, 'ADD', 1049, NULL, '1:N'),
(185, 6, 58, 'get_dependents_list', 29, 'Gouya Deposits', 0, 'ADD', 1066, NULL, '1:N'),
(186, 6, 6, 'get_sarv_child_accounts', 30, 'Gouya Child Accounts', 0, 'ADD', 8, NULL, '1:N'),
(187, 6, 59, 'get_dependents_list', 31, 'Gouya Business Locations', 0, 'ADD', 1088, NULL, '1:N'),
(188, 6, 60, 'get_dependents_list', 32, 'Gouya Time Reservations', 0, 'ADD', 1112, NULL, '1:N'),
(189, 6, 61, 'get_dependents_list', 33, 'Gouya Gifts', 0, 'ADD', 1130, NULL, '1:N'),
(190, 6, 62, 'get_dependents_list', 34, 'Gouya Product Samples', 0, 'ADD', 1149, NULL, '1:N'),
(191, 6, 63, 'get_dependents_list', 35, 'Gouya Access Grants', 0, 'ADD', 1169, NULL, '1:N'),
(192, 6, 21, 'get_purchaseorder', 36, 'Sarv Purchase Orders', 0, 'ADD', 953, NULL, '1:N');

-- --------------------------------------------------------

--
-- Table structure for table `vtiger_relatedlists_rb`
--

CREATE TABLE `vtiger_relatedlists_rb` (
  `entityid` int(19) DEFAULT NULL,
  `action` varchar(50) DEFAULT NULL,
  `rel_table` varchar(200) DEFAULT NULL,
  `rel_column` varchar(200) DEFAULT NULL,
  `ref_column` varchar(200) DEFAULT NULL,
  `related_crm_ids` text DEFAULT NULL
) ENGINE=InnoDB DEFAULT CHARSET=utf8 COLLATE=utf8_general_ci;

--
-- Dumping data for table `vtiger_relatedlists_rb`
--

INSERT IGNORE INTO `vtiger_relatedlists_rb` (`entityid`, `action`, `rel_table`, `rel_column`, `ref_column`, `related_crm_ids`) VALUES
(2066, 'update', 'vtiger_crmentity', 'deleted', 'crmid', ''),
(2067, 'update', 'vtiger_crmentity', 'deleted', 'crmid', ''),
(2068, 'update', 'vtiger_crmentity', 'deleted', 'crmid', ''),
(2069, 'update', 'vtiger_crmentity', 'deleted', 'crmid', ''),
(2070, 'update', 'vtiger_crmentity', 'deleted', 'crmid', ''),
(2071, 'update', 'vtiger_crmentity', 'deleted', 'crmid', ''),
(2072, 'update', 'vtiger_crmentity', 'deleted', 'crmid', ''),
(2073, 'update', 'vtiger_crmentity', 'deleted', 'crmid', ''),
(2074, 'update', 'vtiger_crmentity', 'deleted', 'crmid', ''),
(2075, 'update', 'vtiger_crmentity', 'deleted', 'crmid', ''),
(2076, 'update', 'vtiger_crmentity', 'deleted', 'crmid', ''),
(2077, 'update', 'vtiger_crmentity', 'deleted', 'crmid', ''),
(2078, 'update', 'vtiger_crmentity', 'deleted', 'crmid', ''),
(2079, 'update', 'vtiger_crmentity', 'deleted', 'crmid', ''),
(2080, 'update', 'vtiger_crmentity', 'deleted', 'crmid', ''),
(2081, 'update', 'vtiger_crmentity', 'deleted', 'crmid', ''),
(2082, 'update', 'vtiger_crmentity', 'deleted', 'crmid', ''),
(2083, 'update', 'vtiger_crmentity', 'deleted', 'crmid', ''),
(2084, 'update', 'vtiger_crmentity', 'deleted', 'crmid', ''),
(2085, 'update', 'vtiger_crmentity', 'deleted', 'crmid', ''),
(2086, 'update', 'vtiger_crmentity', 'deleted', 'crmid', ''),
(2087, 'update', 'vtiger_crmentity', 'deleted', 'crmid', ''),
(2088, 'update', 'vtiger_crmentity', 'deleted', 'crmid', ''),
(2089, 'update', 'vtiger_crmentity', 'deleted', 'crmid', ''),
(2090, 'update', 'vtiger_crmentity', 'deleted', 'crmid', ''),
(2167, 'update', 'vtiger_crmentity', 'deleted', 'crmid', ''),
(2166, 'update', 'vtiger_crmentity', 'deleted', 'crmid', ''),
(2166, 'update', 'vtiger_crmentity', 'deleted', 'crmid', ''),
(2166, 'update', 'vtiger_contactdetails', 'accountid', 'contactid', '2167'),
(2199, 'update', 'vtiger_crmentity', 'deleted', 'crmid', ''),
(2198, 'update', 'vtiger_crmentity', 'deleted', 'crmid', ''),
(2198, 'update', 'vtiger_crmentity', 'deleted', 'crmid', ''),
(2198, 'update', 'vtiger_contactdetails', 'accountid', 'contactid', '2199'),
(2207, 'update', 'vtiger_crmentity', 'deleted', 'crmid', ''),
(2206, 'update', 'vtiger_crmentity', 'deleted', 'crmid', ''),
(2206, 'update', 'vtiger_crmentity', 'deleted', 'crmid', ''),
(2206, 'update', 'vtiger_contactdetails', 'accountid', 'contactid', '2207'),
(2215, 'update', 'vtiger_crmentity', 'deleted', 'crmid', ''),
(2214, 'update', 'vtiger_crmentity', 'deleted', 'crmid', ''),
(2214, 'update', 'vtiger_crmentity', 'deleted', 'crmid', ''),
(2214, 'update', 'vtiger_contactdetails', 'accountid', 'contactid', '2215'),
(2276, 'update', 'vtiger_crmentity', 'deleted', 'crmid', ''),
(2275, 'update', 'vtiger_crmentity', 'deleted', 'crmid', ''),
(2275, 'update', 'vtiger_crmentity', 'deleted', 'crmid', ''),
(2275, 'update', 'vtiger_contactdetails', 'accountid', 'contactid', '2276'),
(2279, 'update', 'vtiger_crmentity', 'deleted', 'crmid', ''),
(2280, 'update', 'vtiger_crmentity', 'deleted', 'crmid', ''),
(2281, 'update', 'vtiger_crmentity', 'deleted', 'crmid', ''),
(2282, 'update', 'vtiger_crmentity', 'deleted', 'crmid', ''),
(2283, 'update', 'vtiger_crmentity', 'deleted', 'crmid', ''),
(2284, 'update', 'vtiger_crmentity', 'deleted', 'crmid', ''),
(2285, 'update', 'vtiger_crmentity', 'deleted', 'crmid', ''),
(2287, 'update', 'vtiger_crmentity', 'deleted', 'crmid', ''),
(2313, 'update', 'vtiger_crmentity', 'deleted', 'crmid', ''),
(2312, 'update', 'vtiger_crmentity', 'deleted', 'crmid', ''),
(2312, 'update', 'vtiger_crmentity', 'deleted', 'crmid', ''),
(2312, 'update', 'vtiger_contactdetails', 'accountid', 'contactid', '2313'),
(2321, 'update', 'vtiger_crmentity', 'deleted', 'crmid', ''),
(2320, 'update', 'vtiger_crmentity', 'deleted', 'crmid', ''),
(2320, 'update', 'vtiger_crmentity', 'deleted', 'crmid', ''),
(2320, 'update', 'vtiger_contactdetails', 'accountid', 'contactid', '2321'),
(2329, 'update', 'vtiger_crmentity', 'deleted', 'crmid', ''),
(2328, 'update', 'vtiger_crmentity', 'deleted', 'crmid', ''),
(2328, 'update', 'vtiger_crmentity', 'deleted', 'crmid', ''),
(2328, 'update', 'vtiger_contactdetails', 'accountid', 'contactid', '2329'),
(2337, 'update', 'vtiger_crmentity', 'deleted', 'crmid', ''),
(2336, 'update', 'vtiger_crmentity', 'deleted', 'crmid', ''),
(2336, 'update', 'vtiger_crmentity', 'deleted', 'crmid', ''),
(2336, 'update', 'vtiger_contactdetails', 'accountid', 'contactid', '2337'),
(2345, 'update', 'vtiger_crmentity', 'deleted', 'crmid', ''),
(2344, 'update', 'vtiger_crmentity', 'deleted', 'crmid', ''),
(2344, 'update', 'vtiger_crmentity', 'deleted', 'crmid', ''),
(2344, 'update', 'vtiger_contactdetails', 'accountid', 'contactid', '2345'),
(2353, 'update', 'vtiger_crmentity', 'deleted', 'crmid', ''),
(2352, 'update', 'vtiger_crmentity', 'deleted', 'crmid', ''),
(2352, 'update', 'vtiger_crmentity', 'deleted', 'crmid', ''),
(2352, 'update', 'vtiger_contactdetails', 'accountid', 'contactid', '2353');

-- --------------------------------------------------------

--
-- Table structure for table `vtiger_relatedlists_seq`
--

CREATE TABLE `vtiger_relatedlists_seq` (
  `id` int(11) NOT NULL
) ENGINE=InnoDB DEFAULT CHARSET=utf8mb4 COLLATE=utf8mb4_general_ci;

--
-- Dumping data for table `vtiger_relatedlists_seq`
--

INSERT IGNORE INTO `vtiger_relatedlists_seq` (`id`) VALUES
(192);

-- --------------------------------------------------------

--
-- Table structure for table `vtiger_relcriteria`
--

CREATE TABLE `vtiger_relcriteria` (
  `queryid` int(19) NOT NULL,
  `columnindex` int(11) NOT NULL,
  `columnname` varchar(250) DEFAULT '',
  `comparator` varchar(20) DEFAULT NULL,
  `value` varchar(512) DEFAULT NULL,
  `groupid` int(11) DEFAULT 1,
  `column_condition` varchar(256) DEFAULT 'and'
) ENGINE=InnoDB DEFAULT CHARSET=utf8 COLLATE=utf8_general_ci;

--
-- Dumping data for table `vtiger_relcriteria`
--

INSERT IGNORE INTO `vtiger_relcriteria` (`queryid`, `columnindex`, `columnname`, `comparator`, `value`, `groupid`, `column_condition`) VALUES
(1, 0, 'vtiger_contactdetails:accountid:Contacts_Account_Name:account_id:V', 'n', '', 1, 'and'),
(2, 0, 'vtiger_contactdetails:accountid:Contacts_Account_Name:account_id:V', 'e', '', 1, 'and'),
(3, 0, 'vtiger_potential:potentialname:Potentials_Potential_Name:potentialname:V', 'n', '', 1, 'and'),
(7, 0, 'vtiger_potential:sales_stage:Potentials_Sales_Stage:sales_stage:V', 'e', 'Closed Won', 1, 'and'),
(12, 0, 'vtiger_troubletickets:status:HelpDesk_Status:ticketstatus:V', 'n', 'Closed', 1, 'and'),
(15, 0, 'vtiger_quotes:quotestage:Quotes_Quote_Stage:quotestage:V', 'n', 'Accepted', 1, 'and'),
(15, 1, 'vtiger_quotes:quotestage:Quotes_Quote_Stage:quotestage:V', 'n', 'Rejected', 1, 'and'),
(22, 0, 'vtiger_email_track:access_count:Emails_Access_Count:access_count:I', 'ny', '', 1, 'and'),
(23, 0, 'vtiger_email_track:access_count:Emails_Access_Count:access_count:I', 'ny', '', 1, 'and'),
(24, 0, 'vtiger_email_track:access_count:Emails_Access_Count:access_count:I', 'ny', '', 1, 'and'),
(25, 0, 'vtiger_email_track:access_count:Emails_Access_Count:access_count:I', 'ny', '', 1, 'and');

-- --------------------------------------------------------

--
-- Table structure for table `vtiger_relcriteria_grouping`
--

CREATE TABLE `vtiger_relcriteria_grouping` (
  `groupid` int(11) NOT NULL,
  `queryid` int(19) NOT NULL,
  `group_condition` varchar(256) DEFAULT NULL,
  `condition_expression` text DEFAULT NULL
) ENGINE=InnoDB DEFAULT CHARSET=utf8 COLLATE=utf8_general_ci;

--
-- Dumping data for table `vtiger_relcriteria_grouping`
--

INSERT IGNORE INTO `vtiger_relcriteria_grouping` (`groupid`, `queryid`, `group_condition`, `condition_expression`) VALUES
(1, 1, '', '0'),
(1, 2, '', '0'),
(1, 3, '', '0'),
(1, 7, '', '0'),
(1, 12, '', '0'),
(1, 15, '', '0 and 1'),
(1, 22, '', '0'),
(1, 23, '', '0'),
(1, 24, '', '0'),
(1, 25, '', '0');

-- --------------------------------------------------------

--
-- Table structure for table `vtiger_reminder_interval`
--

CREATE TABLE `vtiger_reminder_interval` (
  `reminder_intervalid` int(19) NOT NULL,
  `reminder_interval` varchar(200) NOT NULL,
  `sortorderid` int(19) NOT NULL,
  `presence` int(1) NOT NULL
) ENGINE=InnoDB DEFAULT CHARSET=utf8 COLLATE=utf8_general_ci;

--
-- Dumping data for table `vtiger_reminder_interval`
--

INSERT IGNORE INTO `vtiger_reminder_interval` (`reminder_intervalid`, `reminder_interval`, `sortorderid`, `presence`) VALUES
(2, '1 Minute', 1, 1),
(3, '5 Minutes', 2, 1),
(4, '15 Minutes', 3, 1),
(5, '30 Minutes', 4, 1),
(6, '45 Minutes', 5, 1),
(7, '1 Hour', 6, 1),
(8, '1 Day', 7, 1);

-- --------------------------------------------------------

--
-- Table structure for table `vtiger_reminder_interval_seq`
--

CREATE TABLE `vtiger_reminder_interval_seq` (
  `id` int(11) NOT NULL
) ENGINE=InnoDB DEFAULT CHARSET=utf8mb4 COLLATE=utf8mb4_general_ci;

--
-- Dumping data for table `vtiger_reminder_interval_seq`
--

INSERT IGNORE INTO `vtiger_reminder_interval_seq` (`id`) VALUES
(8);

-- --------------------------------------------------------

--
-- Table structure for table `vtiger_report`
--

CREATE TABLE `vtiger_report` (
  `reportid` int(19) NOT NULL,
  `folderid` int(19) NOT NULL,
  `reportname` varchar(100) DEFAULT '',
  `description` varchar(250) DEFAULT '',
  `reporttype` varchar(50) DEFAULT '',
  `queryid` int(19) NOT NULL DEFAULT 0,
  `state` varchar(50) DEFAULT 'SAVED',
  `customizable` int(1) DEFAULT 1,
  `category` int(11) DEFAULT 1,
  `owner` int(11) DEFAULT 1,
  `sharingtype` varchar(200) DEFAULT 'Private'
) ENGINE=InnoDB DEFAULT CHARSET=utf8 COLLATE=utf8_general_ci;

--
-- Dumping data for table `vtiger_report`
--

INSERT IGNORE INTO `vtiger_report` (`reportid`, `folderid`, `reportname`, `description`, `reporttype`, `queryid`, `state`, `customizable`, `category`, `owner`, `sharingtype`) VALUES
(1, 1, 'Contacts by Accounts', 'Contacts related to Accounts', 'tabular', 1, 'CUSTOM', 1, 1, 1, 'Public'),
(2, 1, 'Contacts without Accounts', 'Contacts not related to Accounts', 'tabular', 2, 'CUSTOM', 1, 1, 1, 'Public'),
(3, 1, 'Contacts by Potentials', 'Contacts related to Potentials', 'tabular', 3, 'CUSTOM', 1, 1, 1, 'Public'),
(4, 2, 'Lead by Source', 'Lead by Source', 'summary', 4, 'CUSTOM', 1, 1, 1, 'Public'),
(5, 2, 'Lead Status Report', 'Lead Status Report', 'summary', 5, 'CUSTOM', 1, 1, 1, 'Public'),
(6, 3, 'Potential Pipeline', 'Potential Pipeline', 'summary', 6, 'CUSTOM', 1, 1, 1, 'Public'),
(7, 3, 'Closed Potentials', 'Potential that have Won', 'tabular', 7, 'CUSTOM', 1, 1, 1, 'Public'),
(8, 4, 'Last Month Activities', 'Last Month Activities', 'tabular', 8, 'CUSTOM', 1, 1, 1, 'Public'),
(9, 4, 'This Month Activities', 'This Month Activities', 'tabular', 9, 'CUSTOM', 1, 1, 1, 'Public'),
(10, 5, 'Tickets by Products', 'Tickets related to Products', 'tabular', 10, 'CUSTOM', 1, 1, 1, 'Public'),
(11, 5, 'Tickets by Priority', 'Tickets by Priority', 'summary', 11, 'CUSTOM', 1, 1, 1, 'Public'),
(12, 5, 'Open Tickets', 'Tickets that are Open', 'tabular', 12, 'CUSTOM', 1, 1, 1, 'Public'),
(13, 6, 'Product Details', 'Product Detailed Report', 'tabular', 13, 'CUSTOM', 1, 1, 1, 'Public'),
(14, 6, 'Products by Contacts', 'Products related to Contacts', 'tabular', 14, 'CUSTOM', 1, 1, 1, 'Public'),
(15, 7, 'Open Quotes', 'Quotes that are Open', 'tabular', 15, 'CUSTOM', 1, 1, 1, 'Public'),
(16, 7, 'Quotes Detailed Report', 'Quotes Detailed Report', 'tabular', 16, 'CUSTOM', 1, 1, 1, 'Public'),
(17, 8, 'PurchaseOrder by Contacts', 'PurchaseOrder related to Contacts', 'tabular', 17, 'CUSTOM', 1, 1, 1, 'Public'),
(18, 8, 'PurchaseOrder Detailed Report', 'PurchaseOrder Detailed Report', 'tabular', 18, 'CUSTOM', 1, 1, 1, 'Public'),
(19, 9, 'Invoice Detailed Report', 'Invoice Detailed Report', 'tabular', 19, 'CUSTOM', 1, 1, 1, 'Public'),
(20, 10, 'SalesOrder Detailed Report', 'SalesOrder Detailed Report', 'tabular', 20, 'CUSTOM', 1, 1, 1, 'Public'),
(21, 11, 'Campaign Expectations and Actuals', 'Campaign Expectations and Actuals', 'tabular', 21, 'CUSTOM', 1, 1, 1, 'Public'),
(22, 12, 'Contacts Email Report', 'Emails sent to Contacts', 'tabular', 22, 'CUSTOM', 1, 1, 1, 'Public'),
(23, 12, 'Accounts Email Report', 'Emails sent to Organizations', 'tabular', 23, 'CUSTOM', 1, 1, 1, 'Public'),
(24, 12, 'Leads Email Report', 'Emails sent to Leads', 'tabular', 24, 'CUSTOM', 1, 1, 1, 'Public'),
(25, 12, 'Vendors Email Report', 'Emails sent to Vendors', 'tabular', 25, 'CUSTOM', 1, 1, 1, 'Public');

-- --------------------------------------------------------

--
-- Table structure for table `vtiger_reportdatefilter`
--

CREATE TABLE `vtiger_reportdatefilter` (
  `datefilterid` int(19) NOT NULL,
  `datecolumnname` varchar(250) DEFAULT '',
  `datefilter` varchar(250) DEFAULT '',
  `startdate` date DEFAULT NULL,
  `enddate` date DEFAULT NULL
) ENGINE=InnoDB DEFAULT CHARSET=utf8 COLLATE=utf8_general_ci;

--
-- Dumping data for table `vtiger_reportdatefilter`
--

INSERT IGNORE INTO `vtiger_reportdatefilter` (`datefilterid`, `datecolumnname`, `datefilter`, `startdate`, `enddate`) VALUES
(8, 'vtiger_crmentity:modifiedtime:modifiedtime:Calendar_Modified_Time', 'lastmonth', '2005-05-01', '2005-05-31'),
(9, 'vtiger_crmentity:modifiedtime:modifiedtime:Calendar_Modified_Time', 'thismonth', '2005-06-01', '2005-06-30');

-- --------------------------------------------------------

--
-- Table structure for table `vtiger_reportfilters`
--

CREATE TABLE `vtiger_reportfilters` (
  `filterid` int(19) NOT NULL,
  `name` varchar(200) NOT NULL
) ENGINE=InnoDB DEFAULT CHARSET=utf8 COLLATE=utf8_general_ci;

--
-- Dumping data for table `vtiger_reportfilters`
--

INSERT IGNORE INTO `vtiger_reportfilters` (`filterid`, `name`) VALUES
(1, 'Private'),
(2, 'Public'),
(3, 'Shared');

-- --------------------------------------------------------

--
-- Table structure for table `vtiger_reportfolder`
--

CREATE TABLE `vtiger_reportfolder` (
  `folderid` int(19) NOT NULL,
  `foldername` varchar(100) NOT NULL DEFAULT '',
  `description` varchar(250) DEFAULT '',
  `state` varchar(50) DEFAULT 'SAVED'
) ENGINE=InnoDB DEFAULT CHARSET=utf8 COLLATE=utf8_general_ci;

--
-- Dumping data for table `vtiger_reportfolder`
--

INSERT IGNORE INTO `vtiger_reportfolder` (`folderid`, `foldername`, `description`, `state`) VALUES
(1, 'Organization and Contact Reports', 'Account and Contact Reports', 'SAVED'),
(2, 'Lead Reports', 'Lead Reports', 'SAVED'),
(3, 'Opportunity Reports', 'Potential Reports', 'SAVED'),
(4, 'Activity Reports', 'Activity Reports', 'SAVED'),
(5, 'Tickets Reports', 'HelpDesk Reports', 'SAVED'),
(6, 'Product Reports', 'Product Reports', 'SAVED'),
(7, 'Quote Reports', 'Quote Reports', 'SAVED'),
(8, 'Purchase Order Reports', 'PurchaseOrder Reports', 'SAVED'),
(9, 'Invoice Reports', 'Invoice Reports', 'SAVED'),
(10, 'Sales Order Reports', 'SalesOrder Reports', 'SAVED'),
(11, 'Campaign Reports', 'Campaign Reports', 'SAVED'),
(12, 'Email Reports', 'Email Reports', 'SAVED');

-- --------------------------------------------------------

--
-- Table structure for table `vtiger_reportgroupbycolumn`
--

CREATE TABLE `vtiger_reportgroupbycolumn` (
  `reportid` int(19) DEFAULT NULL,
  `sortid` int(19) DEFAULT NULL,
  `sortcolname` varchar(250) DEFAULT NULL,
  `dategroupbycriteria` varchar(250) DEFAULT NULL
) ENGINE=InnoDB DEFAULT CHARSET=utf8 COLLATE=utf8_general_ci;

-- --------------------------------------------------------

--
-- Table structure for table `vtiger_reportmodules`
--

CREATE TABLE `vtiger_reportmodules` (
  `reportmodulesid` int(19) NOT NULL,
  `primarymodule` varchar(100) DEFAULT NULL,
  `secondarymodules` varchar(250) DEFAULT ''
) ENGINE=InnoDB DEFAULT CHARSET=utf8 COLLATE=utf8_general_ci;

--
-- Dumping data for table `vtiger_reportmodules`
--

INSERT IGNORE INTO `vtiger_reportmodules` (`reportmodulesid`, `primarymodule`, `secondarymodules`) VALUES
(1, 'Contacts', 'Accounts'),
(2, 'Contacts', 'Accounts'),
(3, 'Contacts', 'Potentials'),
(4, 'Leads', ''),
(5, 'Leads', ''),
(6, 'Potentials', ''),
(7, 'Potentials', ''),
(8, 'Calendar', ''),
(9, 'Calendar', ''),
(10, 'HelpDesk', 'Products'),
(11, 'HelpDesk', ''),
(12, 'HelpDesk', ''),
(13, 'Products', ''),
(14, 'Products', 'Contacts'),
(15, 'Quotes', ''),
(16, 'Quotes', ''),
(17, 'PurchaseOrder', 'Contacts'),
(18, 'PurchaseOrder', ''),
(19, 'Invoice', ''),
(20, 'SalesOrder', ''),
(21, 'Campaigns', ''),
(22, 'Contacts', 'Emails'),
(23, 'Accounts', 'Emails'),
(24, 'Leads', 'Emails'),
(25, 'Vendors', 'Emails');

-- --------------------------------------------------------

--
-- Table structure for table `vtiger_reportsharing`
--

CREATE TABLE `vtiger_reportsharing` (
  `reportid` int(19) NOT NULL,
  `shareid` int(19) NOT NULL,
  `setype` varchar(200) NOT NULL
) ENGINE=InnoDB DEFAULT CHARSET=utf8 COLLATE=utf8_general_ci;

-- --------------------------------------------------------

--
-- Table structure for table `vtiger_reportsortcol`
--

CREATE TABLE `vtiger_reportsortcol` (
  `sortcolid` int(19) NOT NULL,
  `reportid` int(19) NOT NULL,
  `columnname` varchar(250) DEFAULT '',
  `sortorder` varchar(250) DEFAULT 'Asc'
) ENGINE=InnoDB DEFAULT CHARSET=utf8 COLLATE=utf8_general_ci;

--
-- Dumping data for table `vtiger_reportsortcol`
--

INSERT IGNORE INTO `vtiger_reportsortcol` (`sortcolid`, `reportid`, `columnname`, `sortorder`) VALUES
(1, 4, 'vtiger_leaddetails:leadsource:Leads_Lead_Source:leadsource:V', 'Ascending'),
(1, 5, 'vtiger_leaddetails:leadstatus:Leads_Lead_Status:leadstatus:V', 'Ascending'),
(1, 6, 'vtiger_potential:sales_stage:Potentials_Sales_Stage:sales_stage:V', 'Ascending'),
(1, 11, 'vtiger_troubletickets:priority:HelpDesk_Priority:ticketpriorities:V', 'Ascending');

-- --------------------------------------------------------

--
-- Table structure for table `vtiger_reportsummary`
--

CREATE TABLE `vtiger_reportsummary` (
  `reportsummaryid` int(19) NOT NULL,
  `summarytype` int(19) NOT NULL,
  `columnname` varchar(250) NOT NULL DEFAULT ''
) ENGINE=InnoDB DEFAULT CHARSET=utf8 COLLATE=utf8_general_ci;

-- --------------------------------------------------------

--
-- Table structure for table `vtiger_reporttype`
--

CREATE TABLE `vtiger_reporttype` (
  `reportid` int(10) NOT NULL,
  `data` text DEFAULT NULL
) ENGINE=InnoDB DEFAULT CHARSET=utf8mb4 COLLATE=utf8mb4_general_ci;

-- --------------------------------------------------------

--
-- Table structure for table `vtiger_report_sharegroups`
--

CREATE TABLE `vtiger_report_sharegroups` (
  `reportid` int(25) NOT NULL,
  `groupid` int(25) NOT NULL
) ENGINE=InnoDB DEFAULT CHARSET=utf8 COLLATE=utf8_general_ci;

-- --------------------------------------------------------

--
-- Table structure for table `vtiger_report_sharerole`
--

CREATE TABLE `vtiger_report_sharerole` (
  `reportid` int(25) NOT NULL,
  `roleid` varchar(255) NOT NULL
) ENGINE=InnoDB DEFAULT CHARSET=utf8 COLLATE=utf8_general_ci;

-- --------------------------------------------------------

--
-- Table structure for table `vtiger_report_sharers`
--

CREATE TABLE `vtiger_report_sharers` (
  `reportid` int(25) NOT NULL,
  `rsid` varchar(255) NOT NULL
) ENGINE=InnoDB DEFAULT CHARSET=utf8 COLLATE=utf8_general_ci;

-- --------------------------------------------------------

--
-- Table structure for table `vtiger_report_shareusers`
--

CREATE TABLE `vtiger_report_shareusers` (
  `reportid` int(25) NOT NULL,
  `userid` int(25) NOT NULL
) ENGINE=InnoDB DEFAULT CHARSET=utf8 COLLATE=utf8_general_ci;

-- --------------------------------------------------------

--
-- Table structure for table `vtiger_reservation_status`
--

CREATE TABLE `vtiger_reservation_status` (
  `reservation_statusid` int(11) NOT NULL,
  `reservation_status` varchar(200) NOT NULL,
  `presence` int(1) NOT NULL DEFAULT 1,
  `picklist_valueid` int(11) NOT NULL DEFAULT 0,
  `sortorderid` int(11) DEFAULT 0,
  `color` varchar(10) DEFAULT NULL
) ENGINE=InnoDB DEFAULT CHARSET=utf8 COLLATE=utf8_general_ci;

--
-- Dumping data for table `vtiger_reservation_status`
--

INSERT IGNORE INTO `vtiger_reservation_status` (`reservation_statusid`, `reservation_status`, `presence`, `picklist_valueid`, `sortorderid`, `color`) VALUES
(1, 'Requested', 1, 442, 1, NULL),
(2, 'Confirmed', 1, 443, 2, NULL),
(3, 'CheckedIn', 1, 444, 3, NULL),
(4, 'Completed', 1, 445, 4, NULL),
(5, 'Cancelled', 1, 446, 5, NULL),
(6, 'NoShow', 1, 447, 6, NULL);

-- --------------------------------------------------------

--
-- Table structure for table `vtiger_reservation_status_seq`
--

CREATE TABLE `vtiger_reservation_status_seq` (
  `id` int(11) NOT NULL
) ENGINE=InnoDB DEFAULT CHARSET=utf8 COLLATE=utf8_unicode_ci;

--
-- Dumping data for table `vtiger_reservation_status_seq`
--

INSERT IGNORE INTO `vtiger_reservation_status_seq` (`id`) VALUES
(6);

-- --------------------------------------------------------

--
-- Table structure for table `vtiger_response_status`
--

CREATE TABLE `vtiger_response_status` (
  `response_statusid` int(11) NOT NULL,
  `response_status` varchar(200) NOT NULL,
  `presence` int(1) NOT NULL DEFAULT 1,
  `picklist_valueid` int(11) NOT NULL DEFAULT 0,
  `sortorderid` int(11) DEFAULT 0,
  `color` varchar(10) DEFAULT NULL
) ENGINE=InnoDB DEFAULT CHARSET=utf8 COLLATE=utf8_general_ci;

--
-- Dumping data for table `vtiger_response_status`
--

INSERT IGNORE INTO `vtiger_response_status` (`response_statusid`, `response_status`, `presence`, `picklist_valueid`, `sortorderid`, `color`) VALUES
(1, 'Invited', 1, 389, 1, NULL),
(2, 'Started', 1, 390, 2, NULL),
(3, 'Submitted', 1, 391, 3, NULL),
(4, 'Expired', 1, 392, 4, NULL);

-- --------------------------------------------------------

--
-- Table structure for table `vtiger_response_status_seq`
--

CREATE TABLE `vtiger_response_status_seq` (
  `id` int(11) NOT NULL
) ENGINE=InnoDB DEFAULT CHARSET=utf8 COLLATE=utf8_unicode_ci;

--
-- Dumping data for table `vtiger_response_status_seq`
--

INSERT IGNORE INTO `vtiger_response_status_seq` (`id`) VALUES
(4);

-- --------------------------------------------------------

--
-- Table structure for table `vtiger_role`
--

CREATE TABLE `vtiger_role` (
  `roleid` varchar(255) NOT NULL,
  `rolename` varchar(200) DEFAULT NULL,
  `parentrole` varchar(255) DEFAULT NULL,
  `depth` int(19) DEFAULT NULL,
  `allowassignedrecordsto` int(2) NOT NULL DEFAULT 1
) ENGINE=InnoDB DEFAULT CHARSET=utf8 COLLATE=utf8_general_ci;

--
-- Dumping data for table `vtiger_role`
--

INSERT IGNORE INTO `vtiger_role` (`roleid`, `rolename`, `parentrole`, `depth`, `allowassignedrecordsto`) VALUES
('H1', 'Organization', 'H1', 0, 1),
('H2', 'مدیرعامل', 'H1::H2', 1, 1),
('H29', 'آزمون گویا - مجاز - 20260801-073004', 'H1::H29', 1, 3),
('H3', 'مدیر پروژه', 'H1::H2::H3', 2, 1),
('H30', 'آزمون گویا - ارث‌بری - 20260801-073004', 'H1::H30', 1, 3),
('H31', 'آزمون گویا - محدود - 20260801-073004', 'H1::H31', 1, 3),
('H4', 'سرپرست و مدیر دفتر', 'H1::H2::H4', 2, 1),
('H5', 'کارشناس', 'H1::H2::H5', 2, 1);

-- --------------------------------------------------------

--
-- Table structure for table `vtiger_role2picklist`
--

CREATE TABLE `vtiger_role2picklist` (
  `roleid` varchar(255) NOT NULL,
  `picklistvalueid` int(11) NOT NULL,
  `picklistid` int(11) NOT NULL,
  `sortid` int(11) DEFAULT NULL
) ENGINE=InnoDB DEFAULT CHARSET=utf8 COLLATE=utf8_general_ci;

--
-- Dumping data for table `vtiger_role2picklist`
--

INSERT IGNORE INTO `vtiger_role2picklist` (`roleid`, `picklistvalueid`, `picklistid`, `sortid`) VALUES
('H1', 1, 1, 0),
('H1', 2, 1, 1),
('H1', 3, 1, 2),
('H1', 4, 1, 3),
('H1', 5, 1, 4),
('H1', 6, 1, 5),
('H1', 7, 1, 6),
('H1', 8, 1, 7),
('H1', 9, 1, 8),
('H1', 10, 1, 9),
('H1', 11, 1, 10),
('H1', 12, 2, 0),
('H1', 13, 2, 1),
('H1', 14, 3, 0),
('H1', 15, 3, 1),
('H1', 16, 3, 2),
('H1', 17, 3, 3),
('H1', 18, 3, 4),
('H1', 19, 3, 5),
('H1', 20, 4, 0),
('H1', 21, 4, 1),
('H1', 22, 4, 2),
('H1', 23, 4, 3),
('H1', 24, 4, 4),
('H1', 25, 4, 5),
('H1', 26, 4, 6),
('H1', 27, 4, 7),
('H1', 28, 4, 8),
('H1', 29, 4, 9),
('H1', 30, 4, 10),
('H1', 31, 4, 11),
('H1', 32, 4, 12),
('H1', 33, 5, 0),
('H1', 34, 5, 1),
('H1', 35, 5, 2),
('H1', 36, 5, 3),
('H1', 37, 5, 4),
('H1', 38, 6, 0),
('H1', 39, 6, 1),
('H1', 40, 6, 2),
('H1', 41, 7, 0),
('H1', 42, 7, 1),
('H1', 43, 7, 2),
('H1', 44, 7, 3),
('H1', 45, 7, 4),
('H1', 46, 8, 0),
('H1', 47, 9, 0),
('H1', 48, 9, 1),
('H1', 49, 9, 2),
('H1', 50, 9, 3),
('H1', 51, 10, 0),
('H1', 52, 10, 1),
('H1', 53, 10, 2),
('H1', 54, 10, 3),
('H1', 55, 10, 4),
('H1', 56, 10, 5),
('H1', 57, 10, 6),
('H1', 58, 10, 7),
('H1', 59, 10, 8),
('H1', 60, 11, 0),
('H1', 61, 11, 1),
('H1', 62, 11, 2),
('H1', 63, 11, 3),
('H1', 64, 11, 4),
('H1', 65, 11, 5),
('H1', 66, 11, 6),
('H1', 67, 11, 7),
('H1', 68, 11, 8),
('H1', 69, 11, 9),
('H1', 70, 11, 10),
('H1', 71, 11, 11),
('H1', 72, 11, 12),
('H1', 73, 11, 13),
('H1', 74, 11, 14),
('H1', 75, 11, 15),
('H1', 76, 11, 16),
('H1', 77, 11, 17),
('H1', 78, 11, 18),
('H1', 79, 11, 19),
('H1', 80, 11, 20),
('H1', 81, 11, 21),
('H1', 82, 11, 22),
('H1', 83, 11, 23),
('H1', 84, 11, 24),
('H1', 85, 11, 25),
('H1', 86, 11, 26),
('H1', 87, 11, 27),
('H1', 88, 11, 28),
('H1', 89, 11, 29),
('H1', 90, 11, 30),
('H1', 91, 11, 31),
('H1', 92, 12, 0),
('H1', 93, 12, 1),
('H1', 94, 12, 2),
('H1', 95, 12, 3),
('H1', 96, 12, 4),
('H1', 97, 12, 5),
('H1', 98, 13, 0),
('H1', 99, 13, 1),
('H1', 100, 13, 2),
('H1', 101, 13, 3),
('H1', 102, 13, 4),
('H1', 103, 13, 5),
('H1', 104, 13, 6),
('H1', 105, 13, 7),
('H1', 106, 13, 8),
('H1', 107, 13, 9),
('H1', 108, 13, 10),
('H1', 109, 13, 11),
('H1', 110, 13, 12),
('H1', 111, 14, 0),
('H1', 112, 14, 1),
('H1', 113, 14, 2),
('H1', 114, 14, 3),
('H1', 115, 14, 4),
('H1', 116, 14, 5),
('H1', 117, 14, 6),
('H1', 118, 14, 7),
('H1', 119, 14, 8),
('H1', 120, 14, 9),
('H1', 121, 14, 10),
('H1', 122, 14, 11),
('H1', 123, 15, 0),
('H1', 124, 15, 1),
('H1', 125, 15, 2),
('H1', 126, 15, 3),
('H1', 127, 16, 0),
('H1', 128, 16, 1),
('H1', 129, 16, 2),
('H1', 130, 17, 0),
('H1', 131, 17, 1),
('H1', 132, 17, 2),
('H1', 133, 17, 3),
('H1', 134, 17, 4),
('H1', 135, 18, 0),
('H1', 136, 18, 1),
('H1', 137, 18, 2),
('H1', 138, 18, 3),
('H1', 139, 19, 0),
('H1', 140, 19, 1),
('H1', 141, 19, 2),
('H1', 142, 19, 3),
('H1', 143, 19, 4),
('H1', 144, 20, 0),
('H1', 145, 20, 1),
('H1', 146, 20, 2),
('H1', 147, 20, 3),
('H1', 148, 20, 4),
('H1', 149, 20, 5),
('H1', 150, 21, 0),
('H1', 151, 21, 1),
('H1', 152, 21, 2),
('H1', 153, 21, 3),
('H1', 154, 21, 4),
('H1', 155, 21, 5),
('H1', 156, 21, 6),
('H1', 157, 21, 7),
('H1', 158, 21, 8),
('H1', 159, 21, 9),
('H1', 160, 22, 0),
('H1', 161, 22, 1),
('H1', 162, 22, 2),
('H1', 163, 22, 3),
('H1', 164, 22, 4),
('H1', 165, 22, 5),
('H1', 166, 23, 0),
('H1', 167, 23, 1),
('H1', 168, 23, 2),
('H1', 169, 23, 3),
('H1', 170, 24, 0),
('H1', 171, 24, 1),
('H1', 172, 24, 2),
('H1', 173, 25, 0),
('H1', 174, 25, 1),
('H1', 175, 25, 2),
('H1', 176, 25, 3),
('H1', 177, 25, 4),
('H1', 178, 25, 5),
('H1', 179, 26, 0),
('H1', 180, 26, 1),
('H1', 181, 26, 2),
('H1', 182, 27, 0),
('H1', 183, 27, 1),
('H1', 184, 27, 2),
('H1', 185, 27, 3),
('H1', 186, 28, 0),
('H1', 187, 28, 1),
('H1', 188, 28, 2),
('H1', 189, 28, 3),
('H1', 190, 29, 0),
('H1', 191, 29, 1),
('H1', 192, 29, 2),
('H1', 193, 29, 3),
('H1', 194, 30, 0),
('H1', 195, 30, 1),
('H1', 196, 30, 2),
('H1', 197, 30, 3),
('H1', 198, 30, 4),
('H1', 199, 30, 5),
('H1', 200, 30, 6),
('H1', 201, 30, 7),
('H1', 202, 30, 8),
('H1', 203, 30, 9),
('H1', 204, 30, 10),
('H1', 205, 30, 11),
('H1', 206, 30, 12),
('H1', 207, 30, 13),
('H1', 208, 30, 14),
('H1', 209, 30, 15),
('H1', 210, 31, 1),
('H1', 211, 31, 2),
('H1', 212, 31, 3),
('H1', 213, 31, 4),
('H1', 214, 32, 1),
('H1', 215, 32, 2),
('H1', 216, 32, 3),
('H1', 217, 32, 4),
('H1', 218, 32, 5),
('H1', 219, 32, 6),
('H1', 220, 33, 1),
('H1', 221, 33, 2),
('H1', 222, 33, 3),
('H1', 223, 34, 1),
('H1', 224, 34, 2),
('H1', 225, 34, 3),
('H1', 226, 35, 1),
('H1', 227, 35, 2),
('H1', 228, 35, 3),
('H1', 229, 36, 1),
('H1', 230, 36, 2),
('H1', 231, 36, 3),
('H1', 232, 36, 4),
('H1', 233, 36, 5),
('H1', 234, 36, 6),
('H1', 235, 37, 1),
('H1', 236, 37, 2),
('H1', 237, 38, 1),
('H1', 238, 38, 2),
('H1', 239, 38, 3),
('H1', 240, 38, 4),
('H1', 241, 39, 1),
('H1', 242, 39, 2),
('H1', 243, 39, 3),
('H1', 244, 39, 4),
('H1', 245, 40, 1),
('H1', 246, 40, 2),
('H1', 247, 40, 3),
('H1', 248, 40, 4),
('H1', 249, 41, 1),
('H1', 250, 41, 2),
('H1', 251, 41, 3),
('H1', 252, 41, 4),
('H1', 253, 41, 5),
('H1', 254, 41, 6),
('H1', 255, 41, 7),
('H1', 256, 41, 8),
('H1', 257, 41, 9),
('H1', 258, 41, 10),
('H1', 259, 41, 11),
('H1', 260, 42, 1),
('H1', 261, 42, 2),
('H1', 262, 42, 3),
('H1', 263, 42, 4),
('H1', 264, 42, 5),
('H1', 265, 42, 6),
('H1', 266, 42, 7),
('H1', 267, 42, 8),
('H1', 268, 42, 9),
('H1', 269, 43, 1),
('H1', 270, 43, 2),
('H1', 271, 43, 3),
('H1', 272, 43, 4),
('H1', 273, 44, 1),
('H1', 274, 44, 2),
('H1', 275, 44, 3),
('H1', 276, 44, 4),
('H1', 277, 45, 1),
('H1', 278, 45, 2),
('H1', 279, 45, 3),
('H1', 280, 45, 4),
('H1', 281, 45, 5),
('H1', 282, 45, 6),
('H1', 283, 45, 7),
('H1', 284, 45, 8),
('H1', 285, 45, 9),
('H1', 286, 45, 10),
('H1', 287, 45, 11),
('H1', 288, 12, 1),
('H1', 289, 46, 1),
('H1', 290, 46, 2),
('H1', 291, 46, 3),
('H1', 292, 46, 4),
('H1', 293, 46, 5),
('H1', 294, 46, 6),
('H1', 295, 2, 1),
('H1', 296, 47, 1),
('H1', 297, 47, 2),
('H1', 298, 47, 3),
('H1', 299, 48, 1),
('H1', 300, 48, 2),
('H1', 303, 49, 1),
('H1', 304, 49, 2),
('H1', 305, 19, 5),
('H1', 306, 19, 6),
('H1', 307, 19, 7),
('H1', 308, 19, 8),
('H1', 309, 19, 9),
('H1', 310, 19, 10),
('H1', 311, 19, 11),
('H1', 312, 21, 10),
('H1', 313, 21, 11),
('H1', 314, 21, 12),
('H1', 315, 21, 13),
('H1', 316, 21, 14),
('H1', 317, 21, 15),
('H1', 327, 14, 12),
('H1', 328, 14, 13),
('H1', 329, 14, 14),
('H1', 330, 14, 15),
('H1', 331, 14, 16),
('H1', 332, 14, 17),
('H1', 333, 20, 6),
('H1', 334, 20, 7),
('H1', 335, 20, 8),
('H1', 336, 11, 32),
('H1', 337, 11, 33),
('H1', 338, 11, 34),
('H1', 339, 11, 35),
('H1', 340, 11, 36),
('H1', 341, 1, 11),
('H1', 342, 1, 12),
('H1', 343, 50, 1),
('H1', 344, 50, 2),
('H1', 345, 51, 1),
('H1', 346, 51, 2),
('H1', 347, 51, 3),
('H1', 348, 51, 4),
('H1', 349, 52, 1),
('H1', 350, 52, 2),
('H1', 351, 52, 3),
('H1', 352, 52, 4),
('H1', 353, 53, 1),
('H1', 354, 53, 2),
('H1', 355, 53, 3),
('H1', 356, 53, 4),
('H1', 357, 54, 1),
('H1', 358, 54, 2),
('H1', 359, 55, 1),
('H1', 360, 55, 2),
('H1', 361, 56, 1),
('H1', 362, 56, 2),
('H1', 363, 56, 3),
('H1', 364, 56, 4),
('H1', 365, 56, 5),
('H1', 366, 57, 1),
('H1', 367, 57, 2),
('H1', 368, 57, 3),
('H1', 369, 57, 4),
('H1', 370, 57, 5),
('H1', 371, 57, 6),
('H1', 372, 58, 1),
('H1', 373, 58, 2),
('H1', 374, 58, 3),
('H1', 375, 58, 4),
('H1', 376, 59, 1),
('H1', 377, 59, 2),
('H1', 378, 59, 3),
('H1', 379, 59, 4),
('H1', 380, 60, 1),
('H1', 381, 60, 2),
('H1', 382, 60, 3),
('H1', 383, 60, 4),
('H1', 384, 60, 5),
('H1', 385, 61, 1),
('H1', 386, 61, 2),
('H1', 387, 61, 3),
('H1', 388, 61, 4),
('H1', 389, 62, 1),
('H1', 390, 62, 2),
('H1', 391, 62, 3),
('H1', 392, 62, 4),
('H1', 393, 63, 1),
('H1', 394, 63, 2),
('H1', 395, 63, 3),
('H1', 396, 63, 4),
('H1', 397, 63, 5),
('H1', 398, 32, 1),
('H1', 399, 32, 2),
('H1', 400, 32, 3),
('H1', 401, 32, 4),
('H1', 402, 32, 5),
('H1', 403, 34, 1),
('H1', 404, 34, 2),
('H1', 405, 34, 3),
('H1', 406, 34, 4),
('H1', 407, 64, 1),
('H1', 408, 64, 2),
('H1', 409, 65, 1),
('H1', 410, 65, 2),
('H1', 411, 66, 1),
('H1', 412, 66, 2),
('H1', 413, 66, 3),
('H1', 414, 67, 1),
('H1', 415, 67, 2),
('H1', 416, 67, 3),
('H1', 417, 67, 4),
('H1', 418, 68, 1),
('H1', 419, 68, 2),
('H1', 420, 68, 3),
('H1', 421, 68, 4),
('H1', 422, 69, 1),
('H1', 423, 69, 2),
('H1', 424, 69, 3),
('H1', 425, 69, 4),
('H1', 426, 70, 1),
('H1', 427, 70, 2),
('H1', 428, 70, 3),
('H1', 429, 70, 4),
('H1', 430, 70, 5),
('H1', 431, 71, 1),
('H1', 432, 71, 2),
('H1', 433, 72, 1),
('H1', 434, 72, 2),
('H1', 435, 72, 3),
('H1', 436, 72, 4),
('H1', 437, 73, 1),
('H1', 438, 73, 2),
('H1', 439, 73, 3),
('H1', 440, 73, 4),
('H1', 441, 71, 1),
('H1', 442, 74, 1),
('H1', 443, 74, 2),
('H1', 444, 74, 3),
('H1', 445, 74, 4),
('H1', 446, 74, 5),
('H1', 447, 74, 6),
('H1', 448, 63, 1),
('H1', 449, 63, 2),
('H1', 450, 63, 3),
('H1', 451, 75, 1),
('H1', 452, 75, 2),
('H1', 453, 75, 3),
('H1', 454, 75, 4),
('H1', 455, 75, 5),
('H1', 456, 75, 6),
('H1', 457, 76, 1),
('H1', 458, 76, 2),
('H1', 459, 76, 3),
('H1', 460, 76, 4),
('H1', 461, 76, 5),
('H1', 462, 76, 6),
('H1', 463, 76, 7),
('H1', 464, 77, 1),
('H1', 465, 77, 2),
('H1', 466, 78, 1),
('H1', 467, 78, 2),
('H1', 468, 78, 3),
('H1', 469, 79, 1),
('H1', 470, 79, 2),
('H1', 471, 79, 3),
('H1', 472, 79, 4),
('H1', 473, 80, 1),
('H1', 474, 80, 2),
('H1', 475, 80, 3),
('H1', 476, 80, 4),
('H1', 477, 81, 1),
('H1', 478, 81, 2),
('H1', 479, 82, 1),
('H1', 480, 82, 2),
('H1', 481, 82, 3),
('H1', 482, 82, 4),
('H1', 483, 82, 5),
('H1', 484, 83, 1),
('H1', 485, 83, 2),
('H1', 486, 83, 3),
('H1', 487, 84, 1),
('H1', 488, 84, 2),
('H1', 489, 84, 3),
('H1', 490, 84, 4),
('H1', 491, 84, 5),
('H1', 492, 85, 1),
('H1', 493, 85, 1),
('H1', 494, 86, 1),
('H1', 495, 86, 2),
('H1', 496, 86, 3),
('H1', 497, 87, 1),
('H1', 498, 87, 2),
('H1', 499, 87, 3),
('H1', 500, 88, 1),
('H1', 501, 89, 1),
('H1', 502, 90, 1),
('H1', 503, 90, 2),
('H1', 504, 90, 3),
('H1', 505, 91, 1),
('H1', 506, 91, 2),
('H1', 507, 91, 3),
('H1', 508, 91, 4),
('H1', 509, 91, 5),
('H1', 510, 92, 1),
('H1', 511, 92, 2),
('H1', 512, 92, 3),
('H1', 513, 92, 4),
('H1', 514, 93, 1),
('H1', 515, 93, 2),
('H1', 516, 93, 3),
('H1', 517, 93, 4),
('H1', 518, 93, 5),
('H2', 1, 1, 0),
('H2', 2, 1, 1),
('H2', 3, 1, 2),
('H2', 4, 1, 3),
('H2', 5, 1, 4),
('H2', 6, 1, 5),
('H2', 7, 1, 6),
('H2', 8, 1, 7),
('H2', 9, 1, 8),
('H2', 10, 1, 9),
('H2', 11, 1, 10),
('H2', 12, 2, 0),
('H2', 13, 2, 1),
('H2', 14, 3, 0),
('H2', 15, 3, 1),
('H2', 16, 3, 2),
('H2', 17, 3, 3),
('H2', 18, 3, 4),
('H2', 19, 3, 5),
('H2', 20, 4, 0),
('H2', 21, 4, 1),
('H2', 22, 4, 2),
('H2', 23, 4, 3),
('H2', 24, 4, 4),
('H2', 25, 4, 5),
('H2', 26, 4, 6),
('H2', 27, 4, 7),
('H2', 28, 4, 8),
('H2', 29, 4, 9),
('H2', 30, 4, 10),
('H2', 31, 4, 11),
('H2', 32, 4, 12),
('H2', 33, 5, 0),
('H2', 34, 5, 1),
('H2', 35, 5, 2),
('H2', 36, 5, 3),
('H2', 37, 5, 4),
('H2', 38, 6, 0),
('H2', 39, 6, 1),
('H2', 40, 6, 2),
('H2', 41, 7, 0),
('H2', 42, 7, 1),
('H2', 43, 7, 2),
('H2', 44, 7, 3),
('H2', 45, 7, 4),
('H2', 46, 8, 0),
('H2', 47, 9, 0),
('H2', 48, 9, 1),
('H2', 49, 9, 2),
('H2', 50, 9, 3),
('H2', 51, 10, 0),
('H2', 52, 10, 1),
('H2', 53, 10, 2),
('H2', 54, 10, 3),
('H2', 55, 10, 4),
('H2', 56, 10, 5),
('H2', 57, 10, 6),
('H2', 58, 10, 7),
('H2', 59, 10, 8),
('H2', 60, 11, 0),
('H2', 61, 11, 1),
('H2', 62, 11, 2),
('H2', 63, 11, 3),
('H2', 64, 11, 4),
('H2', 65, 11, 5),
('H2', 66, 11, 6),
('H2', 67, 11, 7),
('H2', 68, 11, 8),
('H2', 69, 11, 9),
('H2', 70, 11, 10),
('H2', 71, 11, 11),
('H2', 72, 11, 12),
('H2', 73, 11, 13),
('H2', 74, 11, 14),
('H2', 75, 11, 15),
('H2', 76, 11, 16),
('H2', 77, 11, 17),
('H2', 78, 11, 18),
('H2', 79, 11, 19),
('H2', 80, 11, 20),
('H2', 81, 11, 21),
('H2', 82, 11, 22),
('H2', 83, 11, 23),
('H2', 84, 11, 24),
('H2', 85, 11, 25),
('H2', 86, 11, 26),
('H2', 87, 11, 27),
('H2', 88, 11, 28),
('H2', 89, 11, 29),
('H2', 90, 11, 30),
('H2', 91, 11, 31),
('H2', 92, 12, 0),
('H2', 93, 12, 1),
('H2', 94, 12, 2),
('H2', 95, 12, 3),
('H2', 96, 12, 4),
('H2', 97, 12, 5),
('H2', 98, 13, 0),
('H2', 99, 13, 1),
('H2', 100, 13, 2),
('H2', 101, 13, 3),
('H2', 102, 13, 4),
('H2', 103, 13, 5),
('H2', 104, 13, 6),
('H2', 105, 13, 7),
('H2', 106, 13, 8),
('H2', 107, 13, 9),
('H2', 108, 13, 10),
('H2', 109, 13, 11),
('H2', 110, 13, 12),
('H2', 111, 14, 0),
('H2', 112, 14, 1),
('H2', 113, 14, 2),
('H2', 114, 14, 3),
('H2', 115, 14, 4),
('H2', 116, 14, 5),
('H2', 117, 14, 6),
('H2', 118, 14, 7),
('H2', 119, 14, 8),
('H2', 120, 14, 9),
('H2', 121, 14, 10),
('H2', 122, 14, 11),
('H2', 123, 15, 0),
('H2', 124, 15, 1),
('H2', 125, 15, 2),
('H2', 126, 15, 3),
('H2', 127, 16, 0),
('H2', 128, 16, 1),
('H2', 129, 16, 2),
('H2', 130, 17, 0),
('H2', 131, 17, 1),
('H2', 132, 17, 2),
('H2', 133, 17, 3),
('H2', 134, 17, 4),
('H2', 135, 18, 0),
('H2', 136, 18, 1),
('H2', 137, 18, 2),
('H2', 138, 18, 3),
('H2', 139, 19, 0),
('H2', 140, 19, 1),
('H2', 141, 19, 2),
('H2', 142, 19, 3),
('H2', 143, 19, 4),
('H2', 144, 20, 0),
('H2', 145, 20, 1),
('H2', 146, 20, 2),
('H2', 147, 20, 3),
('H2', 148, 20, 4),
('H2', 149, 20, 5),
('H2', 150, 21, 0),
('H2', 151, 21, 1),
('H2', 152, 21, 2),
('H2', 153, 21, 3),
('H2', 154, 21, 4),
('H2', 155, 21, 5),
('H2', 156, 21, 6),
('H2', 157, 21, 7),
('H2', 158, 21, 8),
('H2', 159, 21, 9),
('H2', 160, 22, 0),
('H2', 161, 22, 1),
('H2', 162, 22, 2),
('H2', 163, 22, 3),
('H2', 164, 22, 4),
('H2', 165, 22, 5),
('H2', 166, 23, 0),
('H2', 167, 23, 1),
('H2', 168, 23, 2),
('H2', 169, 23, 3),
('H2', 170, 24, 0),
('H2', 171, 24, 1),
('H2', 172, 24, 2),
('H2', 173, 25, 0),
('H2', 174, 25, 1),
('H2', 175, 25, 2),
('H2', 176, 25, 3),
('H2', 177, 25, 4),
('H2', 178, 25, 5),
('H2', 179, 26, 0),
('H2', 180, 26, 1),
('H2', 181, 26, 2),
('H2', 182, 27, 0),
('H2', 183, 27, 1),
('H2', 184, 27, 2),
('H2', 185, 27, 3),
('H2', 186, 28, 0),
('H2', 187, 28, 1),
('H2', 188, 28, 2),
('H2', 189, 28, 3),
('H2', 190, 29, 0),
('H2', 191, 29, 1),
('H2', 192, 29, 2),
('H2', 193, 29, 3),
('H2', 194, 30, 0),
('H2', 195, 30, 1),
('H2', 196, 30, 2),
('H2', 197, 30, 3),
('H2', 198, 30, 4),
('H2', 199, 30, 5),
('H2', 200, 30, 6),
('H2', 201, 30, 7),
('H2', 202, 30, 8),
('H2', 203, 30, 9),
('H2', 204, 30, 10),
('H2', 205, 30, 11),
('H2', 206, 30, 12),
('H2', 207, 30, 13),
('H2', 208, 30, 14),
('H2', 209, 30, 15),
('H2', 210, 31, 1),
('H2', 211, 31, 2),
('H2', 212, 31, 3),
('H2', 213, 31, 4),
('H2', 214, 32, 1),
('H2', 215, 32, 2),
('H2', 216, 32, 3),
('H2', 217, 32, 4),
('H2', 218, 32, 5),
('H2', 219, 32, 6),
('H2', 220, 33, 1),
('H2', 221, 33, 2),
('H2', 222, 33, 3),
('H2', 223, 34, 1),
('H2', 224, 34, 2),
('H2', 225, 34, 3),
('H2', 226, 35, 1),
('H2', 227, 35, 2),
('H2', 228, 35, 3),
('H2', 229, 36, 1),
('H2', 230, 36, 2),
('H2', 231, 36, 3),
('H2', 232, 36, 4),
('H2', 233, 36, 5),
('H2', 234, 36, 6),
('H2', 235, 37, 1),
('H2', 236, 37, 2),
('H2', 237, 38, 1),
('H2', 238, 38, 2),
('H2', 239, 38, 3),
('H2', 240, 38, 4),
('H2', 241, 39, 1),
('H2', 242, 39, 2),
('H2', 243, 39, 3),
('H2', 244, 39, 4),
('H2', 245, 40, 1),
('H2', 246, 40, 2),
('H2', 247, 40, 3),
('H2', 248, 40, 4),
('H2', 249, 41, 1),
('H2', 250, 41, 2),
('H2', 251, 41, 3),
('H2', 252, 41, 4),
('H2', 253, 41, 5),
('H2', 254, 41, 6),
('H2', 255, 41, 7),
('H2', 256, 41, 8),
('H2', 257, 41, 9),
('H2', 258, 41, 10),
('H2', 259, 41, 11),
('H2', 260, 42, 1),
('H2', 261, 42, 2),
('H2', 262, 42, 3),
('H2', 263, 42, 4),
('H2', 264, 42, 5),
('H2', 265, 42, 6),
('H2', 266, 42, 7),
('H2', 267, 42, 8),
('H2', 268, 42, 9),
('H2', 269, 43, 1),
('H2', 270, 43, 2),
('H2', 271, 43, 3),
('H2', 272, 43, 4),
('H2', 273, 44, 1),
('H2', 274, 44, 2),
('H2', 275, 44, 3),
('H2', 276, 44, 4),
('H2', 277, 45, 1),
('H2', 278, 45, 2),
('H2', 279, 45, 3),
('H2', 280, 45, 4),
('H2', 281, 45, 5),
('H2', 282, 45, 6),
('H2', 283, 45, 7),
('H2', 284, 45, 8),
('H2', 285, 45, 9),
('H2', 286, 45, 10),
('H2', 287, 45, 11),
('H2', 288, 12, 1),
('H2', 289, 46, 1),
('H2', 290, 46, 2),
('H2', 291, 46, 3),
('H2', 292, 46, 4),
('H2', 293, 46, 5),
('H2', 294, 46, 6),
('H2', 295, 2, 1),
('H2', 296, 47, 1),
('H2', 297, 47, 2),
('H2', 298, 47, 3),
('H2', 299, 48, 1),
('H2', 300, 48, 2),
('H2', 303, 49, 1),
('H2', 304, 49, 2),
('H2', 305, 19, 5),
('H2', 306, 19, 6),
('H2', 307, 19, 7),
('H2', 308, 19, 8),
('H2', 309, 19, 9),
('H2', 310, 19, 10),
('H2', 311, 19, 11),
('H2', 312, 21, 10),
('H2', 313, 21, 11),
('H2', 314, 21, 12),
('H2', 315, 21, 13),
('H2', 316, 21, 14),
('H2', 317, 21, 15),
('H2', 327, 14, 12),
('H2', 328, 14, 13),
('H2', 329, 14, 14),
('H2', 330, 14, 15),
('H2', 331, 14, 16),
('H2', 332, 14, 17),
('H2', 333, 20, 6),
('H2', 334, 20, 7),
('H2', 335, 20, 8),
('H2', 336, 11, 32),
('H2', 337, 11, 33),
('H2', 338, 11, 34),
('H2', 339, 11, 35),
('H2', 340, 11, 36),
('H2', 341, 1, 11),
('H2', 342, 1, 12),
('H2', 343, 50, 1),
('H2', 344, 50, 2),
('H2', 345, 51, 1),
('H2', 346, 51, 2),
('H2', 347, 51, 3),
('H2', 348, 51, 4),
('H2', 349, 52, 1),
('H2', 350, 52, 2),
('H2', 351, 52, 3),
('H2', 352, 52, 4),
('H2', 353, 53, 1),
('H2', 354, 53, 2),
('H2', 355, 53, 3),
('H2', 356, 53, 4),
('H2', 357, 54, 1),
('H2', 358, 54, 2),
('H2', 359, 55, 1),
('H2', 360, 55, 2),
('H2', 361, 56, 1),
('H2', 362, 56, 2),
('H2', 363, 56, 3),
('H2', 364, 56, 4),
('H2', 365, 56, 5),
('H2', 366, 57, 1),
('H2', 367, 57, 2),
('H2', 368, 57, 3),
('H2', 369, 57, 4),
('H2', 370, 57, 5),
('H2', 371, 57, 6),
('H2', 372, 58, 1),
('H2', 373, 58, 2),
('H2', 374, 58, 3),
('H2', 375, 58, 4),
('H2', 376, 59, 1),
('H2', 377, 59, 2),
('H2', 378, 59, 3),
('H2', 379, 59, 4),
('H2', 380, 60, 1),
('H2', 381, 60, 2),
('H2', 382, 60, 3),
('H2', 383, 60, 4),
('H2', 384, 60, 5),
('H2', 385, 61, 1),
('H2', 386, 61, 2),
('H2', 387, 61, 3),
('H2', 388, 61, 4),
('H2', 389, 62, 1),
('H2', 390, 62, 2),
('H2', 391, 62, 3),
('H2', 392, 62, 4),
('H2', 393, 63, 1),
('H2', 394, 63, 2),
('H2', 395, 63, 3),
('H2', 396, 63, 4),
('H2', 397, 63, 5),
('H2', 398, 32, 1),
('H2', 399, 32, 2),
('H2', 400, 32, 3),
('H2', 401, 32, 4),
('H2', 402, 32, 5),
('H2', 403, 34, 1),
('H2', 404, 34, 2),
('H2', 405, 34, 3),
('H2', 406, 34, 4),
('H2', 407, 64, 1),
('H2', 408, 64, 2),
('H2', 409, 65, 1),
('H2', 410, 65, 2),
('H2', 411, 66, 1),
('H2', 412, 66, 2),
('H2', 413, 66, 3),
('H2', 414, 67, 1),
('H2', 415, 67, 2),
('H2', 416, 67, 3),
('H2', 417, 67, 4),
('H2', 418, 68, 1),
('H2', 419, 68, 2),
('H2', 420, 68, 3),
('H2', 421, 68, 4),
('H2', 422, 69, 1),
('H2', 423, 69, 2),
('H2', 424, 69, 3),
('H2', 425, 69, 4),
('H2', 426, 70, 1),
('H2', 427, 70, 2),
('H2', 428, 70, 3),
('H2', 429, 70, 4),
('H2', 430, 70, 5),
('H2', 431, 71, 1),
('H2', 432, 71, 2),
('H2', 433, 72, 1),
('H2', 434, 72, 2),
('H2', 435, 72, 3),
('H2', 436, 72, 4),
('H2', 437, 73, 1),
('H2', 438, 73, 2),
('H2', 439, 73, 3),
('H2', 440, 73, 4),
('H2', 441, 71, 1),
('H2', 442, 74, 1),
('H2', 443, 74, 2),
('H2', 444, 74, 3),
('H2', 445, 74, 4),
('H2', 446, 74, 5),
('H2', 447, 74, 6),
('H2', 448, 63, 1),
('H2', 449, 63, 2),
('H2', 450, 63, 3),
('H2', 451, 75, 1),
('H2', 452, 75, 2),
('H2', 453, 75, 3),
('H2', 454, 75, 4),
('H2', 455, 75, 5),
('H2', 456, 75, 6),
('H2', 457, 76, 1),
('H2', 458, 76, 2),
('H2', 459, 76, 3),
('H2', 460, 76, 4),
('H2', 461, 76, 5),
('H2', 462, 76, 6),
('H2', 463, 76, 7),
('H2', 464, 77, 1),
('H2', 465, 77, 2),
('H2', 466, 78, 1),
('H2', 467, 78, 2),
('H2', 468, 78, 3),
('H2', 469, 79, 1),
('H2', 470, 79, 2),
('H2', 471, 79, 3),
('H2', 472, 79, 4),
('H2', 473, 80, 1),
('H2', 474, 80, 2),
('H2', 475, 80, 3),
('H2', 476, 80, 4),
('H2', 477, 81, 1),
('H2', 478, 81, 2),
('H2', 479, 82, 1),
('H2', 480, 82, 2),
('H2', 481, 82, 3),
('H2', 482, 82, 4),
('H2', 483, 82, 5),
('H2', 484, 83, 1),
('H2', 485, 83, 2),
('H2', 486, 83, 3),
('H2', 487, 84, 1),
('H2', 488, 84, 2),
('H2', 489, 84, 3),
('H2', 490, 84, 4),
('H2', 491, 84, 5),
('H2', 492, 85, 1),
('H2', 493, 85, 1),
('H2', 494, 86, 1),
('H2', 495, 86, 2),
('H2', 496, 86, 3),
('H2', 497, 87, 1),
('H2', 498, 87, 2),
('H2', 499, 87, 3),
('H2', 500, 88, 1),
('H2', 501, 89, 1),
('H2', 502, 90, 1),
('H2', 503, 90, 2),
('H2', 504, 90, 3),
('H2', 505, 91, 1),
('H2', 506, 91, 2),
('H2', 507, 91, 3),
('H2', 508, 91, 4),
('H2', 509, 91, 5),
('H2', 510, 92, 1),
('H2', 511, 92, 2),
('H2', 512, 92, 3),
('H2', 513, 92, 4),
('H2', 514, 93, 1),
('H2', 515, 93, 2),
('H2', 516, 93, 3),
('H2', 517, 93, 4),
('H2', 518, 93, 5),
('H29', 1, 1, 0),
('H29', 2, 1, 1),
('H29', 3, 1, 2),
('H29', 4, 1, 3),
('H29', 5, 1, 4),
('H29', 6, 1, 5),
('H29', 7, 1, 6),
('H29', 8, 1, 7),
('H29', 9, 1, 8),
('H29', 10, 1, 9),
('H29', 11, 1, 10),
('H29', 12, 2, 0),
('H29', 13, 2, 1),
('H29', 14, 3, 0),
('H29', 15, 3, 1),
('H29', 16, 3, 2),
('H29', 17, 3, 3),
('H29', 18, 3, 4),
('H29', 19, 3, 5),
('H29', 20, 4, 0),
('H29', 21, 4, 1),
('H29', 22, 4, 2),
('H29', 23, 4, 3),
('H29', 24, 4, 4),
('H29', 25, 4, 5),
('H29', 26, 4, 6),
('H29', 27, 4, 7),
('H29', 28, 4, 8),
('H29', 29, 4, 9),
('H29', 30, 4, 10),
('H29', 31, 4, 11),
('H29', 32, 4, 12),
('H29', 33, 5, 0),
('H29', 34, 5, 1),
('H29', 35, 5, 2),
('H29', 36, 5, 3),
('H29', 37, 5, 4),
('H29', 38, 6, 0),
('H29', 39, 6, 1),
('H29', 40, 6, 2),
('H29', 41, 7, 0),
('H29', 42, 7, 1),
('H29', 43, 7, 2),
('H29', 44, 7, 3),
('H29', 45, 7, 4),
('H29', 46, 8, 0),
('H29', 47, 9, 0),
('H29', 48, 9, 1),
('H29', 49, 9, 2),
('H29', 50, 9, 3),
('H29', 51, 10, 0),
('H29', 52, 10, 1),
('H29', 53, 10, 2),
('H29', 54, 10, 3),
('H29', 55, 10, 4),
('H29', 56, 10, 5),
('H29', 57, 10, 6),
('H29', 58, 10, 7),
('H29', 59, 10, 8),
('H29', 60, 11, 0),
('H29', 61, 11, 1),
('H29', 62, 11, 2),
('H29', 63, 11, 3),
('H29', 64, 11, 4),
('H29', 65, 11, 5),
('H29', 66, 11, 6),
('H29', 67, 11, 7),
('H29', 68, 11, 8),
('H29', 69, 11, 9),
('H29', 70, 11, 10),
('H29', 71, 11, 11),
('H29', 72, 11, 12),
('H29', 73, 11, 13),
('H29', 74, 11, 14),
('H29', 75, 11, 15),
('H29', 76, 11, 16),
('H29', 77, 11, 17),
('H29', 78, 11, 18),
('H29', 79, 11, 19),
('H29', 80, 11, 20),
('H29', 81, 11, 21),
('H29', 82, 11, 22),
('H29', 83, 11, 23),
('H29', 84, 11, 24),
('H29', 85, 11, 25),
('H29', 86, 11, 26),
('H29', 87, 11, 27),
('H29', 88, 11, 28),
('H29', 89, 11, 29),
('H29', 90, 11, 30),
('H29', 91, 11, 31),
('H29', 92, 12, 0),
('H29', 93, 12, 1),
('H29', 94, 12, 2),
('H29', 95, 12, 3),
('H29', 96, 12, 4),
('H29', 97, 12, 5),
('H29', 98, 13, 0),
('H29', 99, 13, 1),
('H29', 100, 13, 2),
('H29', 101, 13, 3),
('H29', 102, 13, 4),
('H29', 103, 13, 5),
('H29', 104, 13, 6),
('H29', 105, 13, 7),
('H29', 106, 13, 8),
('H29', 107, 13, 9),
('H29', 108, 13, 10),
('H29', 109, 13, 11),
('H29', 110, 13, 12),
('H29', 111, 14, 0),
('H29', 112, 14, 1),
('H29', 113, 14, 2),
('H29', 114, 14, 3),
('H29', 115, 14, 4),
('H29', 116, 14, 5),
('H29', 117, 14, 6),
('H29', 118, 14, 7),
('H29', 119, 14, 8),
('H29', 120, 14, 9),
('H29', 121, 14, 10),
('H29', 122, 14, 11),
('H29', 123, 15, 0),
('H29', 124, 15, 1),
('H29', 125, 15, 2),
('H29', 126, 15, 3),
('H29', 127, 16, 0),
('H29', 128, 16, 1),
('H29', 129, 16, 2),
('H29', 130, 17, 0),
('H29', 131, 17, 1),
('H29', 132, 17, 2),
('H29', 133, 17, 3),
('H29', 134, 17, 4),
('H29', 135, 18, 0),
('H29', 136, 18, 1),
('H29', 137, 18, 2),
('H29', 138, 18, 3),
('H29', 139, 19, 0),
('H29', 140, 19, 1),
('H29', 141, 19, 2),
('H29', 142, 19, 3),
('H29', 143, 19, 4),
('H29', 144, 20, 0),
('H29', 145, 20, 1),
('H29', 146, 20, 2),
('H29', 147, 20, 3),
('H29', 148, 20, 4),
('H29', 149, 20, 5),
('H29', 150, 21, 0),
('H29', 151, 21, 1),
('H29', 152, 21, 2),
('H29', 153, 21, 3),
('H29', 154, 21, 4),
('H29', 155, 21, 5),
('H29', 156, 21, 6),
('H29', 157, 21, 7),
('H29', 158, 21, 8),
('H29', 159, 21, 9),
('H29', 160, 22, 0),
('H29', 161, 22, 1),
('H29', 162, 22, 2),
('H29', 163, 22, 3),
('H29', 164, 22, 4),
('H29', 165, 22, 5),
('H29', 166, 23, 0),
('H29', 167, 23, 1),
('H29', 168, 23, 2),
('H29', 169, 23, 3),
('H29', 170, 24, 0),
('H29', 171, 24, 1),
('H29', 172, 24, 2),
('H29', 173, 25, 0),
('H29', 174, 25, 1),
('H29', 175, 25, 2),
('H29', 176, 25, 3),
('H29', 177, 25, 4),
('H29', 178, 25, 5),
('H29', 179, 26, 0),
('H29', 180, 26, 1),
('H29', 181, 26, 2),
('H29', 182, 27, 0),
('H29', 183, 27, 1),
('H29', 184, 27, 2),
('H29', 185, 27, 3),
('H29', 186, 28, 0),
('H29', 187, 28, 1),
('H29', 188, 28, 2),
('H29', 189, 28, 3),
('H29', 190, 29, 0),
('H29', 191, 29, 1),
('H29', 192, 29, 2),
('H29', 193, 29, 3),
('H29', 194, 30, 0),
('H29', 195, 30, 1),
('H29', 196, 30, 2),
('H29', 197, 30, 3),
('H29', 198, 30, 4),
('H29', 199, 30, 5),
('H29', 200, 30, 6),
('H29', 201, 30, 7),
('H29', 202, 30, 8),
('H29', 203, 30, 9),
('H29', 204, 30, 10),
('H29', 205, 30, 11),
('H29', 206, 30, 12),
('H29', 207, 30, 13),
('H29', 208, 30, 14),
('H29', 209, 30, 15),
('H29', 210, 31, 1),
('H29', 211, 31, 2),
('H29', 212, 31, 3),
('H29', 213, 31, 4),
('H29', 214, 32, 1),
('H29', 215, 32, 2),
('H29', 216, 32, 3),
('H29', 217, 32, 4),
('H29', 218, 32, 5),
('H29', 219, 32, 6),
('H29', 220, 33, 1),
('H29', 221, 33, 2),
('H29', 222, 33, 3),
('H29', 223, 34, 1),
('H29', 224, 34, 2),
('H29', 225, 34, 3),
('H29', 226, 35, 1),
('H29', 227, 35, 2),
('H29', 228, 35, 3),
('H29', 229, 36, 1),
('H29', 230, 36, 2),
('H29', 231, 36, 3),
('H29', 232, 36, 4),
('H29', 233, 36, 5),
('H29', 234, 36, 6),
('H29', 235, 37, 1),
('H29', 236, 37, 2),
('H29', 237, 38, 1),
('H29', 238, 38, 2),
('H29', 239, 38, 3),
('H29', 240, 38, 4),
('H29', 241, 39, 1),
('H29', 242, 39, 2),
('H29', 243, 39, 3),
('H29', 244, 39, 4),
('H29', 245, 40, 1),
('H29', 246, 40, 2),
('H29', 247, 40, 3),
('H29', 248, 40, 4),
('H29', 249, 41, 1),
('H29', 250, 41, 2),
('H29', 251, 41, 3),
('H29', 252, 41, 4),
('H29', 253, 41, 5),
('H29', 254, 41, 6),
('H29', 255, 41, 7),
('H29', 256, 41, 8),
('H29', 257, 41, 9),
('H29', 258, 41, 10),
('H29', 259, 41, 11),
('H29', 260, 42, 1),
('H29', 261, 42, 2),
('H29', 262, 42, 3),
('H29', 263, 42, 4),
('H29', 264, 42, 5),
('H29', 265, 42, 6),
('H29', 266, 42, 7),
('H29', 267, 42, 8),
('H29', 268, 42, 9),
('H29', 269, 43, 1),
('H29', 270, 43, 2),
('H29', 271, 43, 3),
('H29', 272, 43, 4),
('H29', 273, 44, 1),
('H29', 274, 44, 2),
('H29', 275, 44, 3),
('H29', 276, 44, 4),
('H29', 277, 45, 1),
('H29', 278, 45, 2),
('H29', 279, 45, 3),
('H29', 280, 45, 4),
('H29', 281, 45, 5),
('H29', 282, 45, 6),
('H29', 283, 45, 7),
('H29', 284, 45, 8),
('H29', 285, 45, 9),
('H29', 286, 45, 10),
('H29', 287, 45, 11),
('H29', 288, 12, 1),
('H29', 289, 46, 1),
('H29', 290, 46, 2),
('H29', 291, 46, 3),
('H29', 292, 46, 4),
('H29', 293, 46, 5),
('H29', 294, 46, 6),
('H29', 295, 2, 1),
('H29', 296, 47, 1),
('H29', 297, 47, 2),
('H29', 298, 47, 3),
('H29', 299, 48, 1),
('H29', 300, 48, 2),
('H29', 303, 49, 1),
('H29', 304, 49, 2),
('H29', 305, 19, 5),
('H29', 306, 19, 6),
('H29', 307, 19, 7),
('H29', 308, 19, 8),
('H29', 309, 19, 9),
('H29', 310, 19, 10),
('H29', 311, 19, 11),
('H29', 312, 21, 10),
('H29', 313, 21, 11),
('H29', 314, 21, 12),
('H29', 315, 21, 13),
('H29', 316, 21, 14),
('H29', 317, 21, 15),
('H29', 327, 14, 12),
('H29', 328, 14, 13),
('H29', 329, 14, 14),
('H29', 330, 14, 15),
('H29', 331, 14, 16),
('H29', 332, 14, 17),
('H29', 333, 20, 6),
('H29', 334, 20, 7),
('H29', 335, 20, 8),
('H29', 336, 11, 32),
('H29', 337, 11, 33),
('H29', 338, 11, 34),
('H29', 339, 11, 35),
('H29', 340, 11, 36),
('H29', 341, 1, 11),
('H29', 342, 1, 12),
('H29', 343, 50, 1),
('H29', 344, 50, 2),
('H29', 345, 51, 1),
('H29', 346, 51, 2),
('H29', 347, 51, 3),
('H29', 348, 51, 4),
('H29', 349, 52, 1),
('H29', 350, 52, 2),
('H29', 351, 52, 3),
('H29', 352, 52, 4),
('H29', 353, 53, 1),
('H29', 354, 53, 2),
('H29', 355, 53, 3),
('H29', 356, 53, 4),
('H29', 357, 54, 1),
('H29', 358, 54, 2),
('H29', 359, 55, 1),
('H29', 360, 55, 2),
('H29', 361, 56, 1),
('H29', 362, 56, 2),
('H29', 363, 56, 3),
('H29', 364, 56, 4),
('H29', 365, 56, 5),
('H29', 366, 57, 1),
('H29', 367, 57, 2),
('H29', 368, 57, 3),
('H29', 369, 57, 4),
('H29', 370, 57, 5),
('H29', 371, 57, 6),
('H29', 372, 58, 1),
('H29', 373, 58, 2),
('H29', 374, 58, 3),
('H29', 375, 58, 4),
('H29', 376, 59, 1),
('H29', 377, 59, 2),
('H29', 378, 59, 3),
('H29', 379, 59, 4),
('H29', 380, 60, 1),
('H29', 381, 60, 2),
('H29', 382, 60, 3),
('H29', 383, 60, 4),
('H29', 384, 60, 5),
('H29', 385, 61, 1),
('H29', 386, 61, 2),
('H29', 387, 61, 3),
('H29', 388, 61, 4),
('H29', 389, 62, 1),
('H29', 390, 62, 2),
('H29', 391, 62, 3),
('H29', 392, 62, 4),
('H29', 393, 63, 1),
('H29', 394, 63, 2),
('H29', 395, 63, 3),
('H29', 396, 63, 4),
('H29', 397, 63, 5),
('H29', 398, 32, 1),
('H29', 399, 32, 2),
('H29', 400, 32, 3),
('H29', 401, 32, 4),
('H29', 402, 32, 5),
('H29', 403, 34, 1),
('H29', 404, 34, 2),
('H29', 405, 34, 3),
('H29', 406, 34, 4),
('H29', 407, 64, 1),
('H29', 408, 64, 2),
('H29', 409, 65, 1),
('H29', 410, 65, 2),
('H29', 411, 66, 1),
('H29', 412, 66, 2),
('H29', 413, 66, 3),
('H29', 414, 67, 1),
('H29', 415, 67, 2),
('H29', 416, 67, 3),
('H29', 417, 67, 4),
('H29', 418, 68, 1),
('H29', 419, 68, 2),
('H29', 420, 68, 3),
('H29', 421, 68, 4),
('H29', 422, 69, 1),
('H29', 423, 69, 2),
('H29', 424, 69, 3),
('H29', 425, 69, 4),
('H29', 426, 70, 1),
('H29', 427, 70, 2),
('H29', 428, 70, 3),
('H29', 429, 70, 4),
('H29', 430, 70, 5),
('H29', 431, 71, 1),
('H29', 432, 71, 2),
('H29', 433, 72, 1),
('H29', 434, 72, 2),
('H29', 435, 72, 3),
('H29', 436, 72, 4),
('H29', 437, 73, 1),
('H29', 438, 73, 2),
('H29', 439, 73, 3),
('H29', 440, 73, 4),
('H29', 441, 71, 1),
('H29', 442, 74, 1),
('H29', 443, 74, 2),
('H29', 444, 74, 3),
('H29', 445, 74, 4),
('H29', 446, 74, 5),
('H29', 447, 74, 6),
('H29', 448, 63, 1),
('H29', 449, 63, 2),
('H29', 450, 63, 3),
('H29', 451, 75, 1),
('H29', 452, 75, 2),
('H29', 453, 75, 3),
('H29', 454, 75, 4),
('H29', 455, 75, 5),
('H29', 456, 75, 6),
('H29', 457, 76, 1),
('H29', 458, 76, 2),
('H29', 459, 76, 3),
('H29', 460, 76, 4),
('H29', 461, 76, 5),
('H29', 462, 76, 6),
('H29', 463, 76, 7),
('H29', 464, 77, 1),
('H29', 465, 77, 2),
('H29', 466, 78, 1),
('H29', 467, 78, 2),
('H29', 468, 78, 3),
('H29', 469, 79, 1),
('H29', 470, 79, 2),
('H29', 471, 79, 3),
('H29', 472, 79, 4),
('H29', 473, 80, 1),
('H29', 474, 80, 2),
('H29', 475, 80, 3),
('H29', 476, 80, 4),
('H29', 477, 81, 1),
('H29', 478, 81, 2),
('H29', 479, 82, 1),
('H29', 480, 82, 2),
('H29', 481, 82, 3),
('H29', 482, 82, 4),
('H29', 483, 82, 5),
('H29', 484, 83, 1),
('H29', 485, 83, 2),
('H29', 486, 83, 3),
('H29', 487, 84, 1),
('H29', 488, 84, 2),
('H29', 489, 84, 3),
('H29', 490, 84, 4),
('H29', 491, 84, 5),
('H29', 492, 85, 1),
('H29', 493, 85, 1),
('H29', 494, 86, 1),
('H29', 495, 86, 2),
('H29', 496, 86, 3),
('H29', 497, 87, 1),
('H29', 498, 87, 2),
('H29', 499, 87, 3),
('H29', 500, 88, 1),
('H29', 501, 89, 1),
('H29', 502, 90, 1),
('H29', 503, 90, 2),
('H29', 504, 90, 3),
('H29', 505, 91, 1),
('H29', 506, 91, 2),
('H29', 507, 91, 3),
('H29', 508, 91, 4),
('H29', 509, 91, 5),
('H29', 510, 92, 1),
('H29', 511, 92, 2),
('H29', 512, 92, 3),
('H29', 513, 92, 4),
('H29', 514, 93, 1),
('H29', 515, 93, 2),
('H29', 516, 93, 3),
('H29', 517, 93, 4),
('H29', 518, 93, 5),
('H3', 1, 1, 0),
('H3', 2, 1, 1),
('H3', 3, 1, 2),
('H3', 4, 1, 3),
('H3', 5, 1, 4),
('H3', 6, 1, 5),
('H3', 7, 1, 6),
('H3', 8, 1, 7),
('H3', 9, 1, 8),
('H3', 10, 1, 9),
('H3', 11, 1, 10),
('H3', 12, 2, 0),
('H3', 13, 2, 1),
('H3', 14, 3, 0),
('H3', 15, 3, 1),
('H3', 16, 3, 2),
('H3', 17, 3, 3),
('H3', 18, 3, 4),
('H3', 19, 3, 5),
('H3', 20, 4, 0),
('H3', 21, 4, 1),
('H3', 22, 4, 2),
('H3', 23, 4, 3),
('H3', 24, 4, 4),
('H3', 25, 4, 5),
('H3', 26, 4, 6),
('H3', 27, 4, 7),
('H3', 28, 4, 8),
('H3', 29, 4, 9),
('H3', 30, 4, 10),
('H3', 31, 4, 11),
('H3', 32, 4, 12),
('H3', 33, 5, 0),
('H3', 34, 5, 1),
('H3', 35, 5, 2),
('H3', 36, 5, 3),
('H3', 37, 5, 4),
('H3', 38, 6, 0),
('H3', 39, 6, 1),
('H3', 40, 6, 2),
('H3', 41, 7, 0),
('H3', 42, 7, 1),
('H3', 43, 7, 2),
('H3', 44, 7, 3),
('H3', 45, 7, 4),
('H3', 46, 8, 0),
('H3', 47, 9, 0),
('H3', 48, 9, 1),
('H3', 49, 9, 2),
('H3', 50, 9, 3),
('H3', 51, 10, 0),
('H3', 52, 10, 1),
('H3', 53, 10, 2),
('H3', 54, 10, 3),
('H3', 55, 10, 4),
('H3', 56, 10, 5),
('H3', 57, 10, 6),
('H3', 58, 10, 7),
('H3', 59, 10, 8),
('H3', 60, 11, 0),
('H3', 61, 11, 1),
('H3', 62, 11, 2),
('H3', 63, 11, 3),
('H3', 64, 11, 4),
('H3', 65, 11, 5),
('H3', 66, 11, 6),
('H3', 67, 11, 7),
('H3', 68, 11, 8),
('H3', 69, 11, 9),
('H3', 70, 11, 10),
('H3', 71, 11, 11),
('H3', 72, 11, 12),
('H3', 73, 11, 13),
('H3', 74, 11, 14),
('H3', 75, 11, 15),
('H3', 76, 11, 16),
('H3', 77, 11, 17),
('H3', 78, 11, 18),
('H3', 79, 11, 19),
('H3', 80, 11, 20),
('H3', 81, 11, 21),
('H3', 82, 11, 22),
('H3', 83, 11, 23),
('H3', 84, 11, 24),
('H3', 85, 11, 25),
('H3', 86, 11, 26),
('H3', 87, 11, 27),
('H3', 88, 11, 28),
('H3', 89, 11, 29),
('H3', 90, 11, 30),
('H3', 91, 11, 31),
('H3', 92, 12, 0),
('H3', 93, 12, 1),
('H3', 94, 12, 2),
('H3', 95, 12, 3),
('H3', 96, 12, 4),
('H3', 97, 12, 5),
('H3', 98, 13, 0),
('H3', 99, 13, 1),
('H3', 100, 13, 2),
('H3', 101, 13, 3),
('H3', 102, 13, 4),
('H3', 103, 13, 5),
('H3', 104, 13, 6),
('H3', 105, 13, 7),
('H3', 106, 13, 8),
('H3', 107, 13, 9),
('H3', 108, 13, 10),
('H3', 109, 13, 11),
('H3', 110, 13, 12),
('H3', 111, 14, 0),
('H3', 112, 14, 1),
('H3', 113, 14, 2),
('H3', 114, 14, 3),
('H3', 115, 14, 4),
('H3', 116, 14, 5),
('H3', 117, 14, 6),
('H3', 118, 14, 7),
('H3', 119, 14, 8),
('H3', 120, 14, 9),
('H3', 121, 14, 10),
('H3', 122, 14, 11),
('H3', 123, 15, 0),
('H3', 124, 15, 1),
('H3', 125, 15, 2),
('H3', 126, 15, 3),
('H3', 127, 16, 0),
('H3', 128, 16, 1),
('H3', 129, 16, 2),
('H3', 130, 17, 0),
('H3', 131, 17, 1),
('H3', 132, 17, 2),
('H3', 133, 17, 3),
('H3', 134, 17, 4),
('H3', 135, 18, 0),
('H3', 136, 18, 1),
('H3', 137, 18, 2),
('H3', 138, 18, 3),
('H3', 139, 19, 0),
('H3', 140, 19, 1),
('H3', 141, 19, 2),
('H3', 142, 19, 3),
('H3', 143, 19, 4),
('H3', 144, 20, 0),
('H3', 145, 20, 1),
('H3', 146, 20, 2),
('H3', 147, 20, 3),
('H3', 148, 20, 4),
('H3', 149, 20, 5),
('H3', 150, 21, 0),
('H3', 151, 21, 1),
('H3', 152, 21, 2),
('H3', 153, 21, 3),
('H3', 154, 21, 4),
('H3', 155, 21, 5),
('H3', 156, 21, 6),
('H3', 157, 21, 7),
('H3', 158, 21, 8),
('H3', 159, 21, 9),
('H3', 160, 22, 0),
('H3', 161, 22, 1),
('H3', 162, 22, 2),
('H3', 163, 22, 3),
('H3', 164, 22, 4),
('H3', 165, 22, 5),
('H3', 166, 23, 0),
('H3', 167, 23, 1),
('H3', 168, 23, 2),
('H3', 169, 23, 3),
('H3', 170, 24, 0),
('H3', 171, 24, 1),
('H3', 172, 24, 2),
('H3', 173, 25, 0),
('H3', 174, 25, 1),
('H3', 175, 25, 2),
('H3', 176, 25, 3),
('H3', 177, 25, 4),
('H3', 178, 25, 5),
('H3', 179, 26, 0),
('H3', 180, 26, 1),
('H3', 181, 26, 2),
('H3', 182, 27, 0),
('H3', 183, 27, 1),
('H3', 184, 27, 2),
('H3', 185, 27, 3),
('H3', 186, 28, 0),
('H3', 187, 28, 1),
('H3', 188, 28, 2),
('H3', 189, 28, 3),
('H3', 190, 29, 0),
('H3', 191, 29, 1),
('H3', 192, 29, 2),
('H3', 193, 29, 3),
('H3', 194, 30, 0),
('H3', 195, 30, 1),
('H3', 196, 30, 2),
('H3', 197, 30, 3),
('H3', 198, 30, 4),
('H3', 199, 30, 5),
('H3', 200, 30, 6),
('H3', 201, 30, 7),
('H3', 202, 30, 8),
('H3', 203, 30, 9),
('H3', 204, 30, 10),
('H3', 205, 30, 11),
('H3', 206, 30, 12),
('H3', 207, 30, 13),
('H3', 208, 30, 14),
('H3', 209, 30, 15),
('H3', 210, 31, 1),
('H3', 211, 31, 2),
('H3', 212, 31, 3),
('H3', 213, 31, 4),
('H3', 214, 32, 1),
('H3', 215, 32, 2),
('H3', 216, 32, 3),
('H3', 217, 32, 4),
('H3', 218, 32, 5),
('H3', 219, 32, 6),
('H3', 220, 33, 1),
('H3', 221, 33, 2),
('H3', 222, 33, 3),
('H3', 223, 34, 1),
('H3', 224, 34, 2),
('H3', 225, 34, 3),
('H3', 226, 35, 1),
('H3', 227, 35, 2),
('H3', 228, 35, 3),
('H3', 229, 36, 1),
('H3', 230, 36, 2),
('H3', 231, 36, 3),
('H3', 232, 36, 4),
('H3', 233, 36, 5),
('H3', 234, 36, 6),
('H3', 235, 37, 1),
('H3', 236, 37, 2),
('H3', 237, 38, 1),
('H3', 238, 38, 2),
('H3', 239, 38, 3),
('H3', 240, 38, 4),
('H3', 241, 39, 1),
('H3', 242, 39, 2),
('H3', 243, 39, 3),
('H3', 244, 39, 4),
('H3', 245, 40, 1),
('H3', 246, 40, 2),
('H3', 247, 40, 3),
('H3', 248, 40, 4),
('H3', 249, 41, 1),
('H3', 250, 41, 2),
('H3', 251, 41, 3),
('H3', 252, 41, 4),
('H3', 253, 41, 5),
('H3', 254, 41, 6),
('H3', 255, 41, 7),
('H3', 256, 41, 8),
('H3', 257, 41, 9),
('H3', 258, 41, 10),
('H3', 259, 41, 11),
('H3', 260, 42, 1),
('H3', 261, 42, 2),
('H3', 262, 42, 3),
('H3', 263, 42, 4),
('H3', 264, 42, 5),
('H3', 265, 42, 6),
('H3', 266, 42, 7),
('H3', 267, 42, 8),
('H3', 268, 42, 9),
('H3', 269, 43, 1),
('H3', 270, 43, 2),
('H3', 271, 43, 3),
('H3', 272, 43, 4),
('H3', 273, 44, 1),
('H3', 274, 44, 2),
('H3', 275, 44, 3),
('H3', 276, 44, 4),
('H3', 277, 45, 1),
('H3', 278, 45, 2),
('H3', 279, 45, 3),
('H3', 280, 45, 4),
('H3', 281, 45, 5),
('H3', 282, 45, 6),
('H3', 283, 45, 7),
('H3', 284, 45, 8),
('H3', 285, 45, 9),
('H3', 286, 45, 10),
('H3', 287, 45, 11),
('H3', 288, 12, 1),
('H3', 289, 46, 1),
('H3', 290, 46, 2),
('H3', 291, 46, 3),
('H3', 292, 46, 4),
('H3', 293, 46, 5),
('H3', 294, 46, 6),
('H3', 295, 2, 1),
('H3', 296, 47, 1),
('H3', 297, 47, 2),
('H3', 298, 47, 3),
('H3', 299, 48, 1),
('H3', 300, 48, 2),
('H3', 303, 49, 1),
('H3', 304, 49, 2),
('H3', 305, 19, 5),
('H3', 306, 19, 6),
('H3', 307, 19, 7),
('H3', 308, 19, 8),
('H3', 309, 19, 9),
('H3', 310, 19, 10),
('H3', 311, 19, 11),
('H3', 312, 21, 10),
('H3', 313, 21, 11),
('H3', 314, 21, 12),
('H3', 315, 21, 13),
('H3', 316, 21, 14),
('H3', 317, 21, 15),
('H3', 327, 14, 12),
('H3', 328, 14, 13),
('H3', 329, 14, 14),
('H3', 330, 14, 15),
('H3', 331, 14, 16),
('H3', 332, 14, 17),
('H3', 333, 20, 6),
('H3', 334, 20, 7),
('H3', 335, 20, 8),
('H3', 336, 11, 32),
('H3', 337, 11, 33),
('H3', 338, 11, 34),
('H3', 339, 11, 35),
('H3', 340, 11, 36),
('H3', 341, 1, 11),
('H3', 342, 1, 12),
('H3', 343, 50, 1),
('H3', 344, 50, 2),
('H3', 345, 51, 1),
('H3', 346, 51, 2),
('H3', 347, 51, 3),
('H3', 348, 51, 4),
('H3', 349, 52, 1),
('H3', 350, 52, 2),
('H3', 351, 52, 3),
('H3', 352, 52, 4),
('H3', 353, 53, 1),
('H3', 354, 53, 2),
('H3', 355, 53, 3),
('H3', 356, 53, 4),
('H3', 357, 54, 1),
('H3', 358, 54, 2),
('H3', 359, 55, 1),
('H3', 360, 55, 2),
('H3', 361, 56, 1),
('H3', 362, 56, 2),
('H3', 363, 56, 3),
('H3', 364, 56, 4),
('H3', 365, 56, 5),
('H3', 366, 57, 1),
('H3', 367, 57, 2),
('H3', 368, 57, 3),
('H3', 369, 57, 4),
('H3', 370, 57, 5),
('H3', 371, 57, 6),
('H3', 372, 58, 1),
('H3', 373, 58, 2),
('H3', 374, 58, 3),
('H3', 375, 58, 4),
('H3', 376, 59, 1),
('H3', 377, 59, 2),
('H3', 378, 59, 3),
('H3', 379, 59, 4),
('H3', 380, 60, 1),
('H3', 381, 60, 2),
('H3', 382, 60, 3),
('H3', 383, 60, 4),
('H3', 384, 60, 5),
('H3', 385, 61, 1),
('H3', 386, 61, 2),
('H3', 387, 61, 3),
('H3', 388, 61, 4),
('H3', 389, 62, 1),
('H3', 390, 62, 2),
('H3', 391, 62, 3),
('H3', 392, 62, 4),
('H3', 393, 63, 1),
('H3', 394, 63, 2),
('H3', 395, 63, 3),
('H3', 396, 63, 4),
('H3', 397, 63, 5),
('H3', 398, 32, 1),
('H3', 399, 32, 2),
('H3', 400, 32, 3),
('H3', 401, 32, 4),
('H3', 402, 32, 5),
('H3', 403, 34, 1),
('H3', 404, 34, 2),
('H3', 405, 34, 3),
('H3', 406, 34, 4),
('H3', 407, 64, 1),
('H3', 408, 64, 2),
('H3', 409, 65, 1),
('H3', 410, 65, 2),
('H3', 411, 66, 1),
('H3', 412, 66, 2),
('H3', 413, 66, 3),
('H3', 414, 67, 1),
('H3', 415, 67, 2),
('H3', 416, 67, 3),
('H3', 417, 67, 4),
('H3', 418, 68, 1),
('H3', 419, 68, 2),
('H3', 420, 68, 3),
('H3', 421, 68, 4),
('H3', 422, 69, 1),
('H3', 423, 69, 2),
('H3', 424, 69, 3),
('H3', 425, 69, 4),
('H3', 426, 70, 1),
('H3', 427, 70, 2),
('H3', 428, 70, 3),
('H3', 429, 70, 4),
('H3', 430, 70, 5),
('H3', 431, 71, 1),
('H3', 432, 71, 2),
('H3', 433, 72, 1),
('H3', 434, 72, 2),
('H3', 435, 72, 3),
('H3', 436, 72, 4),
('H3', 437, 73, 1),
('H3', 438, 73, 2),
('H3', 439, 73, 3),
('H3', 440, 73, 4),
('H3', 441, 71, 1),
('H3', 442, 74, 1),
('H3', 443, 74, 2),
('H3', 444, 74, 3),
('H3', 445, 74, 4),
('H3', 446, 74, 5),
('H3', 447, 74, 6),
('H3', 448, 63, 1),
('H3', 449, 63, 2),
('H3', 450, 63, 3),
('H3', 451, 75, 1),
('H3', 452, 75, 2),
('H3', 453, 75, 3),
('H3', 454, 75, 4),
('H3', 455, 75, 5),
('H3', 456, 75, 6),
('H3', 457, 76, 1),
('H3', 458, 76, 2),
('H3', 459, 76, 3),
('H3', 460, 76, 4),
('H3', 461, 76, 5),
('H3', 462, 76, 6),
('H3', 463, 76, 7),
('H3', 464, 77, 1),
('H3', 465, 77, 2),
('H3', 466, 78, 1),
('H3', 467, 78, 2),
('H3', 468, 78, 3),
('H3', 469, 79, 1),
('H3', 470, 79, 2),
('H3', 471, 79, 3),
('H3', 472, 79, 4),
('H3', 473, 80, 1),
('H3', 474, 80, 2),
('H3', 475, 80, 3),
('H3', 476, 80, 4),
('H3', 477, 81, 1),
('H3', 478, 81, 2),
('H3', 479, 82, 1),
('H3', 480, 82, 2),
('H3', 481, 82, 3),
('H3', 482, 82, 4),
('H3', 483, 82, 5),
('H3', 484, 83, 1),
('H3', 485, 83, 2),
('H3', 486, 83, 3),
('H3', 487, 84, 1),
('H3', 488, 84, 2),
('H3', 489, 84, 3),
('H3', 490, 84, 4),
('H3', 491, 84, 5),
('H3', 492, 85, 1),
('H3', 493, 85, 1),
('H3', 494, 86, 1),
('H3', 495, 86, 2),
('H3', 496, 86, 3),
('H3', 497, 87, 1),
('H3', 498, 87, 2),
('H3', 499, 87, 3),
('H3', 500, 88, 1),
('H3', 501, 89, 1),
('H3', 502, 90, 1),
('H3', 503, 90, 2),
('H3', 504, 90, 3),
('H3', 505, 91, 1),
('H3', 506, 91, 2),
('H3', 507, 91, 3),
('H3', 508, 91, 4),
('H3', 509, 91, 5),
('H3', 510, 92, 1),
('H3', 511, 92, 2),
('H3', 512, 92, 3),
('H3', 513, 92, 4),
('H3', 514, 93, 1),
('H3', 515, 93, 2),
('H3', 516, 93, 3),
('H3', 517, 93, 4),
('H3', 518, 93, 5),
('H30', 1, 1, 0),
('H30', 2, 1, 1),
('H30', 3, 1, 2),
('H30', 4, 1, 3),
('H30', 5, 1, 4),
('H30', 6, 1, 5),
('H30', 7, 1, 6),
('H30', 8, 1, 7),
('H30', 9, 1, 8),
('H30', 10, 1, 9),
('H30', 11, 1, 10),
('H30', 12, 2, 0),
('H30', 13, 2, 1),
('H30', 14, 3, 0),
('H30', 15, 3, 1),
('H30', 16, 3, 2),
('H30', 17, 3, 3),
('H30', 18, 3, 4),
('H30', 19, 3, 5),
('H30', 20, 4, 0),
('H30', 21, 4, 1),
('H30', 22, 4, 2),
('H30', 23, 4, 3),
('H30', 24, 4, 4),
('H30', 25, 4, 5),
('H30', 26, 4, 6),
('H30', 27, 4, 7),
('H30', 28, 4, 8),
('H30', 29, 4, 9),
('H30', 30, 4, 10),
('H30', 31, 4, 11),
('H30', 32, 4, 12),
('H30', 33, 5, 0),
('H30', 34, 5, 1),
('H30', 35, 5, 2),
('H30', 36, 5, 3),
('H30', 37, 5, 4),
('H30', 38, 6, 0),
('H30', 39, 6, 1),
('H30', 40, 6, 2),
('H30', 41, 7, 0),
('H30', 42, 7, 1),
('H30', 43, 7, 2),
('H30', 44, 7, 3),
('H30', 45, 7, 4),
('H30', 46, 8, 0),
('H30', 47, 9, 0),
('H30', 48, 9, 1),
('H30', 49, 9, 2),
('H30', 50, 9, 3),
('H30', 51, 10, 0),
('H30', 52, 10, 1),
('H30', 53, 10, 2),
('H30', 54, 10, 3),
('H30', 55, 10, 4),
('H30', 56, 10, 5),
('H30', 57, 10, 6),
('H30', 58, 10, 7),
('H30', 59, 10, 8),
('H30', 60, 11, 0),
('H30', 61, 11, 1),
('H30', 62, 11, 2),
('H30', 63, 11, 3),
('H30', 64, 11, 4),
('H30', 65, 11, 5),
('H30', 66, 11, 6),
('H30', 67, 11, 7),
('H30', 68, 11, 8),
('H30', 69, 11, 9),
('H30', 70, 11, 10),
('H30', 71, 11, 11),
('H30', 72, 11, 12),
('H30', 73, 11, 13),
('H30', 74, 11, 14),
('H30', 75, 11, 15),
('H30', 76, 11, 16),
('H30', 77, 11, 17),
('H30', 78, 11, 18),
('H30', 79, 11, 19),
('H30', 80, 11, 20),
('H30', 81, 11, 21),
('H30', 82, 11, 22),
('H30', 83, 11, 23),
('H30', 84, 11, 24),
('H30', 85, 11, 25),
('H30', 86, 11, 26),
('H30', 87, 11, 27),
('H30', 88, 11, 28),
('H30', 89, 11, 29),
('H30', 90, 11, 30),
('H30', 91, 11, 31),
('H30', 92, 12, 0),
('H30', 93, 12, 1),
('H30', 94, 12, 2),
('H30', 95, 12, 3),
('H30', 96, 12, 4),
('H30', 97, 12, 5),
('H30', 98, 13, 0),
('H30', 99, 13, 1),
('H30', 100, 13, 2),
('H30', 101, 13, 3),
('H30', 102, 13, 4),
('H30', 103, 13, 5),
('H30', 104, 13, 6),
('H30', 105, 13, 7),
('H30', 106, 13, 8),
('H30', 107, 13, 9),
('H30', 108, 13, 10),
('H30', 109, 13, 11),
('H30', 110, 13, 12),
('H30', 111, 14, 0),
('H30', 112, 14, 1),
('H30', 113, 14, 2),
('H30', 114, 14, 3),
('H30', 115, 14, 4),
('H30', 116, 14, 5),
('H30', 117, 14, 6),
('H30', 118, 14, 7),
('H30', 119, 14, 8),
('H30', 120, 14, 9),
('H30', 121, 14, 10),
('H30', 122, 14, 11),
('H30', 123, 15, 0),
('H30', 124, 15, 1),
('H30', 125, 15, 2),
('H30', 126, 15, 3),
('H30', 127, 16, 0),
('H30', 128, 16, 1),
('H30', 129, 16, 2),
('H30', 130, 17, 0),
('H30', 131, 17, 1),
('H30', 132, 17, 2),
('H30', 133, 17, 3),
('H30', 134, 17, 4),
('H30', 135, 18, 0),
('H30', 136, 18, 1),
('H30', 137, 18, 2),
('H30', 138, 18, 3),
('H30', 139, 19, 0),
('H30', 140, 19, 1),
('H30', 141, 19, 2),
('H30', 142, 19, 3),
('H30', 143, 19, 4),
('H30', 144, 20, 0),
('H30', 145, 20, 1),
('H30', 146, 20, 2),
('H30', 147, 20, 3),
('H30', 148, 20, 4),
('H30', 149, 20, 5),
('H30', 150, 21, 0),
('H30', 151, 21, 1),
('H30', 152, 21, 2),
('H30', 153, 21, 3),
('H30', 154, 21, 4),
('H30', 155, 21, 5),
('H30', 156, 21, 6),
('H30', 157, 21, 7),
('H30', 158, 21, 8),
('H30', 159, 21, 9),
('H30', 160, 22, 0),
('H30', 161, 22, 1),
('H30', 162, 22, 2),
('H30', 163, 22, 3),
('H30', 164, 22, 4),
('H30', 165, 22, 5),
('H30', 166, 23, 0),
('H30', 167, 23, 1),
('H30', 168, 23, 2),
('H30', 169, 23, 3),
('H30', 170, 24, 0),
('H30', 171, 24, 1),
('H30', 172, 24, 2),
('H30', 173, 25, 0),
('H30', 174, 25, 1),
('H30', 175, 25, 2),
('H30', 176, 25, 3),
('H30', 177, 25, 4),
('H30', 178, 25, 5),
('H30', 179, 26, 0),
('H30', 180, 26, 1),
('H30', 181, 26, 2),
('H30', 182, 27, 0),
('H30', 183, 27, 1),
('H30', 184, 27, 2),
('H30', 185, 27, 3),
('H30', 186, 28, 0),
('H30', 187, 28, 1),
('H30', 188, 28, 2),
('H30', 189, 28, 3),
('H30', 190, 29, 0),
('H30', 191, 29, 1),
('H30', 192, 29, 2),
('H30', 193, 29, 3),
('H30', 194, 30, 0),
('H30', 195, 30, 1),
('H30', 196, 30, 2),
('H30', 197, 30, 3),
('H30', 198, 30, 4),
('H30', 199, 30, 5),
('H30', 200, 30, 6),
('H30', 201, 30, 7),
('H30', 202, 30, 8),
('H30', 203, 30, 9),
('H30', 204, 30, 10),
('H30', 205, 30, 11),
('H30', 206, 30, 12),
('H30', 207, 30, 13),
('H30', 208, 30, 14),
('H30', 209, 30, 15),
('H30', 210, 31, 1),
('H30', 211, 31, 2),
('H30', 212, 31, 3),
('H30', 213, 31, 4),
('H30', 214, 32, 1),
('H30', 215, 32, 2),
('H30', 216, 32, 3),
('H30', 217, 32, 4),
('H30', 218, 32, 5),
('H30', 219, 32, 6),
('H30', 220, 33, 1),
('H30', 221, 33, 2),
('H30', 222, 33, 3),
('H30', 223, 34, 1),
('H30', 224, 34, 2),
('H30', 225, 34, 3),
('H30', 226, 35, 1),
('H30', 227, 35, 2),
('H30', 228, 35, 3),
('H30', 229, 36, 1),
('H30', 230, 36, 2),
('H30', 231, 36, 3),
('H30', 232, 36, 4),
('H30', 233, 36, 5),
('H30', 234, 36, 6),
('H30', 235, 37, 1),
('H30', 236, 37, 2),
('H30', 237, 38, 1),
('H30', 238, 38, 2),
('H30', 239, 38, 3),
('H30', 240, 38, 4),
('H30', 241, 39, 1),
('H30', 242, 39, 2),
('H30', 243, 39, 3),
('H30', 244, 39, 4),
('H30', 245, 40, 1),
('H30', 246, 40, 2),
('H30', 247, 40, 3),
('H30', 248, 40, 4),
('H30', 249, 41, 1),
('H30', 250, 41, 2),
('H30', 251, 41, 3),
('H30', 252, 41, 4),
('H30', 253, 41, 5),
('H30', 254, 41, 6),
('H30', 255, 41, 7),
('H30', 256, 41, 8),
('H30', 257, 41, 9),
('H30', 258, 41, 10),
('H30', 259, 41, 11),
('H30', 260, 42, 1),
('H30', 261, 42, 2),
('H30', 262, 42, 3),
('H30', 263, 42, 4),
('H30', 264, 42, 5),
('H30', 265, 42, 6),
('H30', 266, 42, 7),
('H30', 267, 42, 8),
('H30', 268, 42, 9),
('H30', 269, 43, 1),
('H30', 270, 43, 2),
('H30', 271, 43, 3),
('H30', 272, 43, 4),
('H30', 273, 44, 1),
('H30', 274, 44, 2),
('H30', 275, 44, 3),
('H30', 276, 44, 4),
('H30', 277, 45, 1),
('H30', 278, 45, 2),
('H30', 279, 45, 3),
('H30', 280, 45, 4),
('H30', 281, 45, 5),
('H30', 282, 45, 6),
('H30', 283, 45, 7),
('H30', 284, 45, 8),
('H30', 285, 45, 9),
('H30', 286, 45, 10),
('H30', 287, 45, 11),
('H30', 288, 12, 1),
('H30', 289, 46, 1),
('H30', 290, 46, 2),
('H30', 291, 46, 3),
('H30', 292, 46, 4),
('H30', 293, 46, 5),
('H30', 294, 46, 6),
('H30', 295, 2, 1),
('H30', 296, 47, 1),
('H30', 297, 47, 2),
('H30', 298, 47, 3),
('H30', 299, 48, 1),
('H30', 300, 48, 2),
('H30', 303, 49, 1),
('H30', 304, 49, 2),
('H30', 305, 19, 5),
('H30', 306, 19, 6),
('H30', 307, 19, 7),
('H30', 308, 19, 8),
('H30', 309, 19, 9),
('H30', 310, 19, 10),
('H30', 311, 19, 11),
('H30', 312, 21, 10),
('H30', 313, 21, 11),
('H30', 314, 21, 12),
('H30', 315, 21, 13),
('H30', 316, 21, 14),
('H30', 317, 21, 15),
('H30', 327, 14, 12),
('H30', 328, 14, 13),
('H30', 329, 14, 14),
('H30', 330, 14, 15),
('H30', 331, 14, 16),
('H30', 332, 14, 17),
('H30', 333, 20, 6),
('H30', 334, 20, 7),
('H30', 335, 20, 8),
('H30', 336, 11, 32),
('H30', 337, 11, 33),
('H30', 338, 11, 34),
('H30', 339, 11, 35),
('H30', 340, 11, 36),
('H30', 341, 1, 11),
('H30', 342, 1, 12),
('H30', 343, 50, 1),
('H30', 344, 50, 2),
('H30', 345, 51, 1),
('H30', 346, 51, 2),
('H30', 347, 51, 3),
('H30', 348, 51, 4),
('H30', 349, 52, 1),
('H30', 350, 52, 2),
('H30', 351, 52, 3),
('H30', 352, 52, 4),
('H30', 353, 53, 1),
('H30', 354, 53, 2),
('H30', 355, 53, 3),
('H30', 356, 53, 4),
('H30', 357, 54, 1),
('H30', 358, 54, 2),
('H30', 359, 55, 1),
('H30', 360, 55, 2),
('H30', 361, 56, 1),
('H30', 362, 56, 2),
('H30', 363, 56, 3),
('H30', 364, 56, 4),
('H30', 365, 56, 5),
('H30', 366, 57, 1),
('H30', 367, 57, 2),
('H30', 368, 57, 3),
('H30', 369, 57, 4),
('H30', 370, 57, 5),
('H30', 371, 57, 6),
('H30', 372, 58, 1),
('H30', 373, 58, 2),
('H30', 374, 58, 3),
('H30', 375, 58, 4),
('H30', 376, 59, 1),
('H30', 377, 59, 2),
('H30', 378, 59, 3),
('H30', 379, 59, 4),
('H30', 380, 60, 1),
('H30', 381, 60, 2),
('H30', 382, 60, 3),
('H30', 383, 60, 4),
('H30', 384, 60, 5),
('H30', 385, 61, 1),
('H30', 386, 61, 2),
('H30', 387, 61, 3),
('H30', 388, 61, 4),
('H30', 389, 62, 1),
('H30', 390, 62, 2),
('H30', 391, 62, 3),
('H30', 392, 62, 4),
('H30', 393, 63, 1),
('H30', 394, 63, 2),
('H30', 395, 63, 3),
('H30', 396, 63, 4),
('H30', 397, 63, 5),
('H30', 398, 32, 1),
('H30', 399, 32, 2),
('H30', 400, 32, 3),
('H30', 401, 32, 4),
('H30', 402, 32, 5),
('H30', 403, 34, 1),
('H30', 404, 34, 2),
('H30', 405, 34, 3),
('H30', 406, 34, 4),
('H30', 407, 64, 1),
('H30', 408, 64, 2),
('H30', 409, 65, 1),
('H30', 410, 65, 2),
('H30', 411, 66, 1),
('H30', 412, 66, 2),
('H30', 413, 66, 3),
('H30', 414, 67, 1),
('H30', 415, 67, 2),
('H30', 416, 67, 3),
('H30', 417, 67, 4),
('H30', 418, 68, 1),
('H30', 419, 68, 2),
('H30', 420, 68, 3),
('H30', 421, 68, 4),
('H30', 422, 69, 1),
('H30', 423, 69, 2),
('H30', 424, 69, 3),
('H30', 425, 69, 4),
('H30', 426, 70, 1),
('H30', 427, 70, 2),
('H30', 428, 70, 3),
('H30', 429, 70, 4),
('H30', 430, 70, 5),
('H30', 431, 71, 1),
('H30', 432, 71, 2),
('H30', 433, 72, 1),
('H30', 434, 72, 2),
('H30', 435, 72, 3),
('H30', 436, 72, 4),
('H30', 437, 73, 1),
('H30', 438, 73, 2),
('H30', 439, 73, 3),
('H30', 440, 73, 4),
('H30', 441, 71, 1),
('H30', 442, 74, 1),
('H30', 443, 74, 2),
('H30', 444, 74, 3),
('H30', 445, 74, 4),
('H30', 446, 74, 5),
('H30', 447, 74, 6),
('H30', 448, 63, 1),
('H30', 449, 63, 2),
('H30', 450, 63, 3),
('H30', 451, 75, 1),
('H30', 452, 75, 2),
('H30', 453, 75, 3),
('H30', 454, 75, 4),
('H30', 455, 75, 5),
('H30', 456, 75, 6),
('H30', 457, 76, 1),
('H30', 458, 76, 2),
('H30', 459, 76, 3),
('H30', 460, 76, 4),
('H30', 461, 76, 5),
('H30', 462, 76, 6),
('H30', 463, 76, 7),
('H30', 464, 77, 1),
('H30', 465, 77, 2),
('H30', 466, 78, 1),
('H30', 467, 78, 2),
('H30', 468, 78, 3),
('H30', 469, 79, 1),
('H30', 470, 79, 2),
('H30', 471, 79, 3),
('H30', 472, 79, 4),
('H30', 473, 80, 1),
('H30', 474, 80, 2),
('H30', 475, 80, 3),
('H30', 476, 80, 4),
('H30', 477, 81, 1),
('H30', 478, 81, 2),
('H30', 479, 82, 1),
('H30', 480, 82, 2),
('H30', 481, 82, 3),
('H30', 482, 82, 4),
('H30', 483, 82, 5),
('H30', 484, 83, 1),
('H30', 485, 83, 2),
('H30', 486, 83, 3),
('H30', 487, 84, 1),
('H30', 488, 84, 2),
('H30', 489, 84, 3),
('H30', 490, 84, 4),
('H30', 491, 84, 5),
('H30', 492, 85, 1),
('H30', 493, 85, 1),
('H30', 494, 86, 1),
('H30', 495, 86, 2),
('H30', 496, 86, 3),
('H30', 497, 87, 1),
('H30', 498, 87, 2),
('H30', 499, 87, 3),
('H30', 500, 88, 1),
('H30', 501, 89, 1),
('H30', 502, 90, 1),
('H30', 503, 90, 2),
('H30', 504, 90, 3),
('H30', 505, 91, 1),
('H30', 506, 91, 2),
('H30', 507, 91, 3),
('H30', 508, 91, 4),
('H30', 509, 91, 5),
('H30', 510, 92, 1),
('H30', 511, 92, 2),
('H30', 512, 92, 3),
('H30', 513, 92, 4),
('H30', 514, 93, 1),
('H30', 515, 93, 2),
('H30', 516, 93, 3),
('H30', 517, 93, 4),
('H30', 518, 93, 5),
('H31', 1, 1, 0),
('H31', 2, 1, 1),
('H31', 3, 1, 2),
('H31', 4, 1, 3),
('H31', 5, 1, 4),
('H31', 6, 1, 5),
('H31', 7, 1, 6),
('H31', 8, 1, 7),
('H31', 9, 1, 8),
('H31', 10, 1, 9),
('H31', 11, 1, 10),
('H31', 12, 2, 0),
('H31', 13, 2, 1),
('H31', 14, 3, 0),
('H31', 15, 3, 1),
('H31', 16, 3, 2),
('H31', 17, 3, 3),
('H31', 18, 3, 4),
('H31', 19, 3, 5),
('H31', 20, 4, 0),
('H31', 21, 4, 1),
('H31', 22, 4, 2),
('H31', 23, 4, 3),
('H31', 24, 4, 4),
('H31', 25, 4, 5),
('H31', 26, 4, 6),
('H31', 27, 4, 7),
('H31', 28, 4, 8),
('H31', 29, 4, 9),
('H31', 30, 4, 10),
('H31', 31, 4, 11),
('H31', 32, 4, 12),
('H31', 33, 5, 0),
('H31', 34, 5, 1),
('H31', 35, 5, 2),
('H31', 36, 5, 3),
('H31', 37, 5, 4),
('H31', 38, 6, 0),
('H31', 39, 6, 1),
('H31', 40, 6, 2),
('H31', 41, 7, 0),
('H31', 42, 7, 1),
('H31', 43, 7, 2),
('H31', 44, 7, 3),
('H31', 45, 7, 4),
('H31', 46, 8, 0),
('H31', 47, 9, 0),
('H31', 48, 9, 1),
('H31', 49, 9, 2),
('H31', 50, 9, 3),
('H31', 51, 10, 0),
('H31', 52, 10, 1),
('H31', 53, 10, 2),
('H31', 54, 10, 3),
('H31', 55, 10, 4),
('H31', 56, 10, 5),
('H31', 57, 10, 6),
('H31', 58, 10, 7),
('H31', 59, 10, 8),
('H31', 60, 11, 0),
('H31', 61, 11, 1),
('H31', 62, 11, 2),
('H31', 63, 11, 3),
('H31', 64, 11, 4),
('H31', 65, 11, 5),
('H31', 66, 11, 6),
('H31', 67, 11, 7),
('H31', 68, 11, 8),
('H31', 69, 11, 9),
('H31', 70, 11, 10),
('H31', 71, 11, 11),
('H31', 72, 11, 12),
('H31', 73, 11, 13),
('H31', 74, 11, 14),
('H31', 75, 11, 15),
('H31', 76, 11, 16),
('H31', 77, 11, 17),
('H31', 78, 11, 18),
('H31', 79, 11, 19),
('H31', 80, 11, 20),
('H31', 81, 11, 21),
('H31', 82, 11, 22),
('H31', 83, 11, 23),
('H31', 84, 11, 24),
('H31', 85, 11, 25),
('H31', 86, 11, 26),
('H31', 87, 11, 27),
('H31', 88, 11, 28),
('H31', 89, 11, 29),
('H31', 90, 11, 30),
('H31', 91, 11, 31),
('H31', 92, 12, 0),
('H31', 93, 12, 1),
('H31', 94, 12, 2),
('H31', 95, 12, 3),
('H31', 96, 12, 4),
('H31', 97, 12, 5),
('H31', 98, 13, 0),
('H31', 99, 13, 1),
('H31', 100, 13, 2),
('H31', 101, 13, 3),
('H31', 102, 13, 4),
('H31', 103, 13, 5),
('H31', 104, 13, 6),
('H31', 105, 13, 7),
('H31', 106, 13, 8),
('H31', 107, 13, 9),
('H31', 108, 13, 10),
('H31', 109, 13, 11),
('H31', 110, 13, 12),
('H31', 111, 14, 0),
('H31', 112, 14, 1),
('H31', 113, 14, 2),
('H31', 114, 14, 3),
('H31', 115, 14, 4),
('H31', 116, 14, 5),
('H31', 117, 14, 6),
('H31', 118, 14, 7),
('H31', 119, 14, 8),
('H31', 120, 14, 9),
('H31', 121, 14, 10),
('H31', 122, 14, 11),
('H31', 123, 15, 0),
('H31', 124, 15, 1),
('H31', 125, 15, 2),
('H31', 126, 15, 3),
('H31', 127, 16, 0),
('H31', 128, 16, 1),
('H31', 129, 16, 2),
('H31', 130, 17, 0),
('H31', 131, 17, 1),
('H31', 132, 17, 2),
('H31', 133, 17, 3),
('H31', 134, 17, 4),
('H31', 135, 18, 0),
('H31', 136, 18, 1),
('H31', 137, 18, 2),
('H31', 138, 18, 3),
('H31', 139, 19, 0),
('H31', 140, 19, 1),
('H31', 141, 19, 2),
('H31', 142, 19, 3),
('H31', 143, 19, 4),
('H31', 144, 20, 0),
('H31', 145, 20, 1),
('H31', 146, 20, 2),
('H31', 147, 20, 3),
('H31', 148, 20, 4),
('H31', 149, 20, 5),
('H31', 150, 21, 0),
('H31', 151, 21, 1),
('H31', 152, 21, 2),
('H31', 153, 21, 3),
('H31', 154, 21, 4),
('H31', 155, 21, 5),
('H31', 156, 21, 6),
('H31', 157, 21, 7),
('H31', 158, 21, 8),
('H31', 159, 21, 9),
('H31', 160, 22, 0),
('H31', 161, 22, 1),
('H31', 162, 22, 2),
('H31', 163, 22, 3),
('H31', 164, 22, 4),
('H31', 165, 22, 5),
('H31', 166, 23, 0),
('H31', 167, 23, 1),
('H31', 168, 23, 2),
('H31', 169, 23, 3),
('H31', 170, 24, 0),
('H31', 171, 24, 1),
('H31', 172, 24, 2),
('H31', 173, 25, 0),
('H31', 174, 25, 1),
('H31', 175, 25, 2),
('H31', 176, 25, 3),
('H31', 177, 25, 4),
('H31', 178, 25, 5),
('H31', 179, 26, 0),
('H31', 180, 26, 1),
('H31', 181, 26, 2),
('H31', 182, 27, 0),
('H31', 183, 27, 1),
('H31', 184, 27, 2),
('H31', 185, 27, 3),
('H31', 186, 28, 0),
('H31', 187, 28, 1),
('H31', 188, 28, 2),
('H31', 189, 28, 3),
('H31', 190, 29, 0),
('H31', 191, 29, 1),
('H31', 192, 29, 2),
('H31', 193, 29, 3),
('H31', 194, 30, 0),
('H31', 195, 30, 1),
('H31', 196, 30, 2),
('H31', 197, 30, 3),
('H31', 198, 30, 4),
('H31', 199, 30, 5),
('H31', 200, 30, 6),
('H31', 201, 30, 7),
('H31', 202, 30, 8),
('H31', 203, 30, 9);
INSERT IGNORE INTO `vtiger_role2picklist` (`roleid`, `picklistvalueid`, `picklistid`, `sortid`) VALUES
('H31', 204, 30, 10),
('H31', 205, 30, 11),
('H31', 206, 30, 12),
('H31', 207, 30, 13),
('H31', 208, 30, 14),
('H31', 209, 30, 15),
('H31', 210, 31, 1),
('H31', 211, 31, 2),
('H31', 212, 31, 3),
('H31', 213, 31, 4),
('H31', 214, 32, 1),
('H31', 215, 32, 2),
('H31', 216, 32, 3),
('H31', 217, 32, 4),
('H31', 218, 32, 5),
('H31', 219, 32, 6),
('H31', 220, 33, 1),
('H31', 221, 33, 2),
('H31', 222, 33, 3),
('H31', 223, 34, 1),
('H31', 224, 34, 2),
('H31', 225, 34, 3),
('H31', 226, 35, 1),
('H31', 227, 35, 2),
('H31', 228, 35, 3),
('H31', 229, 36, 1),
('H31', 230, 36, 2),
('H31', 231, 36, 3),
('H31', 232, 36, 4),
('H31', 233, 36, 5),
('H31', 234, 36, 6),
('H31', 235, 37, 1),
('H31', 236, 37, 2),
('H31', 237, 38, 1),
('H31', 238, 38, 2),
('H31', 239, 38, 3),
('H31', 240, 38, 4),
('H31', 241, 39, 1),
('H31', 242, 39, 2),
('H31', 243, 39, 3),
('H31', 244, 39, 4),
('H31', 245, 40, 1),
('H31', 246, 40, 2),
('H31', 247, 40, 3),
('H31', 248, 40, 4),
('H31', 249, 41, 1),
('H31', 250, 41, 2),
('H31', 251, 41, 3),
('H31', 252, 41, 4),
('H31', 253, 41, 5),
('H31', 254, 41, 6),
('H31', 255, 41, 7),
('H31', 256, 41, 8),
('H31', 257, 41, 9),
('H31', 258, 41, 10),
('H31', 259, 41, 11),
('H31', 260, 42, 1),
('H31', 261, 42, 2),
('H31', 262, 42, 3),
('H31', 263, 42, 4),
('H31', 264, 42, 5),
('H31', 265, 42, 6),
('H31', 266, 42, 7),
('H31', 267, 42, 8),
('H31', 268, 42, 9),
('H31', 269, 43, 1),
('H31', 270, 43, 2),
('H31', 271, 43, 3),
('H31', 272, 43, 4),
('H31', 273, 44, 1),
('H31', 274, 44, 2),
('H31', 275, 44, 3),
('H31', 276, 44, 4),
('H31', 277, 45, 1),
('H31', 278, 45, 2),
('H31', 279, 45, 3),
('H31', 280, 45, 4),
('H31', 281, 45, 5),
('H31', 282, 45, 6),
('H31', 283, 45, 7),
('H31', 284, 45, 8),
('H31', 285, 45, 9),
('H31', 286, 45, 10),
('H31', 287, 45, 11),
('H31', 288, 12, 1),
('H31', 289, 46, 1),
('H31', 290, 46, 2),
('H31', 291, 46, 3),
('H31', 292, 46, 4),
('H31', 293, 46, 5),
('H31', 294, 46, 6),
('H31', 295, 2, 1),
('H31', 296, 47, 1),
('H31', 297, 47, 2),
('H31', 298, 47, 3),
('H31', 299, 48, 1),
('H31', 300, 48, 2),
('H31', 303, 49, 1),
('H31', 304, 49, 2),
('H31', 305, 19, 5),
('H31', 306, 19, 6),
('H31', 307, 19, 7),
('H31', 308, 19, 8),
('H31', 309, 19, 9),
('H31', 310, 19, 10),
('H31', 311, 19, 11),
('H31', 312, 21, 10),
('H31', 313, 21, 11),
('H31', 314, 21, 12),
('H31', 315, 21, 13),
('H31', 316, 21, 14),
('H31', 317, 21, 15),
('H31', 327, 14, 12),
('H31', 328, 14, 13),
('H31', 329, 14, 14),
('H31', 330, 14, 15),
('H31', 331, 14, 16),
('H31', 332, 14, 17),
('H31', 333, 20, 6),
('H31', 334, 20, 7),
('H31', 335, 20, 8),
('H31', 336, 11, 32),
('H31', 337, 11, 33),
('H31', 338, 11, 34),
('H31', 339, 11, 35),
('H31', 340, 11, 36),
('H31', 341, 1, 11),
('H31', 342, 1, 12),
('H31', 343, 50, 1),
('H31', 344, 50, 2),
('H31', 345, 51, 1),
('H31', 346, 51, 2),
('H31', 347, 51, 3),
('H31', 348, 51, 4),
('H31', 349, 52, 1),
('H31', 350, 52, 2),
('H31', 351, 52, 3),
('H31', 352, 52, 4),
('H31', 353, 53, 1),
('H31', 354, 53, 2),
('H31', 355, 53, 3),
('H31', 356, 53, 4),
('H31', 357, 54, 1),
('H31', 358, 54, 2),
('H31', 359, 55, 1),
('H31', 360, 55, 2),
('H31', 361, 56, 1),
('H31', 362, 56, 2),
('H31', 363, 56, 3),
('H31', 364, 56, 4),
('H31', 365, 56, 5),
('H31', 366, 57, 1),
('H31', 367, 57, 2),
('H31', 368, 57, 3),
('H31', 369, 57, 4),
('H31', 370, 57, 5),
('H31', 371, 57, 6),
('H31', 372, 58, 1),
('H31', 373, 58, 2),
('H31', 374, 58, 3),
('H31', 375, 58, 4),
('H31', 376, 59, 1),
('H31', 377, 59, 2),
('H31', 378, 59, 3),
('H31', 379, 59, 4),
('H31', 380, 60, 1),
('H31', 381, 60, 2),
('H31', 382, 60, 3),
('H31', 383, 60, 4),
('H31', 384, 60, 5),
('H31', 385, 61, 1),
('H31', 386, 61, 2),
('H31', 387, 61, 3),
('H31', 388, 61, 4),
('H31', 389, 62, 1),
('H31', 390, 62, 2),
('H31', 391, 62, 3),
('H31', 392, 62, 4),
('H31', 393, 63, 1),
('H31', 394, 63, 2),
('H31', 395, 63, 3),
('H31', 396, 63, 4),
('H31', 397, 63, 5),
('H31', 398, 32, 1),
('H31', 399, 32, 2),
('H31', 400, 32, 3),
('H31', 401, 32, 4),
('H31', 402, 32, 5),
('H31', 403, 34, 1),
('H31', 404, 34, 2),
('H31', 405, 34, 3),
('H31', 406, 34, 4),
('H31', 407, 64, 1),
('H31', 408, 64, 2),
('H31', 409, 65, 1),
('H31', 410, 65, 2),
('H31', 411, 66, 1),
('H31', 412, 66, 2),
('H31', 413, 66, 3),
('H31', 414, 67, 1),
('H31', 415, 67, 2),
('H31', 416, 67, 3),
('H31', 417, 67, 4),
('H31', 418, 68, 1),
('H31', 419, 68, 2),
('H31', 420, 68, 3),
('H31', 421, 68, 4),
('H31', 422, 69, 1),
('H31', 423, 69, 2),
('H31', 424, 69, 3),
('H31', 425, 69, 4),
('H31', 426, 70, 1),
('H31', 427, 70, 2),
('H31', 428, 70, 3),
('H31', 429, 70, 4),
('H31', 430, 70, 5),
('H31', 431, 71, 1),
('H31', 432, 71, 2),
('H31', 433, 72, 1),
('H31', 434, 72, 2),
('H31', 435, 72, 3),
('H31', 436, 72, 4),
('H31', 437, 73, 1),
('H31', 438, 73, 2),
('H31', 439, 73, 3),
('H31', 440, 73, 4),
('H31', 441, 71, 1),
('H31', 442, 74, 1),
('H31', 443, 74, 2),
('H31', 444, 74, 3),
('H31', 445, 74, 4),
('H31', 446, 74, 5),
('H31', 447, 74, 6),
('H31', 448, 63, 1),
('H31', 449, 63, 2),
('H31', 450, 63, 3),
('H31', 451, 75, 1),
('H31', 452, 75, 2),
('H31', 453, 75, 3),
('H31', 454, 75, 4),
('H31', 455, 75, 5),
('H31', 456, 75, 6),
('H31', 457, 76, 1),
('H31', 458, 76, 2),
('H31', 459, 76, 3),
('H31', 460, 76, 4),
('H31', 461, 76, 5),
('H31', 462, 76, 6),
('H31', 463, 76, 7),
('H31', 464, 77, 1),
('H31', 465, 77, 2),
('H31', 466, 78, 1),
('H31', 467, 78, 2),
('H31', 468, 78, 3),
('H31', 469, 79, 1),
('H31', 470, 79, 2),
('H31', 471, 79, 3),
('H31', 472, 79, 4),
('H31', 473, 80, 1),
('H31', 474, 80, 2),
('H31', 475, 80, 3),
('H31', 476, 80, 4),
('H31', 477, 81, 1),
('H31', 478, 81, 2),
('H31', 479, 82, 1),
('H31', 480, 82, 2),
('H31', 481, 82, 3),
('H31', 482, 82, 4),
('H31', 483, 82, 5),
('H31', 484, 83, 1),
('H31', 485, 83, 2),
('H31', 486, 83, 3),
('H31', 487, 84, 1),
('H31', 488, 84, 2),
('H31', 489, 84, 3),
('H31', 490, 84, 4),
('H31', 491, 84, 5),
('H31', 492, 85, 1),
('H31', 493, 85, 1),
('H31', 494, 86, 1),
('H31', 495, 86, 2),
('H31', 496, 86, 3),
('H31', 497, 87, 1),
('H31', 498, 87, 2),
('H31', 499, 87, 3),
('H31', 500, 88, 1),
('H31', 501, 89, 1),
('H31', 502, 90, 1),
('H31', 503, 90, 2),
('H31', 504, 90, 3),
('H31', 505, 91, 1),
('H31', 506, 91, 2),
('H31', 507, 91, 3),
('H31', 508, 91, 4),
('H31', 509, 91, 5),
('H31', 510, 92, 1),
('H31', 511, 92, 2),
('H31', 512, 92, 3),
('H31', 513, 92, 4),
('H31', 514, 93, 1),
('H31', 515, 93, 2),
('H31', 516, 93, 3),
('H31', 517, 93, 4),
('H31', 518, 93, 5),
('H4', 1, 1, 0),
('H4', 2, 1, 1),
('H4', 3, 1, 2),
('H4', 4, 1, 3),
('H4', 5, 1, 4),
('H4', 6, 1, 5),
('H4', 7, 1, 6),
('H4', 8, 1, 7),
('H4', 9, 1, 8),
('H4', 10, 1, 9),
('H4', 11, 1, 10),
('H4', 12, 2, 0),
('H4', 13, 2, 1),
('H4', 14, 3, 0),
('H4', 15, 3, 1),
('H4', 16, 3, 2),
('H4', 17, 3, 3),
('H4', 18, 3, 4),
('H4', 19, 3, 5),
('H4', 20, 4, 0),
('H4', 21, 4, 1),
('H4', 22, 4, 2),
('H4', 23, 4, 3),
('H4', 24, 4, 4),
('H4', 25, 4, 5),
('H4', 26, 4, 6),
('H4', 27, 4, 7),
('H4', 28, 4, 8),
('H4', 29, 4, 9),
('H4', 30, 4, 10),
('H4', 31, 4, 11),
('H4', 32, 4, 12),
('H4', 33, 5, 0),
('H4', 34, 5, 1),
('H4', 35, 5, 2),
('H4', 36, 5, 3),
('H4', 37, 5, 4),
('H4', 38, 6, 0),
('H4', 39, 6, 1),
('H4', 40, 6, 2),
('H4', 41, 7, 0),
('H4', 42, 7, 1),
('H4', 43, 7, 2),
('H4', 44, 7, 3),
('H4', 45, 7, 4),
('H4', 46, 8, 0),
('H4', 47, 9, 0),
('H4', 48, 9, 1),
('H4', 49, 9, 2),
('H4', 50, 9, 3),
('H4', 51, 10, 0),
('H4', 52, 10, 1),
('H4', 53, 10, 2),
('H4', 54, 10, 3),
('H4', 55, 10, 4),
('H4', 56, 10, 5),
('H4', 57, 10, 6),
('H4', 58, 10, 7),
('H4', 59, 10, 8),
('H4', 60, 11, 0),
('H4', 61, 11, 1),
('H4', 62, 11, 2),
('H4', 63, 11, 3),
('H4', 64, 11, 4),
('H4', 65, 11, 5),
('H4', 66, 11, 6),
('H4', 67, 11, 7),
('H4', 68, 11, 8),
('H4', 69, 11, 9),
('H4', 70, 11, 10),
('H4', 71, 11, 11),
('H4', 72, 11, 12),
('H4', 73, 11, 13),
('H4', 74, 11, 14),
('H4', 75, 11, 15),
('H4', 76, 11, 16),
('H4', 77, 11, 17),
('H4', 78, 11, 18),
('H4', 79, 11, 19),
('H4', 80, 11, 20),
('H4', 81, 11, 21),
('H4', 82, 11, 22),
('H4', 83, 11, 23),
('H4', 84, 11, 24),
('H4', 85, 11, 25),
('H4', 86, 11, 26),
('H4', 87, 11, 27),
('H4', 88, 11, 28),
('H4', 89, 11, 29),
('H4', 90, 11, 30),
('H4', 91, 11, 31),
('H4', 92, 12, 0),
('H4', 93, 12, 1),
('H4', 94, 12, 2),
('H4', 95, 12, 3),
('H4', 96, 12, 4),
('H4', 97, 12, 5),
('H4', 98, 13, 0),
('H4', 99, 13, 1),
('H4', 100, 13, 2),
('H4', 101, 13, 3),
('H4', 102, 13, 4),
('H4', 103, 13, 5),
('H4', 104, 13, 6),
('H4', 105, 13, 7),
('H4', 106, 13, 8),
('H4', 107, 13, 9),
('H4', 108, 13, 10),
('H4', 109, 13, 11),
('H4', 110, 13, 12),
('H4', 111, 14, 0),
('H4', 112, 14, 1),
('H4', 113, 14, 2),
('H4', 114, 14, 3),
('H4', 115, 14, 4),
('H4', 116, 14, 5),
('H4', 117, 14, 6),
('H4', 118, 14, 7),
('H4', 119, 14, 8),
('H4', 120, 14, 9),
('H4', 121, 14, 10),
('H4', 122, 14, 11),
('H4', 123, 15, 0),
('H4', 124, 15, 1),
('H4', 125, 15, 2),
('H4', 126, 15, 3),
('H4', 127, 16, 0),
('H4', 128, 16, 1),
('H4', 129, 16, 2),
('H4', 130, 17, 0),
('H4', 131, 17, 1),
('H4', 132, 17, 2),
('H4', 133, 17, 3),
('H4', 134, 17, 4),
('H4', 135, 18, 0),
('H4', 136, 18, 1),
('H4', 137, 18, 2),
('H4', 138, 18, 3),
('H4', 139, 19, 0),
('H4', 140, 19, 1),
('H4', 141, 19, 2),
('H4', 142, 19, 3),
('H4', 143, 19, 4),
('H4', 144, 20, 0),
('H4', 145, 20, 1),
('H4', 146, 20, 2),
('H4', 147, 20, 3),
('H4', 148, 20, 4),
('H4', 149, 20, 5),
('H4', 150, 21, 0),
('H4', 151, 21, 1),
('H4', 152, 21, 2),
('H4', 153, 21, 3),
('H4', 154, 21, 4),
('H4', 155, 21, 5),
('H4', 156, 21, 6),
('H4', 157, 21, 7),
('H4', 158, 21, 8),
('H4', 159, 21, 9),
('H4', 160, 22, 0),
('H4', 161, 22, 1),
('H4', 162, 22, 2),
('H4', 163, 22, 3),
('H4', 164, 22, 4),
('H4', 165, 22, 5),
('H4', 166, 23, 0),
('H4', 167, 23, 1),
('H4', 168, 23, 2),
('H4', 169, 23, 3),
('H4', 170, 24, 0),
('H4', 171, 24, 1),
('H4', 172, 24, 2),
('H4', 173, 25, 0),
('H4', 174, 25, 1),
('H4', 175, 25, 2),
('H4', 176, 25, 3),
('H4', 177, 25, 4),
('H4', 178, 25, 5),
('H4', 179, 26, 0),
('H4', 180, 26, 1),
('H4', 181, 26, 2),
('H4', 182, 27, 0),
('H4', 183, 27, 1),
('H4', 184, 27, 2),
('H4', 185, 27, 3),
('H4', 186, 28, 0),
('H4', 187, 28, 1),
('H4', 188, 28, 2),
('H4', 189, 28, 3),
('H4', 190, 29, 0),
('H4', 191, 29, 1),
('H4', 192, 29, 2),
('H4', 193, 29, 3),
('H4', 194, 30, 0),
('H4', 195, 30, 1),
('H4', 196, 30, 2),
('H4', 197, 30, 3),
('H4', 198, 30, 4),
('H4', 199, 30, 5),
('H4', 200, 30, 6),
('H4', 201, 30, 7),
('H4', 202, 30, 8),
('H4', 203, 30, 9),
('H4', 204, 30, 10),
('H4', 205, 30, 11),
('H4', 206, 30, 12),
('H4', 207, 30, 13),
('H4', 208, 30, 14),
('H4', 209, 30, 15),
('H4', 210, 31, 1),
('H4', 211, 31, 2),
('H4', 212, 31, 3),
('H4', 213, 31, 4),
('H4', 214, 32, 1),
('H4', 215, 32, 2),
('H4', 216, 32, 3),
('H4', 217, 32, 4),
('H4', 218, 32, 5),
('H4', 219, 32, 6),
('H4', 220, 33, 1),
('H4', 221, 33, 2),
('H4', 222, 33, 3),
('H4', 223, 34, 1),
('H4', 224, 34, 2),
('H4', 225, 34, 3),
('H4', 226, 35, 1),
('H4', 227, 35, 2),
('H4', 228, 35, 3),
('H4', 229, 36, 1),
('H4', 230, 36, 2),
('H4', 231, 36, 3),
('H4', 232, 36, 4),
('H4', 233, 36, 5),
('H4', 234, 36, 6),
('H4', 235, 37, 1),
('H4', 236, 37, 2),
('H4', 237, 38, 1),
('H4', 238, 38, 2),
('H4', 239, 38, 3),
('H4', 240, 38, 4),
('H4', 241, 39, 1),
('H4', 242, 39, 2),
('H4', 243, 39, 3),
('H4', 244, 39, 4),
('H4', 245, 40, 1),
('H4', 246, 40, 2),
('H4', 247, 40, 3),
('H4', 248, 40, 4),
('H4', 249, 41, 1),
('H4', 250, 41, 2),
('H4', 251, 41, 3),
('H4', 252, 41, 4),
('H4', 253, 41, 5),
('H4', 254, 41, 6),
('H4', 255, 41, 7),
('H4', 256, 41, 8),
('H4', 257, 41, 9),
('H4', 258, 41, 10),
('H4', 259, 41, 11),
('H4', 260, 42, 1),
('H4', 261, 42, 2),
('H4', 262, 42, 3),
('H4', 263, 42, 4),
('H4', 264, 42, 5),
('H4', 265, 42, 6),
('H4', 266, 42, 7),
('H4', 267, 42, 8),
('H4', 268, 42, 9),
('H4', 269, 43, 1),
('H4', 270, 43, 2),
('H4', 271, 43, 3),
('H4', 272, 43, 4),
('H4', 273, 44, 1),
('H4', 274, 44, 2),
('H4', 275, 44, 3),
('H4', 276, 44, 4),
('H4', 277, 45, 1),
('H4', 278, 45, 2),
('H4', 279, 45, 3),
('H4', 280, 45, 4),
('H4', 281, 45, 5),
('H4', 282, 45, 6),
('H4', 283, 45, 7),
('H4', 284, 45, 8),
('H4', 285, 45, 9),
('H4', 286, 45, 10),
('H4', 287, 45, 11),
('H4', 288, 12, 1),
('H4', 289, 46, 1),
('H4', 290, 46, 2),
('H4', 291, 46, 3),
('H4', 292, 46, 4),
('H4', 293, 46, 5),
('H4', 294, 46, 6),
('H4', 295, 2, 1),
('H4', 296, 47, 1),
('H4', 297, 47, 2),
('H4', 298, 47, 3),
('H4', 299, 48, 1),
('H4', 300, 48, 2),
('H4', 303, 49, 1),
('H4', 304, 49, 2),
('H4', 305, 19, 5),
('H4', 306, 19, 6),
('H4', 307, 19, 7),
('H4', 308, 19, 8),
('H4', 309, 19, 9),
('H4', 310, 19, 10),
('H4', 311, 19, 11),
('H4', 312, 21, 10),
('H4', 313, 21, 11),
('H4', 314, 21, 12),
('H4', 315, 21, 13),
('H4', 316, 21, 14),
('H4', 317, 21, 15),
('H4', 327, 14, 12),
('H4', 328, 14, 13),
('H4', 329, 14, 14),
('H4', 330, 14, 15),
('H4', 331, 14, 16),
('H4', 332, 14, 17),
('H4', 333, 20, 6),
('H4', 334, 20, 7),
('H4', 335, 20, 8),
('H4', 336, 11, 32),
('H4', 337, 11, 33),
('H4', 338, 11, 34),
('H4', 339, 11, 35),
('H4', 340, 11, 36),
('H4', 341, 1, 11),
('H4', 342, 1, 12),
('H4', 343, 50, 1),
('H4', 344, 50, 2),
('H4', 345, 51, 1),
('H4', 346, 51, 2),
('H4', 347, 51, 3),
('H4', 348, 51, 4),
('H4', 349, 52, 1),
('H4', 350, 52, 2),
('H4', 351, 52, 3),
('H4', 352, 52, 4),
('H4', 353, 53, 1),
('H4', 354, 53, 2),
('H4', 355, 53, 3),
('H4', 356, 53, 4),
('H4', 357, 54, 1),
('H4', 358, 54, 2),
('H4', 359, 55, 1),
('H4', 360, 55, 2),
('H4', 361, 56, 1),
('H4', 362, 56, 2),
('H4', 363, 56, 3),
('H4', 364, 56, 4),
('H4', 365, 56, 5),
('H4', 366, 57, 1),
('H4', 367, 57, 2),
('H4', 368, 57, 3),
('H4', 369, 57, 4),
('H4', 370, 57, 5),
('H4', 371, 57, 6),
('H4', 372, 58, 1),
('H4', 373, 58, 2),
('H4', 374, 58, 3),
('H4', 375, 58, 4),
('H4', 376, 59, 1),
('H4', 377, 59, 2),
('H4', 378, 59, 3),
('H4', 379, 59, 4),
('H4', 380, 60, 1),
('H4', 381, 60, 2),
('H4', 382, 60, 3),
('H4', 383, 60, 4),
('H4', 384, 60, 5),
('H4', 385, 61, 1),
('H4', 386, 61, 2),
('H4', 387, 61, 3),
('H4', 388, 61, 4),
('H4', 389, 62, 1),
('H4', 390, 62, 2),
('H4', 391, 62, 3),
('H4', 392, 62, 4),
('H4', 393, 63, 1),
('H4', 394, 63, 2),
('H4', 395, 63, 3),
('H4', 396, 63, 4),
('H4', 397, 63, 5),
('H4', 398, 32, 1),
('H4', 399, 32, 2),
('H4', 400, 32, 3),
('H4', 401, 32, 4),
('H4', 402, 32, 5),
('H4', 403, 34, 1),
('H4', 404, 34, 2),
('H4', 405, 34, 3),
('H4', 406, 34, 4),
('H4', 407, 64, 1),
('H4', 408, 64, 2),
('H4', 409, 65, 1),
('H4', 410, 65, 2),
('H4', 411, 66, 1),
('H4', 412, 66, 2),
('H4', 413, 66, 3),
('H4', 414, 67, 1),
('H4', 415, 67, 2),
('H4', 416, 67, 3),
('H4', 417, 67, 4),
('H4', 418, 68, 1),
('H4', 419, 68, 2),
('H4', 420, 68, 3),
('H4', 421, 68, 4),
('H4', 422, 69, 1),
('H4', 423, 69, 2),
('H4', 424, 69, 3),
('H4', 425, 69, 4),
('H4', 426, 70, 1),
('H4', 427, 70, 2),
('H4', 428, 70, 3),
('H4', 429, 70, 4),
('H4', 430, 70, 5),
('H4', 431, 71, 1),
('H4', 432, 71, 2),
('H4', 433, 72, 1),
('H4', 434, 72, 2),
('H4', 435, 72, 3),
('H4', 436, 72, 4),
('H4', 437, 73, 1),
('H4', 438, 73, 2),
('H4', 439, 73, 3),
('H4', 440, 73, 4),
('H4', 441, 71, 1),
('H4', 442, 74, 1),
('H4', 443, 74, 2),
('H4', 444, 74, 3),
('H4', 445, 74, 4),
('H4', 446, 74, 5),
('H4', 447, 74, 6),
('H4', 448, 63, 1),
('H4', 449, 63, 2),
('H4', 450, 63, 3),
('H4', 451, 75, 1),
('H4', 452, 75, 2),
('H4', 453, 75, 3),
('H4', 454, 75, 4),
('H4', 455, 75, 5),
('H4', 456, 75, 6),
('H4', 457, 76, 1),
('H4', 458, 76, 2),
('H4', 459, 76, 3),
('H4', 460, 76, 4),
('H4', 461, 76, 5),
('H4', 462, 76, 6),
('H4', 463, 76, 7),
('H4', 464, 77, 1),
('H4', 465, 77, 2),
('H4', 466, 78, 1),
('H4', 467, 78, 2),
('H4', 468, 78, 3),
('H4', 469, 79, 1),
('H4', 470, 79, 2),
('H4', 471, 79, 3),
('H4', 472, 79, 4),
('H4', 473, 80, 1),
('H4', 474, 80, 2),
('H4', 475, 80, 3),
('H4', 476, 80, 4),
('H4', 477, 81, 1),
('H4', 478, 81, 2),
('H4', 479, 82, 1),
('H4', 480, 82, 2),
('H4', 481, 82, 3),
('H4', 482, 82, 4),
('H4', 483, 82, 5),
('H4', 484, 83, 1),
('H4', 485, 83, 2),
('H4', 486, 83, 3),
('H4', 487, 84, 1),
('H4', 488, 84, 2),
('H4', 489, 84, 3),
('H4', 490, 84, 4),
('H4', 491, 84, 5),
('H4', 492, 85, 1),
('H4', 493, 85, 1),
('H4', 494, 86, 1),
('H4', 495, 86, 2),
('H4', 496, 86, 3),
('H4', 497, 87, 1),
('H4', 498, 87, 2),
('H4', 499, 87, 3),
('H4', 500, 88, 1),
('H4', 501, 89, 1),
('H4', 502, 90, 1),
('H4', 503, 90, 2),
('H4', 504, 90, 3),
('H4', 505, 91, 1),
('H4', 506, 91, 2),
('H4', 507, 91, 3),
('H4', 508, 91, 4),
('H4', 509, 91, 5),
('H4', 510, 92, 1),
('H4', 511, 92, 2),
('H4', 512, 92, 3),
('H4', 513, 92, 4),
('H4', 514, 93, 1),
('H4', 515, 93, 2),
('H4', 516, 93, 3),
('H4', 517, 93, 4),
('H4', 518, 93, 5),
('H5', 1, 1, 0),
('H5', 2, 1, 1),
('H5', 3, 1, 2),
('H5', 4, 1, 3),
('H5', 5, 1, 4),
('H5', 6, 1, 5),
('H5', 7, 1, 6),
('H5', 8, 1, 7),
('H5', 9, 1, 8),
('H5', 10, 1, 9),
('H5', 11, 1, 10),
('H5', 12, 2, 0),
('H5', 13, 2, 1),
('H5', 14, 3, 0),
('H5', 15, 3, 1),
('H5', 16, 3, 2),
('H5', 17, 3, 3),
('H5', 18, 3, 4),
('H5', 19, 3, 5),
('H5', 20, 4, 0),
('H5', 21, 4, 1),
('H5', 22, 4, 2),
('H5', 23, 4, 3),
('H5', 24, 4, 4),
('H5', 25, 4, 5),
('H5', 26, 4, 6),
('H5', 27, 4, 7),
('H5', 28, 4, 8),
('H5', 29, 4, 9),
('H5', 30, 4, 10),
('H5', 31, 4, 11),
('H5', 32, 4, 12),
('H5', 33, 5, 0),
('H5', 34, 5, 1),
('H5', 35, 5, 2),
('H5', 36, 5, 3),
('H5', 37, 5, 4),
('H5', 38, 6, 0),
('H5', 39, 6, 1),
('H5', 40, 6, 2),
('H5', 41, 7, 0),
('H5', 42, 7, 1),
('H5', 43, 7, 2),
('H5', 44, 7, 3),
('H5', 45, 7, 4),
('H5', 46, 8, 0),
('H5', 47, 9, 0),
('H5', 48, 9, 1),
('H5', 49, 9, 2),
('H5', 50, 9, 3),
('H5', 51, 10, 0),
('H5', 52, 10, 1),
('H5', 53, 10, 2),
('H5', 54, 10, 3),
('H5', 55, 10, 4),
('H5', 56, 10, 5),
('H5', 57, 10, 6),
('H5', 58, 10, 7),
('H5', 59, 10, 8),
('H5', 60, 11, 0),
('H5', 61, 11, 1),
('H5', 62, 11, 2),
('H5', 63, 11, 3),
('H5', 64, 11, 4),
('H5', 65, 11, 5),
('H5', 66, 11, 6),
('H5', 67, 11, 7),
('H5', 68, 11, 8),
('H5', 69, 11, 9),
('H5', 70, 11, 10),
('H5', 71, 11, 11),
('H5', 72, 11, 12),
('H5', 73, 11, 13),
('H5', 74, 11, 14),
('H5', 75, 11, 15),
('H5', 76, 11, 16),
('H5', 77, 11, 17),
('H5', 78, 11, 18),
('H5', 79, 11, 19),
('H5', 80, 11, 20),
('H5', 81, 11, 21),
('H5', 82, 11, 22),
('H5', 83, 11, 23),
('H5', 84, 11, 24),
('H5', 85, 11, 25),
('H5', 86, 11, 26),
('H5', 87, 11, 27),
('H5', 88, 11, 28),
('H5', 89, 11, 29),
('H5', 90, 11, 30),
('H5', 91, 11, 31),
('H5', 92, 12, 0),
('H5', 93, 12, 1),
('H5', 94, 12, 2),
('H5', 95, 12, 3),
('H5', 96, 12, 4),
('H5', 97, 12, 5),
('H5', 98, 13, 0),
('H5', 99, 13, 1),
('H5', 100, 13, 2),
('H5', 101, 13, 3),
('H5', 102, 13, 4),
('H5', 103, 13, 5),
('H5', 104, 13, 6),
('H5', 105, 13, 7),
('H5', 106, 13, 8),
('H5', 107, 13, 9),
('H5', 108, 13, 10),
('H5', 109, 13, 11),
('H5', 110, 13, 12),
('H5', 111, 14, 0),
('H5', 112, 14, 1),
('H5', 113, 14, 2),
('H5', 114, 14, 3),
('H5', 115, 14, 4),
('H5', 116, 14, 5),
('H5', 117, 14, 6),
('H5', 118, 14, 7),
('H5', 119, 14, 8),
('H5', 120, 14, 9),
('H5', 121, 14, 10),
('H5', 122, 14, 11),
('H5', 123, 15, 0),
('H5', 124, 15, 1),
('H5', 125, 15, 2),
('H5', 126, 15, 3),
('H5', 127, 16, 0),
('H5', 128, 16, 1),
('H5', 129, 16, 2),
('H5', 130, 17, 0),
('H5', 131, 17, 1),
('H5', 132, 17, 2),
('H5', 133, 17, 3),
('H5', 134, 17, 4),
('H5', 135, 18, 0),
('H5', 136, 18, 1),
('H5', 137, 18, 2),
('H5', 138, 18, 3),
('H5', 139, 19, 0),
('H5', 140, 19, 1),
('H5', 141, 19, 2),
('H5', 142, 19, 3),
('H5', 143, 19, 4),
('H5', 144, 20, 0),
('H5', 145, 20, 1),
('H5', 146, 20, 2),
('H5', 147, 20, 3),
('H5', 148, 20, 4),
('H5', 149, 20, 5),
('H5', 150, 21, 0),
('H5', 151, 21, 1),
('H5', 152, 21, 2),
('H5', 153, 21, 3),
('H5', 154, 21, 4),
('H5', 155, 21, 5),
('H5', 156, 21, 6),
('H5', 157, 21, 7),
('H5', 158, 21, 8),
('H5', 159, 21, 9),
('H5', 160, 22, 0),
('H5', 161, 22, 1),
('H5', 162, 22, 2),
('H5', 163, 22, 3),
('H5', 164, 22, 4),
('H5', 165, 22, 5),
('H5', 166, 23, 0),
('H5', 167, 23, 1),
('H5', 168, 23, 2),
('H5', 169, 23, 3),
('H5', 170, 24, 0),
('H5', 171, 24, 1),
('H5', 172, 24, 2),
('H5', 173, 25, 0),
('H5', 174, 25, 1),
('H5', 175, 25, 2),
('H5', 176, 25, 3),
('H5', 177, 25, 4),
('H5', 178, 25, 5),
('H5', 179, 26, 0),
('H5', 180, 26, 1),
('H5', 181, 26, 2),
('H5', 182, 27, 0),
('H5', 183, 27, 1),
('H5', 184, 27, 2),
('H5', 185, 27, 3),
('H5', 186, 28, 0),
('H5', 187, 28, 1),
('H5', 188, 28, 2),
('H5', 189, 28, 3),
('H5', 190, 29, 0),
('H5', 191, 29, 1),
('H5', 192, 29, 2),
('H5', 193, 29, 3),
('H5', 194, 30, 0),
('H5', 195, 30, 1),
('H5', 196, 30, 2),
('H5', 197, 30, 3),
('H5', 198, 30, 4),
('H5', 199, 30, 5),
('H5', 200, 30, 6),
('H5', 201, 30, 7),
('H5', 202, 30, 8),
('H5', 203, 30, 9),
('H5', 204, 30, 10),
('H5', 205, 30, 11),
('H5', 206, 30, 12),
('H5', 207, 30, 13),
('H5', 208, 30, 14),
('H5', 209, 30, 15),
('H5', 210, 31, 1),
('H5', 211, 31, 2),
('H5', 212, 31, 3),
('H5', 213, 31, 4),
('H5', 214, 32, 1),
('H5', 215, 32, 2),
('H5', 216, 32, 3),
('H5', 217, 32, 4),
('H5', 218, 32, 5),
('H5', 219, 32, 6),
('H5', 220, 33, 1),
('H5', 221, 33, 2),
('H5', 222, 33, 3),
('H5', 223, 34, 1),
('H5', 224, 34, 2),
('H5', 225, 34, 3),
('H5', 226, 35, 1),
('H5', 227, 35, 2),
('H5', 228, 35, 3),
('H5', 229, 36, 1),
('H5', 230, 36, 2),
('H5', 231, 36, 3),
('H5', 232, 36, 4),
('H5', 233, 36, 5),
('H5', 234, 36, 6),
('H5', 235, 37, 1),
('H5', 236, 37, 2),
('H5', 237, 38, 1),
('H5', 238, 38, 2),
('H5', 239, 38, 3),
('H5', 240, 38, 4),
('H5', 241, 39, 1),
('H5', 242, 39, 2),
('H5', 243, 39, 3),
('H5', 244, 39, 4),
('H5', 245, 40, 1),
('H5', 246, 40, 2),
('H5', 247, 40, 3),
('H5', 248, 40, 4),
('H5', 249, 41, 1),
('H5', 250, 41, 2),
('H5', 251, 41, 3),
('H5', 252, 41, 4),
('H5', 253, 41, 5),
('H5', 254, 41, 6),
('H5', 255, 41, 7),
('H5', 256, 41, 8),
('H5', 257, 41, 9),
('H5', 258, 41, 10),
('H5', 259, 41, 11),
('H5', 260, 42, 1),
('H5', 261, 42, 2),
('H5', 262, 42, 3),
('H5', 263, 42, 4),
('H5', 264, 42, 5),
('H5', 265, 42, 6),
('H5', 266, 42, 7),
('H5', 267, 42, 8),
('H5', 268, 42, 9),
('H5', 269, 43, 1),
('H5', 270, 43, 2),
('H5', 271, 43, 3),
('H5', 272, 43, 4),
('H5', 273, 44, 1),
('H5', 274, 44, 2),
('H5', 275, 44, 3),
('H5', 276, 44, 4),
('H5', 277, 45, 1),
('H5', 278, 45, 2),
('H5', 279, 45, 3),
('H5', 280, 45, 4),
('H5', 281, 45, 5),
('H5', 282, 45, 6),
('H5', 283, 45, 7),
('H5', 284, 45, 8),
('H5', 285, 45, 9),
('H5', 286, 45, 10),
('H5', 287, 45, 11),
('H5', 288, 12, 1),
('H5', 289, 46, 1),
('H5', 290, 46, 2),
('H5', 291, 46, 3),
('H5', 292, 46, 4),
('H5', 293, 46, 5),
('H5', 294, 46, 6),
('H5', 295, 2, 1),
('H5', 296, 47, 1),
('H5', 297, 47, 2),
('H5', 298, 47, 3),
('H5', 299, 48, 1),
('H5', 300, 48, 2),
('H5', 303, 49, 1),
('H5', 304, 49, 2),
('H5', 305, 19, 5),
('H5', 306, 19, 6),
('H5', 307, 19, 7),
('H5', 308, 19, 8),
('H5', 309, 19, 9),
('H5', 310, 19, 10),
('H5', 311, 19, 11),
('H5', 312, 21, 10),
('H5', 313, 21, 11),
('H5', 314, 21, 12),
('H5', 315, 21, 13),
('H5', 316, 21, 14),
('H5', 317, 21, 15),
('H5', 327, 14, 12),
('H5', 328, 14, 13),
('H5', 329, 14, 14),
('H5', 330, 14, 15),
('H5', 331, 14, 16),
('H5', 332, 14, 17),
('H5', 333, 20, 6),
('H5', 334, 20, 7),
('H5', 335, 20, 8),
('H5', 336, 11, 32),
('H5', 337, 11, 33),
('H5', 338, 11, 34),
('H5', 339, 11, 35),
('H5', 340, 11, 36),
('H5', 341, 1, 11),
('H5', 342, 1, 12),
('H5', 343, 50, 1),
('H5', 344, 50, 2),
('H5', 345, 51, 1),
('H5', 346, 51, 2),
('H5', 347, 51, 3),
('H5', 348, 51, 4),
('H5', 349, 52, 1),
('H5', 350, 52, 2),
('H5', 351, 52, 3),
('H5', 352, 52, 4),
('H5', 353, 53, 1),
('H5', 354, 53, 2),
('H5', 355, 53, 3),
('H5', 356, 53, 4),
('H5', 357, 54, 1),
('H5', 358, 54, 2),
('H5', 359, 55, 1),
('H5', 360, 55, 2),
('H5', 361, 56, 1),
('H5', 362, 56, 2),
('H5', 363, 56, 3),
('H5', 364, 56, 4),
('H5', 365, 56, 5),
('H5', 366, 57, 1),
('H5', 367, 57, 2),
('H5', 368, 57, 3),
('H5', 369, 57, 4),
('H5', 370, 57, 5),
('H5', 371, 57, 6),
('H5', 372, 58, 1),
('H5', 373, 58, 2),
('H5', 374, 58, 3),
('H5', 375, 58, 4),
('H5', 376, 59, 1),
('H5', 377, 59, 2),
('H5', 378, 59, 3),
('H5', 379, 59, 4),
('H5', 380, 60, 1),
('H5', 381, 60, 2),
('H5', 382, 60, 3),
('H5', 383, 60, 4),
('H5', 384, 60, 5),
('H5', 385, 61, 1),
('H5', 386, 61, 2),
('H5', 387, 61, 3),
('H5', 388, 61, 4),
('H5', 389, 62, 1),
('H5', 390, 62, 2),
('H5', 391, 62, 3),
('H5', 392, 62, 4),
('H5', 393, 63, 1),
('H5', 394, 63, 2),
('H5', 395, 63, 3),
('H5', 396, 63, 4),
('H5', 397, 63, 5),
('H5', 398, 32, 1),
('H5', 399, 32, 2),
('H5', 400, 32, 3),
('H5', 401, 32, 4),
('H5', 402, 32, 5),
('H5', 403, 34, 1),
('H5', 404, 34, 2),
('H5', 405, 34, 3),
('H5', 406, 34, 4),
('H5', 407, 64, 1),
('H5', 408, 64, 2),
('H5', 409, 65, 1),
('H5', 410, 65, 2),
('H5', 411, 66, 1),
('H5', 412, 66, 2),
('H5', 413, 66, 3),
('H5', 414, 67, 1),
('H5', 415, 67, 2),
('H5', 416, 67, 3),
('H5', 417, 67, 4),
('H5', 418, 68, 1),
('H5', 419, 68, 2),
('H5', 420, 68, 3),
('H5', 421, 68, 4),
('H5', 422, 69, 1),
('H5', 423, 69, 2),
('H5', 424, 69, 3),
('H5', 425, 69, 4),
('H5', 426, 70, 1),
('H5', 427, 70, 2),
('H5', 428, 70, 3),
('H5', 429, 70, 4),
('H5', 430, 70, 5),
('H5', 431, 71, 1),
('H5', 432, 71, 2),
('H5', 433, 72, 1),
('H5', 434, 72, 2),
('H5', 435, 72, 3),
('H5', 436, 72, 4),
('H5', 437, 73, 1),
('H5', 438, 73, 2),
('H5', 439, 73, 3),
('H5', 440, 73, 4),
('H5', 441, 71, 1),
('H5', 442, 74, 1),
('H5', 443, 74, 2),
('H5', 444, 74, 3),
('H5', 445, 74, 4),
('H5', 446, 74, 5),
('H5', 447, 74, 6),
('H5', 448, 63, 1),
('H5', 449, 63, 2),
('H5', 450, 63, 3),
('H5', 451, 75, 1),
('H5', 452, 75, 2),
('H5', 453, 75, 3),
('H5', 454, 75, 4),
('H5', 455, 75, 5),
('H5', 456, 75, 6),
('H5', 457, 76, 1),
('H5', 458, 76, 2),
('H5', 459, 76, 3),
('H5', 460, 76, 4),
('H5', 461, 76, 5),
('H5', 462, 76, 6),
('H5', 463, 76, 7),
('H5', 464, 77, 1),
('H5', 465, 77, 2),
('H5', 466, 78, 1),
('H5', 467, 78, 2),
('H5', 468, 78, 3),
('H5', 469, 79, 1),
('H5', 470, 79, 2),
('H5', 471, 79, 3),
('H5', 472, 79, 4),
('H5', 473, 80, 1),
('H5', 474, 80, 2),
('H5', 475, 80, 3),
('H5', 476, 80, 4),
('H5', 477, 81, 1),
('H5', 478, 81, 2),
('H5', 479, 82, 1),
('H5', 480, 82, 2),
('H5', 481, 82, 3),
('H5', 482, 82, 4),
('H5', 483, 82, 5),
('H5', 484, 83, 1),
('H5', 485, 83, 2),
('H5', 486, 83, 3),
('H5', 487, 84, 1),
('H5', 488, 84, 2),
('H5', 489, 84, 3),
('H5', 490, 84, 4),
('H5', 491, 84, 5),
('H5', 492, 85, 1),
('H5', 493, 85, 1),
('H5', 494, 86, 1),
('H5', 495, 86, 2),
('H5', 496, 86, 3),
('H5', 497, 87, 1),
('H5', 498, 87, 2),
('H5', 499, 87, 3),
('H5', 500, 88, 1),
('H5', 501, 89, 1),
('H5', 502, 90, 1),
('H5', 503, 90, 2),
('H5', 504, 90, 3),
('H5', 505, 91, 1),
('H5', 506, 91, 2),
('H5', 507, 91, 3),
('H5', 508, 91, 4),
('H5', 509, 91, 5),
('H5', 510, 92, 1),
('H5', 511, 92, 2),
('H5', 512, 92, 3),
('H5', 513, 92, 4),
('H5', 514, 93, 1),
('H5', 515, 93, 2),
('H5', 516, 93, 3),
('H5', 517, 93, 4),
('H5', 518, 93, 5);

-- --------------------------------------------------------

--
-- Table structure for table `vtiger_role2profile`
--

CREATE TABLE `vtiger_role2profile` (
  `roleid` varchar(255) NOT NULL,
  `profileid` int(11) NOT NULL
) ENGINE=InnoDB DEFAULT CHARSET=utf8 COLLATE=utf8_general_ci;

--
-- Dumping data for table `vtiger_role2profile`
--

INSERT IGNORE INTO `vtiger_role2profile` (`roleid`, `profileid`) VALUES
('H2', 5),
('H29', 32),
('H3', 6),
('H30', 33),
('H31', 34),
('H4', 7),
('H5', 8);

-- --------------------------------------------------------

--
-- Table structure for table `vtiger_role_seq`
--

CREATE TABLE `vtiger_role_seq` (
  `id` int(11) NOT NULL
) ENGINE=InnoDB DEFAULT CHARSET=utf8mb4 COLLATE=utf8mb4_general_ci;

--
-- Dumping data for table `vtiger_role_seq`
--

INSERT IGNORE INTO `vtiger_role_seq` (`id`) VALUES
(38);

-- --------------------------------------------------------

--
-- Table structure for table `vtiger_rollupcomments_settings`
--

CREATE TABLE `vtiger_rollupcomments_settings` (
  `rollupid` int(19) NOT NULL,
  `userid` int(19) NOT NULL,
  `tabid` int(19) NOT NULL,
  `rollup_status` int(2) NOT NULL DEFAULT 0
) ENGINE=InnoDB DEFAULT CHARSET=utf8 COLLATE=utf8_general_ci;

-- --------------------------------------------------------

--
-- Table structure for table `vtiger_rowheight`
--

CREATE TABLE `vtiger_rowheight` (
  `rowheightid` int(11) NOT NULL,
  `rowheight` varchar(200) NOT NULL,
  `sortorderid` int(11) DEFAULT NULL,
  `presence` int(11) NOT NULL DEFAULT 1
) ENGINE=InnoDB DEFAULT CHARSET=utf8 COLLATE=utf8_general_ci;

--
-- Dumping data for table `vtiger_rowheight`
--

INSERT IGNORE INTO `vtiger_rowheight` (`rowheightid`, `rowheight`, `sortorderid`, `presence`) VALUES
(1, 'wide', 0, 1),
(2, 'medium', 1, 1),
(3, 'narrow', 2, 1);

-- --------------------------------------------------------

--
-- Table structure for table `vtiger_rowheight_seq`
--

CREATE TABLE `vtiger_rowheight_seq` (
  `id` int(11) NOT NULL
) ENGINE=InnoDB DEFAULT CHARSET=utf8mb4 COLLATE=utf8mb4_general_ci;

--
-- Dumping data for table `vtiger_rowheight_seq`
--

INSERT IGNORE INTO `vtiger_rowheight_seq` (`id`) VALUES
(3);

-- --------------------------------------------------------

--
-- Table structure for table `vtiger_rss`
--

CREATE TABLE `vtiger_rss` (
  `rssid` int(19) NOT NULL,
  `rssurl` varchar(200) NOT NULL DEFAULT '',
  `rsstitle` varchar(200) DEFAULT NULL,
  `rsstype` int(10) DEFAULT 0,
  `starred` int(1) DEFAULT 0
) ENGINE=InnoDB DEFAULT CHARSET=utf8 COLLATE=utf8_general_ci;

-- --------------------------------------------------------

--
-- Table structure for table `vtiger_salesmanactivityrel`
--

CREATE TABLE `vtiger_salesmanactivityrel` (
  `smid` int(19) NOT NULL DEFAULT 0,
  `activityid` int(19) NOT NULL DEFAULT 0
) ENGINE=InnoDB DEFAULT CHARSET=utf8 COLLATE=utf8_general_ci;

--
-- Dumping data for table `vtiger_salesmanactivityrel`
--

INSERT IGNORE INTO `vtiger_salesmanactivityrel` (`smid`, `activityid`) VALUES
(1, 9),
(1, 10),
(1, 14),
(1, 15),
(1, 16),
(1, 17),
(1, 18),
(1, 19),
(1, 1039),
(1, 1050),
(1, 2061),
(1, 2132),
(1, 2133),
(1, 2134),
(1, 2160),
(1, 2165),
(1, 2172),
(1, 2178),
(1, 2184),
(1, 2190),
(1, 2196),
(1, 2204),
(1, 2212),
(1, 2273),
(1, 2290),
(1, 2291),
(1, 2292),
(1, 2293),
(1, 2294),
(1, 2295),
(1, 2300),
(1, 2305),
(1, 2310),
(1, 2318),
(1, 2326),
(1, 2334),
(1, 2342),
(1, 2350),
(1, 2366),
(2, 2112),
(5, 2115);

-- --------------------------------------------------------

--
-- Table structure for table `vtiger_salesmanattachmentsrel`
--

CREATE TABLE `vtiger_salesmanattachmentsrel` (
  `smid` int(19) NOT NULL DEFAULT 0,
  `attachmentsid` int(19) NOT NULL DEFAULT 0
) ENGINE=InnoDB DEFAULT CHARSET=utf8 COLLATE=utf8_general_ci;

--
-- Dumping data for table `vtiger_salesmanattachmentsrel`
--

INSERT IGNORE INTO `vtiger_salesmanattachmentsrel` (`smid`, `attachmentsid`) VALUES
(1, 13);

-- --------------------------------------------------------

--
-- Table structure for table `vtiger_salesmanticketrel`
--

CREATE TABLE `vtiger_salesmanticketrel` (
  `smid` int(19) NOT NULL DEFAULT 0,
  `id` int(19) NOT NULL DEFAULT 0
) ENGINE=InnoDB DEFAULT CHARSET=utf8 COLLATE=utf8_general_ci;

-- --------------------------------------------------------

--
-- Table structure for table `vtiger_salesorder`
--

CREATE TABLE `vtiger_salesorder` (
  `salesorderid` int(19) NOT NULL DEFAULT 0,
  `subject` varchar(100) DEFAULT NULL,
  `potentialid` int(19) DEFAULT NULL,
  `customerno` varchar(100) DEFAULT NULL,
  `salesorder_no` varchar(100) DEFAULT NULL,
  `quoteid` int(19) DEFAULT NULL,
  `vendorterms` varchar(100) DEFAULT NULL,
  `contactid` int(19) DEFAULT NULL,
  `vendorid` int(19) DEFAULT NULL,
  `duedate` date DEFAULT NULL,
  `carrier` varchar(200) DEFAULT NULL,
  `pending` varchar(200) DEFAULT NULL,
  `type` varchar(100) DEFAULT NULL,
  `adjustment` decimal(25,8) DEFAULT NULL,
  `salescommission` decimal(25,3) DEFAULT NULL,
  `exciseduty` decimal(25,3) DEFAULT NULL,
  `total` decimal(25,8) DEFAULT NULL,
  `subtotal` decimal(25,8) DEFAULT NULL,
  `taxtype` varchar(25) DEFAULT NULL,
  `discount_percent` decimal(25,3) DEFAULT NULL,
  `discount_amount` decimal(25,8) DEFAULT NULL,
  `s_h_amount` decimal(25,8) DEFAULT NULL,
  `accountid` int(19) DEFAULT NULL,
  `terms_conditions` text DEFAULT NULL,
  `purchaseorder` varchar(200) DEFAULT NULL,
  `sostatus` varchar(200) DEFAULT NULL,
  `currency_id` int(19) NOT NULL DEFAULT 1,
  `conversion_rate` decimal(10,3) NOT NULL DEFAULT 1.000,
  `enable_recurring` int(11) DEFAULT 0,
  `compound_taxes_info` text DEFAULT NULL,
  `pre_tax_total` decimal(25,8) DEFAULT NULL,
  `s_h_percent` decimal(25,3) DEFAULT NULL,
  `tags` varchar(1) DEFAULT NULL,
  `region_id` int(19) DEFAULT NULL
) ENGINE=InnoDB DEFAULT CHARSET=utf8 COLLATE=utf8_general_ci;

-- --------------------------------------------------------

--
-- Table structure for table `vtiger_salesordercf`
--

CREATE TABLE `vtiger_salesordercf` (
  `salesorderid` int(19) NOT NULL DEFAULT 0
) ENGINE=InnoDB DEFAULT CHARSET=utf8 COLLATE=utf8_general_ci;

-- --------------------------------------------------------

--
-- Table structure for table `vtiger_sales_channel`
--

CREATE TABLE `vtiger_sales_channel` (
  `sales_channelid` int(11) NOT NULL,
  `sales_channel` varchar(200) NOT NULL,
  `presence` int(1) NOT NULL DEFAULT 1,
  `picklist_valueid` int(11) NOT NULL DEFAULT 0,
  `sortorderid` int(11) DEFAULT 0,
  `color` varchar(10) DEFAULT NULL
) ENGINE=InnoDB DEFAULT CHARSET=utf8 COLLATE=utf8_general_ci;

--
-- Dumping data for table `vtiger_sales_channel`
--

INSERT IGNORE INTO `vtiger_sales_channel` (`sales_channelid`, `sales_channel`, `presence`, `picklist_valueid`, `sortorderid`, `color`) VALUES
(1, 'Direct', 1, 437, 1, NULL),
(2, 'Retail', 1, 438, 2, NULL),
(3, 'Online', 1, 439, 3, NULL),
(4, 'Partner', 1, 440, 4, NULL);

-- --------------------------------------------------------

--
-- Table structure for table `vtiger_sales_channel_seq`
--

CREATE TABLE `vtiger_sales_channel_seq` (
  `id` int(11) NOT NULL
) ENGINE=InnoDB DEFAULT CHARSET=utf8 COLLATE=utf8_unicode_ci;

--
-- Dumping data for table `vtiger_sales_channel_seq`
--

INSERT IGNORE INTO `vtiger_sales_channel_seq` (`id`) VALUES
(4);

-- --------------------------------------------------------

--
-- Table structure for table `vtiger_sales_stage`
--

CREATE TABLE `vtiger_sales_stage` (
  `sales_stage_id` int(19) NOT NULL,
  `sales_stage` varchar(200) DEFAULT NULL,
  `presence` int(1) NOT NULL DEFAULT 1,
  `picklist_valueid` int(19) NOT NULL DEFAULT 0,
  `sortorderid` int(11) DEFAULT NULL,
  `color` varchar(10) DEFAULT NULL
) ENGINE=InnoDB DEFAULT CHARSET=utf8 COLLATE=utf8_general_ci;

--
-- Dumping data for table `vtiger_sales_stage`
--

INSERT IGNORE INTO `vtiger_sales_stage` (`sales_stage_id`, `sales_stage`, `presence`, `picklist_valueid`, `sortorderid`, `color`) VALUES
(1, 'Prospecting', 1, 150, 0, NULL),
(2, 'Qualification', 1, 151, 1, NULL),
(3, 'Needs Analysis', 1, 152, 2, NULL),
(4, 'Value Proposition', 1, 153, 3, NULL),
(5, 'Id. Decision Makers', 1, 154, 4, NULL),
(6, 'Perception Analysis', 1, 155, 5, NULL),
(7, 'Proposal or Price Quote', 1, 156, 6, NULL),
(8, 'Negotiation or Review', 1, 157, 7, NULL),
(9, 'Closed Won', 1, 158, 8, NULL),
(10, 'Closed Lost', 1, 159, 9, NULL),
(11, '۱.آشنایی اولیه', 0, 312, 10, NULL),
(12, '۲.ارزیابی و تحلیل نیاز', 0, 313, 11, NULL),
(13, '۳.ارائه پیشنهاد/پیش فاکتور', 0, 314, 12, NULL),
(14, '۴.مذاکره نهایی', 0, 315, 13, NULL),
(15, '۵.الف.فروش موفق', 0, 316, 14, NULL),
(16, '۵.ب.فروش ناموفق', 0, 317, 15, NULL);

-- --------------------------------------------------------

--
-- Table structure for table `vtiger_sales_stage_seq`
--

CREATE TABLE `vtiger_sales_stage_seq` (
  `id` int(11) NOT NULL
) ENGINE=InnoDB DEFAULT CHARSET=utf8mb4 COLLATE=utf8mb4_general_ci;

--
-- Dumping data for table `vtiger_sales_stage_seq`
--

INSERT IGNORE INTO `vtiger_sales_stage_seq` (`id`) VALUES
(10);

-- --------------------------------------------------------

--
-- Table structure for table `vtiger_salutationtype`
--

CREATE TABLE `vtiger_salutationtype` (
  `salutationid` int(19) NOT NULL,
  `salutationtype` varchar(200) NOT NULL,
  `presence` int(1) NOT NULL DEFAULT 1,
  `picklist_valueid` int(19) NOT NULL DEFAULT 0,
  `sortorderid` int(11) DEFAULT NULL,
  `color` varchar(10) DEFAULT NULL
) ENGINE=InnoDB DEFAULT CHARSET=utf8 COLLATE=utf8_general_ci;

--
-- Dumping data for table `vtiger_salutationtype`
--

INSERT IGNORE INTO `vtiger_salutationtype` (`salutationid`, `salutationtype`, `presence`, `picklist_valueid`, `sortorderid`, `color`) VALUES
(2, 'Mr.', 1, 161, 1, NULL),
(3, 'Ms.', 1, 162, 2, NULL),
(4, 'Mrs.', 1, 163, 3, NULL),
(5, 'Dr.', 1, 164, 4, NULL),
(6, 'Prof.', 1, 165, 5, NULL);

-- --------------------------------------------------------

--
-- Table structure for table `vtiger_salutationtype_seq`
--

CREATE TABLE `vtiger_salutationtype_seq` (
  `id` int(11) NOT NULL
) ENGINE=InnoDB DEFAULT CHARSET=utf8mb4 COLLATE=utf8mb4_general_ci;

--
-- Dumping data for table `vtiger_salutationtype_seq`
--

INSERT IGNORE INTO `vtiger_salutationtype_seq` (`id`) VALUES
(6);

-- --------------------------------------------------------

--
-- Table structure for table `vtiger_sample_status`
--

CREATE TABLE `vtiger_sample_status` (
  `sample_statusid` int(11) NOT NULL,
  `sample_status` varchar(200) NOT NULL,
  `presence` int(1) NOT NULL DEFAULT 1,
  `picklist_valueid` int(11) NOT NULL DEFAULT 0,
  `sortorderid` int(11) DEFAULT 0,
  `color` varchar(10) DEFAULT NULL
) ENGINE=InnoDB DEFAULT CHARSET=utf8 COLLATE=utf8_general_ci;

--
-- Dumping data for table `vtiger_sample_status`
--

INSERT IGNORE INTO `vtiger_sample_status` (`sample_statusid`, `sample_status`, `presence`, `picklist_valueid`, `sortorderid`, `color`) VALUES
(1, 'Requested', 1, 457, 1, NULL),
(2, 'Approved', 1, 458, 2, NULL),
(3, 'Dispatched', 1, 459, 3, NULL),
(4, 'Delivered', 1, 460, 4, NULL),
(5, 'Returned', 1, 461, 5, NULL),
(6, 'Consumed', 1, 462, 6, NULL),
(7, 'Cancelled', 1, 463, 7, NULL);

-- --------------------------------------------------------

--
-- Table structure for table `vtiger_sample_status_seq`
--

CREATE TABLE `vtiger_sample_status_seq` (
  `id` int(11) NOT NULL
) ENGINE=InnoDB DEFAULT CHARSET=utf8 COLLATE=utf8_unicode_ci;

--
-- Dumping data for table `vtiger_sample_status_seq`
--

INSERT IGNORE INTO `vtiger_sample_status_seq` (`id`) VALUES
(7);

-- --------------------------------------------------------

--
-- Table structure for table `vtiger_sarvaccessgrants`
--

CREATE TABLE `vtiger_sarvaccessgrants` (
  `sarvaccessgrantsid` int(19) NOT NULL,
  `grant_no` varchar(100) DEFAULT NULL,
  `subject` varchar(255) DEFAULT NULL,
  `accountid` int(19) DEFAULT NULL,
  `groupid` int(19) DEFAULT NULL,
  `group_name` varchar(100) DEFAULT NULL,
  `access_level` varchar(255) DEFAULT NULL,
  `grant_status` varchar(255) DEFAULT NULL,
  `valid_from` date DEFAULT NULL,
  `valid_to` date DEFAULT NULL
) ENGINE=InnoDB DEFAULT CHARSET=utf8 COLLATE=utf8_general_ci;

--
-- Dumping data for table `vtiger_sarvaccessgrants`
--

INSERT IGNORE INTO `vtiger_sarvaccessgrants` (`sarvaccessgrantsid`, `grant_no`, `subject`, `accountid`, `groupid`, `group_name`, `access_level`, `grant_status`, `valid_from`, `valid_to`) VALUES
(2228, 'AGR1', 'Team Selling - آقای کامران دادجو (مثال) - Read', 2036, 2, 'Team Selling', 'Read', 'Active', '2026-07-18', '2027-07-18');

-- --------------------------------------------------------

--
-- Table structure for table `vtiger_sarvaccessgrantscf`
--

CREATE TABLE `vtiger_sarvaccessgrantscf` (
  `sarvaccessgrantsid` int(19) NOT NULL
) ENGINE=InnoDB DEFAULT CHARSET=utf8 COLLATE=utf8_general_ci;

--
-- Dumping data for table `vtiger_sarvaccessgrantscf`
--

INSERT IGNORE INTO `vtiger_sarvaccessgrantscf` (`sarvaccessgrantsid`) VALUES
(2228);

-- --------------------------------------------------------

--
-- Table structure for table `vtiger_sarvbankaccountscf`
--

CREATE TABLE `vtiger_sarvbankaccountscf` (
  `sarvbankaccountsid` int(19) NOT NULL
) ENGINE=InnoDB DEFAULT CHARSET=utf8 COLLATE=utf8_general_ci;

--
-- Dumping data for table `vtiger_sarvbankaccountscf`
--

INSERT IGNORE INTO `vtiger_sarvbankaccountscf` (`sarvbankaccountsid`) VALUES
(2217),
(2218);

-- --------------------------------------------------------

--
-- Table structure for table `vtiger_sarvbusinesslocations`
--

CREATE TABLE `vtiger_sarvbusinesslocations` (
  `sarvbusinesslocationsid` int(19) NOT NULL,
  `location_no` varchar(100) DEFAULT NULL,
  `subject` varchar(255) DEFAULT NULL,
  `accountid` int(19) DEFAULT NULL,
  `location_type` varchar(255) DEFAULT NULL,
  `parentlocationid` int(19) DEFAULT NULL,
  `location_status` varchar(255) DEFAULT NULL,
  `managercontactid` int(19) DEFAULT NULL,
  `phone` varchar(50) DEFAULT NULL,
  `email` varchar(100) DEFAULT NULL,
  `country` varchar(100) DEFAULT NULL,
  `state` varchar(100) DEFAULT NULL,
  `city` varchar(100) DEFAULT NULL,
  `street` text DEFAULT NULL,
  `postal_code` varchar(20) DEFAULT NULL,
  `latitude` decimal(10,7) DEFAULT NULL,
  `longitude` decimal(10,7) DEFAULT NULL,
  `timezone` varchar(80) DEFAULT NULL,
  `daily_capacity` decimal(10,2) DEFAULT NULL,
  `sales_channel` varchar(255) DEFAULT NULL,
  `is_primary` varchar(3) DEFAULT NULL
) ENGINE=InnoDB DEFAULT CHARSET=utf8 COLLATE=utf8_general_ci;

--
-- Dumping data for table `vtiger_sarvbusinesslocations`
--

INSERT IGNORE INTO `vtiger_sarvbusinesslocations` (`sarvbusinesslocationsid`, `location_no`, `subject`, `accountid`, `location_type`, `parentlocationid`, `location_status`, `managercontactid`, `phone`, `email`, `country`, `state`, `city`, `street`, `postal_code`, `latitude`, `longitude`, `timezone`, `daily_capacity`, `sales_channel`, `is_primary`) VALUES
(2222, 'LOC1', 'شعبه مرکزی حساب 2036 [Gouya-PHASE07]', 2036, 'Branch', NULL, 'Active', 2107, '02188770001', 'branch2036@example.test', 'ایران', 'تهران', 'تهران', 'خیابان نمونه، ساختمان مرکزی', '1599911111', 35.7219000, 51.3347000, 'Asia/Tehran', 0.00, 'Direct', '1'),
(2223, 'LOC2', 'مرکز سرویس حساب 2036 [Gouya-PHASE07]', 2036, 'ServiceCenter', 2222, 'Active', 2107, '02188770002', 'service2036@example.test', 'ایران', 'تهران', 'تهران', 'خیابان نمونه، واحد خدمات', '1599922222', 35.7225000, 51.3361000, 'Asia/Tehran', 24.00, NULL, '0'),
(2224, 'LOC3', 'مرکز فروش حساب 2036 [Gouya-PHASE08]', 2036, 'SalesCenter', 2222, 'Active', 2107, '02188770003', 'sales2036@example.test', 'ایران', 'تهران', 'تهران', 'خیابان نمونه، واحد فروش', '1599933333', 35.7231000, 51.3370000, 'Asia/Tehran', 40.00, 'Retail', '0');

--
-- Triggers `vtiger_sarvbusinesslocations`
--
DROP TRIGGER IF EXISTS `bi_sarvlocation_optional_refs`;
DELIMITER $$
CREATE TRIGGER `bi_sarvlocation_optional_refs` BEFORE INSERT ON `vtiger_sarvbusinesslocations` FOR EACH ROW SET NEW.parentlocationid=NULLIF(NEW.parentlocationid,0), NEW.managercontactid=NULLIF(NEW.managercontactid,0)
$$
DELIMITER ;
DROP TRIGGER IF EXISTS `bu_sarvlocation_optional_refs`;
DELIMITER $$
CREATE TRIGGER `bu_sarvlocation_optional_refs` BEFORE UPDATE ON `vtiger_sarvbusinesslocations` FOR EACH ROW SET NEW.parentlocationid=NULLIF(NEW.parentlocationid,0), NEW.managercontactid=NULLIF(NEW.managercontactid,0)
$$
DELIMITER ;

-- --------------------------------------------------------

--
-- Table structure for table `vtiger_sarvbusinesslocationscf`
--

CREATE TABLE `vtiger_sarvbusinesslocationscf` (
  `sarvbusinesslocationsid` int(19) NOT NULL
) ENGINE=InnoDB DEFAULT CHARSET=utf8 COLLATE=utf8_general_ci;

--
-- Dumping data for table `vtiger_sarvbusinesslocationscf`
--

INSERT IGNORE INTO `vtiger_sarvbusinesslocationscf` (`sarvbusinesslocationsid`) VALUES
(2222),
(2223),
(2224);

-- --------------------------------------------------------

--
-- Table structure for table `vtiger_sarvdeposits`
--

CREATE TABLE `vtiger_sarvdeposits` (
  `sarvdepositsid` int(19) NOT NULL,
  `deposit_no` varchar(100) DEFAULT NULL,
  `subject` varchar(255) DEFAULT NULL,
  `accountid` int(19) DEFAULT NULL,
  `contactid` int(19) DEFAULT NULL,
  `relatedto` int(19) DEFAULT NULL,
  `deposit_type` varchar(255) DEFAULT NULL,
  `deposit_status` varchar(255) DEFAULT NULL,
  `received_date` date DEFAULT NULL,
  `maturity_date` date DEFAULT NULL,
  `expiry_date` date DEFAULT NULL,
  `amount` decimal(25,8) DEFAULT NULL,
  `applied_amount` decimal(25,8) DEFAULT NULL,
  `returned_amount` decimal(25,8) DEFAULT NULL,
  `currency_id` int(19) DEFAULT NULL,
  `conversion_rate` decimal(10,3) DEFAULT NULL,
  `paymentid` int(19) DEFAULT NULL,
  `reference_no` varchar(100) DEFAULT NULL,
  `released_date` date DEFAULT NULL
) ENGINE=InnoDB DEFAULT CHARSET=utf8 COLLATE=utf8_general_ci;

--
-- Dumping data for table `vtiger_sarvdeposits`
--

INSERT IGNORE INTO `vtiger_sarvdeposits` (`sarvdepositsid`, `deposit_no`, `subject`, `accountid`, `contactid`, `relatedto`, `deposit_type`, `deposit_status`, `received_date`, `maturity_date`, `expiry_date`, `amount`, `applied_amount`, `returned_amount`, `currency_id`, `conversion_rate`, `paymentid`, `reference_no`, `released_date`) VALUES
(2220, 'DEP1', 'ودیعه تضمینی واقعی حساب ۲۰۳۶ [Gouya-PHASE06]', 2036, 2107, 0, 'Security', 'Received', '2026-07-18', '2026-08-17', '2027-01-14', 3000000.00000000, 0.00000000, 0.00000000, 2, 1.000, 2219, 'Gouya-PHASE06-DEP-2036', NULL);

-- --------------------------------------------------------

--
-- Table structure for table `vtiger_sarvdepositscf`
--

CREATE TABLE `vtiger_sarvdepositscf` (
  `sarvdepositsid` int(19) NOT NULL
) ENGINE=InnoDB DEFAULT CHARSET=utf8 COLLATE=utf8_general_ci;

--
-- Dumping data for table `vtiger_sarvdepositscf`
--

INSERT IGNORE INTO `vtiger_sarvdepositscf` (`sarvdepositsid`) VALUES
(2220);

-- --------------------------------------------------------

--
-- Table structure for table `vtiger_sarvgifts`
--

CREATE TABLE `vtiger_sarvgifts` (
  `sarvgiftsid` int(19) NOT NULL,
  `gift_no` varchar(100) DEFAULT NULL,
  `subject` varchar(255) DEFAULT NULL,
  `accountid` int(19) DEFAULT NULL,
  `contactid` int(19) DEFAULT NULL,
  `campaignid` int(19) DEFAULT NULL,
  `productid` int(19) DEFAULT NULL,
  `quantity` decimal(10,2) DEFAULT NULL,
  `unit_cost` decimal(25,8) DEFAULT NULL,
  `reason` varchar(255) DEFAULT NULL,
  `gift_status` varchar(255) DEFAULT NULL,
  `request_date` date DEFAULT NULL,
  `dispatch_date` date DEFAULT NULL,
  `delivery_date` date DEFAULT NULL,
  `return_date` date DEFAULT NULL,
  `tracking_no` varchar(100) DEFAULT NULL
) ENGINE=InnoDB DEFAULT CHARSET=utf8 COLLATE=utf8_general_ci;

--
-- Dumping data for table `vtiger_sarvgifts`
--

INSERT IGNORE INTO `vtiger_sarvgifts` (`sarvgiftsid`, `gift_no`, `subject`, `accountid`, `contactid`, `campaignid`, `productid`, `quantity`, `unit_cost`, `reason`, `gift_status`, `request_date`, `dispatch_date`, `delivery_date`, `return_date`, `tracking_no`) VALUES
(2226, 'GFT1', 'هدیه واقعی حساب 2036 [Gouya-PHASE09]', 2036, 2107, NULL, 26, 1.00, 50000000.00000000, 'هدیه وفاداری مشتری', 'Delivered', '2026-07-18', '2026-07-19', '2026-07-20', NULL, 'GIFT-2036-PH09');

--
-- Triggers `vtiger_sarvgifts`
--
DROP TRIGGER IF EXISTS `bi_sarvgift_optional_refs`;
DELIMITER $$
CREATE TRIGGER `bi_sarvgift_optional_refs` BEFORE INSERT ON `vtiger_sarvgifts` FOR EACH ROW SET NEW.contactid=NULLIF(NEW.contactid,0),NEW.campaignid=NULLIF(NEW.campaignid,0),NEW.productid=NULLIF(NEW.productid,0)
$$
DELIMITER ;
DROP TRIGGER IF EXISTS `bu_sarvgift_optional_refs`;
DELIMITER $$
CREATE TRIGGER `bu_sarvgift_optional_refs` BEFORE UPDATE ON `vtiger_sarvgifts` FOR EACH ROW SET NEW.contactid=NULLIF(NEW.contactid,0),NEW.campaignid=NULLIF(NEW.campaignid,0),NEW.productid=NULLIF(NEW.productid,0)
$$
DELIMITER ;

-- --------------------------------------------------------

--
-- Table structure for table `vtiger_sarvgiftscf`
--

CREATE TABLE `vtiger_sarvgiftscf` (
  `sarvgiftsid` int(19) NOT NULL
) ENGINE=InnoDB DEFAULT CHARSET=utf8 COLLATE=utf8_general_ci;

--
-- Dumping data for table `vtiger_sarvgiftscf`
--

INSERT IGNORE INTO `vtiger_sarvgiftscf` (`sarvgiftsid`) VALUES
(2226);

-- --------------------------------------------------------

--
-- Table structure for table `vtiger_sarvparticipations`
--

CREATE TABLE `vtiger_sarvparticipations` (
  `sarvparticipationsid` int(19) NOT NULL,
  `participation_no` varchar(100) DEFAULT NULL,
  `subject` varchar(255) DEFAULT NULL,
  `accountid` int(19) DEFAULT NULL,
  `contactid` int(19) DEFAULT NULL,
  `relatedto` int(19) DEFAULT NULL,
  `participation_type` varchar(255) DEFAULT NULL,
  `role_name` varchar(150) DEFAULT NULL,
  `participation_status` varchar(255) DEFAULT NULL,
  `start_date` date DEFAULT NULL,
  `end_date` date DEFAULT NULL,
  `share_percent` decimal(7,3) DEFAULT NULL,
  `contribution_amount` decimal(25,8) DEFAULT NULL
) ENGINE=InnoDB DEFAULT CHARSET=utf8 COLLATE=utf8_general_ci;

--
-- Dumping data for table `vtiger_sarvparticipations`
--

INSERT IGNORE INTO `vtiger_sarvparticipations` (`sarvparticipationsid`, `participation_no`, `subject`, `accountid`, `contactid`, `relatedto`, `participation_type`, `role_name`, `participation_status`, `start_date`, `end_date`, `share_percent`, `contribution_amount`) VALUES
(2151, 'PAR1', 'مشارکت واقعی حساب ۲۰۳۶ [Gouya-PHASE03]', 2036, 2107, 0, 'Member', 'عضو تجاری', 'Active', '2026-07-18', NULL, 25.000, 2500000.00000000);

-- --------------------------------------------------------

--
-- Table structure for table `vtiger_sarvparticipationscf`
--

CREATE TABLE `vtiger_sarvparticipationscf` (
  `sarvparticipationsid` int(19) NOT NULL
) ENGINE=InnoDB DEFAULT CHARSET=utf8 COLLATE=utf8_general_ci;

--
-- Dumping data for table `vtiger_sarvparticipationscf`
--

INSERT IGNORE INTO `vtiger_sarvparticipationscf` (`sarvparticipationsid`) VALUES
(2151);

-- --------------------------------------------------------

--
-- Table structure for table `vtiger_sarvpayments`
--

CREATE TABLE `vtiger_sarvpayments` (
  `sarvpaymentsid` int(19) NOT NULL,
  `payment_no` varchar(100) DEFAULT NULL,
  `subject` varchar(255) DEFAULT NULL,
  `accountid` int(19) DEFAULT NULL,
  `contactid` int(19) DEFAULT NULL,
  `payment_direction` varchar(255) DEFAULT NULL,
  `payment_status` varchar(255) DEFAULT NULL,
  `expected_date` date DEFAULT NULL,
  `payment_date` date DEFAULT NULL,
  `amount` decimal(25,8) DEFAULT NULL,
  `currency_id` int(19) DEFAULT NULL,
  `conversion_rate` decimal(10,3) DEFAULT NULL,
  `payment_method` varchar(255) DEFAULT NULL,
  `payment_type` varchar(255) DEFAULT NULL,
  `reference_no` varchar(100) DEFAULT NULL,
  `branch_name` varchar(100) DEFAULT NULL,
  `cashbox_name` varchar(100) DEFAULT NULL,
  `payment_company` varchar(100) DEFAULT NULL,
  `sms_reminder` varchar(255) DEFAULT NULL,
  `idempotency_key` varchar(100) DEFAULT NULL,
  `legacy_source` varchar(50) DEFAULT NULL,
  `legacy_id` int(19) DEFAULT NULL
) ENGINE=InnoDB DEFAULT CHARSET=utf8 COLLATE=utf8_general_ci;

--
-- Dumping data for table `vtiger_sarvpayments`
--

INSERT IGNORE INTO `vtiger_sarvpayments` (`sarvpaymentsid`, `payment_no`, `subject`, `accountid`, `contactid`, `payment_direction`, `payment_status`, `expected_date`, `payment_date`, `amount`, `currency_id`, `conversion_rate`, `payment_method`, `payment_type`, `reference_no`, `branch_name`, `cashbox_name`, `payment_company`, `sms_reminder`, `idempotency_key`, `legacy_source`, `legacy_id`) VALUES
(2139, 'PAY2', 'پرداخت (مثال)', 0, 0, 'Incoming', 'Paid', '2026-06-21', '2026-06-21', 50000000.00000000, 2, 1.000, 'Cash', 'InvoicePayment', '', '', '', '', 'None', NULL, 'gooyaacc_pay', 1),
(2140, 'PAY6', 'پیشگامان صنعت داده (مثال) - پرداخت', 21, 0, 'Incoming', 'Paid', '2026-06-21', NULL, 200000000.00000000, 1, 1.000, 'Cash', 'InvoicePayment', '', '', '', '', 'None', NULL, 'gooyaacc_pay', 2),
(2141, 'PAY7', 'اورنگ (مثال) - پرداخت', 24, 0, 'Incoming', 'Paid', '2026-06-14', NULL, 58000000.00000000, 1, 1.000, 'Cash', 'InvoicePayment', '', '', '', '', 'None', NULL, 'gooyaacc_pay', 3),
(2142, 'PAY1', 'پرداخت قسط اول (مثال)', 20, 0, 'Incoming', 'Paid', '2026-06-14', '2026-06-14', 80000000.00000000, 1, 1.000, 'Cash', 'InvoicePayment', '', '', '', '', 'None', NULL, 'gooyaacc_pay', 4),
(2143, 'PAY8', 'کیان (مثال) - پرداخت', 25, 0, 'Incoming', 'Paid', '2026-06-12', '2026-06-12', 20000000.00000000, 1, 1.000, 'Cash', 'InvoicePayment', '', '', '', '', 'None', NULL, 'gooyaacc_pay', 5),
(2144, 'PAY4', 'فرایند گستران شرق (مثال) - پرداخت', 22, 0, 'Incoming', 'Paid', '2026-06-08', NULL, 100000000.00000000, 1, 1.000, 'Cash', 'InvoicePayment', '', '', '', '', 'None', NULL, 'gooyaacc_pay', 6),
(2145, 'PAY5', 'فرایند گستران شرق (مثال) - پرداخت', 22, 0, 'Incoming', 'Paid', '2026-06-02', NULL, 60000000.00000000, 1, 1.000, 'Cash', 'InvoicePayment', '', '', '', '', 'None', NULL, 'gooyaacc_pay', 7),
(2146, 'PAY9', 'تست پرداخت - الکترونیک گستر', 23, 0, 'Incoming', 'Paid', '2026-07-04', '2026-07-04', 100000000.00000000, 2, 1.000, 'Cash', 'InvoicePayment', '', '', '', '', 'None', NULL, 'gooyaacc_pay', 8),
(2148, 'PAY10', 'پرداخت واقعی فاکتور خرده‌فروشی حساب ۲۰۳۶ [Gouya-PHASE01]', 2036, 0, 'Incoming', 'Paid', '2026-07-15', '2026-07-15', 5000000.00000000, 2, 1.000, 'BankTransfer', 'InvoicePayment', 'Gouya-PHASE01-2036', '', '', '', 'None', 'Gouya-phase01-account2036', NULL, NULL),
(2219, 'PAY11', 'پرداخت واقعی ودیعه حساب ۲۰۳۶ [Gouya-PHASE06]', 2036, 2107, 'Incoming', 'Paid', '2026-07-18', '2026-07-18', 3000000.00000000, 2, 1.000, 'BankTransfer', 'AdvancePayment', 'Gouya-PHASE06-DEP-2036', '', '', '', 'None', 'Gouya-phase06-deposit-account-2036', NULL, NULL);

-- --------------------------------------------------------

--
-- Table structure for table `vtiger_sarvpaymentscf`
--

CREATE TABLE `vtiger_sarvpaymentscf` (
  `sarvpaymentsid` int(19) NOT NULL
) ENGINE=InnoDB DEFAULT CHARSET=utf8 COLLATE=utf8_general_ci;

--
-- Dumping data for table `vtiger_sarvpaymentscf`
--

INSERT IGNORE INTO `vtiger_sarvpaymentscf` (`sarvpaymentsid`) VALUES
(2139),
(2140),
(2141),
(2142),
(2143),
(2144),
(2145),
(2146),
(2148),
(2219);

-- --------------------------------------------------------

--
-- Table structure for table `vtiger_sarvproductsamples`
--

CREATE TABLE `vtiger_sarvproductsamples` (
  `sarvproductsamplesid` int(19) NOT NULL,
  `sample_no` varchar(100) DEFAULT NULL,
  `subject` varchar(255) DEFAULT NULL,
  `accountid` int(19) DEFAULT NULL,
  `contactid` int(19) DEFAULT NULL,
  `potentialid` int(19) DEFAULT NULL,
  `campaignid` int(19) DEFAULT NULL,
  `productid` int(19) DEFAULT NULL,
  `quantity` decimal(10,2) DEFAULT NULL,
  `unit_name` varchar(30) DEFAULT NULL,
  `sample_status` varchar(255) DEFAULT NULL,
  `request_date` date DEFAULT NULL,
  `dispatch_date` date DEFAULT NULL,
  `return_due_date` date DEFAULT NULL,
  `return_date` date DEFAULT NULL,
  `cost` decimal(25,8) DEFAULT NULL,
  `tracking_no` varchar(100) DEFAULT NULL
) ENGINE=InnoDB DEFAULT CHARSET=utf8 COLLATE=utf8_general_ci;

--
-- Dumping data for table `vtiger_sarvproductsamples`
--

INSERT IGNORE INTO `vtiger_sarvproductsamples` (`sarvproductsamplesid`, `sample_no`, `subject`, `accountid`, `contactid`, `potentialid`, `campaignid`, `productid`, `quantity`, `unit_name`, `sample_status`, `request_date`, `dispatch_date`, `return_due_date`, `return_date`, `cost`, `tracking_no`) VALUES
(2227, 'SMP1', 'نمونه محصول واقعی حساب 2036 [Gouya-PHASE09]', 2036, 2107, 2040, NULL, 26, 2.00, 'عدد', 'Returned', '2026-07-18', '2026-07-19', '2026-07-25', '2026-07-21', 100000000.00000000, 'SAMPLE-2036-PH09');

--
-- Triggers `vtiger_sarvproductsamples`
--
DROP TRIGGER IF EXISTS `bi_sarvsample_optional_refs`;
DELIMITER $$
CREATE TRIGGER `bi_sarvsample_optional_refs` BEFORE INSERT ON `vtiger_sarvproductsamples` FOR EACH ROW SET NEW.contactid=NULLIF(NEW.contactid,0),NEW.potentialid=NULLIF(NEW.potentialid,0),NEW.campaignid=NULLIF(NEW.campaignid,0)
$$
DELIMITER ;
DROP TRIGGER IF EXISTS `bu_sarvsample_optional_refs`;
DELIMITER $$
CREATE TRIGGER `bu_sarvsample_optional_refs` BEFORE UPDATE ON `vtiger_sarvproductsamples` FOR EACH ROW SET NEW.contactid=NULLIF(NEW.contactid,0),NEW.potentialid=NULLIF(NEW.potentialid,0),NEW.campaignid=NULLIF(NEW.campaignid,0)
$$
DELIMITER ;

-- --------------------------------------------------------

--
-- Table structure for table `vtiger_sarvproductsamplescf`
--

CREATE TABLE `vtiger_sarvproductsamplescf` (
  `sarvproductsamplesid` int(19) NOT NULL
) ENGINE=InnoDB DEFAULT CHARSET=utf8 COLLATE=utf8_general_ci;

--
-- Dumping data for table `vtiger_sarvproductsamplescf`
--

INSERT IGNORE INTO `vtiger_sarvproductsamplescf` (`sarvproductsamplesid`) VALUES
(2227);

-- --------------------------------------------------------

--
-- Table structure for table `vtiger_sarvsalescontracts`
--

CREATE TABLE `vtiger_sarvsalescontracts` (
  `sarvsalescontractsid` int(19) NOT NULL,
  `contract_no` varchar(100) DEFAULT NULL,
  `subject` varchar(255) DEFAULT NULL,
  `accountid` int(19) DEFAULT NULL,
  `contactid` int(19) DEFAULT NULL,
  `potentialid` int(19) DEFAULT NULL,
  `quoteid` int(19) DEFAULT NULL,
  `salesorderid` int(19) DEFAULT NULL,
  `contract_status` varchar(255) DEFAULT NULL,
  `contract_type` varchar(255) DEFAULT NULL,
  `start_date` date DEFAULT NULL,
  `end_date` date DEFAULT NULL,
  `signed_date` date DEFAULT NULL,
  `renewal_date` date DEFAULT NULL,
  `auto_renew` varchar(3) DEFAULT NULL,
  `contract_value` decimal(25,8) DEFAULT NULL,
  `currency_id` int(19) DEFAULT NULL,
  `conversion_rate` decimal(10,3) DEFAULT NULL,
  `version_no` int(11) DEFAULT NULL
) ENGINE=InnoDB DEFAULT CHARSET=utf8 COLLATE=utf8_general_ci;

--
-- Dumping data for table `vtiger_sarvsalescontracts`
--

INSERT IGNORE INTO `vtiger_sarvsalescontracts` (`sarvsalescontractsid`, `contract_no`, `subject`, `accountid`, `contactid`, `potentialid`, `quoteid`, `salesorderid`, `contract_status`, `contract_type`, `start_date`, `end_date`, `signed_date`, `renewal_date`, `auto_renew`, `contract_value`, `currency_id`, `conversion_rate`, `version_no`) VALUES
(2154, 'SC1', 'قرارداد فروش واقعی حساب 2036 [Gouya-PHASE04]', 2036, 2107, 2040, 0, 0, 'Active', 'Sale', '2026-07-18', '2027-07-18', '2026-07-18', '2027-06-18', '0', 16350000.00000000, 1, 1.000, 1);

-- --------------------------------------------------------

--
-- Table structure for table `vtiger_sarvsalescontractscf`
--

CREATE TABLE `vtiger_sarvsalescontractscf` (
  `sarvsalescontractsid` int(19) NOT NULL
) ENGINE=InnoDB DEFAULT CHARSET=utf8 COLLATE=utf8_general_ci;

--
-- Dumping data for table `vtiger_sarvsalescontractscf`
--

INSERT IGNORE INTO `vtiger_sarvsalescontractscf` (`sarvsalescontractsid`) VALUES
(2154);

-- --------------------------------------------------------

--
