-- Table structure for table `vtiger_attachmentsfolder`
--

CREATE TABLE `vtiger_attachmentsfolder` (
  `folderid` int(19) NOT NULL,
  `foldername` varchar(200) NOT NULL,
  `description` varchar(250) DEFAULT NULL,
  `createdby` int(19) NOT NULL,
  `sequence` int(19) DEFAULT NULL
) ENGINE=InnoDB DEFAULT CHARSET=utf8 COLLATE=utf8_general_ci;

--
-- Dumping data for table `vtiger_attachmentsfolder`
--

INSERT IGNORE INTO `vtiger_attachmentsfolder` (`folderid`, `foldername`, `description`, `createdby`, `sequence`) VALUES
(1, 'Default', 'This is a Default Folder', 1, 1);

-- --------------------------------------------------------

--
-- Table structure for table `vtiger_attachmentsfolder_seq`
--

CREATE TABLE `vtiger_attachmentsfolder_seq` (
  `id` int(11) NOT NULL
) ENGINE=InnoDB DEFAULT CHARSET=utf8mb4 COLLATE=utf8mb4_general_ci;

--
-- Dumping data for table `vtiger_attachmentsfolder_seq`
--

INSERT IGNORE INTO `vtiger_attachmentsfolder_seq` (`id`) VALUES
(1);

-- --------------------------------------------------------

--
-- Table structure for table `vtiger_audit_trial`
--

CREATE TABLE `vtiger_audit_trial` (
  `auditid` int(19) NOT NULL,
  `userid` int(19) DEFAULT NULL,
  `module` varchar(255) DEFAULT NULL,
  `action` varchar(255) DEFAULT NULL,
  `recordid` varchar(20) DEFAULT NULL,
  `actiondate` datetime DEFAULT NULL
) ENGINE=InnoDB DEFAULT CHARSET=utf8 COLLATE=utf8_general_ci;

-- --------------------------------------------------------

--
-- Table structure for table `vtiger_blocks`
--

CREATE TABLE `vtiger_blocks` (
  `blockid` int(19) NOT NULL,
  `tabid` int(19) NOT NULL,
  `blocklabel` varchar(100) NOT NULL,
  `sequence` int(10) DEFAULT NULL,
  `show_title` int(2) DEFAULT NULL,
  `visible` int(2) NOT NULL DEFAULT 0,
  `create_view` int(2) NOT NULL DEFAULT 0,
  `edit_view` int(2) NOT NULL DEFAULT 0,
  `detail_view` int(2) NOT NULL DEFAULT 0,
  `display_status` int(1) NOT NULL DEFAULT 1,
  `iscustom` int(1) NOT NULL DEFAULT 0
) ENGINE=InnoDB DEFAULT CHARSET=utf8 COLLATE=utf8_general_ci;

--
-- Dumping data for table `vtiger_blocks`
--

INSERT IGNORE INTO `vtiger_blocks` (`blockid`, `tabid`, `blocklabel`, `sequence`, `show_title`, `visible`, `create_view`, `edit_view`, `detail_view`, `display_status`, `iscustom`) VALUES
(1, 2, 'LBL_OPPORTUNITY_INFORMATION', 1, 0, 0, 0, 0, 0, 1, 0),
(2, 2, 'LBL_CUSTOM_INFORMATION', 2, 0, 0, 0, 0, 0, 1, 0),
(3, 2, 'LBL_DESCRIPTION_INFORMATION', 3, 0, 0, 0, 0, 0, 1, 0),
(4, 4, 'LBL_CONTACT_INFORMATION', 1, 0, 0, 0, 0, 0, 1, 0),
(5, 4, 'LBL_CUSTOM_INFORMATION', 2, 0, 0, 0, 0, 0, 1, 0),
(6, 4, 'LBL_CUSTOMER_PORTAL_INFORMATION', 3, 0, 0, 0, 0, 0, 1, 0),
(7, 4, 'LBL_ADDRESS_INFORMATION', 4, 0, 0, 0, 0, 0, 1, 0),
(8, 4, 'LBL_DESCRIPTION_INFORMATION', 5, 0, 0, 0, 0, 0, 1, 0),
(9, 6, 'LBL_ACCOUNT_INFORMATION', 1, 0, 0, 0, 0, 0, 1, 0),
(10, 6, 'LBL_CUSTOM_INFORMATION', 2, 0, 0, 0, 0, 0, 1, 0),
(11, 6, 'LBL_ADDRESS_INFORMATION', 3, 0, 0, 0, 0, 0, 1, 0),
(12, 6, 'LBL_DESCRIPTION_INFORMATION', 4, 0, 0, 0, 0, 0, 1, 0),
(13, 7, 'LBL_LEAD_INFORMATION', 1, 0, 0, 0, 0, 0, 1, 0),
(14, 7, 'LBL_CUSTOM_INFORMATION', 2, 0, 0, 0, 0, 0, 1, 0),
(15, 7, 'LBL_ADDRESS_INFORMATION', 3, 0, 0, 0, 0, 0, 1, 0),
(16, 7, 'LBL_DESCRIPTION_INFORMATION', 2, 0, 0, 0, 0, 0, 1, 0),
(17, 8, 'LBL_NOTE_INFORMATION', 1, 0, 0, 0, 0, 0, 1, 0),
(18, 8, 'LBL_FILE_INFORMATION', 3, 1, 0, 0, 0, 0, 1, 0),
(19, 9, 'LBL_TASK_INFORMATION', 1, 0, 0, 0, 0, 0, 1, 0),
(20, 9, 'LBL_DESCRIPTION_INFORMATION', 3, 1, 0, 0, 0, 0, 1, 0),
(21, 10, 'LBL_EMAIL_INFORMATION', 1, 0, 0, 0, 0, 0, 1, 0),
(22, 10, 'Emails_Block1', 2, 1, 0, 0, 0, 0, 1, 0),
(23, 10, 'Emails_Block2', 3, 1, 0, 0, 0, 0, 1, 0),
(24, 10, 'Emails_Block3', 4, 1, 0, 0, 0, 0, 1, 0),
(25, 13, 'LBL_TICKET_INFORMATION', 1, 0, 0, 0, 0, 0, 1, 0),
(26, 13, '', 2, 1, 0, 0, 0, 0, 1, 0),
(27, 13, 'LBL_CUSTOM_INFORMATION', 3, 0, 0, 0, 0, 0, 1, 0),
(28, 13, 'LBL_DESCRIPTION_INFORMATION', 4, 0, 0, 0, 0, 0, 1, 0),
(29, 13, 'LBL_TICKET_RESOLUTION', 5, 0, 0, 1, 0, 0, 1, 0),
(30, 13, 'LBL_COMMENTS', 6, 0, 0, 1, 0, 0, 1, 0),
(31, 14, 'LBL_PRODUCT_INFORMATION', 1, 0, 0, 0, 0, 0, 1, 0),
(32, 14, 'LBL_PRICING_INFORMATION', 2, 0, 0, 0, 0, 0, 1, 0),
(33, 14, 'LBL_STOCK_INFORMATION', 3, 0, 0, 0, 0, 0, 1, 0),
(34, 14, 'LBL_CUSTOM_INFORMATION', 4, 0, 0, 0, 0, 0, 1, 0),
(35, 14, 'LBL_IMAGE_INFORMATION', 5, 0, 0, 0, 0, 0, 1, 0),
(36, 14, 'LBL_DESCRIPTION_INFORMATION', 6, 0, 0, 0, 0, 0, 1, 0),
(37, 15, 'LBL_FAQ_INFORMATION', 1, 0, 0, 0, 0, 0, 1, 0),
(38, 15, 'LBL_COMMENT_INFORMATION', 4, 0, 0, 1, 0, 0, 1, 0),
(39, 16, 'LBL_EVENT_INFORMATION', 1, 0, 0, 0, 0, 0, 1, 0),
(40, 16, 'LBL_REMINDER_INFORMATION', 2, 0, 0, 0, 0, 0, 1, 0),
(41, 16, 'LBL_DESCRIPTION_INFORMATION', 5, 0, 0, 0, 0, 0, 1, 0),
(42, 18, 'LBL_VENDOR_INFORMATION', 1, 0, 0, 0, 0, 0, 1, 0),
(43, 18, 'LBL_CUSTOM_INFORMATION', 2, 0, 0, 0, 0, 0, 1, 0),
(44, 18, 'LBL_VENDOR_ADDRESS_INFORMATION', 3, 0, 0, 0, 0, 0, 1, 0),
(45, 18, 'LBL_DESCRIPTION_INFORMATION', 4, 0, 0, 0, 0, 0, 1, 0),
(46, 19, 'LBL_PRICEBOOK_INFORMATION', 1, 0, 0, 0, 0, 0, 1, 0),
(47, 19, 'LBL_CUSTOM_INFORMATION', 2, 0, 0, 0, 0, 0, 1, 0),
(48, 19, 'LBL_DESCRIPTION_INFORMATION', 3, 0, 0, 0, 0, 0, 1, 0),
(49, 20, 'LBL_QUOTE_INFORMATION', 1, 0, 0, 0, 0, 0, 1, 0),
(50, 20, 'LBL_CUSTOM_INFORMATION', 2, 0, 0, 0, 0, 0, 1, 0),
(51, 20, 'LBL_ADDRESS_INFORMATION', 5, 0, 0, 0, 0, 0, 1, 0),
(52, 20, 'LBL_RELATED_PRODUCTS', 4, 0, 0, 0, 0, 0, 1, 0),
(53, 20, 'LBL_TERMS_INFORMATION', 5, 0, 0, 0, 0, 0, 1, 0),
(54, 20, 'LBL_DESCRIPTION_INFORMATION', 4, 0, 0, 0, 0, 0, 1, 0),
(55, 21, 'LBL_PO_INFORMATION', 1, 0, 0, 0, 0, 0, 1, 0),
(56, 21, 'LBL_CUSTOM_INFORMATION', 2, 0, 0, 0, 0, 0, 1, 0),
(57, 21, 'LBL_ADDRESS_INFORMATION', 6, 0, 0, 0, 0, 0, 1, 0),
(58, 21, 'LBL_RELATED_PRODUCTS', 4, 0, 0, 0, 0, 0, 1, 0),
(59, 21, 'LBL_TERMS_INFORMATION', 5, 0, 0, 0, 0, 0, 1, 0),
(60, 21, 'LBL_DESCRIPTION_INFORMATION', 4, 0, 0, 0, 0, 0, 1, 0),
(61, 22, 'LBL_SO_INFORMATION', 1, 0, 0, 0, 0, 0, 1, 0),
(62, 22, 'LBL_CUSTOM_INFORMATION', 3, 0, 0, 0, 0, 0, 1, 0),
(63, 22, 'LBL_ADDRESS_INFORMATION', 4, 0, 0, 0, 0, 0, 1, 0),
(64, 22, 'LBL_RELATED_PRODUCTS', 5, 0, 0, 0, 0, 0, 1, 0),
(65, 22, 'LBL_TERMS_INFORMATION', 6, 0, 0, 0, 0, 0, 1, 0),
(66, 22, 'LBL_DESCRIPTION_INFORMATION', 7, 0, 0, 0, 0, 0, 1, 0),
(67, 23, 'LBL_INVOICE_INFORMATION', 1, 0, 0, 0, 0, 0, 1, 0),
(68, 23, 'LBL_CUSTOM_INFORMATION', 2, 0, 0, 0, 0, 0, 1, 0),
(69, 23, 'LBL_ADDRESS_INFORMATION', 3, 0, 0, 0, 0, 0, 1, 0),
(70, 23, 'LBL_RELATED_PRODUCTS', 4, 0, 0, 0, 0, 0, 1, 0),
(71, 23, 'LBL_TERMS_INFORMATION', 5, 0, 0, 0, 0, 0, 1, 0),
(72, 23, 'LBL_DESCRIPTION_INFORMATION', 6, 0, 0, 0, 0, 0, 1, 0),
(73, 4, 'LBL_IMAGE_INFORMATION', 6, 0, 0, 0, 0, 0, 1, 0),
(74, 26, 'LBL_CAMPAIGN_INFORMATION', 1, 0, 0, 0, 0, 0, 1, 0),
(75, 26, 'LBL_CUSTOM_INFORMATION', 2, 0, 0, 0, 0, 0, 1, 0),
(76, 26, 'LBL_EXPECTATIONS_AND_ACTUALS', 3, 0, 0, 0, 0, 0, 1, 0),
(77, 29, 'LBL_USERLOGIN_ROLE', 1, 0, 0, 0, 0, 0, 1, 0),
(78, 29, 'LBL_CURRENCY_CONFIGURATION', 3, 0, 0, 0, 0, 0, 1, 0),
(79, 29, 'LBL_MORE_INFORMATION', 4, 0, 0, 0, 0, 0, 1, 0),
(80, 29, 'LBL_ADDRESS_INFORMATION', 5, 0, 0, 0, 0, 0, 1, 0),
(81, 26, 'LBL_DESCRIPTION_INFORMATION', 4, 0, 0, 0, 0, 0, 1, 0),
(82, 29, 'LBL_USER_IMAGE_INFORMATION', 5, 0, 0, 0, 0, 0, 1, 0),
(83, 29, 'LBL_USER_ADV_OPTIONS', 6, 0, 0, 0, 0, 0, 1, 0),
(84, 8, 'LBL_DESCRIPTION', 2, 0, 0, 0, 0, 0, 1, 0),
(85, 22, 'Recurring Invoice Information', 2, 0, 0, 0, 0, 0, 1, 0),
(86, 9, 'LBL_CUSTOM_INFORMATION', 4, 0, 0, 0, 0, 0, 1, 0),
(87, 16, 'LBL_CUSTOM_INFORMATION', 6, 0, 0, 0, 0, 0, 1, 0),
(88, 34, 'LBL_PBXMANAGER_INFORMATION', 1, 0, 0, 0, 0, 0, 1, 0),
(89, 35, 'LBL_SERVICE_CONTRACT_INFORMATION', 1, 0, 0, 0, 0, 0, 1, 0),
(90, 35, 'LBL_CUSTOM_INFORMATION', 2, 0, 0, 0, 0, 0, 1, 0),
(91, 36, 'LBL_SERVICE_INFORMATION', 1, 0, 0, 0, 0, 0, 1, 0),
(92, 36, 'LBL_PRICING_INFORMATION', 2, 0, 0, 0, 0, 0, 1, 0),
(93, 36, 'LBL_CUSTOM_INFORMATION', 3, 0, 0, 0, 0, 0, 1, 0),
(94, 36, 'LBL_DESCRIPTION_INFORMATION', 4, 0, 0, 0, 0, 0, 1, 0),
(95, 38, 'LBL_ASSET_INFORMATION', 1, 0, 0, 0, 0, 0, 1, 0),
(96, 38, 'LBL_CUSTOM_INFORMATION', 2, 0, 0, 0, 0, 0, 1, 0),
(97, 38, 'LBL_DESCRIPTION_INFORMATION', 3, 0, 0, 0, 0, 0, 1, 0),
(98, 42, 'LBL_MODCOMMENTS_INFORMATION', 1, 0, 0, 0, 0, 0, 1, 0),
(99, 42, 'LBL_OTHER_INFORMATION', 2, 0, 0, 0, 0, 0, 1, 0),
(100, 42, 'LBL_CUSTOM_INFORMATION', 3, 0, 0, 0, 0, 0, 1, 0),
(101, 43, 'LBL_PROJECT_MILESTONE_INFORMATION', 1, 0, 0, 0, 0, 0, 1, 0),
(102, 43, 'LBL_CUSTOM_INFORMATION', 2, 0, 0, 0, 0, 0, 1, 0),
(103, 43, 'LBL_DESCRIPTION_INFORMATION', 3, 0, 0, 0, 0, 0, 1, 0),
(104, 44, 'LBL_PROJECT_TASK_INFORMATION', 1, 0, 0, 0, 0, 0, 1, 0),
(105, 44, 'LBL_CUSTOM_INFORMATION', 2, 0, 0, 0, 0, 0, 1, 0),
(106, 44, 'LBL_DESCRIPTION_INFORMATION', 3, 0, 0, 0, 0, 0, 1, 0),
(107, 45, 'LBL_PROJECT_INFORMATION', 1, 0, 0, 0, 0, 0, 1, 0),
(108, 45, 'LBL_CUSTOM_INFORMATION', 2, 0, 0, 0, 0, 0, 1, 0),
(109, 45, 'LBL_DESCRIPTION_INFORMATION', 3, 0, 0, 0, 0, 0, 1, 0),
(110, 47, 'LBL_SMSNOTIFIER_INFORMATION', 1, 0, 0, 0, 0, 0, 1, 0),
(111, 47, 'LBL_CUSTOM_INFORMATION', 2, 0, 0, 0, 0, 0, 1, 0),
(112, 47, 'StatusInformation', 3, 0, 0, 0, 0, 0, 1, 0),
(113, 23, 'LBL_ITEM_DETAILS', 5, 0, 0, 0, 0, 0, 1, 0),
(114, 22, 'LBL_ITEM_DETAILS', 5, 0, 0, 0, 0, 0, 1, 0),
(115, 21, 'LBL_ITEM_DETAILS', 5, 0, 0, 0, 0, 0, 1, 0),
(116, 20, 'LBL_ITEM_DETAILS', 5, 0, 0, 0, 0, 0, 1, 0),
(117, 16, 'LBL_RECURRENCE_INFORMATION', 3, 0, 0, 0, 0, 0, 1, 0),
(118, 29, 'LBL_CALENDAR_SETTINGS', 2, 0, 0, 0, 0, 0, 1, 0),
(119, 16, 'LBL_RELATED_TO', 4, 0, 0, 0, 0, 0, 1, 0),
(120, 9, 'LBL_REMINDER_INFORMATION', 2, 0, 0, 0, 0, 0, 1, 0),
(122, 6, 'LBL_MORE_INFORMATION', 5, 0, 0, 0, 0, 0, 1, 1),
(123, 6, 'LBL_CREDIT_INFORMATION', 6, 0, 0, 0, 0, 0, 1, 1),
(124, 6, 'LBL_SOCIAL_INFORMATION', 7, 0, 0, 0, 0, 0, 1, 1),
(125, 52, 'LBL_SARV_PAYMENT_INFORMATION', 1, 0, 0, 0, 0, 0, 1, 0),
(126, 52, 'LBL_DESCRIPTION_INFORMATION', 2, 0, 0, 0, 0, 0, 1, 0),
(127, 53, 'LBL_SARV_PARTICIPATION_INFORMATION', 1, 0, 0, 0, 0, 0, 1, 0),
(128, 53, 'LBL_DESCRIPTION_INFORMATION', 2, 0, 0, 0, 0, 0, 1, 0),
(129, 54, 'LBL_SARV_SURVEY_RESPONSE_INFORMATION', 1, 0, 0, 0, 0, 0, 1, 0),
(130, 54, 'LBL_DESCRIPTION_INFORMATION', 2, 0, 0, 0, 0, 0, 1, 0),
(131, 55, 'LBL_SARV_SALES_CONTRACT_INFORMATION', 1, 0, 0, 0, 0, 0, 1, 0),
(132, 55, 'LBL_DESCRIPTION_INFORMATION', 2, 0, 0, 0, 0, 0, 1, 0),
(133, 7, 'LBL_SARV_MORE_INFORMATION', 3, 0, 0, 0, 0, 0, 1, 0),
(134, 7, 'LBL_SARV_ADDRESS_INFORMATION', 4, 0, 0, 0, 0, 0, 1, 0),
(135, 7, 'LBL_SOCIAL_INFORMATION', 5, 0, 0, 0, 0, 0, 1, 0),
(136, 56, 'LBL_SARV_TARGET_LIST_INFORMATION', 1, 0, 0, 0, 0, 0, 1, 0),
(137, 56, 'LBL_DESCRIPTION_INFORMATION', 2, 0, 0, 0, 0, 0, 1, 0),
(138, 57, 'LBL_SARV_BANK_ACCOUNT_INFORMATION', 1, 0, 0, 0, 0, 0, 1, 0),
(139, 57, 'LBL_DESCRIPTION_INFORMATION', 2, 0, 0, 0, 0, 0, 1, 0),
(140, 58, 'LBL_SARV_DEPOSIT_INFORMATION', 1, 0, 0, 0, 0, 0, 1, 0),
(141, 58, 'LBL_DESCRIPTION_INFORMATION', 2, 0, 0, 0, 0, 0, 1, 0),
(142, 59, 'LBL_SARV_BUSINESS_LOCATION_INFORMATION', 1, 0, 0, 0, 0, 0, 1, 0),
(143, 59, 'LBL_DESCRIPTION_INFORMATION', 2, 0, 0, 0, 0, 0, 1, 0),
(144, 60, 'LBL_SARV_TIME_RESERVATION_INFORMATION', 1, 0, 0, 0, 0, 0, 1, 0),
(145, 60, 'LBL_DESCRIPTION_INFORMATION', 2, 0, 0, 0, 0, 0, 1, 0),
(146, 61, 'LBL_SARV_GIFT_INFORMATION', 1, 0, 0, 0, 0, 0, 1, 0),
(147, 61, 'LBL_DESCRIPTION_INFORMATION', 2, 0, 0, 0, 0, 0, 1, 0),
(148, 62, 'LBL_SARV_PRODUCT_SAMPLE_INFORMATION', 1, 0, 0, 0, 0, 0, 1, 0),
(149, 62, 'LBL_DESCRIPTION_INFORMATION', 2, 0, 0, 0, 0, 0, 1, 0),
(150, 63, 'LBL_ACCESS_GRANT_INFORMATION', 1, 0, 0, 0, 0, 0, 1, 0),
(151, 63, 'LBL_DESCRIPTION_INFORMATION', 2, 0, 0, 0, 0, 0, 1, 0),
(152, 4, 'LBL_SOCIAL_INFORMATION', 7, 0, 0, 0, 0, 0, 1, 1),
(153, 21, 'LBL_SARV_PO_MORE_INFORMATION', 2, 0, 0, 0, 0, 0, 1, 0),
(154, 20, 'LBL_SARV_QUOTE_VALIDATION', 6, 0, 0, 0, 0, 0, 1, 0),
(155, 65, 'LBL_COMMUNICATION_INFORMATION', 1, 0, 0, 0, 0, 0, 1, 0),
(156, 65, 'LBL_SEND_INFORMATION', 2, 0, 0, 0, 0, 0, 1, 0),
(157, 2, 'LBL_GOOYA_OPPORTUNITY_MORE_INFORMATION', 4, 0, 0, 0, 0, 0, 1, 0);

-- --------------------------------------------------------

--
-- Table structure for table `vtiger_blocks_seq`
--

CREATE TABLE `vtiger_blocks_seq` (
  `id` int(11) NOT NULL
) ENGINE=InnoDB DEFAULT CHARSET=utf8mb4 COLLATE=utf8mb4_general_ci;

--
-- Dumping data for table `vtiger_blocks_seq`
--

INSERT IGNORE INTO `vtiger_blocks_seq` (`id`) VALUES
(157);

-- --------------------------------------------------------

--
-- Table structure for table `vtiger_calendarsharedtype`
--

CREATE TABLE `vtiger_calendarsharedtype` (
  `calendarsharedtypeid` int(11) NOT NULL,
  `calendarsharedtype` varchar(200) NOT NULL,
  `sortorderid` int(11) DEFAULT NULL,
  `presence` int(11) NOT NULL DEFAULT 1
) ENGINE=InnoDB DEFAULT CHARSET=utf8 COLLATE=utf8_general_ci;

--
-- Dumping data for table `vtiger_calendarsharedtype`
--

INSERT IGNORE INTO `vtiger_calendarsharedtype` (`calendarsharedtypeid`, `calendarsharedtype`, `sortorderid`, `presence`) VALUES
(1, 'public', 0, 1),
(2, 'private', 1, 1),
(3, 'seletedusers', 2, 1);

-- --------------------------------------------------------

--
-- Table structure for table `vtiger_calendarsharedtype_seq`
--

CREATE TABLE `vtiger_calendarsharedtype_seq` (
  `id` int(11) NOT NULL
) ENGINE=InnoDB DEFAULT CHARSET=utf8mb4 COLLATE=utf8mb4_general_ci;

--
-- Dumping data for table `vtiger_calendarsharedtype_seq`
--

INSERT IGNORE INTO `vtiger_calendarsharedtype_seq` (`id`) VALUES
(3);

-- --------------------------------------------------------

--
-- Table structure for table `vtiger_calendar_default_activitytypes`
--

CREATE TABLE `vtiger_calendar_default_activitytypes` (
  `id` int(19) NOT NULL,
  `module` varchar(50) DEFAULT NULL,
  `fieldname` varchar(50) DEFAULT NULL,
  `defaultcolor` varchar(50) DEFAULT NULL,
  `isdefault` int(11) DEFAULT 1,
  `conditions` varchar(255) DEFAULT ''
) ENGINE=InnoDB DEFAULT CHARSET=utf8 COLLATE=utf8_general_ci;

--
-- Dumping data for table `vtiger_calendar_default_activitytypes`
--

INSERT IGNORE INTO `vtiger_calendar_default_activitytypes` (`id`, `module`, `fieldname`, `defaultcolor`, `isdefault`, `conditions`) VALUES
(1, 'Events', '[\"date_start\",\"due_date\"]', '#17309A', 1, ''),
(2, 'Calendar', '[\"date_start\",\"due_date\"]', '#3A87AD', 1, ''),
(3, 'Potentials', '[\"closingdate\"]', '#AA6705', 1, ''),
(4, 'Contacts', '[\"support_end_date\"]', '#953B39', 1, ''),
(5, 'Contacts', '[\"birthday\"]', '#545252', 1, ''),
(6, 'Invoice', '[\"duedate\"]', '#87865D', 1, ''),
(7, 'Project', '[\"startdate\",\"targetenddate\"]', '#C71585', 1, ''),
(8, 'ProjectTask', '[\"startdate\",\"enddate\"]', '#006400', 1, '');

-- --------------------------------------------------------

--
-- Table structure for table `vtiger_calendar_default_activitytypes_seq`
--

CREATE TABLE `vtiger_calendar_default_activitytypes_seq` (
  `id` int(11) NOT NULL
) ENGINE=InnoDB DEFAULT CHARSET=utf8mb4 COLLATE=utf8mb4_general_ci;

--
-- Dumping data for table `vtiger_calendar_default_activitytypes_seq`
--

INSERT IGNORE INTO `vtiger_calendar_default_activitytypes_seq` (`id`) VALUES
(8);

-- --------------------------------------------------------

--
-- Table structure for table `vtiger_calendar_user_activitytypes`
--

CREATE TABLE `vtiger_calendar_user_activitytypes` (
  `id` int(19) NOT NULL,
  `defaultid` int(19) DEFAULT NULL,
  `userid` int(19) DEFAULT NULL,
  `color` varchar(50) DEFAULT NULL,
  `visible` int(19) DEFAULT 1
) ENGINE=InnoDB DEFAULT CHARSET=utf8 COLLATE=utf8_general_ci;

--
-- Dumping data for table `vtiger_calendar_user_activitytypes`
--

INSERT IGNORE INTO `vtiger_calendar_user_activitytypes` (`id`, `defaultid`, `userid`, `color`, `visible`) VALUES
(1, 1, 1, '#17309A', 1),
(2, 2, 1, '#54b2de', 1),
(3, 3, 1, '#AA6705', 1),
(4, 4, 1, '#953B39', 1),
(5, 5, 1, '#545252', 1),
(6, 6, 1, '#87865D', 1),
(7, 7, 1, '#C71585', 1),
(8, 8, 1, '#006400', 1),
(9, 1, 5, '#17309A', 1),
(10, 2, 5, '#3A87AD', 1),
(11, 3, 5, '#AA6705', 1),
(12, 4, 5, '#953B39', 1),
(13, 5, 5, '#545252', 1),
(14, 6, 5, '#87865D', 1),
(15, 7, 5, '#C71585', 1),
(16, 8, 5, '#006400', 1),
(17, 1, 6, '#17309A', 1),
(18, 2, 6, '#3A87AD', 1),
(19, 3, 6, '#AA6705', 1),
(20, 4, 6, '#953B39', 1),
(21, 5, 6, '#545252', 1),
(22, 6, 6, '#87865D', 1),
(23, 7, 6, '#C71585', 1),
(24, 8, 6, '#006400', 1);

-- --------------------------------------------------------

--
-- Table structure for table `vtiger_calendar_user_activitytypes_seq`
--

CREATE TABLE `vtiger_calendar_user_activitytypes_seq` (
  `id` int(11) NOT NULL
) ENGINE=InnoDB DEFAULT CHARSET=utf8mb4 COLLATE=utf8mb4_general_ci;

--
-- Dumping data for table `vtiger_calendar_user_activitytypes_seq`
--

INSERT IGNORE INTO `vtiger_calendar_user_activitytypes_seq` (`id`) VALUES
(24);

-- --------------------------------------------------------

--
-- Table structure for table `vtiger_callduration`
--

CREATE TABLE `vtiger_callduration` (
  `calldurationid` int(11) NOT NULL,
  `callduration` varchar(200) NOT NULL,
  `sortorderid` int(11) DEFAULT NULL,
  `presence` int(11) NOT NULL DEFAULT 1
) ENGINE=InnoDB DEFAULT CHARSET=utf8 COLLATE=utf8_general_ci;

--
-- Dumping data for table `vtiger_callduration`
--

INSERT IGNORE INTO `vtiger_callduration` (`calldurationid`, `callduration`, `sortorderid`, `presence`) VALUES
(1, '5', 0, 1),
(2, '10', 1, 1),
(3, '30', 2, 1),
(4, '60', 3, 1),
(5, '120', 4, 1);

-- --------------------------------------------------------

--
-- Table structure for table `vtiger_callduration_seq`
--

CREATE TABLE `vtiger_callduration_seq` (
  `id` int(11) NOT NULL
) ENGINE=InnoDB DEFAULT CHARSET=utf8mb4 COLLATE=utf8mb4_general_ci;

--
-- Dumping data for table `vtiger_callduration_seq`
--

INSERT IGNORE INTO `vtiger_callduration_seq` (`id`) VALUES
(5);

-- --------------------------------------------------------

--
-- Table structure for table `vtiger_call_direction`
--

CREATE TABLE `vtiger_call_direction` (
  `call_directionid` int(11) NOT NULL,
  `call_direction` varchar(200) NOT NULL,
  `sortorderid` int(11) DEFAULT NULL,
  `presence` int(11) NOT NULL DEFAULT 1,
  `color` varchar(10) DEFAULT NULL
) ENGINE=InnoDB DEFAULT CHARSET=utf8 COLLATE=utf8_general_ci;

--
-- Dumping data for table `vtiger_call_direction`
--

INSERT IGNORE INTO `vtiger_call_direction` (`call_directionid`, `call_direction`, `sortorderid`, `presence`, `color`) VALUES
(1, 'خروجی', 0, 1, NULL),
(2, 'ورودی', 1, 1, NULL);

-- --------------------------------------------------------

--
-- Table structure for table `vtiger_call_direction_seq`
--

CREATE TABLE `vtiger_call_direction_seq` (
  `id` int(11) NOT NULL
) ENGINE=InnoDB DEFAULT CHARSET=utf8mb4 COLLATE=utf8mb4_general_ci;

--
-- Dumping data for table `vtiger_call_direction_seq`
--

INSERT IGNORE INTO `vtiger_call_direction_seq` (`id`) VALUES
(2);

-- --------------------------------------------------------

--
-- Table structure for table `vtiger_campaign`
--

CREATE TABLE `vtiger_campaign` (
  `campaign_no` varchar(100) NOT NULL,
  `campaignname` varchar(255) DEFAULT NULL,
  `campaigntype` varchar(200) DEFAULT NULL,
  `campaignstatus` varchar(200) DEFAULT NULL,
  `expectedrevenue` decimal(25,8) DEFAULT NULL,
  `budgetcost` decimal(25,8) DEFAULT NULL,
  `actualcost` decimal(25,8) DEFAULT NULL,
  `expectedresponse` varchar(200) DEFAULT NULL,
  `numsent` decimal(11,0) DEFAULT NULL,
  `product_id` int(19) DEFAULT NULL,
  `sponsor` varchar(255) DEFAULT NULL,
  `targetaudience` varchar(255) DEFAULT NULL,
  `targetsize` int(19) DEFAULT NULL,
  `expectedresponsecount` int(19) DEFAULT NULL,
  `expectedsalescount` int(19) DEFAULT NULL,
  `expectedroi` decimal(25,8) DEFAULT NULL,
  `actualresponsecount` int(19) DEFAULT NULL,
  `actualsalescount` int(19) DEFAULT NULL,
  `actualroi` decimal(25,8) DEFAULT NULL,
  `campaignid` int(19) NOT NULL,
  `closingdate` date DEFAULT NULL,
  `tags` varchar(1) DEFAULT NULL
) ENGINE=InnoDB DEFAULT CHARSET=utf8 COLLATE=utf8_general_ci;

--
-- Dumping data for table `vtiger_campaign`
--

INSERT IGNORE INTO `vtiger_campaign` (`campaign_no`, `campaignname`, `campaigntype`, `campaignstatus`, `expectedrevenue`, `budgetcost`, `actualcost`, `expectedresponse`, `numsent`, `product_id`, `sponsor`, `targetaudience`, `targetsize`, `expectedresponsecount`, `expectedsalescount`, `expectedroi`, `actualresponsecount`, `actualsalescount`, `actualroi`, `campaignid`, `closingdate`, `tags`) VALUES
('CAM1', 'Gouya-LEAD-SMOKE-20260718040300-4657-Campaign', NULL, 'Planning', 0.00000000, 0.00000000, 0.00000000, NULL, 0, 0, '', '', 0, 0, 0, 0.00000000, 0, 0, 0.00000000, 2155, NULL, ''),
('CAM2', 'Gouya-LEAD-SMOKE-20260718040333-5938-Campaign', NULL, 'Planning', 0.00000000, 0.00000000, 0.00000000, NULL, 0, 0, '', '', 0, 0, 0, 0.00000000, 0, 0, 0.00000000, 2156, NULL, ''),
('CAM3', 'Gouya-LEAD-SMOKE-20260718040406-5955-Campaign', NULL, 'Planning', 0.00000000, 0.00000000, 0.00000000, NULL, 0, 0, '', '', 0, 0, 0, 0.00000000, 0, 0, 0.00000000, 2161, NULL, ''),
('CAM4', 'Gouya-LEAD-SMOKE-20260718040648-8253-Campaign', NULL, 'Planning', 0.00000000, 0.00000000, 0.00000000, NULL, 0, 0, '', '', 0, 0, 0, 0.00000000, 0, 0, 0.00000000, 2168, NULL, ''),
('CAM5', 'Gouya-LEAD-SMOKE-20260718040939-3209-Campaign', NULL, 'Planning', 0.00000000, 0.00000000, 0.00000000, NULL, 0, 0, '', '', 0, 0, 0, 0.00000000, 0, 0, 0.00000000, 2174, NULL, ''),
('CAM6', 'Gouya-LEAD-SMOKE-20260718043251-9053-Campaign', NULL, 'Planning', 0.00000000, 0.00000000, 0.00000000, NULL, 0, 0, '', '', 0, 0, 0, 0.00000000, 0, 0, 0.00000000, 2180, NULL, ''),
('CAM7', 'Gouya-LEAD-SMOKE-20260718043314-6749-Campaign', NULL, 'Planning', 0.00000000, 0.00000000, 0.00000000, NULL, 0, 0, '', '', 0, 0, 0, 0.00000000, 0, 0, 0.00000000, 2186, NULL, ''),
('CAM8', 'Gouya-LEAD-SMOKE-20260718043336-8174-Campaign', NULL, 'Planning', 0.00000000, 0.00000000, 0.00000000, NULL, 0, 0, '', '', 0, 0, 0, 0.00000000, 0, 0, 0.00000000, 2192, NULL, ''),
('CAM9', 'Gouya-LEAD-SMOKE-20260718043458-8234-Campaign', NULL, 'Planning', 0.00000000, 0.00000000, 0.00000000, NULL, 0, 0, '', '', 0, 0, 0, 0.00000000, 0, 0, 0.00000000, 2200, NULL, ''),
('CAM10', 'Gouya-LEAD-SMOKE-20260718043554-3440-Campaign', NULL, 'Planning', 0.00000000, 0.00000000, 0.00000000, NULL, 0, 0, '', '', 0, 0, 0, 0.00000000, 0, 0, 0.00000000, 2208, NULL, ''),
('CAM11', 'SARV-LEAD-SMOKE-20260730063115-5303-Campaign', NULL, 'Planning', 0.00000000, 0.00000000, 0.00000000, NULL, 0, 0, '', '', 0, 0, 0, 0.00000000, 0, 0, 0.00000000, 2269, NULL, ''),
('CAM12', 'SARV-LEAD-SMOKE-20260730063303-9027-Campaign', NULL, 'Planning', 0.00000000, 0.00000000, 0.00000000, NULL, 0, 0, '', '', 0, 0, 0, 0.00000000, 0, 0, 0.00000000, 2270, NULL, ''),
('CAM13', 'SARV-LEAD-SMOKE-20260730063600-5929-Campaign', NULL, 'Planning', 0.00000000, 0.00000000, 0.00000000, NULL, 0, 0, '', '', 0, 0, 0, 0.00000000, 0, 0, 0.00000000, 2271, NULL, ''),
('CAM14', 'SARV-LEAD-SMOKE-20260809060946-7013-Campaign', NULL, 'Planning', 0.00000000, 0.00000000, 0.00000000, NULL, 0, 0, '', '', 0, 0, 0, 0.00000000, 0, 0, 0.00000000, 2296, NULL, ''),
('CAM15', 'SARV-LEAD-SMOKE-20260809061248-2728-Campaign', NULL, 'Planning', 0.00000000, 0.00000000, 0.00000000, NULL, 0, 0, '', '', 0, 0, 0, 0.00000000, 0, 0, 0.00000000, 2301, NULL, ''),
('CAM16', 'SARV-LEAD-SMOKE-20260809061344-4881-Campaign', NULL, 'Planning', 0.00000000, 0.00000000, 0.00000000, NULL, 0, 0, '', '', 0, 0, 0, 0.00000000, 0, 0, 0.00000000, 2306, NULL, ''),
('CAM17', 'SARV-LEAD-SMOKE-20260809062044-1209-Campaign', NULL, 'Planning', 0.00000000, 0.00000000, 0.00000000, NULL, 0, 0, '', '', 0, 0, 0, 0.00000000, 0, 0, 0.00000000, 2314, NULL, ''),
('CAM18', 'SARV-LEAD-SMOKE-20260809062220-7570-Campaign', NULL, 'Planning', 0.00000000, 0.00000000, 0.00000000, NULL, 0, 0, '', '', 0, 0, 0, 0.00000000, 0, 0, 0.00000000, 2322, NULL, ''),
('CAM19', 'SARV-LEAD-SMOKE-20260809062704-6866-Campaign', NULL, 'Planning', 0.00000000, 0.00000000, 0.00000000, NULL, 0, 0, '', '', 0, 0, 0, 0.00000000, 0, 0, 0.00000000, 2330, NULL, ''),
('CAM20', 'SARV-LEAD-SMOKE-20260809063037-9459-Campaign', NULL, 'Planning', 0.00000000, 0.00000000, 0.00000000, NULL, 0, 0, '', '', 0, 0, 0, 0.00000000, 0, 0, 0.00000000, 2338, NULL, ''),
('CAM21', 'SARV-LEAD-SMOKE-20260809063122-8988-Campaign', NULL, 'Planning', 0.00000000, 0.00000000, 0.00000000, NULL, 0, 0, '', '', 0, 0, 0, 0.00000000, 0, 0, 0.00000000, 2346, NULL, ''),
('CAM22', 'SARV-LEAD-SMOKE-20260809084307-7449-Campaign', NULL, 'Planning', 0.00000000, 0.00000000, 0.00000000, NULL, 0, 0, '', '', 0, 0, 0, 0.00000000, 0, 0, 0.00000000, 2362, NULL, '');

-- --------------------------------------------------------

--
-- Table structure for table `vtiger_campaignaccountrel`
--

CREATE TABLE `vtiger_campaignaccountrel` (
  `campaignid` int(19) DEFAULT NULL,
  `accountid` int(19) DEFAULT NULL,
  `campaignrelstatusid` int(19) DEFAULT NULL
) ENGINE=InnoDB DEFAULT CHARSET=utf8 COLLATE=utf8_general_ci;

-- --------------------------------------------------------

--
-- Table structure for table `vtiger_campaigncontrel`
--

CREATE TABLE `vtiger_campaigncontrel` (
  `campaignid` int(19) NOT NULL DEFAULT 0,
  `contactid` int(19) NOT NULL DEFAULT 0,
  `campaignrelstatusid` int(19) NOT NULL DEFAULT 0
) ENGINE=InnoDB DEFAULT CHARSET=utf8 COLLATE=utf8_general_ci;

-- --------------------------------------------------------

--
-- Table structure for table `vtiger_campaignleadrel`
--

CREATE TABLE `vtiger_campaignleadrel` (
  `campaignid` int(19) NOT NULL DEFAULT 0,
  `leadid` int(19) NOT NULL DEFAULT 0,
  `campaignrelstatusid` int(19) NOT NULL DEFAULT 0
) ENGINE=InnoDB DEFAULT CHARSET=utf8 COLLATE=utf8_general_ci;

-- --------------------------------------------------------

--
-- Table structure for table `vtiger_campaignrelstatus`
--

CREATE TABLE `vtiger_campaignrelstatus` (
  `campaignrelstatusid` int(19) DEFAULT NULL,
  `campaignrelstatus` varchar(256) DEFAULT NULL,
  `sortorderid` int(19) DEFAULT NULL,
  `presence` int(19) DEFAULT NULL,
  `color` varchar(10) DEFAULT NULL
) ENGINE=InnoDB DEFAULT CHARSET=utf8 COLLATE=utf8_general_ci;

--
-- Dumping data for table `vtiger_campaignrelstatus`
--

INSERT IGNORE INTO `vtiger_campaignrelstatus` (`campaignrelstatusid`, `campaignrelstatus`, `sortorderid`, `presence`, `color`) VALUES
(2, 'Contacted - Successful', 1, 1, NULL),
(3, 'Contacted - Unsuccessful', 2, 1, NULL),
(4, 'Contacted - Never Contact Again', 3, 1, NULL);

-- --------------------------------------------------------

--
-- Table structure for table `vtiger_campaignrelstatus_seq`
--

CREATE TABLE `vtiger_campaignrelstatus_seq` (
  `id` int(11) NOT NULL
) ENGINE=InnoDB DEFAULT CHARSET=utf8mb4 COLLATE=utf8mb4_general_ci;

--
-- Dumping data for table `vtiger_campaignrelstatus_seq`
--

INSERT IGNORE INTO `vtiger_campaignrelstatus_seq` (`id`) VALUES
(4);

-- --------------------------------------------------------

--
-- Table structure for table `vtiger_campaignscf`
--

CREATE TABLE `vtiger_campaignscf` (
  `campaignid` int(19) NOT NULL DEFAULT 0
) ENGINE=InnoDB DEFAULT CHARSET=utf8 COLLATE=utf8_general_ci;

--
-- Dumping data for table `vtiger_campaignscf`
--

INSERT IGNORE INTO `vtiger_campaignscf` (`campaignid`) VALUES
(2155),
(2156),
(2161),
(2168),
(2174),
(2180),
(2186),
(2192),
(2200),
(2208),
(2269),
(2270),
(2271),
(2296),
(2301),
(2306),
(2314),
(2322),
(2330),
(2338),
(2346),
(2362);

-- --------------------------------------------------------

--
-- Table structure for table `vtiger_campaignstatus`
--

CREATE TABLE `vtiger_campaignstatus` (
  `campaignstatusid` int(19) NOT NULL,
  `campaignstatus` varchar(200) NOT NULL,
  `presence` int(1) NOT NULL DEFAULT 1,
  `picklist_valueid` int(19) NOT NULL DEFAULT 0,
  `sortorderid` int(11) DEFAULT NULL,
  `color` varchar(10) DEFAULT NULL
) ENGINE=InnoDB DEFAULT CHARSET=utf8 COLLATE=utf8_general_ci;

--
-- Dumping data for table `vtiger_campaignstatus`
--

INSERT IGNORE INTO `vtiger_campaignstatus` (`campaignstatusid`, `campaignstatus`, `presence`, `picklist_valueid`, `sortorderid`, `color`) VALUES
(2, 'Planning', 1, 15, 1, NULL),
(3, 'Active', 1, 16, 2, NULL),
(4, 'Inactive', 1, 17, 3, NULL),
(5, 'Completed', 1, 18, 4, NULL),
(6, 'Cancelled', 1, 19, 5, NULL);

-- --------------------------------------------------------

--
-- Table structure for table `vtiger_campaignstatus_seq`
--

CREATE TABLE `vtiger_campaignstatus_seq` (
  `id` int(11) NOT NULL
) ENGINE=InnoDB DEFAULT CHARSET=utf8mb4 COLLATE=utf8mb4_general_ci;

--
-- Dumping data for table `vtiger_campaignstatus_seq`
--

INSERT IGNORE INTO `vtiger_campaignstatus_seq` (`id`) VALUES
(6);

-- --------------------------------------------------------

--
-- Table structure for table `vtiger_campaigntype`
--

CREATE TABLE `vtiger_campaigntype` (
  `campaigntypeid` int(19) NOT NULL,
  `campaigntype` varchar(200) NOT NULL,
  `presence` int(1) NOT NULL DEFAULT 1,
  `picklist_valueid` int(19) NOT NULL DEFAULT 0,
  `sortorderid` int(11) DEFAULT NULL,
  `color` varchar(10) DEFAULT NULL
) ENGINE=InnoDB DEFAULT CHARSET=utf8 COLLATE=utf8_general_ci;

--
-- Dumping data for table `vtiger_campaigntype`
--

INSERT IGNORE INTO `vtiger_campaigntype` (`campaigntypeid`, `campaigntype`, `presence`, `picklist_valueid`, `sortorderid`, `color`) VALUES
(2, 'Conference', 1, 21, 1, NULL),
(3, 'Webinar', 1, 22, 2, NULL),
(4, 'Trade Show', 1, 23, 3, NULL),
(5, 'Public Relations', 1, 24, 4, NULL),
(6, 'Partners', 1, 25, 5, NULL),
(7, 'Referral Program', 1, 26, 6, NULL),
(8, 'Advertisement', 1, 27, 7, NULL),
(9, 'Banner Ads', 1, 28, 8, NULL),
(10, 'Direct Mail', 1, 29, 9, NULL),
(11, 'Email', 1, 30, 10, NULL),
(12, 'Telemarketing', 1, 31, 11, NULL),
(13, 'Others', 1, 32, 12, NULL);

-- --------------------------------------------------------

--
-- Table structure for table `vtiger_campaigntype_seq`
--

CREATE TABLE `vtiger_campaigntype_seq` (
  `id` int(11) NOT NULL
) ENGINE=InnoDB DEFAULT CHARSET=utf8mb4 COLLATE=utf8mb4_general_ci;

--
-- Dumping data for table `vtiger_campaigntype_seq`
--

INSERT IGNORE INTO `vtiger_campaigntype_seq` (`id`) VALUES
(13);

-- --------------------------------------------------------

--
-- Table structure for table `vtiger_carrier`
--

CREATE TABLE `vtiger_carrier` (
  `carrierid` int(19) NOT NULL,
  `carrier` varchar(200) NOT NULL,
  `presence` int(1) NOT NULL DEFAULT 1,
  `picklist_valueid` int(19) NOT NULL DEFAULT 0,
  `sortorderid` int(11) DEFAULT NULL,
  `color` varchar(10) DEFAULT NULL
) ENGINE=InnoDB DEFAULT CHARSET=utf8 COLLATE=utf8_general_ci;

--
-- Dumping data for table `vtiger_carrier`
--

INSERT IGNORE INTO `vtiger_carrier` (`carrierid`, `carrier`, `presence`, `picklist_valueid`, `sortorderid`, `color`) VALUES
(1, 'FedEx', 1, 33, 0, NULL),
(2, 'UPS', 1, 34, 1, NULL),
(3, 'USPS', 1, 35, 2, NULL),
(4, 'DHL', 1, 36, 3, NULL),
(5, 'BlueDart', 1, 37, 4, NULL);

-- --------------------------------------------------------

--
-- Table structure for table `vtiger_carrier_seq`
--

CREATE TABLE `vtiger_carrier_seq` (
  `id` int(11) NOT NULL
) ENGINE=InnoDB DEFAULT CHARSET=utf8mb4 COLLATE=utf8mb4_general_ci;

--
-- Dumping data for table `vtiger_carrier_seq`
--

INSERT IGNORE INTO `vtiger_carrier_seq` (`id`) VALUES
(5);

-- --------------------------------------------------------

--
-- Table structure for table `vtiger_cf_credit_source`
--

CREATE TABLE `vtiger_cf_credit_source` (
  `cf_credit_sourceid` int(11) NOT NULL,
  `cf_credit_source` varchar(200) NOT NULL,
  `presence` int(1) NOT NULL DEFAULT 1,
  `picklist_valueid` int(11) NOT NULL DEFAULT 0,
  `sortorderid` int(11) DEFAULT 0,
  `color` varchar(10) DEFAULT NULL
) ENGINE=InnoDB DEFAULT CHARSET=utf8 COLLATE=utf8_general_ci;

--
-- Dumping data for table `vtiger_cf_credit_source`
--

INSERT IGNORE INTO `vtiger_cf_credit_source` (`cf_credit_sourceid`, `cf_credit_source`, `presence`, `picklist_valueid`, `sortorderid`, `color`) VALUES
(1, 'داخلی', 1, 353, 1, NULL),
(2, 'بانک', 1, 354, 2, NULL),
(3, 'اعتبارسنجی', 1, 355, 3, NULL),
(4, 'سایر', 1, 356, 4, NULL);

-- --------------------------------------------------------

--
-- Table structure for table `vtiger_cf_credit_source_seq`
--

CREATE TABLE `vtiger_cf_credit_source_seq` (
  `id` int(11) NOT NULL
) ENGINE=InnoDB DEFAULT CHARSET=utf8 COLLATE=utf8_unicode_ci;

--
-- Dumping data for table `vtiger_cf_credit_source_seq`
--

INSERT IGNORE INTO `vtiger_cf_credit_source_seq` (`id`) VALUES
(4);

-- --------------------------------------------------------

--
-- Table structure for table `vtiger_cf_credit_status`
--

CREATE TABLE `vtiger_cf_credit_status` (
  `cf_credit_statusid` int(11) NOT NULL,
  `cf_credit_status` varchar(200) NOT NULL,
  `presence` int(1) NOT NULL DEFAULT 1,
  `picklist_valueid` int(11) NOT NULL DEFAULT 0,
  `sortorderid` int(11) DEFAULT 0,
  `color` varchar(10) DEFAULT NULL
) ENGINE=InnoDB DEFAULT CHARSET=utf8 COLLATE=utf8_general_ci;

--
-- Dumping data for table `vtiger_cf_credit_status`
--

INSERT IGNORE INTO `vtiger_cf_credit_status` (`cf_credit_statusid`, `cf_credit_status`, `presence`, `picklist_valueid`, `sortorderid`, `color`) VALUES
(1, 'فعال', 1, 345, 1, NULL),
(2, 'غیرفعال', 1, 346, 2, NULL),
(3, 'منقضی', 1, 347, 3, NULL),
(4, 'در انتظار بررسی', 1, 348, 4, NULL);

-- --------------------------------------------------------

--
-- Table structure for table `vtiger_cf_credit_status_seq`
--

CREATE TABLE `vtiger_cf_credit_status_seq` (
  `id` int(11) NOT NULL
) ENGINE=InnoDB DEFAULT CHARSET=utf8 COLLATE=utf8_unicode_ci;

--
-- Dumping data for table `vtiger_cf_credit_status_seq`
--

INSERT IGNORE INTO `vtiger_cf_credit_status_seq` (`id`) VALUES
(4);

-- --------------------------------------------------------

--
-- Table structure for table `vtiger_cf_credit_type`
--

CREATE TABLE `vtiger_cf_credit_type` (
  `cf_credit_typeid` int(11) NOT NULL,
  `cf_credit_type` varchar(200) NOT NULL,
  `presence` int(1) NOT NULL DEFAULT 1,
  `picklist_valueid` int(11) NOT NULL DEFAULT 0,
  `sortorderid` int(11) DEFAULT 0,
  `color` varchar(10) DEFAULT NULL
) ENGINE=InnoDB DEFAULT CHARSET=utf8 COLLATE=utf8_general_ci;

--
-- Dumping data for table `vtiger_cf_credit_type`
--

INSERT IGNORE INTO `vtiger_cf_credit_type` (`cf_credit_typeid`, `cf_credit_type`, `presence`, `picklist_valueid`, `sortorderid`, `color`) VALUES
(1, 'نقدی', 1, 349, 1, NULL),
(2, 'اعتباری', 1, 350, 2, NULL),
(3, 'تضمینی', 1, 351, 3, NULL),
(4, 'سایر', 1, 352, 4, NULL);

-- --------------------------------------------------------

--
-- Table structure for table `vtiger_cf_credit_type_seq`
--

CREATE TABLE `vtiger_cf_credit_type_seq` (
  `id` int(11) NOT NULL
) ENGINE=InnoDB DEFAULT CHARSET=utf8 COLLATE=utf8_unicode_ci;

--
-- Dumping data for table `vtiger_cf_credit_type_seq`
--

INSERT IGNORE INTO `vtiger_cf_credit_type_seq` (`id`) VALUES
(4);

-- --------------------------------------------------------

--
-- Table structure for table `vtiger_cf_forecast_category`
--

CREATE TABLE `vtiger_cf_forecast_category` (
  `cf_forecast_categoryid` int(11) NOT NULL,
  `cf_forecast_category` varchar(200) NOT NULL,
  `presence` int(1) NOT NULL DEFAULT 1,
  `picklist_valueid` int(11) NOT NULL DEFAULT 0,
  `sortorderid` int(11) DEFAULT 0,
  `color` varchar(10) DEFAULT NULL
) ENGINE=InnoDB DEFAULT CHARSET=utf8 COLLATE=utf8_general_ci;

--
-- Dumping data for table `vtiger_cf_forecast_category`
--

INSERT IGNORE INTO `vtiger_cf_forecast_category` (`cf_forecast_categoryid`, `cf_forecast_category`, `presence`, `picklist_valueid`, `sortorderid`, `color`) VALUES
(1, 'اعمال', 1, 510, 1, NULL),
(2, 'بهترین حالت', 1, 511, 2, NULL),
(3, 'در دست پیگیری', 1, 512, 3, NULL),
(4, 'حذف از پیش‌بینی', 1, 513, 4, NULL);

-- --------------------------------------------------------

--
-- Table structure for table `vtiger_cf_forecast_category_seq`
--

CREATE TABLE `vtiger_cf_forecast_category_seq` (
  `id` int(11) NOT NULL
) ENGINE=InnoDB DEFAULT CHARSET=utf8 COLLATE=utf8_unicode_ci;

--
-- Dumping data for table `vtiger_cf_forecast_category_seq`
--

INSERT IGNORE INTO `vtiger_cf_forecast_category_seq` (`id`) VALUES
(4);

-- --------------------------------------------------------

--
-- Table structure for table `vtiger_cf_grouping1`
--

CREATE TABLE `vtiger_cf_grouping1` (
  `cf_grouping1id` int(11) NOT NULL,
  `cf_grouping1` varchar(200) NOT NULL,
  `presence` int(1) NOT NULL DEFAULT 1,
  `picklist_valueid` int(11) NOT NULL DEFAULT 0,
  `sortorderid` int(11) DEFAULT 0,
  `color` varchar(10) DEFAULT NULL
) ENGINE=InnoDB DEFAULT CHARSET=utf8 COLLATE=utf8_general_ci;

--
-- Dumping data for table `vtiger_cf_grouping1`
--

INSERT IGNORE INTO `vtiger_cf_grouping1` (`cf_grouping1id`, `cf_grouping1`, `presence`, `picklist_valueid`, `sortorderid`, `color`) VALUES
(1, 'Category 1', 1, 494, 1, NULL),
(2, 'Category 2', 1, 495, 2, NULL),
(3, 'Category 3', 1, 496, 3, NULL);

-- --------------------------------------------------------

--
-- Table structure for table `vtiger_cf_grouping1_seq`
--

CREATE TABLE `vtiger_cf_grouping1_seq` (
  `id` int(11) NOT NULL
) ENGINE=InnoDB DEFAULT CHARSET=utf8 COLLATE=utf8_unicode_ci;

--
-- Dumping data for table `vtiger_cf_grouping1_seq`
--

INSERT IGNORE INTO `vtiger_cf_grouping1_seq` (`id`) VALUES
(3);

-- --------------------------------------------------------

--
-- Table structure for table `vtiger_cf_grouping2`
--

CREATE TABLE `vtiger_cf_grouping2` (
  `cf_grouping2id` int(11) NOT NULL,
  `cf_grouping2` varchar(200) NOT NULL,
  `presence` int(1) NOT NULL DEFAULT 1,
  `picklist_valueid` int(11) NOT NULL DEFAULT 0,
  `sortorderid` int(11) DEFAULT 0,
  `color` varchar(10) DEFAULT NULL
) ENGINE=InnoDB DEFAULT CHARSET=utf8 COLLATE=utf8_general_ci;

--
-- Dumping data for table `vtiger_cf_grouping2`
--

INSERT IGNORE INTO `vtiger_cf_grouping2` (`cf_grouping2id`, `cf_grouping2`, `presence`, `picklist_valueid`, `sortorderid`, `color`) VALUES
(1, 'Category 1', 1, 497, 1, NULL),
(2, 'Category 2', 1, 498, 2, NULL),
(3, 'Category 3', 1, 499, 3, NULL);

-- --------------------------------------------------------

--
-- Table structure for table `vtiger_cf_grouping2_seq`
--

CREATE TABLE `vtiger_cf_grouping2_seq` (
  `id` int(11) NOT NULL
) ENGINE=InnoDB DEFAULT CHARSET=utf8 COLLATE=utf8_unicode_ci;

--
-- Dumping data for table `vtiger_cf_grouping2_seq`
--

INSERT IGNORE INTO `vtiger_cf_grouping2_seq` (`id`) VALUES
(3);

-- --------------------------------------------------------

--
-- Table structure for table `vtiger_cf_invoice_cycles`
--

CREATE TABLE `vtiger_cf_invoice_cycles` (
  `cf_invoice_cyclesid` int(11) NOT NULL,
  `cf_invoice_cycles` varchar(200) NOT NULL,
  `presence` int(1) NOT NULL DEFAULT 1,
  `picklist_valueid` int(11) NOT NULL DEFAULT 0,
  `sortorderid` int(11) DEFAULT 0,
  `color` varchar(10) DEFAULT NULL
) ENGINE=InnoDB DEFAULT CHARSET=utf8 COLLATE=utf8_general_ci;

--
-- Dumping data for table `vtiger_cf_invoice_cycles`
--

INSERT IGNORE INTO `vtiger_cf_invoice_cycles` (`cf_invoice_cyclesid`, `cf_invoice_cycles`, `presence`, `picklist_valueid`, `sortorderid`, `color`) VALUES
(1, 'بدون تکرار', 1, 514, 1, NULL),
(2, 'ماهانه', 1, 515, 2, NULL),
(3, 'سه‌ماهه', 1, 516, 3, NULL),
(4, 'شش‌ماهه', 1, 517, 4, NULL),
(5, 'سالانه', 1, 518, 5, NULL);

-- --------------------------------------------------------

--
-- Table structure for table `vtiger_cf_invoice_cycles_seq`
--

CREATE TABLE `vtiger_cf_invoice_cycles_seq` (
  `id` int(11) NOT NULL
) ENGINE=InnoDB DEFAULT CHARSET=utf8 COLLATE=utf8_unicode_ci;

--
-- Dumping data for table `vtiger_cf_invoice_cycles_seq`
--

INSERT IGNORE INTO `vtiger_cf_invoice_cycles_seq` (`id`) VALUES
(5);

-- --------------------------------------------------------

--
-- Table structure for table `vtiger_cf_invoice_kind`
--

CREATE TABLE `vtiger_cf_invoice_kind` (
  `cf_invoice_kindid` int(11) NOT NULL,
  `cf_invoice_kind` varchar(200) NOT NULL,
  `presence` int(1) NOT NULL DEFAULT 1,
  `picklist_valueid` int(11) NOT NULL DEFAULT 0,
  `sortorderid` int(11) DEFAULT 0,
  `color` varchar(10) DEFAULT NULL
) ENGINE=InnoDB DEFAULT CHARSET=utf8 COLLATE=utf8_general_ci;

--
-- Dumping data for table `vtiger_cf_invoice_kind`
--

INSERT IGNORE INTO `vtiger_cf_invoice_kind` (`cf_invoice_kindid`, `cf_invoice_kind`, `presence`, `picklist_valueid`, `sortorderid`, `color`) VALUES
(1, 'Standard', 1, 357, 1, NULL),
(2, 'Retail', 1, 358, 2, NULL);

-- --------------------------------------------------------

--
-- Table structure for table `vtiger_cf_invoice_kind_seq`
--

CREATE TABLE `vtiger_cf_invoice_kind_seq` (
  `id` int(11) NOT NULL
) ENGINE=InnoDB DEFAULT CHARSET=utf8 COLLATE=utf8_unicode_ci;

--
-- Dumping data for table `vtiger_cf_invoice_kind_seq`
--

INSERT IGNORE INTO `vtiger_cf_invoice_kind_seq` (`id`) VALUES
(2);

-- --------------------------------------------------------

--
-- Table structure for table `vtiger_cf_lead_party_type`
--

CREATE TABLE `vtiger_cf_lead_party_type` (
  `cf_lead_party_typeid` int(11) NOT NULL,
  `cf_lead_party_type` varchar(200) NOT NULL,
  `presence` int(1) NOT NULL DEFAULT 1,
  `picklist_valueid` int(11) NOT NULL DEFAULT 0,
  `sortorderid` int(11) DEFAULT 0,
  `color` varchar(10) DEFAULT NULL
) ENGINE=InnoDB DEFAULT CHARSET=utf8 COLLATE=utf8_general_ci;

--
-- Dumping data for table `vtiger_cf_lead_party_type`
--

INSERT IGNORE INTO `vtiger_cf_lead_party_type` (`cf_lead_party_typeid`, `cf_lead_party_type`, `presence`, `picklist_valueid`, `sortorderid`, `color`) VALUES
(1, 'حقوقی', 1, 407, 1, NULL),
(2, 'حقیقی', 1, 408, 2, NULL);

-- --------------------------------------------------------

--
-- Table structure for table `vtiger_cf_lead_party_type_seq`
--

CREATE TABLE `vtiger_cf_lead_party_type_seq` (
  `id` int(11) NOT NULL
) ENGINE=InnoDB DEFAULT CHARSET=utf8 COLLATE=utf8_unicode_ci;

--
-- Dumping data for table `vtiger_cf_lead_party_type_seq`
--

INSERT IGNORE INTO `vtiger_cf_lead_party_type_seq` (`id`) VALUES
(2);

-- --------------------------------------------------------

--
-- Table structure for table `vtiger_cf_loss_reason`
--

CREATE TABLE `vtiger_cf_loss_reason` (
  `cf_loss_reasonid` int(11) NOT NULL,
  `cf_loss_reason` varchar(200) NOT NULL,
  `presence` int(1) NOT NULL DEFAULT 1,
  `picklist_valueid` int(11) NOT NULL DEFAULT 0,
  `sortorderid` int(11) DEFAULT 0,
  `color` varchar(10) DEFAULT NULL
) ENGINE=InnoDB DEFAULT CHARSET=utf8 COLLATE=utf8_general_ci;

--
-- Dumping data for table `vtiger_cf_loss_reason`
--

INSERT IGNORE INTO `vtiger_cf_loss_reason` (`cf_loss_reasonid`, `cf_loss_reason`, `presence`, `picklist_valueid`, `sortorderid`, `color`) VALUES
(1, 'قیمت', 1, 505, 1, NULL),
(2, 'رقیب', 1, 506, 2, NULL),
(3, 'عدم نیاز', 1, 507, 3, NULL),
(4, 'عدم پاسخ', 1, 508, 4, NULL),
(5, 'سایر', 1, 509, 5, NULL);

-- --------------------------------------------------------

--
-- Table structure for table `vtiger_cf_loss_reason_seq`
--

CREATE TABLE `vtiger_cf_loss_reason_seq` (
  `id` int(11) NOT NULL
) ENGINE=InnoDB DEFAULT CHARSET=utf8 COLLATE=utf8_unicode_ci;

--
-- Dumping data for table `vtiger_cf_loss_reason_seq`
--

INSERT IGNORE INTO `vtiger_cf_loss_reason_seq` (`id`) VALUES
(5);

-- --------------------------------------------------------

--
-- Table structure for table `vtiger_cf_opportunity_currency`
--

CREATE TABLE `vtiger_cf_opportunity_currency` (
  `cf_opportunity_currencyid` int(11) NOT NULL,
  `cf_opportunity_currency` varchar(200) NOT NULL,
  `presence` int(1) NOT NULL DEFAULT 1,
  `picklist_valueid` int(11) NOT NULL DEFAULT 0,
  `sortorderid` int(11) DEFAULT 0,
  `color` varchar(10) DEFAULT NULL
) ENGINE=InnoDB DEFAULT CHARSET=utf8 COLLATE=utf8_general_ci;

--
-- Dumping data for table `vtiger_cf_opportunity_currency`
--

INSERT IGNORE INTO `vtiger_cf_opportunity_currency` (`cf_opportunity_currencyid`, `cf_opportunity_currency`, `presence`, `picklist_valueid`, `sortorderid`, `color`) VALUES
(1, 'Rial : ریال', 1, 500, 1, NULL);

-- --------------------------------------------------------

--
-- Table structure for table `vtiger_cf_opportunity_currency_seq`
--

CREATE TABLE `vtiger_cf_opportunity_currency_seq` (
  `id` int(11) NOT NULL
) ENGINE=InnoDB DEFAULT CHARSET=utf8 COLLATE=utf8_unicode_ci;

--
-- Dumping data for table `vtiger_cf_opportunity_currency_seq`
--

INSERT IGNORE INTO `vtiger_cf_opportunity_currency_seq` (`id`) VALUES
(1);

-- --------------------------------------------------------

--
-- Table structure for table `vtiger_cf_opportunity_priority`
--

CREATE TABLE `vtiger_cf_opportunity_priority` (
  `cf_opportunity_priorityid` int(11) NOT NULL,
  `cf_opportunity_priority` varchar(200) NOT NULL,
  `presence` int(1) NOT NULL DEFAULT 1,
  `picklist_valueid` int(11) NOT NULL DEFAULT 0,
  `sortorderid` int(11) DEFAULT 0,
  `color` varchar(10) DEFAULT NULL
) ENGINE=InnoDB DEFAULT CHARSET=utf8 COLLATE=utf8_general_ci;

--
-- Dumping data for table `vtiger_cf_opportunity_priority`
--

INSERT IGNORE INTO `vtiger_cf_opportunity_priority` (`cf_opportunity_priorityid`, `cf_opportunity_priority`, `presence`, `picklist_valueid`, `sortorderid`, `color`) VALUES
(1, 'پایین', 1, 502, 1, NULL),
(2, 'متوسط', 1, 503, 2, NULL),
(3, 'بالا', 1, 504, 3, NULL);

-- --------------------------------------------------------

--
-- Table structure for table `vtiger_cf_opportunity_priority_seq`
--

CREATE TABLE `vtiger_cf_opportunity_priority_seq` (
  `id` int(11) NOT NULL
) ENGINE=InnoDB DEFAULT CHARSET=utf8 COLLATE=utf8_unicode_ci;

--
-- Dumping data for table `vtiger_cf_opportunity_priority_seq`
--

INSERT IGNORE INTO `vtiger_cf_opportunity_priority_seq` (`id`) VALUES
(3);

-- --------------------------------------------------------

--
-- Table structure for table `vtiger_cf_party_type`
--

CREATE TABLE `vtiger_cf_party_type` (
  `cf_party_typeid` int(11) NOT NULL,
  `cf_party_type` varchar(200) NOT NULL,
  `presence` int(1) NOT NULL DEFAULT 1,
  `picklist_valueid` int(11) NOT NULL DEFAULT 0,
  `sortorderid` int(11) DEFAULT 0,
  `color` varchar(10) DEFAULT NULL
) ENGINE=InnoDB DEFAULT CHARSET=utf8 COLLATE=utf8_general_ci;

--
-- Dumping data for table `vtiger_cf_party_type`
--

INSERT IGNORE INTO `vtiger_cf_party_type` (`cf_party_typeid`, `cf_party_type`, `presence`, `picklist_valueid`, `sortorderid`, `color`) VALUES
(1, 'حقوقی', 1, 343, 1, NULL),
(2, 'حقیقی', 1, 344, 2, NULL);

-- --------------------------------------------------------

--
-- Table structure for table `vtiger_cf_party_type_seq`
--

CREATE TABLE `vtiger_cf_party_type_seq` (
  `id` int(11) NOT NULL
) ENGINE=InnoDB DEFAULT CHARSET=utf8 COLLATE=utf8_unicode_ci;

--
-- Dumping data for table `vtiger_cf_party_type_seq`
--

INSERT IGNORE INTO `vtiger_cf_party_type_seq` (`id`) VALUES
(2);

-- --------------------------------------------------------

--
-- Table structure for table `vtiger_cf_sales_process`
--

CREATE TABLE `vtiger_cf_sales_process` (
  `cf_sales_processid` int(11) NOT NULL,
  `cf_sales_process` varchar(200) NOT NULL,
  `presence` int(1) NOT NULL DEFAULT 1,
  `picklist_valueid` int(11) NOT NULL DEFAULT 0,
  `sortorderid` int(11) DEFAULT 0,
  `color` varchar(10) DEFAULT NULL
) ENGINE=InnoDB DEFAULT CHARSET=utf8 COLLATE=utf8_general_ci;

--
-- Dumping data for table `vtiger_cf_sales_process`
--

INSERT IGNORE INTO `vtiger_cf_sales_process` (`cf_sales_processid`, `cf_sales_process`, `presence`, `picklist_valueid`, `sortorderid`, `color`) VALUES
(1, 'پیش فرض', 1, 501, 1, NULL);

-- --------------------------------------------------------

--
-- Table structure for table `vtiger_cf_sales_process_seq`
--

CREATE TABLE `vtiger_cf_sales_process_seq` (
  `id` int(11) NOT NULL
) ENGINE=InnoDB DEFAULT CHARSET=utf8 COLLATE=utf8_unicode_ci;

--
-- Dumping data for table `vtiger_cf_sales_process_seq`
--

INSERT IGNORE INTO `vtiger_cf_sales_process_seq` (`id`) VALUES
(1);

-- --------------------------------------------------------

--
-- Table structure for table `vtiger_channel`
--

CREATE TABLE `vtiger_channel` (
  `channelid` int(11) NOT NULL,
  `channel` varchar(200) NOT NULL,
  `presence` int(1) NOT NULL DEFAULT 1,
  `picklist_valueid` int(11) NOT NULL DEFAULT 0,
  `sortorderid` int(11) DEFAULT 0,
  `color` varchar(10) DEFAULT NULL
) ENGINE=InnoDB DEFAULT CHARSET=utf8 COLLATE=utf8_general_ci;

--
-- Dumping data for table `vtiger_channel`
--

INSERT IGNORE INTO `vtiger_channel` (`channelid`, `channel`, `presence`, `picklist_valueid`, `sortorderid`, `color`) VALUES
(1, 'Web', 1, 393, 1, NULL),
(2, 'Phone', 1, 394, 2, NULL),
(3, 'SMS', 1, 395, 3, NULL),
(4, 'Email', 1, 396, 4, NULL),
(5, 'InPerson', 1, 397, 5, NULL),
(6, 'Website', 1, 448, 1, NULL),
(7, 'CRM', 1, 449, 2, NULL),
(8, 'Other', 1, 450, 3, NULL);

-- --------------------------------------------------------

--
-- Table structure for table `vtiger_channel_seq`
--

CREATE TABLE `vtiger_channel_seq` (
  `id` int(11) NOT NULL
) ENGINE=InnoDB DEFAULT CHARSET=utf8 COLLATE=utf8_unicode_ci;

--
-- Dumping data for table `vtiger_channel_seq`
--

INSERT IGNORE INTO `vtiger_channel_seq` (`id`) VALUES
(8);

-- --------------------------------------------------------

--
-- Table structure for table `vtiger_cntactivityrel`
--

CREATE TABLE `vtiger_cntactivityrel` (
  `contactid` int(19) NOT NULL DEFAULT 0,
  `activityid` int(19) NOT NULL DEFAULT 0
) ENGINE=InnoDB DEFAULT CHARSET=utf8 COLLATE=utf8_general_ci;

--
-- Dumping data for table `vtiger_cntactivityrel`
--

INSERT IGNORE INTO `vtiger_cntactivityrel` (`contactid`, `activityid`) VALUES
(2247, 2258),
(2247, 2259),
(2247, 2260),
(2286, 2290),
(2286, 2291),
(2286, 2292),
(2286, 2293),
(2286, 2294),
(2286, 2295);

-- --------------------------------------------------------

--
-- Table structure for table `vtiger_communications`
--

CREATE TABLE `vtiger_communications` (
  `communicationsid` int(19) NOT NULL,
  `name` varchar(255) DEFAULT NULL,
  `enabled` varchar(3) DEFAULT NULL,
  `parent_type` varchar(100) DEFAULT NULL,
  `type` varchar(50) DEFAULT NULL,
  `condition_name` varchar(100) DEFAULT NULL,
  `condition_value` varchar(255) DEFAULT NULL,
  `sms_message_flag` varchar(3) DEFAULT NULL,
  `email_message_flag` varchar(3) DEFAULT NULL,
  `sms_title` varchar(255) DEFAULT NULL,
  `email_title` varchar(255) DEFAULT NULL,
  `template` varchar(255) DEFAULT NULL,
  `template_id` int(19) DEFAULT NULL
) ENGINE=InnoDB DEFAULT CHARSET=utf8 COLLATE=utf8_general_ci;

--
-- Dumping data for table `vtiger_communications`
--

INSERT IGNORE INTO `vtiger_communications` (`communicationsid`, `name`, `enabled`, `parent_type`, `type`, `condition_name`, `condition_value`, `sms_message_flag`, `email_message_flag`, `sms_title`, `email_title`, `template`, `template_id`) VALUES
(2288, 'ارتباط آزمایشی طرح گویا', '1', 'Contacts', 'New_Records', 'email', '@', '0', '1', '', 'خوش‌آمدگویی ارتباط آزمایشی', '', 0),
(2289, 'ارتباط عملی طرح گویا ۱۴۰۵/۰۵/۱۱', '1', 'Contacts', 'New_Records', 'email', '@example.com', '0', '1', '', 'پیام خوش‌آمدگویی عملی', 'Accept Order', 5);

-- --------------------------------------------------------

--
-- Table structure for table `vtiger_communicationscf`
--

CREATE TABLE `vtiger_communicationscf` (
  `communicationsid` int(19) NOT NULL
) ENGINE=InnoDB DEFAULT CHARSET=utf8 COLLATE=utf8_general_ci;

--
-- Dumping data for table `vtiger_communicationscf`
--

INSERT IGNORE INTO `vtiger_communicationscf` (`communicationsid`) VALUES
(2288),
(2289);

-- --------------------------------------------------------

--
-- Table structure for table `vtiger_communications_audit`
--

CREATE TABLE `vtiger_communications_audit` (
  `auditid` bigint(20) UNSIGNED NOT NULL,
  `communicationsid` int(19) NOT NULL,
  `event_name` varchar(32) NOT NULL,
  `actor_id` int(19) NOT NULL,
  `event_time` datetime NOT NULL,
  `payload` longtext DEFAULT NULL
) ENGINE=InnoDB DEFAULT CHARSET=utf8mb4 COLLATE=utf8mb4_general_ci;

--
-- Dumping data for table `vtiger_communications_audit`
--

INSERT IGNORE INTO `vtiger_communications_audit` (`auditid`, `communicationsid`, `event_name`, `actor_id`, `event_time`, `payload`) VALUES
(1, 2289, 'create', 1, '2026-08-02 18:01:25', '{\"parent_type\":\"Contacts\",\"type\":\"New_Records\",\"condition_name\":\"email\",\"enabled\":1,\"sms\":0,\"email\":1}');

-- --------------------------------------------------------

--
-- Table structure for table `vtiger_contactaddress`
--

CREATE TABLE `vtiger_contactaddress` (
  `contactaddressid` int(19) NOT NULL DEFAULT 0,
  `mailingcity` varchar(40) DEFAULT NULL,
  `mailingstreet` varchar(250) DEFAULT NULL,
  `mailingcountry` varchar(40) DEFAULT NULL,
  `othercountry` varchar(30) DEFAULT NULL,
  `mailingstate` varchar(30) DEFAULT NULL,
  `mailingpobox` varchar(30) DEFAULT NULL,
  `othercity` varchar(40) DEFAULT NULL,
  `otherstate` varchar(50) DEFAULT NULL,
  `mailingzip` varchar(30) DEFAULT NULL,
  `otherzip` varchar(30) DEFAULT NULL,
  `otherstreet` varchar(250) DEFAULT NULL,
  `otherpobox` varchar(30) DEFAULT NULL
) ENGINE=InnoDB DEFAULT CHARSET=utf8 COLLATE=utf8_general_ci;

--
-- Dumping data for table `vtiger_contactaddress`
--

INSERT IGNORE INTO `vtiger_contactaddress` (`contactaddressid`, `mailingcity`, `mailingstreet`, `mailingcountry`, `othercountry`, `mailingstate`, `mailingpobox`, `othercity`, `otherstate`, `mailingzip`, `otherzip`, `otherstreet`, `otherpobox`) VALUES
(11, '', '', '', '', '', '', '', '', '', '', '', ''),
(2066, '', '', '', '', '', '', '', '', '', '', '', ''),
(2067, '', '', '', '', '', '', '', '', '', '', '', ''),
(2068, '', '', '', '', '', '', '', '', '', '', '', ''),
(2069, '', '', '', '', '', '', '', '', '', '', '', ''),
(2070, '', '', '', '', '', '', '', '', '', '', '', ''),
(2071, '', '', '', '', '', '', '', '', '', '', '', ''),
(2072, '', '', '', '', '', '', '', '', '', '', '', ''),
(2073, '', '', '', '', '', '', '', '', '', '', '', ''),
(2074, '', '', '', '', '', '', '', '', '', '', '', ''),
(2075, '', '', '', '', '', '', '', '', '', '', '', ''),
(2076, '', '', '', '', '', '', '', '', '', '', '', ''),
(2077, '', '', '', '', '', '', '', '', '', '', '', ''),
(2078, '', '', '', '', '', '', '', '', '', '', '', ''),
(2079, '', '', '', '', '', '', '', '', '', '', '', ''),
(2080, '', '', '', '', '', '', '', '', '', '', '', ''),
(2081, '', '', '', '', '', '', '', '', '', '', '', ''),
(2082, '', '', '', '', '', '', '', '', '', '', '', ''),
(2083, '', '', '', '', '', '', '', '', '', '', '', ''),
(2084, '', '', '', '', '', '', '', '', '', '', '', ''),
(2085, '', '', '', '', '', '', '', '', '', '', '', ''),
(2086, '', '', '', '', '', '', '', '', '', '', '', ''),
(2087, '', '', '', '', '', '', '', '', '', '', '', ''),
(2088, '', '', '', '', '', '', '', '', '', '', '', ''),
(2089, '', '', '', '', '', '', '', '', '', '', '', ''),
(2090, '', '', '', '', '', '', '', '', '', '', '', ''),
(2091, '', '', '', '', '', '', '', '', '', '', '', ''),
(2093, '', '', '', '', '', '', '', '', '', '', '', ''),
(2095, '', '', '', '', '', '', '', '', '', '', '', ''),
(2096, '', '', '', '', '', '', '', '', '', '', '', ''),
(2098, '', '', '', '', '', '', '', '', '', '', '', ''),
(2100, '', '', '', '', '', '', '', '', '', '', '', ''),
(2102, '', '', '', '', '', '', '', '', '', '', '', ''),
(2103, '', '', '', '', '', '', '', '', '', '', '', ''),
(2105, '', '', '', '', '', '', '', '', '', '', '', ''),
(2107, '', '', '', '', '', '', '', '', '', '', '', ''),
(2108, '', '', '', '', '', '', '', '', '', '', '', ''),
(2110, '', '', '', '', '', '', '', '', '', '', '', ''),
(2111, '', '', '', '', '', '', '', '', '', '', '', ''),
(2113, '', '', '', '', '', '', '', '', '', '', '', ''),
(2114, '', '', '', '', '', '', '', '', '', '', '', ''),
(2116, '', '', '', '', '', '', '', '', '', '', '', ''),
(2117, '', '', '', '', '', '', '', '', '', '', '', ''),
(2118, '', '', '', '', '', '', '', '', '', '', '', ''),
(2119, '', '', '', '', '', '', '', '', '', '', '', ''),
(2120, '', '', '', '', '', '', '', '', '', '', '', ''),
(2121, '', '', '', '', '', '', '', '', '', '', '', ''),
(2122, '', '', '', '', '', '', '', '', '', '', '', ''),
(2123, '', '', '', '', '', '', '', '', '', '', '', ''),
(2124, '', '', '', '', '', '', '', '', '', '', '', ''),
(2125, '', '', '', '', '', '', '', '', '', '', '', ''),
(2167, 'تهران', 'آدرس اصلی تست', 'ایران', '', 'تهران', '', '', '', '', '', '', ''),
(2199, 'تهران', 'آدرس اصلی تست', 'ایران', '', 'تهران', '', '', '', '', '', '', ''),
(2207, 'تهران', 'آدرس اصلی تست', 'ایران', '', 'تهران', '', '', '', '', '', '', ''),
(2215, 'تهران', 'آدرس اصلی تست', 'ایران', '', 'تهران', '', '', '', '', '', '', ''),
(2236, '', '', '', '', '', '', '', '', '', '', '', ''),
(2237, '', '', '', '', '', '', '', '', '', '', '', ''),
(2238, '', '', '', '', '', '', '', '', '', '', '', ''),
(2239, '', '', '', '', '', '', '', '', '', '', '', ''),
(2240, '', '', '', '', '', '', '', '', '', '', '', ''),
(2241, '', '', '', '', '', '', '', '', '', '', '', ''),
(2242, '', '', '', '', '', '', '', '', '', '', '', ''),
(2243, '', '', '', '', '', '', '', '', '', '', '', ''),
(2244, '', '', '', '', '', '', '', '', '', '', '', ''),
(2245, '', '', '', '', '', '', '', '', '', '', '', ''),
(2246, '', '', '', '', '', '', '', '', '', '', '', ''),
(2247, '', '', '', '', '', '', '', '', '', '', '', ''),
(2248, '', '', '', '', '', '', '', '', '', '', '', ''),
(2249, '', '', '', '', '', '', '', '', '', '', '', ''),
(2250, '', '', '', '', '', '', '', '', '', '', '', ''),
(2251, '', '', '', '', '', '', '', '', '', '', '', ''),
(2252, '', '', '', '', '', '', '', '', '', '', '', ''),
(2253, '', '', '', '', '', '', '', '', '', '', '', ''),
(2254, '', '', '', '', '', '', '', '', '', '', '', ''),
(2255, '', '', '', '', '', '', '', '', '', '', '', ''),
(2256, '', '', '', '', '', '', '', '', '', '', '', ''),
(2257, '', '', '', '', '', '', '', '', '', '', '', ''),
(2276, 'تهران', 'آدرس اصلی تست', 'ایران', '', 'تهران', '', '', '', '', '', '', ''),
(2279, '', '', '', '', '', '', '', '', '', '', '', ''),
(2280, '', '', '', '', '', '', '', '', '', '', '', ''),
(2281, '', '', '', '', '', '', '', '', '', '', '', ''),
(2282, '', '', '', '', '', '', '', '', '', '', '', ''),
(2283, '', '', '', '', '', '', '', '', '', '', '', ''),
(2284, '', '', '', '', '', '', '', '', '', '', '', ''),
(2285, 'تهران', 'خیابان تست طرح گویا', 'ایران', 'ایران', 'تهران', '', 'کرج', 'البرز', '1599911111', '3199911111', 'نشانی دوم تست طرح گویا', ''),
(2286, '', 'تهران، خیابان نمونه طرح گویا', 'ایران', 'ایران', '', '', '', '', '14357', '14357', 'تهران، خیابان نمونه طرح گویا', ''),
(2287, 'تهران', 'خیابان تست طرح گویا', 'ایران', 'ایران', 'تهران', '', 'کرج', 'البرز', '1599911111', '3199911111', 'نشانی دوم تست طرح گویا', ''),
(2313, 'تهران', 'آدرس اصلی تست', 'ایران', '', 'تهران', '', '', '', '', '', '', ''),
(2321, 'تهران', 'آدرس اصلی تست', 'ایران', '', 'تهران', '', '', '', '', '', '', ''),
(2329, 'تهران', 'آدرس اصلی تست', 'ایران', '', 'تهران', '', '', '', '', '', '', ''),
(2337, 'تهران', 'آدرس اصلی تست', 'ایران', '', 'تهران', '', '', '', '', '', '', ''),
(2345, 'تهران', 'آدرس اصلی تست', 'ایران', '', 'تهران', '', '', '', '', '', '', ''),
(2353, 'تهران', 'آدرس اصلی تست', 'ایران', '', 'تهران', '', '', '', '', '', '', '');

-- --------------------------------------------------------

--
-- Table structure for table `vtiger_contactdetails`
--

CREATE TABLE `vtiger_contactdetails` (
  `contactid` int(19) NOT NULL DEFAULT 0,
  `contact_no` varchar(100) NOT NULL,
  `accountid` int(19) DEFAULT NULL,
  `salutation` varchar(200) DEFAULT NULL,
  `firstname` varchar(40) DEFAULT NULL,
  `lastname` varchar(80) NOT NULL,
  `email` varchar(100) DEFAULT NULL,
  `phone` varchar(50) DEFAULT NULL,
  `mobile` varchar(50) DEFAULT NULL,
  `title` varchar(50) DEFAULT NULL,
  `department` varchar(30) DEFAULT NULL,
  `fax` varchar(50) DEFAULT NULL,
  `reportsto` varchar(30) DEFAULT NULL,
  `training` varchar(50) DEFAULT NULL,
  `usertype` varchar(50) DEFAULT NULL,
  `contacttype` varchar(50) DEFAULT NULL,
  `otheremail` varchar(100) DEFAULT NULL,
  `secondaryemail` varchar(100) DEFAULT NULL,
  `donotcall` varchar(3) DEFAULT NULL,
  `emailoptout` varchar(3) DEFAULT '0',
  `imagename` varchar(150) DEFAULT NULL,
  `reference` varchar(3) DEFAULT NULL,
  `notify_owner` varchar(3) DEFAULT '0',
  `isconvertedfromlead` varchar(3) DEFAULT '0',
  `tags` varchar(1) DEFAULT NULL
) ENGINE=InnoDB DEFAULT CHARSET=utf8 COLLATE=utf8_general_ci;

--
-- Dumping data for table `vtiger_contactdetails`
--

INSERT IGNORE INTO `vtiger_contactdetails` (`contactid`, `contact_no`, `accountid`, `salutation`, `firstname`, `lastname`, `email`, `phone`, `mobile`, `title`, `department`, `fax`, `reportsto`, `training`, `usertype`, `contacttype`, `otheremail`, `secondaryemail`, `donotcall`, `emailoptout`, `imagename`, `reference`, `notify_owner`, `isconvertedfromlead`, `tags`) VALUES
(11, 'CON1', 0, 'Mr.', 'عیسی', 'زارع', '', '', '09119220020', '', '', '', '0', NULL, NULL, NULL, NULL, '', '0', '0', '', '0', '0', '0', ''),
(2066, 'CON2', 0, '', 'علی', 'محمدی', '', '', '', '', '', '', '0', NULL, NULL, NULL, NULL, '', '0', '0', '', '0', '0', '0', ''),
(2067, 'CON3', 0, '', 'سارا', 'احمدی', '', '', '', '', '', '', '0', NULL, NULL, NULL, NULL, '', '0', '0', '', '0', '0', '0', ''),
(2068, 'CON4', 0, '', 'رضا', 'کریمی', '', '', '', '', '', '', '0', NULL, NULL, NULL, NULL, '', '0', '0', '', '0', '0', '0', ''),
(2069, 'CON5', 0, '', 'رضا', 'محمدیان', 'kpiseed_mgr@example.local', '', '', '', '', '', '0', NULL, NULL, NULL, NULL, '', '0', '0', '', '0', '0', '0', ''),
(2070, 'CON6', 0, '', 'علی', 'کریمی', 'kpiseed_sup1@example.local', '', '', '', '', '', '0', NULL, NULL, NULL, NULL, '', '0', '0', '', '0', '0', '0', ''),
(2071, 'CON7', 0, '', 'نیما', 'قاسمی', 'kpiseed_emp1@example.local', '', '', '', '', '', '0', NULL, NULL, NULL, NULL, '', '0', '0', '', '0', '0', '0', ''),
(2072, 'CON8', 0, '', 'زهرا', 'مرادی', 'kpiseed_emp2@example.local', '', '', '', '', '', '0', NULL, NULL, NULL, NULL, '', '0', '0', '', '0', '0', '0', ''),
(2073, 'CON9', 0, '', 'امیر', 'صادقی', 'kpiseed_emp3@example.local', '', '', '', '', '', '0', NULL, NULL, NULL, NULL, '', '0', '0', '', '0', '0', '0', ''),
(2074, 'CON10', 0, '', 'فاطمه', 'کاظمی', 'kpiseed_emp4@example.local', '', '', '', '', '', '0', NULL, NULL, NULL, NULL, '', '0', '0', '', '0', '0', '0', ''),
(2075, 'CON11', 0, '', 'سینا', 'یوسفی', 'kpiseed_emp5@example.local', '', '', '', '', '', '0', NULL, NULL, NULL, NULL, '', '0', '0', '', '0', '0', '0', ''),
(2076, 'CON12', 0, '', 'الهام', 'جعفری', 'kpiseed_emp6@example.local', '', '', '', '', '', '0', NULL, NULL, NULL, NULL, '', '0', '0', '', '0', '0', '0', ''),
(2077, 'CON13', 0, '', 'حسن', 'رضایی', 'kpiseed_sup3@example.local', '', '', '', '', '', '0', NULL, NULL, NULL, NULL, '', '0', '0', '', '0', '0', '0', ''),
(2078, 'CON14', 0, '', 'بهرام', 'اکبری', 'kpiseed_emp7@example.local', '', '', '', '', '', '0', NULL, NULL, NULL, NULL, '', '0', '0', '', '0', '0', '0', ''),
(2079, 'CON15', 0, '', 'نگار', 'شریفی', 'kpiseed_emp8@example.local', '', '', '', '', '', '0', NULL, NULL, NULL, NULL, '', '0', '0', '', '0', '0', '0', ''),
(2080, 'CON16', 0, '', 'پیمان', 'بابایی', 'kpiseed_emp9@example.local', '', '', '', '', '', '0', NULL, NULL, NULL, NULL, '', '0', '0', '', '0', '0', '0', ''),
(2081, 'CON17', 0, '', 'مریم', 'حسینی', 'kpiseed_sup4@example.local', '', '', '', '', '', '0', NULL, NULL, NULL, NULL, '', '0', '0', '', '0', '0', '0', ''),
(2082, 'CON18', 0, '', 'مینا', 'رستمی', 'kpiseed_emp10@example.local', '', '', '', '', '', '0', NULL, NULL, NULL, NULL, '', '0', '0', '', '0', '0', '0', ''),
(2083, 'CON19', 0, '', 'کیان', 'عباسی', 'kpiseed_emp11@example.local', '', '', '', '', '', '0', NULL, NULL, NULL, NULL, '', '0', '0', '', '0', '0', '0', ''),
(2084, 'CON20', 0, '', 'رها', 'نادری', 'kpiseed_emp12@example.local', '', '', '', '', '', '0', NULL, NULL, NULL, NULL, '', '0', '0', '', '0', '0', '0', ''),
(2085, 'CON21', 0, '', 'کاوه', 'نوری', 'kpiseed_sup5@example.local', '', '', '', '', '', '0', NULL, NULL, NULL, NULL, '', '0', '0', '', '0', '0', '0', ''),
(2086, 'CON22', 0, '', 'آرش', 'فلاحی', 'kpiseed_emp13@example.local', '', '', '', '', '', '0', NULL, NULL, NULL, NULL, '', '0', '0', '', '0', '0', '0', ''),
(2087, 'CON23', 0, '', 'سحر', 'زارع', 'kpiseed_emp14@example.local', '', '', '', '', '', '0', NULL, NULL, NULL, NULL, '', '0', '0', '', '0', '0', '0', ''),
(2088, 'CON24', 0, '', 'وحید', 'محمودی', 'kpiseed_emp15@example.local', '', '', '', '', '', '0', NULL, NULL, NULL, NULL, '', '0', '0', '', '0', '0', '0', ''),
(2089, 'CON25', 0, '', 'حسین', 'فغان پور', 'hossein.fgh@gmail.com', '', '', '', '', '', '0', NULL, NULL, NULL, NULL, '', '0', '0', '', '0', '0', '0', ''),
(2090, 'CON26', 0, '', 'سارا', 'احمدی', 'kpiseed_sup2@example.local', '', '', '', '', '', '0', NULL, NULL, NULL, NULL, '', '0', '0', '', '0', '0', '0', ''),
(2091, 'CON27', 22, '', 'خانم افروز', 'محمدی (مثال)', 'afrooz@test.com', '', '', 'مدیرمالی', '', '', '0', NULL, NULL, NULL, NULL, '', '0', '0', '', '0', '0', '0', ''),
(2093, 'CON28', 23, '', 'خانم رویا', 'نیک رفتار (مثال)', 'roya@test.com', '', '', 'مدیر مالی', '', '', '0', NULL, NULL, NULL, NULL, '', '0', '0', '', '0', '0', '0', ''),
(2095, 'CON29', 2034, '', 'مهندس', 'قاضی (مثال)', 'ghazi@test.com', '', '', '', '', '', '0', NULL, NULL, NULL, NULL, '', '0', '0', '', '0', '0', '0', ''),
(2096, 'CON30', 20, '', 'آقای مهدی', 'فروزش (مثال)', 'forouzesh@test.com', '', '', 'مدیر فروش', '', '', '0', NULL, NULL, NULL, NULL, '', '0', '0', '', '0', '0', '0', ''),
(2098, 'CON31', 2032, '', 'آقای محمد', 'کابینی (مثال)', 'ayini@test.com', '', '', 'استراتژیست', '', '', '0', NULL, NULL, NULL, NULL, '', '0', '0', '', '0', '0', '0', ''),
(2100, 'CON32', 2037, '', 'مهندس', 'زامیاد (مثال)', 'zamyad@test.com', '', '', '', '', '', '0', NULL, NULL, NULL, NULL, '', '0', '0', '', '0', '0', '0', ''),
(2102, 'CON33', 21, '', 'آقای غلامعلی', 'عباسی (مثال)', 'abbasi@test.com', '', '', 'مدیرعامل', '', '', '0', NULL, NULL, NULL, NULL, '', '0', '0', '', '0', '0', '0', ''),
(2103, 'CON34', 2029, '', 'آقای', 'محمدآبادی (مثال)', 'mohammadabadi@test.com', '', '', '', '', '', '0', NULL, NULL, NULL, NULL, '', '0', '0', '', '0', '0', '0', ''),
(2105, 'CON35', 21, '', 'خانم لعیا', 'خسروآبادی (مثال)', 'laya@test.com', '', '', 'مدیر تدارکات', '', '', '0', NULL, NULL, NULL, NULL, '', '0', '0', '', '0', '0', '0', ''),
(2107, 'CON36', 2036, '', 'آقای کامران', 'دادجو (مثال)', 'dadjoo@test.com', '', '', '', '', '', '0', NULL, NULL, NULL, NULL, '', '0', '0', '', '0', '0', '0', ''),
(2108, 'CON37', 23, '', 'آقای علی', 'ملامحمدی (مثال)', 'ali@test.com', '', '', 'مدیر تدارکات', '', '', '0', NULL, NULL, NULL, NULL, '', '0', '0', '', '0', '0', '0', ''),
(2110, 'CON38', 0, '', 'آقای رضا', 'منوچهری (مثال)', 'reza@test.com', '', '', 'کارشناس فنی', '', '', '0', NULL, NULL, NULL, NULL, '', '0', '0', '', '0', '0', '0', ''),
(2111, 'CON39', 0, '', 'آقای محسن', 'غفاری (مثال)', '', '', '', 'مدیرعامل', '', '', '0', NULL, NULL, NULL, NULL, '', '0', '0', '', '0', '0', '0', ''),
(2113, 'CON40', 25, '', 'خانم', 'پورعلی (مثال)', 'pourali@test.com', '', '', '', '', '', '0', NULL, NULL, NULL, NULL, '', '0', '0', '', '0', '0', '0', ''),
(2114, 'CON41', 2033, '', 'خانم', 'خالقی (مثال)', 'khaleghi@test.com', '', '', '', '', '', '0', NULL, NULL, NULL, NULL, '', '0', '0', '', '0', '0', '0', ''),
(2116, 'CON42', 24, '', 'مهندس', 'توکلی (مثال)', 'tavakoli@test.com', '', '', '', '', '', '0', NULL, NULL, NULL, NULL, '', '0', '0', '', '0', '0', '0', ''),
(2117, 'CON43', 2035, '', 'خانم شایان', 'صادقی نژاد (مثال)', '', '', '', 'مدیر فروش', '', '', '0', NULL, NULL, NULL, NULL, '', '0', '0', '', '0', '0', '0', ''),
(2118, 'CON44', 0, '', 'خانم', 'شریف (مثال)', 'sharif@test.com', '', '', '', '', '', '0', NULL, NULL, NULL, NULL, '', '0', '0', '', '0', '0', '0', ''),
(2119, 'CON45', 0, '', 'خانم رقیه', 'کاظم زاده (مثال)', 'kazemzadeh@test.com', '', '', 'رئیس هیئت مدیره', '', '', '0', NULL, NULL, NULL, NULL, '', '0', '0', '', '0', '0', '0', ''),
(2120, 'CON46', 2030, '', 'آقای جواد', 'نیکتابیک (مثال)', '', '', '', 'کارمند خدمات', '', '', '0', NULL, NULL, NULL, NULL, '', '0', '0', '', '0', '0', '0', ''),
(2121, 'CON47', 2031, '', 'خانم ملیکا', 'زاهدی (مثال)', 'zahedi@test.com', '', '', 'منشی مدیرعامل', '', '', '0', NULL, NULL, NULL, NULL, '', '0', '0', '', '0', '0', '0', ''),
(2122, 'CON48', 20, '', 'آقای عباس', 'رعفتی (مثال)', 'alii@test.com', '', '', 'مدیرعامل', '', '', '0', NULL, NULL, NULL, NULL, '', '0', '0', '', '0', '0', '0', ''),
(2123, 'CON49', 22, '', 'آقای منوچهر', 'انصاری (مثال)', '', '', '', 'مدیر بازرگانی', '', '', '0', NULL, NULL, NULL, NULL, '', '0', '0', '', '0', '0', '0', ''),
(2124, 'CON50', 0, '', 'آقای صابر', 'احمدیان (مثال)', 'ahmadian@test.com', '', '', 'مدیر پروژه', '', '', '0', NULL, NULL, NULL, NULL, '', '0', '0', '', '0', '0', '0', ''),
(2125, 'CON51', 2028, '', 'آقای ابوالفضل', 'سلیمی (مثال)', 'salimi@test.com', '', '', 'نایب رئیس هیئت مدیره', '', '', '0', NULL, NULL, NULL, NULL, '', '0', '0', '', '0', '0', '0', ''),
(2167, 'CON52', 0, '', 'آزمون', 'یکپارچگی سرنخ', 'lead-updated@example.test', '+989129998877', '+989129998877', 'مدیر تست', '', '02166554433', '0', NULL, NULL, NULL, NULL, '', '0', '0', '', '0', '0', '1', ''),
(2199, 'CON53', 0, '', 'آزمون', 'یکپارچگی سرنخ', 'lead-updated@example.test', '+989129998877', '+989129998877', 'مدیر تست', '', '02166554433', '0', NULL, NULL, NULL, NULL, '', '0', '0', '', '0', '0', '1', ''),
(2207, 'CON54', 0, '', 'آزمون', 'یکپارچگی سرنخ', 'lead-updated@example.test', '+989129998877', '+989129998877', 'مدیر تست', '', '02166554433', '0', NULL, NULL, NULL, NULL, '', '0', '0', '', '0', '0', '1', ''),
(2215, 'CON55', 0, '', 'آزمون', 'یکپارچگی سرنخ', 'lead-updated@example.test', '+989129998877', '+989129998877', 'مدیر تست', '', '02166554433', '0', NULL, NULL, NULL, NULL, '', '0', '0', '', '0', '0', '1', ''),
(2236, 'CON56', 2235, '', 'حسین', 'فغان پور', 'hossein.fgh@gmail.com', '', '09119090378', 'مدیرعامل', 'مدیریت', '', '', '', '', '', '', '', '0', '0', '', '0', '0', '0', NULL),
(2237, 'CON57', 2235, '', 'رضا', 'محمدیان', 'kpiseed_mgr@example.local', '', '09119090378', 'مدیر', 'مدیریت', '', '', '', '', '', '', '', '0', '0', '', '0', '0', '0', NULL),
(2238, 'CON58', 2235, '', 'علی', 'کریمی', 'kpiseed_sup1@example.local', '', '09119090378', 'سرپرست تیم فروش', 'تیم فروش', '', '', '', '', '', '', '', '0', '0', '', '0', '0', '0', NULL),
(2239, 'CON59', 2235, '', 'نیما', 'قاسمی', 'kpiseed_emp1@example.local', '', '09119090378', 'پرسنل تیم فروش', 'تیم فروش', '', '', '', '', '', '', '', '0', '0', '', '0', '0', '0', NULL),
(2240, 'CON60', 2235, '', 'زهرا', 'مرادی', 'kpiseed_emp2@example.local', '', '09119090378', 'پرسنل تیم فروش', 'تیم فروش', '', '', '', '', '', '', '', '0', '0', '', '0', '0', '0', NULL),
(2241, 'CON61', 2235, '', 'امیر', 'صادقی', 'kpiseed_emp3@example.local', '', '09119090378', 'پرسنل تیم فروش', 'تیم فروش', '', '', '', '', '', '', '', '0', '0', '', '0', '0', '0', NULL),
(2242, 'CON62', 2235, '', 'سارا', 'احمدی', 'kpiseed_sup2@example.local', '', '09119090378', 'سرپرست تیم پشتیبانی', 'تیم پشتیبانی', '', '', '', '', '', '', '', '0', '0', '', '0', '0', '0', NULL),
(2243, 'CON63', 2235, '', 'فاطمه', 'کاظمی', 'kpiseed_emp4@example.local', '', '09119090378', 'پرسنل تیم پشتیبانی', 'تیم پشتیبانی', '', '', '', '', '', '', '', '0', '0', '', '0', '0', '0', NULL),
(2244, 'CON64', 2235, '', 'سینا', 'یوسفی', 'kpiseed_emp5@example.local', '', '09119090378', 'پرسنل تیم پشتیبانی', 'تیم پشتیبانی', '', '', '', '', '', '', '', '0', '0', '', '0', '0', '0', NULL),
(2245, 'CON65', 2235, '', 'الهام', 'جعفری', 'kpiseed_emp6@example.local', '', '09119090378', 'پرسنل تیم پشتیبانی', 'تیم پشتیبانی', '', '', '', '', '', '', '', '0', '0', '', '0', '0', '0', NULL),
(2246, 'CON66', 2235, '', 'حسن', 'رضایی', 'kpiseed_sup3@example.local', '', '09119090378', 'سرپرست تیم فنی', 'تیم فنی', '', '', '', '', '', '', '', '0', '0', '', '0', '0', '0', NULL),
(2247, 'CON67', 2235, '', 'بهرام', 'اکبری', 'kpiseed_emp7@example.local', '', '09119090378', 'پرسنل تیم فنی', 'تیم فنی', '', '', '', '', '', '', '', '0', '0', '', '0', '0', '0', NULL),
(2248, 'CON68', 2235, '', 'نگار', 'شریفی', 'kpiseed_emp8@example.local', '', '09119090378', 'پرسنل تیم فنی', 'تیم فنی', '', '', '', '', '', '', '', '0', '0', '', '0', '0', '0', NULL),
(2249, 'CON69', 2235, '', 'پیمان', 'بابایی', 'kpiseed_emp9@example.local', '', '09119090378', 'پرسنل تیم فنی', 'تیم فنی', '', '', '', '', '', '', '', '0', '0', '', '0', '0', '0', NULL),
(2250, 'CON70', 2235, '', 'مریم', 'حسینی', 'kpiseed_sup4@example.local', '', '09119090378', 'سرپرست تیم مالی', 'تیم مالی', '', '', '', '', '', '', '', '0', '0', '', '0', '0', '0', NULL),
(2251, 'CON71', 2235, '', 'مینا', 'رستمی', 'kpiseed_emp10@example.local', '', '09119090378', 'پرسنل تیم مالی', 'تیم مالی', '', '', '', '', '', '', '', '0', '0', '', '0', '0', '0', NULL),
(2252, 'CON72', 2235, '', 'کیان', 'عباسی', 'kpiseed_emp11@example.local', '', '09119090378', 'پرسنل تیم مالی', 'تیم مالی', '', '', '', '', '', '', '', '0', '0', '', '0', '0', '0', NULL),
(2253, 'CON73', 2235, '', 'رها', 'نادری', 'kpiseed_emp12@example.local', '', '09119090378', 'پرسنل تیم مالی', 'تیم مالی', '', '', '', '', '', '', '', '0', '0', '', '0', '0', '0', NULL),
(2254, 'CON74', 2235, '', 'کاوه', 'نوری', 'kpiseed_sup5@example.local', '', '09119090378', 'سرپرست تیم بازاریابی', 'تیم بازاریابی', '', '', '', '', '', '', '', '0', '0', '', '0', '0', '0', NULL),
(2255, 'CON75', 2235, '', 'آرش', 'فلاحی', 'kpiseed_emp13@example.local', '', '09119090378', 'پرسنل تیم بازاریابی', 'تیم بازاریابی', '', '', '', '', '', '', '', '0', '0', '', '0', '0', '0', NULL),
(2256, 'CON76', 2235, '', 'سحر', 'زارع', 'kpiseed_emp14@example.local', '', '09119090378', 'پرسنل تیم بازاریابی', 'تیم بازاریابی', '', '', '', '', '', '', '', '0', '0', '', '0', '0', '0', NULL),
(2257, 'CON77', 2235, '', 'وحید', 'محمودی', 'kpiseed_emp15@example.local', '', '09119090378', 'پرسنل تیم بازاریابی', 'تیم بازاریابی', '', '', '', '', '', '', '', '0', '0', '', '0', '0', '0', NULL),
(2276, 'CON78', 0, '', 'آزمون', 'یکپارچگی سرنخ', 'lead-updated@example.test', '+989129998877', '+989129998877', 'مدیر تست', '', '02166554433', '0', NULL, NULL, NULL, NULL, '', '0', '0', '', '0', '0', '1', ''),
(2279, 'CON79', NULL, '', 'Gouya', 'GOUYA-CONTACT-SMOKE-20260801180622-8131', 'contact-updated@example.test', '+989129998877', '', 'Integration Test Updated', 'Quality Assurance', '02166554433', '0', NULL, NULL, NULL, NULL, '', '0', '0', '', '0', '0', '0', ''),
(2280, 'CON80', 20, 'Mr.', 'Gouya', 'GOUYA-CONTACT-SMOKE-20260802061945-5541', 'contact-updated@example.test', '+989129998877', '+989129998877', 'Integration Test Updated', 'Quality Assurance', '02166554433', '0', NULL, NULL, NULL, NULL, '', '0', '0', '', '0', '0', '0', ''),
(2281, 'CON81', 20, 'Mr.', 'Gouya', 'GOUYA-CONTACT-SMOKE-20260802065207-9882', 'contact-updated@example.test', '+989129998877', '+989129998877', 'Integration Test Updated', 'Quality Assurance', '02166554433', '0', NULL, NULL, NULL, NULL, '', '0', '0', '', '0', '0', '0', ''),
(2282, 'CON82', 20, 'Mr.', 'Gouya', 'GOUYA-CONTACT-SMOKE-20260802071642-5628', 'contact-updated@example.test', '+989129998877', '+989129998877', 'Integration Test Updated', 'Quality Assurance', '02166554433', '0', NULL, NULL, NULL, NULL, '', '0', '0', '', '0', '0', '0', ''),
(2283, 'CON83', 20, 'Mr.', 'Gouya', 'GOUYA-CONTACT-SMOKE-20260802072535-4912', 'contact-updated@example.test', '+989129998877', '+989129998877', 'Integration Test Updated', 'Quality Assurance', '02166554433', '0', NULL, NULL, NULL, NULL, '', '0', '0', '', '0', '0', '0', ''),
(2284, 'CON84', 20, 'Mr.', 'Gouya', 'GOUYA-CONTACT-SMOKE-20260802080631-6166', 'contact-updated@example.test', '+989129998877', '+989129998877', 'Integration Test Updated', 'Quality Assurance', '02166554433', '11', NULL, NULL, NULL, NULL, '', '0', '0', '', '0', '0', '0', ''),
(2285, 'CON85', 20, 'Mr.', 'Gouya', 'GOUYA-CONTACT-SMOKE-20260802170258-4182', 'contact-updated@example.test', '+989129998877', '+989129998877', 'Integration Test Updated', 'Quality Assurance', '02166554433', '11', NULL, NULL, NULL, NULL, '', '0', '0', '', '0', '0', '0', ''),
(2286, 'CON86', NULL, 'Mr.', 'آزمایش', 'نمونه عملی طرح گویا', 'gouya.contact.ui@example.test', '+989121234567', '+989121234567', 'کارشناس تست فرم', 'کنترل کیفیت', '', '0', NULL, NULL, NULL, NULL, '', '0', '0', '', '0', '0', '0', ''),
(2287, 'CON87', 20, 'Mr.', 'Gouya', 'GOUYA-CONTACT-SMOKE-20260802173055-1807', 'contact-updated@example.test', '+989129998877', '+989129998877', 'Integration Test Updated', 'Quality Assurance', '02166554433', '11', NULL, NULL, NULL, NULL, '', '0', '0', '', '0', '0', '0', ''),
(2313, 'CON88', 0, '', 'آزمون', 'یکپارچگی سرنخ', 'lead-updated@example.test', '+989129998877', '+989129998877', 'مدیر تست', '', '02166554433', '0', NULL, NULL, NULL, NULL, '', '0', '0', '', '0', '0', '1', ''),
(2321, 'CON89', 0, 'Mr.', 'آزمون', 'یکپارچگی سرنخ', 'lead-updated@example.test', '+989129998877', '+989129998877', 'مدیر تست', '', '02166554433', '0', NULL, NULL, NULL, NULL, '', '0', '0', '', '0', '0', '1', ''),
(2329, 'CON90', 0, 'Mr.', 'آزمون', 'یکپارچگی سرنخ', 'lead-updated@example.test', '+989129998877', '+989129998877', 'مدیر تست', '', '02166554433', '0', NULL, NULL, NULL, NULL, '', '0', '0', '', '0', '0', '1', ''),
(2337, 'CON91', 0, 'Mr.', 'آزمون', 'یکپارچگی سرنخ', 'lead-updated@example.test', '+989129998877', '+989129998877', 'مدیر تست', '', '02166554433', '0', NULL, NULL, NULL, NULL, '', '0', '0', '', '0', '0', '1', ''),
(2345, 'CON92', 0, 'Mr.', 'آزمون', 'یکپارچگی سرنخ', 'lead-updated@example.test', '+989129998877', '+989129998877', 'مدیر تست', '', '02166554433', '0', NULL, NULL, NULL, NULL, '', '0', '0', '', '0', '0', '1', ''),
(2353, 'CON93', 0, 'Mr.', 'آزمون', 'یکپارچگی سرنخ', 'lead-updated@example.test', '+989129998877', '+989129998877', 'مدیر تست', '', '02166554433', '0', NULL, NULL, NULL, NULL, '', '0', '0', '', '0', '0', '1', '');

-- --------------------------------------------------------

--
-- Table structure for table `vtiger_contactscf`
--

CREATE TABLE `vtiger_contactscf` (
  `contactid` int(19) NOT NULL DEFAULT 0,
  `cf_national_code` varchar(255) DEFAULT NULL,
  `cf_grouping1` varchar(255) DEFAULT NULL,
  `cf_grouping2` varchar(255) DEFAULT NULL,
  `cf_website` varchar(255) DEFAULT NULL,
  `cf_linkedin` varchar(255) DEFAULT NULL,
  `cf_blog` varchar(255) DEFAULT NULL,
  `cf_twitter` varchar(255) DEFAULT NULL,
  `cf_instagram` varchar(255) DEFAULT NULL,
  `cf_facebook` varchar(255) DEFAULT NULL,
  `branch_id` int(19) DEFAULT NULL,
  `cf_primary_region` varchar(255) DEFAULT NULL,
  `cf_other_region` varchar(255) DEFAULT NULL,
  `cf_primary_lat` decimal(12,7) DEFAULT NULL,
  `cf_primary_lng` decimal(12,7) DEFAULT NULL,
  `cf_other_lat` decimal(12,7) DEFAULT NULL,
  `cf_other_lng` decimal(12,7) DEFAULT NULL
) ENGINE=InnoDB DEFAULT CHARSET=utf8 COLLATE=utf8_general_ci;

--
-- Dumping data for table `vtiger_contactscf`
--

INSERT IGNORE INTO `vtiger_contactscf` (`contactid`, `cf_national_code`, `cf_grouping1`, `cf_grouping2`, `cf_website`, `cf_linkedin`, `cf_blog`, `cf_twitter`, `cf_instagram`, `cf_facebook`, `branch_id`, `cf_primary_region`, `cf_other_region`, `cf_primary_lat`, `cf_primary_lng`, `cf_other_lat`, `cf_other_lng`) VALUES
(11, NULL, NULL, NULL, NULL, NULL, NULL, NULL, NULL, NULL, NULL, NULL, NULL, NULL, NULL, NULL, NULL),
(2066, NULL, NULL, NULL, NULL, NULL, NULL, NULL, NULL, NULL, NULL, NULL, NULL, NULL, NULL, NULL, NULL),
(2067, NULL, NULL, NULL, NULL, NULL, NULL, NULL, NULL, NULL, NULL, NULL, NULL, NULL, NULL, NULL, NULL),
(2068, NULL, NULL, NULL, NULL, NULL, NULL, NULL, NULL, NULL, NULL, NULL, NULL, NULL, NULL, NULL, NULL),
(2069, NULL, NULL, NULL, NULL, NULL, NULL, NULL, NULL, NULL, NULL, NULL, NULL, NULL, NULL, NULL, NULL),
(2070, NULL, NULL, NULL, NULL, NULL, NULL, NULL, NULL, NULL, NULL, NULL, NULL, NULL, NULL, NULL, NULL),
(2071, NULL, NULL, NULL, NULL, NULL, NULL, NULL, NULL, NULL, NULL, NULL, NULL, NULL, NULL, NULL, NULL),
(2072, NULL, NULL, NULL, NULL, NULL, NULL, NULL, NULL, NULL, NULL, NULL, NULL, NULL, NULL, NULL, NULL),
(2073, NULL, NULL, NULL, NULL, NULL, NULL, NULL, NULL, NULL, NULL, NULL, NULL, NULL, NULL, NULL, NULL),
(2074, NULL, NULL, NULL, NULL, NULL, NULL, NULL, NULL, NULL, NULL, NULL, NULL, NULL, NULL, NULL, NULL),
(2075, NULL, NULL, NULL, NULL, NULL, NULL, NULL, NULL, NULL, NULL, NULL, NULL, NULL, NULL, NULL, NULL),
(2076, NULL, NULL, NULL, NULL, NULL, NULL, NULL, NULL, NULL, NULL, NULL, NULL, NULL, NULL, NULL, NULL),
(2077, NULL, NULL, NULL, NULL, NULL, NULL, NULL, NULL, NULL, NULL, NULL, NULL, NULL, NULL, NULL, NULL),
(2078, NULL, NULL, NULL, NULL, NULL, NULL, NULL, NULL, NULL, NULL, NULL, NULL, NULL, NULL, NULL, NULL),
(2079, NULL, NULL, NULL, NULL, NULL, NULL, NULL, NULL, NULL, NULL, NULL, NULL, NULL, NULL, NULL, NULL),
(2080, NULL, NULL, NULL, NULL, NULL, NULL, NULL, NULL, NULL, NULL, NULL, NULL, NULL, NULL, NULL, NULL),
(2081, NULL, NULL, NULL, NULL, NULL, NULL, NULL, NULL, NULL, NULL, NULL, NULL, NULL, NULL, NULL, NULL),
(2082, NULL, NULL, NULL, NULL, NULL, NULL, NULL, NULL, NULL, NULL, NULL, NULL, NULL, NULL, NULL, NULL),
(2083, NULL, NULL, NULL, NULL, NULL, NULL, NULL, NULL, NULL, NULL, NULL, NULL, NULL, NULL, NULL, NULL),
(2084, NULL, NULL, NULL, NULL, NULL, NULL, NULL, NULL, NULL, NULL, NULL, NULL, NULL, NULL, NULL, NULL),
(2085, NULL, NULL, NULL, NULL, NULL, NULL, NULL, NULL, NULL, NULL, NULL, NULL, NULL, NULL, NULL, NULL),
(2086, NULL, NULL, NULL, NULL, NULL, NULL, NULL, NULL, NULL, NULL, NULL, NULL, NULL, NULL, NULL, NULL),
(2087, NULL, NULL, NULL, NULL, NULL, NULL, NULL, NULL, NULL, NULL, NULL, NULL, NULL, NULL, NULL, NULL),
(2088, NULL, NULL, NULL, NULL, NULL, NULL, NULL, NULL, NULL, NULL, NULL, NULL, NULL, NULL, NULL, NULL),
(2089, NULL, NULL, NULL, NULL, NULL, NULL, NULL, NULL, NULL, NULL, NULL, NULL, NULL, NULL, NULL, NULL),
(2090, NULL, NULL, NULL, NULL, NULL, NULL, NULL, NULL, NULL, NULL, NULL, NULL, NULL, NULL, NULL, NULL),
(2091, NULL, NULL, NULL, NULL, NULL, NULL, NULL, NULL, NULL, NULL, NULL, NULL, NULL, NULL, NULL, NULL),
(2093, NULL, NULL, NULL, NULL, NULL, NULL, NULL, NULL, NULL, NULL, NULL, NULL, NULL, NULL, NULL, NULL),
(2095, NULL, NULL, NULL, NULL, NULL, NULL, NULL, NULL, NULL, NULL, NULL, NULL, NULL, NULL, NULL, NULL),
(2096, NULL, NULL, NULL, NULL, NULL, NULL, NULL, NULL, NULL, NULL, NULL, NULL, NULL, NULL, NULL, NULL),
(2098, NULL, NULL, NULL, NULL, NULL, NULL, NULL, NULL, NULL, NULL, NULL, NULL, NULL, NULL, NULL, NULL),
(2100, NULL, NULL, NULL, NULL, NULL, NULL, NULL, NULL, NULL, NULL, NULL, NULL, NULL, NULL, NULL, NULL),
(2102, NULL, NULL, NULL, NULL, NULL, NULL, NULL, NULL, NULL, NULL, NULL, NULL, NULL, NULL, NULL, NULL),
(2103, NULL, NULL, NULL, NULL, NULL, NULL, NULL, NULL, NULL, NULL, NULL, NULL, NULL, NULL, NULL, NULL),
(2105, NULL, NULL, NULL, NULL, NULL, NULL, NULL, NULL, NULL, NULL, NULL, NULL, NULL, NULL, NULL, NULL),
(2107, NULL, NULL, NULL, NULL, NULL, NULL, NULL, NULL, NULL, NULL, NULL, NULL, NULL, NULL, NULL, NULL),
(2108, NULL, NULL, NULL, NULL, NULL, NULL, NULL, NULL, NULL, NULL, NULL, NULL, NULL, NULL, NULL, NULL),
(2110, NULL, NULL, NULL, NULL, NULL, NULL, NULL, NULL, NULL, NULL, NULL, NULL, NULL, NULL, NULL, NULL),
(2111, NULL, NULL, NULL, NULL, NULL, NULL, NULL, NULL, NULL, NULL, NULL, NULL, NULL, NULL, NULL, NULL),
(2113, NULL, NULL, NULL, NULL, NULL, NULL, NULL, NULL, NULL, NULL, NULL, NULL, NULL, NULL, NULL, NULL),
(2114, NULL, NULL, NULL, NULL, NULL, NULL, NULL, NULL, NULL, NULL, NULL, NULL, NULL, NULL, NULL, NULL),
(2116, NULL, NULL, NULL, NULL, NULL, NULL, NULL, NULL, NULL, NULL, NULL, NULL, NULL, NULL, NULL, NULL),
(2117, NULL, NULL, NULL, NULL, NULL, NULL, NULL, NULL, NULL, NULL, NULL, NULL, NULL, NULL, NULL, NULL),
(2118, NULL, NULL, NULL, NULL, NULL, NULL, NULL, NULL, NULL, NULL, NULL, NULL, NULL, NULL, NULL, NULL),
(2119, NULL, NULL, NULL, NULL, NULL, NULL, NULL, NULL, NULL, NULL, NULL, NULL, NULL, NULL, NULL, NULL),
(2120, NULL, NULL, NULL, NULL, NULL, NULL, NULL, NULL, NULL, NULL, NULL, NULL, NULL, NULL, NULL, NULL),
(2121, NULL, NULL, NULL, NULL, NULL, NULL, NULL, NULL, NULL, NULL, NULL, NULL, NULL, NULL, NULL, NULL),
(2122, NULL, NULL, NULL, NULL, NULL, NULL, NULL, NULL, NULL, NULL, NULL, NULL, NULL, NULL, NULL, NULL),
(2123, NULL, NULL, NULL, NULL, NULL, NULL, NULL, NULL, NULL, NULL, NULL, NULL, NULL, NULL, NULL, NULL),
(2124, NULL, NULL, NULL, NULL, NULL, NULL, NULL, NULL, NULL, NULL, NULL, NULL, NULL, NULL, NULL, NULL),
(2125, NULL, NULL, NULL, NULL, NULL, NULL, NULL, NULL, NULL, NULL, NULL, NULL, NULL, NULL, NULL, NULL),
(2167, NULL, NULL, NULL, NULL, NULL, NULL, NULL, NULL, NULL, NULL, NULL, NULL, NULL, NULL, NULL, NULL),
(2199, NULL, NULL, NULL, NULL, NULL, NULL, NULL, NULL, NULL, NULL, NULL, NULL, NULL, NULL, NULL, NULL),
(2207, NULL, NULL, NULL, NULL, NULL, NULL, NULL, NULL, NULL, NULL, NULL, NULL, NULL, NULL, NULL, NULL),
(2215, NULL, NULL, NULL, NULL, NULL, NULL, NULL, NULL, NULL, NULL, NULL, NULL, NULL, NULL, NULL, NULL),
(2236, NULL, NULL, NULL, NULL, NULL, NULL, NULL, NULL, NULL, NULL, NULL, NULL, NULL, NULL, NULL, NULL),
(2237, NULL, NULL, NULL, NULL, NULL, NULL, NULL, NULL, NULL, NULL, NULL, NULL, NULL, NULL, NULL, NULL),
(2238, NULL, NULL, NULL, NULL, NULL, NULL, NULL, NULL, NULL, NULL, NULL, NULL, NULL, NULL, NULL, NULL),
(2239, NULL, NULL, NULL, NULL, NULL, NULL, NULL, NULL, NULL, NULL, NULL, NULL, NULL, NULL, NULL, NULL),
(2240, NULL, NULL, NULL, NULL, NULL, NULL, NULL, NULL, NULL, NULL, NULL, NULL, NULL, NULL, NULL, NULL),
(2241, NULL, NULL, NULL, NULL, NULL, NULL, NULL, NULL, NULL, NULL, NULL, NULL, NULL, NULL, NULL, NULL),
(2242, NULL, NULL, NULL, NULL, NULL, NULL, NULL, NULL, NULL, NULL, NULL, NULL, NULL, NULL, NULL, NULL),
(2243, NULL, NULL, NULL, NULL, NULL, NULL, NULL, NULL, NULL, NULL, NULL, NULL, NULL, NULL, NULL, NULL),
(2244, NULL, NULL, NULL, NULL, NULL, NULL, NULL, NULL, NULL, NULL, NULL, NULL, NULL, NULL, NULL, NULL),
(2245, NULL, NULL, NULL, NULL, NULL, NULL, NULL, NULL, NULL, NULL, NULL, NULL, NULL, NULL, NULL, NULL),
(2246, NULL, NULL, NULL, NULL, NULL, NULL, NULL, NULL, NULL, NULL, NULL, NULL, NULL, NULL, NULL, NULL),
(2247, NULL, NULL, NULL, NULL, NULL, NULL, NULL, NULL, NULL, NULL, NULL, NULL, NULL, NULL, NULL, NULL),
(2248, NULL, NULL, NULL, NULL, NULL, NULL, NULL, NULL, NULL, NULL, NULL, NULL, NULL, NULL, NULL, NULL),
(2249, NULL, NULL, NULL, NULL, NULL, NULL, NULL, NULL, NULL, NULL, NULL, NULL, NULL, NULL, NULL, NULL),
(2250, NULL, NULL, NULL, NULL, NULL, NULL, NULL, NULL, NULL, NULL, NULL, NULL, NULL, NULL, NULL, NULL),
(2251, NULL, NULL, NULL, NULL, NULL, NULL, NULL, NULL, NULL, NULL, NULL, NULL, NULL, NULL, NULL, NULL),
(2252, NULL, NULL, NULL, NULL, NULL, NULL, NULL, NULL, NULL, NULL, NULL, NULL, NULL, NULL, NULL, NULL),
(2253, NULL, NULL, NULL, NULL, NULL, NULL, NULL, NULL, NULL, NULL, NULL, NULL, NULL, NULL, NULL, NULL),
(2254, NULL, NULL, NULL, NULL, NULL, NULL, NULL, NULL, NULL, NULL, NULL, NULL, NULL, NULL, NULL, NULL),
(2255, NULL, NULL, NULL, NULL, NULL, NULL, NULL, NULL, NULL, NULL, NULL, NULL, NULL, NULL, NULL, NULL),
(2256, NULL, NULL, NULL, NULL, NULL, NULL, NULL, NULL, NULL, NULL, NULL, NULL, NULL, NULL, NULL, NULL),
(2257, NULL, NULL, NULL, NULL, NULL, NULL, NULL, NULL, NULL, NULL, NULL, NULL, NULL, NULL, NULL, NULL),
(2276, '', '', '', '', '', '', '', '', '', NULL, NULL, NULL, NULL, NULL, NULL, NULL),
(2279, '', '', '', '', '', '', '', '', '', NULL, NULL, NULL, NULL, NULL, NULL, NULL),
(2280, '', '', '', '', '', '', '', '', '', 2222, NULL, NULL, NULL, NULL, NULL, NULL),
(2281, '', '', '', '', '', '', '', '', '', 2222, NULL, NULL, NULL, NULL, NULL, NULL),
(2282, '', '', '', '', '', '', '', '', '', 2222, NULL, NULL, NULL, NULL, NULL, NULL),
(2283, '', '', '', '', '', '', '', '', '', 2222, NULL, NULL, NULL, NULL, NULL, NULL),
(2284, '0012345678', 'Category 1', 'Category 2', '', '', '', '', '', '', 2222, NULL, NULL, NULL, NULL, NULL, NULL),
(2285, '0012345678', 'Category 1', 'Category 2', 'https://example.test', 'gouya-test', 'https://example.test/blog', 'gouya_test', 'gouya_test', 'gouya.test', 2222, 'ایران / تهران / تهران', 'ایران / البرز / کرج', 35.6892000, 51.3890000, 35.8400000, 50.9391000),
(2286, '0013546789', 'Category 1', 'Category 2', 'https://gouya.example.test', 'https://linkedin.com/company/gouya-crm-test', '', '', 'https://instagram.com/gouya_crm_test', '', 0, 'ایران', 'ایران', 32.4279000, 53.6880000, 32.4279000, 53.6880000),
(2287, '0012345678', 'Category 1', 'Category 2', 'https://example.test', 'gouya-test', 'https://example.test/blog', 'gouya_test', 'gouya_test', 'gouya.test', 2222, 'ایران / تهران / تهران', 'ایران / البرز / کرج', 35.6892000, 51.3890000, 35.8400000, 50.9391000),
(2313, '', '', '', '', '', '', '', '', '', 0, '', '', 0.0000000, 0.0000000, 0.0000000, 0.0000000),
(2321, '', '', '', '', '', '', '', '', '', 0, '', '', 0.0000000, 0.0000000, 0.0000000, 0.0000000),
(2329, '', '', '', '', '', '', '', '', '', 0, '', '', 0.0000000, 0.0000000, 0.0000000, 0.0000000),
(2337, '', '', '', '', '', '', '', '', '', 0, '', '', 0.0000000, 0.0000000, 0.0000000, 0.0000000),
(2345, '', '', '', '', '', '', '', '', '', 0, '', '', 0.0000000, 0.0000000, 0.0000000, 0.0000000),
(2353, '', '', '', '', '', '', '', '', '', 0, '', '', 0.0000000, 0.0000000, 0.0000000, 0.0000000);

-- --------------------------------------------------------

--
-- Table structure for table `vtiger_contactsubdetails`
--

CREATE TABLE `vtiger_contactsubdetails` (
  `contactsubscriptionid` int(19) NOT NULL DEFAULT 0,
  `homephone` varchar(50) DEFAULT NULL,
  `otherphone` varchar(50) DEFAULT NULL,
  `assistant` varchar(30) DEFAULT NULL,
  `assistantphone` varchar(50) DEFAULT NULL,
  `birthday` date DEFAULT NULL,
  `laststayintouchrequest` int(30) DEFAULT 0,
  `laststayintouchsavedate` int(19) DEFAULT 0,
  `leadsource` varchar(200) DEFAULT NULL
) ENGINE=InnoDB DEFAULT CHARSET=utf8 COLLATE=utf8_general_ci;

--
-- Dumping data for table `vtiger_contactsubdetails`
--

INSERT IGNORE INTO `vtiger_contactsubdetails` (`contactsubscriptionid`, `homephone`, `otherphone`, `assistant`, `assistantphone`, `birthday`, `laststayintouchrequest`, `laststayintouchsavedate`, `leadsource`) VALUES
(11, '', '', '', '', NULL, 0, 0, ''),
(2066, '', '', '', '', NULL, 0, 0, NULL),
(2067, '', '', '', '', NULL, 0, 0, NULL),
(2068, '', '', '', '', NULL, 0, 0, NULL),
(2069, '', '', '', '', NULL, 0, 0, NULL),
(2070, '', '', '', '', NULL, 0, 0, NULL),
(2071, '', '', '', '', NULL, 0, 0, NULL),
(2072, '', '', '', '', NULL, 0, 0, NULL),
(2073, '', '', '', '', NULL, 0, 0, NULL),
(2074, '', '', '', '', NULL, 0, 0, NULL),
(2075, '', '', '', '', NULL, 0, 0, NULL),
(2076, '', '', '', '', NULL, 0, 0, NULL),
(2077, '', '', '', '', NULL, 0, 0, NULL),
(2078, '', '', '', '', NULL, 0, 0, NULL),
(2079, '', '', '', '', NULL, 0, 0, NULL),
(2080, '', '', '', '', NULL, 0, 0, NULL),
(2081, '', '', '', '', NULL, 0, 0, NULL),
(2082, '', '', '', '', NULL, 0, 0, NULL),
(2083, '', '', '', '', NULL, 0, 0, NULL),
(2084, '', '', '', '', NULL, 0, 0, NULL),
(2085, '', '', '', '', NULL, 0, 0, NULL),
(2086, '', '', '', '', NULL, 0, 0, NULL),
(2087, '', '', '', '', NULL, 0, 0, NULL),
(2088, '', '', '', '', NULL, 0, 0, NULL),
(2089, '', '', '', '', NULL, 0, 0, NULL),
(2090, '', '', '', '', NULL, 0, 0, NULL),
(2091, '', '', '', '', NULL, 0, 0, NULL),
(2093, '', '', '', '', NULL, 0, 0, NULL),
(2095, '', '', '', '', NULL, 0, 0, NULL),
(2096, '', '', '', '', NULL, 0, 0, NULL),
(2098, '', '', '', '', NULL, 0, 0, NULL),
(2100, '', '', '', '', NULL, 0, 0, NULL),
(2102, '', '', '', '', NULL, 0, 0, NULL),
(2103, '', '', '', '', NULL, 0, 0, NULL),
(2105, '', '', '', '', NULL, 0, 0, NULL),
(2107, '', '', '', '', NULL, 0, 0, NULL),
(2108, '', '', '', '', NULL, 0, 0, NULL),
(2110, '', '', '', '', NULL, 0, 0, NULL),
(2111, '', '', '', '', NULL, 0, 0, NULL),
(2113, '', '', '', '', NULL, 0, 0, NULL),
(2114, '', '', '', '', NULL, 0, 0, NULL),
(2116, '', '', '', '', NULL, 0, 0, NULL),
(2117, '', '', '', '', NULL, 0, 0, NULL),
(2118, '', '', '', '', NULL, 0, 0, NULL),
(2119, '', '', '', '', NULL, 0, 0, NULL),
(2120, '', '', '', '', NULL, 0, 0, NULL),
(2121, '', '', '', '', NULL, 0, 0, NULL),
(2122, '', '', '', '', NULL, 0, 0, NULL),
(2123, '', '', '', '', NULL, 0, 0, NULL),
(2124, '', '', '', '', NULL, 0, 0, NULL),
(2125, '', '', '', '', NULL, 0, 0, NULL),
(2167, '', '', '', '', NULL, 0, 0, ''),
(2199, '', '', '', '', NULL, 0, 0, ''),
(2207, '', '', '', '', NULL, 0, 0, ''),
(2215, '', '', '', '', NULL, 0, 0, ''),
(2236, '', '', '', '', NULL, 0, 0, ''),
(2237, '', '', '', '', NULL, 0, 0, ''),
(2238, '', '', '', '', NULL, 0, 0, ''),
(2239, '', '', '', '', NULL, 0, 0, ''),
(2240, '', '', '', '', NULL, 0, 0, ''),
(2241, '', '', '', '', NULL, 0, 0, ''),
(2242, '', '', '', '', NULL, 0, 0, ''),
(2243, '', '', '', '', NULL, 0, 0, ''),
(2244, '', '', '', '', NULL, 0, 0, ''),
(2245, '', '', '', '', NULL, 0, 0, ''),
(2246, '', '', '', '', NULL, 0, 0, ''),
(2247, '', '', '', '', NULL, 0, 0, ''),
(2248, '', '', '', '', NULL, 0, 0, ''),
(2249, '', '', '', '', NULL, 0, 0, ''),
(2250, '', '', '', '', NULL, 0, 0, ''),
(2251, '', '', '', '', NULL, 0, 0, ''),
(2252, '', '', '', '', NULL, 0, 0, ''),
(2253, '', '', '', '', NULL, 0, 0, ''),
(2254, '', '', '', '', NULL, 0, 0, ''),
(2255, '', '', '', '', NULL, 0, 0, ''),
(2256, '', '', '', '', NULL, 0, 0, ''),
(2257, '', '', '', '', NULL, 0, 0, ''),
(2276, '', '', '', '', NULL, 0, 0, ''),
(2279, '', '02188776655', '', '', NULL, 0, 0, NULL),
(2280, '', '02188776655', '', '', NULL, 0, 0, 'Cold Call'),
(2281, '', '02188776655', '', '', NULL, 0, 0, 'Cold Call'),
(2282, '', '02188776655', '', '', NULL, 0, 0, 'Cold Call'),
(2283, '', '02188776655', '', '', NULL, 0, 0, 'Cold Call'),
(2284, '', '02188776655', 'Gouya Test Assistant Updated', '', '1990-05-15', 0, 0, 'Cold Call'),
(2285, '', '02188776655', 'Gouya Test Assistant Updated', '', '1990-05-15', 0, 0, 'Cold Call'),
(2286, '', '', 'منشی نمونه', '', NULL, 0, 0, 'Web Site'),
(2287, '', '02188776655', 'Gouya Test Assistant Updated', '', '1990-05-15', 0, 0, 'Cold Call'),
(2313, '', '', '', '', NULL, 0, 0, ''),
(2321, '', '', '', '', NULL, 0, 0, ''),
(2329, '', '', '', '', NULL, 0, 0, ''),
(2337, '', '', '', '', NULL, 0, 0, ''),
(2345, '', '', '', '', NULL, 0, 0, ''),
(2353, '', '', '', '', NULL, 0, 0, '');

-- --------------------------------------------------------

--
-- Table structure for table `vtiger_contpotentialrel`
--

CREATE TABLE `vtiger_contpotentialrel` (
  `contactid` int(19) NOT NULL DEFAULT 0,
  `potentialid` int(19) NOT NULL DEFAULT 0
) ENGINE=InnoDB DEFAULT CHARSET=utf8 COLLATE=utf8_general_ci;

-- --------------------------------------------------------

--
-- Table structure for table `vtiger_contract_priority`
--

CREATE TABLE `vtiger_contract_priority` (
  `contract_priorityid` int(11) NOT NULL,
  `contract_priority` varchar(200) NOT NULL,
  `presence` int(1) NOT NULL DEFAULT 1,
  `picklist_valueid` int(11) NOT NULL DEFAULT 0,
  `sortorderid` int(11) DEFAULT 0,
  `color` varchar(10) DEFAULT NULL
) ENGINE=InnoDB DEFAULT CHARSET=utf8 COLLATE=utf8_general_ci;

--
-- Dumping data for table `vtiger_contract_priority`
--

INSERT IGNORE INTO `vtiger_contract_priority` (`contract_priorityid`, `contract_priority`, `presence`, `picklist_valueid`, `sortorderid`, `color`) VALUES
(1, 'Low', 1, 220, 1, NULL),
(2, 'Normal', 1, 221, 2, NULL),
(3, 'High', 1, 222, 3, NULL);

-- --------------------------------------------------------

--
-- Table structure for table `vtiger_contract_priority_seq`
--

CREATE TABLE `vtiger_contract_priority_seq` (
  `id` int(11) NOT NULL
) ENGINE=InnoDB DEFAULT CHARSET=utf8mb4 COLLATE=utf8mb4_general_ci;

--
-- Dumping data for table `vtiger_contract_priority_seq`
--

INSERT IGNORE INTO `vtiger_contract_priority_seq` (`id`) VALUES
(3);

-- --------------------------------------------------------

--
-- Table structure for table `vtiger_contract_status`
--

CREATE TABLE `vtiger_contract_status` (
  `contract_statusid` int(11) NOT NULL,
  `contract_status` varchar(200) NOT NULL,
  `presence` int(1) NOT NULL DEFAULT 1,
  `picklist_valueid` int(11) NOT NULL DEFAULT 0,
  `sortorderid` int(11) DEFAULT 0,
  `color` varchar(10) DEFAULT NULL
) ENGINE=InnoDB DEFAULT CHARSET=utf8 COLLATE=utf8_general_ci;

--
-- Dumping data for table `vtiger_contract_status`
--

INSERT IGNORE INTO `vtiger_contract_status` (`contract_statusid`, `contract_status`, `presence`, `picklist_valueid`, `sortorderid`, `color`) VALUES
(1, 'Undefined', 1, 214, 1, NULL),
(2, 'In Planning', 1, 215, 2, NULL),
(3, 'In Progress', 1, 216, 3, NULL),
(4, 'On Hold', 1, 217, 4, NULL),
(5, 'Complete', 0, 218, 5, NULL),
(6, 'Archived', 1, 219, 6, NULL),
(7, 'Draft', 1, 398, 1, NULL),
(8, 'PendingApproval', 1, 399, 2, NULL),
(9, 'Active', 1, 400, 3, NULL),
(10, 'Expired', 1, 401, 4, NULL),
(11, 'Cancelled', 1, 402, 5, NULL);

-- --------------------------------------------------------

--
-- Table structure for table `vtiger_contract_status_seq`
--

CREATE TABLE `vtiger_contract_status_seq` (
  `id` int(11) NOT NULL
) ENGINE=InnoDB DEFAULT CHARSET=utf8mb4 COLLATE=utf8mb4_general_ci;

--
-- Dumping data for table `vtiger_contract_status_seq`
--

INSERT IGNORE INTO `vtiger_contract_status_seq` (`id`) VALUES
(11);

-- --------------------------------------------------------

--
-- Table structure for table `vtiger_contract_type`
--

CREATE TABLE `vtiger_contract_type` (
  `contract_typeid` int(11) NOT NULL,
  `contract_type` varchar(200) NOT NULL,
  `presence` int(1) NOT NULL DEFAULT 1,
  `picklist_valueid` int(11) NOT NULL DEFAULT 0,
  `sortorderid` int(11) DEFAULT 0,
  `color` varchar(10) DEFAULT NULL
) ENGINE=InnoDB DEFAULT CHARSET=utf8 COLLATE=utf8_general_ci;

--
-- Dumping data for table `vtiger_contract_type`
--

INSERT IGNORE INTO `vtiger_contract_type` (`contract_typeid`, `contract_type`, `presence`, `picklist_valueid`, `sortorderid`, `color`) VALUES
(1, 'Support', 1, 223, 1, NULL),
(2, 'Services', 1, 224, 2, NULL),
(3, 'Administrative', 1, 225, 3, NULL),
(4, 'Sale', 1, 403, 1, NULL),
(5, 'Subscription', 1, 404, 2, NULL),
(6, 'Framework', 1, 405, 3, NULL),
(7, 'Other', 1, 406, 4, NULL);

-- --------------------------------------------------------

--
-- Table structure for table `vtiger_contract_type_seq`
--

CREATE TABLE `vtiger_contract_type_seq` (
  `id` int(11) NOT NULL
) ENGINE=InnoDB DEFAULT CHARSET=utf8mb4 COLLATE=utf8mb4_general_ci;

--
-- Dumping data for table `vtiger_contract_type_seq`
--

INSERT IGNORE INTO `vtiger_contract_type_seq` (`id`) VALUES
(7);

-- --------------------------------------------------------

--
-- Table structure for table `vtiger_convertleadmapping`
--

CREATE TABLE `vtiger_convertleadmapping` (
  `cfmid` int(19) NOT NULL,
  `leadfid` int(19) NOT NULL,
  `accountfid` int(19) DEFAULT NULL,
  `contactfid` int(19) DEFAULT NULL,
  `potentialfid` int(19) DEFAULT NULL,
  `editable` int(19) DEFAULT 1
) ENGINE=InnoDB DEFAULT CHARSET=utf8 COLLATE=utf8_general_ci;

--
-- Dumping data for table `vtiger_convertleadmapping`
--

INSERT IGNORE INTO `vtiger_convertleadmapping` (`cfmid`, `leadfid`, `accountfid`, `contactfid`, `potentialfid`, `editable`) VALUES
(1, 43, 1, 0, 110, 0),
(2, 49, 14, 0, 0, 1),
(3, 40, 3, 69, 0, 1),
(4, 44, 5, 77, 0, 1),
(5, 52, 13, 0, 0, 1),
(6, 46, 9, 80, 0, 0),
(7, 48, 4, 0, 0, 1),
(8, 61, 26, 98, 0, 1),
(9, 60, 30, 0, 0, 1),
(10, 62, 32, 104, 0, 1),
(11, 63, 28, 100, 0, 1),
(12, 59, 24, 96, 0, 1),
(13, 64, 34, 106, 0, 1),
(14, 61, 27, 0, 0, 1),
(15, 60, 31, 0, 0, 1),
(16, 62, 33, 0, 0, 1),
(17, 63, 29, 0, 0, 1),
(18, 59, 25, 0, 0, 1),
(19, 64, 35, 0, 0, 1),
(20, 65, 36, 109, 125, 1),
(21, 37, 0, 66, 0, 1),
(22, 38, 0, 67, 0, 0),
(23, 41, 0, 70, 0, 0),
(24, 42, 0, 71, 0, 1),
(25, 45, 0, 76, 0, 1),
(26, 55, 0, 83, 0, 1),
(27, 47, 0, 74, 117, 1),
(28, 50, 0, 0, 0, 1),
(29, 53, 10, 0, 0, 1),
(30, 51, 17, 0, 0, 1),
(31, 1008, 892, 0, 0, 1),
(32, 38, 894, 0, 0, 1),
(33, 41, 895, 0, 0, 1),
(34, 1010, 897, 0, 0, 1),
(35, 1011, 901, 79, 0, 1),
(36, 1012, 899, 0, 0, 1),
(37, 1013, 904, 0, 0, 1),
(38, 1014, 902, 0, 0, 1),
(39, 1015, 903, 0, 0, 1),
(40, 1016, 906, 0, 0, 1),
(41, 1018, 908, 0, 0, 1),
(42, 1019, 910, 0, 0, 1),
(43, 1020, 911, 0, 0, 1),
(44, 1021, 909, 0, 0, 1),
(45, 1022, 33, 0, 0, 1),
(46, 1023, 29, 0, 0, 1),
(47, 1024, 27, 0, 0, 1),
(48, 1025, 31, 0, 0, 1),
(49, 1026, 25, 0, 0, 1),
(50, 1027, 912, 0, 0, 1),
(51, 1028, 913, 0, 0, 1),
(52, 1029, 922, 0, 0, 1),
(53, 1030, 926, 0, 0, 1),
(54, 1031, 925, 0, 0, 1),
(55, 1032, 923, 0, 0, 1),
(56, 1033, 924, 0, 0, 1);

-- --------------------------------------------------------

--
-- Table structure for table `vtiger_convertpotentialmapping`
--

CREATE TABLE `vtiger_convertpotentialmapping` (
  `cfmid` int(19) NOT NULL,
  `potentialfid` int(19) NOT NULL,
  `projectfid` int(19) DEFAULT NULL,
  `editable` int(11) DEFAULT 1
) ENGINE=InnoDB DEFAULT CHARSET=utf8 COLLATE=utf8_general_ci;

--
-- Dumping data for table `vtiger_convertpotentialmapping`
--

INSERT IGNORE INTO `vtiger_convertpotentialmapping` (`cfmid`, `potentialfid`, `projectfid`, `editable`) VALUES
(1, 110, 648, 1),
(2, 125, 664, 1);

-- --------------------------------------------------------

--
-- Table structure for table `vtiger_crmentity`
--

CREATE TABLE `vtiger_crmentity` (
  `crmid` int(19) NOT NULL,
  `smcreatorid` int(19) NOT NULL DEFAULT 0,
  `smownerid` int(19) NOT NULL DEFAULT 0,
  `modifiedby` int(19) NOT NULL DEFAULT 0,
  `setype` varchar(100) DEFAULT NULL,
  `description` mediumtext DEFAULT NULL,
  `createdtime` datetime NOT NULL,
  `modifiedtime` datetime NOT NULL,
  `viewedtime` datetime DEFAULT NULL,
  `status` varchar(50) DEFAULT NULL,
  `version` int(19) NOT NULL DEFAULT 0,
  `presence` int(1) DEFAULT 1,
  `deleted` int(1) NOT NULL DEFAULT 0,
  `smgroupid` int(19) DEFAULT NULL,
  `source` varchar(100) DEFAULT NULL,
  `label` varchar(255) DEFAULT NULL
) ENGINE=InnoDB DEFAULT CHARSET=utf8 COLLATE=utf8_general_ci;

--
-- Dumping data for table `vtiger_crmentity`
--

INSERT IGNORE INTO `vtiger_crmentity` (`crmid`, `smcreatorid`, `smownerid`, `modifiedby`, `setype`, `description`, `createdtime`, `modifiedtime`, `viewedtime`, `status`, `version`, `presence`, `deleted`, `smgroupid`, `source`, `label`) VALUES
(2, 1, 1, 1, 'Leads', '', '2026-06-22 09:34:34', '2026-07-04 22:59:38', NULL, NULL, 0, 1, 0, 0, 'CRM', 'آقای کامران دادجو (مثال)'),
(3, 1, 1, 1, 'SMSNotifier', NULL, '2026-06-22 09:37:50', '2026-06-22 09:37:50', NULL, NULL, 0, 1, 0, 0, 'CRM', 'قققق'),
(4, 1, 1, 1, 'SMSNotifier', NULL, '2026-06-22 09:39:53', '2026-06-22 09:39:53', NULL, NULL, 0, 1, 0, 0, 'CRM', 'لالالا'),
(5, 1, 1, 1, 'SMSNotifier', NULL, '2026-06-22 09:40:11', '2026-06-22 09:40:11', NULL, NULL, 0, 1, 0, 0, 'CRM', 'سیسیس'),
(6, 1, 1, 1, 'SMSNotifier', NULL, '2026-06-22 09:40:25', '2026-06-22 09:40:25', NULL, NULL, 0, 1, 0, 0, 'CRM', 'سیسیس'),
(7, 1, 1, 1, 'SMSNotifier', NULL, '2026-06-22 09:47:37', '2026-06-22 09:47:37', NULL, NULL, 0, 1, 0, 0, 'CRM', 'لبلب'),
(8, 1, 1, 1, 'SMSNotifier', NULL, '2026-06-22 10:16:47', '2026-06-22 10:16:48', NULL, NULL, 0, 1, 0, 0, 'CRM', 'رذذر'),
(9, 1, 1, 1, 'Calendar', '', '2026-06-22 10:23:42', '2026-06-22 10:23:42', NULL, NULL, 0, 1, 0, 0, 'CRM', 'تست'),
(10, 1, 1, 1, 'Calendar', '', '2026-06-22 10:37:02', '2026-06-22 10:37:02', NULL, NULL, 0, 1, 0, 0, 'CRM', 'بیبیب'),
(11, 1, 1, 1, 'Contacts', '', '2026-06-22 18:16:52', '2026-06-22 18:16:52', NULL, NULL, 0, 1, 0, 0, 'CRM', 'عیسی زارع'),
(13, 1, 1, 0, 'Users Image', '', '2026-06-23 12:53:58', '2026-06-23 12:53:58', NULL, NULL, 0, 1, 0, NULL, NULL, NULL),
(14, 1, 1, 1, 'Calendar', '', '2026-06-29 18:12:24', '2026-06-29 18:12:24', NULL, NULL, 0, 1, 0, 0, 'CRM', 'تماس'),
(15, 1, 1, 1, 'Calendar', '', '2026-06-29 18:21:35', '2026-08-17 10:29:01', NULL, NULL, 0, 1, 0, 0, 'CRM', 'تماس ساعت ۱۰'),
(16, 1, 1, 1, 'Calendar', '', '2026-06-30 06:01:11', '2026-08-17 10:28:45', NULL, NULL, 0, 1, 0, 0, 'CRM', 'تماس آزمایشی مرتبط با سرنخ'),
(17, 1, 1, 1, 'Calendar', '', '2026-06-30 09:50:30', '2026-06-30 09:50:30', NULL, NULL, 0, 1, 0, 0, 'CRM', 'جلسهٔ آزمایشی مرتبط'),
(18, 1, 1, 1, 'Calendar', '', '2026-06-30 12:36:47', '2026-06-30 12:36:47', NULL, NULL, 0, 1, 0, 0, 'CRM', 'جلسه آزمایشی مرتبط با سرنخ'),
(19, 1, 1, 1, 'Calendar', '', '2026-06-30 13:15:47', '2026-06-30 13:15:47', NULL, NULL, 0, 1, 0, 0, 'CRM', 'وظیفه آزمایشی مرتبط با سرنخ'),
(20, 1, 1, 1, 'Accounts', '', '2026-07-03 09:05:38', '2026-07-03 09:05:38', NULL, '', 0, 1, 0, NULL, 'CRM', 'فرایند سازان ایران فردا (مثال)'),
(21, 1, 1, 1, 'Accounts', '', '2026-07-03 09:05:38', '2026-07-03 09:05:38', NULL, '', 0, 1, 0, NULL, 'CRM', 'پیشگامان صنعت داده (مثال)'),
(22, 1, 1, 1, 'Accounts', '', '2026-07-03 09:05:38', '2026-07-03 09:05:38', NULL, '', 0, 1, 0, NULL, 'CRM', 'فرایند گستران شرق (مثال)'),
(23, 1, 1, 1, 'Accounts', '', '2026-07-03 09:05:38', '2026-07-03 09:05:38', NULL, '', 0, 1, 0, NULL, 'CRM', 'الکترونیک گستر (مثال)'),
(24, 1, 1, 1, 'Accounts', '', '2026-07-03 09:05:38', '2026-07-03 09:05:38', NULL, '', 0, 1, 0, NULL, 'CRM', 'اورنگ (مثال)'),
(25, 1, 1, 1, 'Accounts', '', '2026-07-03 09:05:38', '2026-07-03 09:05:38', NULL, '', 0, 1, 0, NULL, 'CRM', 'کیان (مثال)'),
(26, 1, 1, 1, 'Products', '', '2026-07-03 09:05:39', '2026-07-03 09:05:39', NULL, '', 0, 1, 0, NULL, 'CRM', 'طراحی وب‌سایت (مثال)'),
(27, 1, 1, 1, 'Products', '', '2026-07-03 09:05:39', '2026-07-03 09:05:39', NULL, '', 0, 1, 0, NULL, 'CRM', 'اپلیکیشن موبایل (مثال)'),
(28, 1, 1, 1, 'Products', '', '2026-07-03 09:05:39', '2026-07-03 09:05:39', NULL, '', 0, 1, 0, NULL, 'CRM', 'پشتیبانی سالانه (مثال)'),
(1000, 1, 1, 1, 'Leads', '', '2026-05-28 18:31:39', '2026-07-04 22:59:38', NULL, '', 0, 1, 0, NULL, 'SARV-SEED', 'احسان محمدی (مثال)'),
(1001, 1, 2, 1, 'Leads', '', '2026-05-26 18:31:39', '2026-07-04 22:59:38', NULL, '', 0, 1, 0, NULL, 'SARV-SEED', 'آقای فلاح نژاد (مثال)'),
(1002, 1, 1, 1, 'Leads', '', '2026-05-29 18:31:39', '2026-07-04 22:59:38', NULL, '', 0, 1, 0, NULL, 'SARV-SEED', 'بهام خمسه (مثال)'),
(1003, 1, 3, 1, 'Leads', '', '2026-05-23 18:31:39', '2026-07-04 22:59:38', NULL, '', 0, 1, 0, NULL, 'SARV-SEED', 'آقای خادمی (مثال)'),
(1004, 1, 2, 1, 'Leads', '', '2026-06-08 18:31:39', '2026-07-04 22:59:38', NULL, '', 0, 1, 0, NULL, 'SARV-SEED', 'لاله حسینی (مثال)'),
(1005, 1, 1, 1, 'Leads', '', '2026-05-29 18:31:39', '2026-07-04 22:59:38', NULL, '', 0, 1, 0, NULL, 'SARV-SEED', 'آقای رحیمی (مثال)'),
(1006, 1, 1, 1, 'Leads', '', '2026-06-12 18:31:39', '2026-07-04 22:59:38', NULL, '', 0, 1, 0, NULL, 'SARV-SEED', 'آرش لوایی (مثال)'),
(1007, 1, 2, 1, 'Leads', '', '2026-05-30 18:31:39', '2026-07-04 22:59:38', NULL, '', 0, 1, 0, NULL, 'SARV-SEED', 'فریده بیات (مثال)'),
(1008, 1, 3, 1, 'Leads', '', '2026-06-20 18:31:39', '2026-07-04 22:59:38', NULL, '', 0, 1, 0, NULL, 'SARV-SEED', 'مهندس غلامرضا عباسی (مثال)'),
(1009, 1, 1, 1, 'Leads', '', '2026-06-07 18:31:39', '2026-07-04 22:59:38', NULL, '', 0, 1, 0, NULL, 'SARV-SEED', 'خانم مریم شفیع (مثال)'),
(1010, 1, 2, 1, 'Leads', '', '2026-05-24 18:31:39', '2026-07-04 22:59:38', NULL, '', 0, 1, 0, NULL, 'SARV-SEED', 'هادی شاهدی (مثال)'),
(1011, 1, 1, 1, 'Leads', '', '2026-06-19 18:31:39', '2026-07-04 22:59:38', NULL, '', 0, 1, 0, NULL, 'SARV-SEED', 'ارمین حسنی (مثال)'),
(1012, 1, 3, 1, 'Leads', '', '2026-06-12 18:31:39', '2026-07-20 03:45:38', NULL, '', 0, 1, 0, 0, 'SARV-SEED', 'خانم زینب بهاری (مثال)'),
(1013, 1, 1, 1, 'Leads', '', '2026-06-17 18:31:39', '2026-07-04 22:59:38', NULL, '', 0, 1, 0, NULL, 'SARV-SEED', 'خانم خالقی (مثال)'),
(1014, 1, 2, 1, 'Leads', '', '2026-06-09 18:31:39', '2026-07-04 22:59:38', NULL, '', 0, 1, 0, NULL, 'SARV-SEED', 'آقای پورعلی (مثال)'),
(1015, 1, 2, 1, 'Potentials', '', '2026-05-10 18:31:39', '2026-07-04 00:55:40', NULL, '', 0, 1, 0, NULL, 'SARV-SEED', 'هایتک - فرصت'),
(1016, 1, 3, 1, 'Potentials', '', '2026-04-11 18:31:39', '2026-07-04 00:55:40', NULL, '', 0, 1, 0, NULL, 'SARV-SEED', 'لیما (مثال) - فرصت فروش پکیج پیشرفته'),
(1017, 1, 1, 1, 'Potentials', '', '2026-04-22 18:31:39', '2026-07-04 00:55:40', NULL, '', 0, 1, 0, NULL, 'SARV-SEED', 'کیان (مثال) - فرصت فروش پکیج ساده'),
(1018, 1, 4, 1, 'Potentials', '', '2026-06-07 18:31:39', '2026-07-04 00:55:40', NULL, '', 0, 1, 0, NULL, 'SARV-SEED', 'رایتل - فرصت'),
(1019, 1, 2, 1, 'Potentials', '', '2026-05-15 18:31:39', '2026-07-04 00:55:40', NULL, '', 0, 1, 0, NULL, 'SARV-SEED', 'سبزیاران - فرصت'),
(1020, 1, 1, 1, 'Potentials', '', '2026-04-01 18:31:39', '2026-07-04 00:55:40', NULL, '', 0, 1, 0, NULL, 'SARV-SEED', 'پیشگامان صنعت داده (مثال) - فرصت'),
(1021, 1, 3, 1, 'Potentials', '', '2026-06-17 18:31:39', '2026-07-04 00:55:40', NULL, '', 0, 1, 0, NULL, 'SARV-SEED', 'طلایه داران (مثال) - فرصت فروش پکیج ساده'),
(1022, 1, 2, 1, 'Potentials', '', '2026-05-24 18:31:39', '2026-07-04 00:55:40', NULL, '', 0, 1, 0, NULL, 'SARV-SEED', 'رایتل (مثال) - فرصت'),
(1023, 1, 4, 1, 'Potentials', '', '2026-05-09 18:31:39', '2026-07-04 00:55:40', NULL, '', 0, 1, 0, NULL, 'SARV-SEED', 'سبزیاران (مثال) - فرصت فروش پکیج ساده'),
(1024, 1, 1, 1, 'Potentials', '', '2026-05-30 18:31:39', '2026-07-04 00:55:40', NULL, '', 0, 1, 0, NULL, 'SARV-SEED', 'فروش پکیج اختصاصی (مثال)'),
(1025, 1, 2, 1, 'Potentials', '', '2026-05-26 18:31:39', '2026-07-04 00:55:40', NULL, '', 0, 1, 0, NULL, 'SARV-SEED', 'شباهنگ (مثال) - فرصت فروش پکیج اختصاصی'),
(1026, 1, 3, 1, 'Potentials', '', '2026-04-01 18:31:39', '2026-07-04 00:55:40', NULL, '', 0, 1, 0, NULL, 'SARV-SEED', 'آذر مهر (مثال) - فرصت فروش ساده'),
(1027, 1, 1, 1, 'Invoice', '', '2026-06-17 18:31:40', '2026-07-04 06:40:43', NULL, '', 0, 1, 0, NULL, 'SARV-SEED', 'فرایند سازان ایران فردا - فاکتور (مثال)'),
(1028, 1, 1, 1, 'Invoice', '', '2026-05-17 18:31:40', '2026-07-04 06:40:43', NULL, '', 0, 1, 0, NULL, 'SARV-SEED', 'پیشگامان صنعت داده - فاکتور (مثال)'),
(1029, 1, 1, 1, 'Invoice', '', '2026-05-15 18:31:40', '2026-07-04 06:40:43', NULL, '', 0, 1, 0, NULL, 'SARV-SEED', 'پیشگامان صنعت داده - فاکتور (مثال)'),
(1030, 1, 2, 1, 'Invoice', '', '2026-05-25 18:31:40', '2026-07-04 06:40:43', NULL, '', 0, 1, 0, NULL, 'SARV-SEED', 'شرکت فرایند گستران شرق - فاکتور (مثال)'),
(1031, 1, 1, 1, 'Invoice', '', '2026-05-20 18:31:40', '2026-07-04 06:40:43', NULL, '', 0, 1, 0, NULL, 'SARV-SEED', 'شرکت فرایند گستران شرق - فاکتور (مثال)'),
(1032, 1, 3, 1, 'Invoice', '', '2026-06-15 18:31:40', '2026-07-04 06:40:43', NULL, '', 0, 1, 0, NULL, 'SARV-SEED', 'شرکت الکترونیک گستر - فاکتور (مثال)'),
(1033, 1, 1, 1, 'Invoice', '', '2026-05-16 18:31:40', '2026-07-04 06:40:43', NULL, '', 0, 1, 0, NULL, 'SARV-SEED', 'اورنگ (مثال) - فرصت'),
(1034, 1, 2, 1, 'Invoice', '', '2026-05-29 18:31:40', '2026-07-04 06:40:43', NULL, '', 0, 1, 0, NULL, 'SARV-SEED', 'کیان (مثال) - فرصت'),
(1035, 1, 1, 1, 'Calendar', '', '2026-06-15 18:31:40', '2026-06-15 18:31:40', NULL, '', 0, 1, 0, NULL, 'SARV-SEED', 'Call نمونه 1'),
(1036, 1, 1, 1, 'Calendar', '', '2026-06-13 18:31:40', '2026-06-13 18:31:40', NULL, '', 0, 1, 0, NULL, 'SARV-SEED', 'Call نمونه 2'),
(1037, 1, 1, 1, 'Calendar', '', '2026-06-21 18:31:40', '2026-06-21 18:31:40', NULL, '', 0, 1, 0, NULL, 'SARV-SEED', 'Call نمونه 3'),
(1038, 1, 1, 1, 'Calendar', '', '2026-06-01 18:31:40', '2026-06-01 18:31:40', NULL, '', 0, 1, 0, NULL, 'SARV-SEED', 'Call نمونه 4'),
(1039, 1, 1, 1, 'Calendar', '', '2026-06-01 18:31:40', '2026-08-17 10:29:03', NULL, '', 0, 1, 0, 0, 'SARV-SEED', 'Call نمونه 5'),
(1040, 1, 1, 1, 'Calendar', '', '2026-06-08 18:31:40', '2026-06-08 18:31:40', NULL, '', 0, 1, 0, NULL, 'SARV-SEED', 'Call نمونه 6'),
(1041, 1, 1, 1, 'Calendar', '', '2026-06-16 18:31:40', '2026-06-16 18:31:40', NULL, '', 0, 1, 0, NULL, 'SARV-SEED', 'Call نمونه 7'),
(1042, 1, 1, 1, 'Calendar', '', '2026-06-11 18:31:40', '2026-06-11 18:31:40', NULL, '', 0, 1, 0, NULL, 'SARV-SEED', 'Call نمونه 8'),
(1043, 1, 1, 1, 'Calendar', '', '2026-06-17 18:31:40', '2026-06-17 18:31:40', NULL, '', 0, 1, 0, NULL, 'SARV-SEED', 'Task نمونه 1'),
(1044, 1, 1, 1, 'Calendar', '', '2026-06-17 18:31:40', '2026-06-17 18:31:40', NULL, '', 0, 1, 0, NULL, 'SARV-SEED', 'Task نمونه 2'),
(1045, 1, 1, 1, 'Calendar', '', '2026-06-09 18:31:40', '2026-06-09 18:31:40', NULL, '', 0, 1, 0, NULL, 'SARV-SEED', 'Task نمونه 3'),
(1046, 1, 1, 1, 'Calendar', '', '2026-06-06 18:31:40', '2026-06-06 18:31:40', NULL, '', 0, 1, 0, NULL, 'SARV-SEED', 'Task نمونه 4'),
(1047, 1, 1, 1, 'Calendar', '', '2026-06-08 18:31:40', '2026-06-08 18:31:40', NULL, '', 0, 1, 0, NULL, 'SARV-SEED', 'Task نمونه 5'),
(1048, 1, 1, 1, 'Calendar', '', '2026-06-11 18:31:40', '2026-06-11 18:31:40', NULL, '', 0, 1, 0, NULL, 'SARV-SEED', 'Task نمونه 6'),
(1049, 1, 1, 1, 'Calendar', '', '2026-06-07 18:31:40', '2026-06-07 18:31:40', NULL, '', 0, 1, 0, NULL, 'SARV-SEED', 'Task نمونه 7'),
(1050, 1, 1, 1, 'Calendar', '', '2026-06-19 18:31:40', '2026-07-11 18:17:02', NULL, '', 0, 1, 0, 0, 'SARV-SEED', 'Task نمونه 8'),
(1051, 1, 1, 1, 'Calendar', '', '2026-06-14 18:31:40', '2026-06-14 18:31:40', NULL, '', 0, 1, 0, NULL, 'SARV-SEED', 'Meeting نمونه 1'),
(1052, 1, 1, 1, 'Calendar', '', '2026-06-06 18:31:40', '2026-06-06 18:31:40', NULL, '', 0, 1, 0, NULL, 'SARV-SEED', 'Meeting نمونه 2'),
(1053, 1, 1, 1, 'Calendar', '', '2026-06-16 18:31:40', '2026-06-16 18:31:40', NULL, '', 0, 1, 0, NULL, 'SARV-SEED', 'Meeting نمونه 3'),
(1054, 1, 1, 1, 'Calendar', '', '2026-06-12 18:31:40', '2026-06-12 18:31:40', NULL, '', 0, 1, 0, NULL, 'SARV-SEED', 'Meeting نمونه 4'),
(1055, 1, 1, 1, 'Calendar', '', '2026-06-13 18:31:40', '2026-06-13 18:31:40', NULL, '', 0, 1, 0, NULL, 'SARV-SEED', 'Meeting نمونه 5'),
(1056, 1, 1, 1, 'Calendar', '', '2026-06-05 18:31:40', '2026-06-05 18:31:40', NULL, '', 0, 1, 0, NULL, 'SARV-SEED', 'Meeting نمونه 6'),
(1057, 1, 1, 1, 'Calendar', '', '2026-06-18 18:31:40', '2026-06-18 18:31:40', NULL, '', 0, 1, 0, NULL, 'SARV-SEED', 'Meeting نمونه 7'),
(1058, 1, 1, 1, 'Calendar', '', '2026-06-04 18:31:40', '2026-06-04 18:31:40', NULL, '', 0, 1, 0, NULL, 'SARV-SEED', 'Meeting نمونه 8'),
(2000, 1, 1, 1, 'ServiceContracts', '', '2026-05-13 18:45:02', '2026-05-13 18:45:02', NULL, '', 0, 1, 0, NULL, 'SARV-SEED', 'قرارداد سرویس 1'),
(2001, 1, 2, 1, 'ServiceContracts', '', '2026-05-14 18:45:02', '2026-05-14 18:45:02', NULL, '', 0, 1, 0, NULL, 'SARV-SEED', 'قرارداد سرویس 2'),
(2002, 1, 3, 1, 'ServiceContracts', '', '2026-05-28 18:45:02', '2026-05-28 18:45:02', NULL, '', 0, 1, 0, NULL, 'SARV-SEED', 'قرارداد سرویس 3'),
(2003, 1, 4, 1, 'ServiceContracts', '', '2026-05-17 18:45:02', '2026-05-17 18:45:02', NULL, '', 0, 1, 0, NULL, 'SARV-SEED', 'قرارداد سرویس 4'),
(2004, 1, 1, 1, 'ServiceContracts', '', '2026-06-15 18:45:02', '2026-06-15 18:45:02', NULL, '', 0, 1, 0, NULL, 'SARV-SEED', 'قرارداد سرویس 5'),
(2005, 1, 2, 1, 'ServiceContracts', '', '2026-06-12 18:45:02', '2026-06-12 18:45:02', NULL, '', 0, 1, 0, NULL, 'SARV-SEED', 'قرارداد سرویس 6'),
(2006, 1, 3, 1, 'ServiceContracts', '', '2026-06-14 18:45:02', '2026-06-14 18:45:02', NULL, '', 0, 1, 0, NULL, 'SARV-SEED', 'قرارداد سرویس 7'),
(2007, 1, 4, 1, 'ServiceContracts', '', '2026-05-03 18:45:02', '2026-05-03 18:45:02', NULL, '', 0, 1, 0, NULL, 'SARV-SEED', 'قرارداد سرویس 8'),
(2008, 1, 1, 1, 'ServiceContracts', '', '2026-05-29 18:45:02', '2026-05-29 18:45:02', NULL, '', 0, 1, 0, NULL, 'SARV-SEED', 'قرارداد سرویس 9'),
(2009, 1, 2, 1, 'ServiceContracts', '', '2026-06-20 18:45:02', '2026-06-20 18:45:02', NULL, '', 0, 1, 0, NULL, 'SARV-SEED', 'قرارداد سرویس 10'),
(2010, 1, 3, 1, 'ServiceContracts', '', '2026-06-14 18:45:02', '2026-06-14 18:45:02', NULL, '', 0, 1, 0, NULL, 'SARV-SEED', 'قرارداد سرویس 11'),
(2011, 1, 4, 1, 'ServiceContracts', '', '2026-05-28 18:45:02', '2026-05-28 18:45:02', NULL, '', 0, 1, 0, NULL, 'SARV-SEED', 'قرارداد سرویس 12'),
(2012, 1, 1, 1, 'Quotes', '', '2026-06-16 18:45:02', '2026-07-03 14:59:42', NULL, '', 0, 1, 0, NULL, 'SARV-SEED', 'فرایند سازان ایران فردا - پیش فاکتور (مثال)'),
(2013, 1, 2, 1, 'Quotes', '', '2026-06-09 18:45:02', '2026-07-03 14:59:42', NULL, '', 0, 1, 0, NULL, 'SARV-SEED', 'پیشگامان صنعت داده - پیش فاکتور (مثال)'),
(2014, 1, 3, 1, 'Quotes', '', '2026-05-27 18:45:02', '2026-07-03 14:59:42', NULL, '', 0, 1, 0, NULL, 'SARV-SEED', 'پیشگامان صنعت داده - پیش فاکتور (مثال)'),
(2015, 1, 4, 1, 'Quotes', '', '2026-06-16 18:45:02', '2026-07-03 14:59:42', NULL, '', 0, 1, 0, NULL, 'SARV-SEED', 'شرکت فرایند گستران شرق - پیش فاکتور (مثال)'),
(2016, 1, 1, 1, 'Quotes', '', '2026-05-17 18:45:02', '2026-07-03 14:59:42', NULL, '', 0, 1, 0, NULL, 'SARV-SEED', 'شرکت فرایند گستران شرق - پیش فاکتور (مثال)'),
(2017, 1, 2, 1, 'Quotes', '', '2026-06-16 18:45:02', '2026-07-03 14:59:42', NULL, '', 0, 1, 0, NULL, 'SARV-SEED', 'شرکت الکترونیک گستر - پیش فاکتور (مثال)'),
(2018, 1, 3, 1, 'Quotes', '', '2026-05-29 18:45:02', '2026-07-03 14:59:42', NULL, '', 0, 1, 0, NULL, 'SARV-SEED', 'اورنگ (مثال) - فرصت'),
(2019, 1, 4, 1, 'Quotes', '', '2026-06-07 18:45:02', '2026-07-11 11:55:29', NULL, '', 0, 1, 0, NULL, 'SARV-SEED', 'کیان (مثال) - فرصت'),
(2020, 1, 1, 1, 'Documents', '', '2026-06-12 18:45:02', '2026-06-12 18:45:02', NULL, '', 0, 1, 0, NULL, 'SARV-SEED', 'یادداشت 1'),
(2021, 1, 2, 1, 'Documents', '', '2026-06-19 18:45:02', '2026-06-19 18:45:02', NULL, '', 0, 1, 0, NULL, 'SARV-SEED', 'یادداشت 2'),
(2022, 1, 3, 1, 'Documents', '', '2026-06-11 18:45:02', '2026-06-11 18:45:02', NULL, '', 0, 1, 0, NULL, 'SARV-SEED', 'یادداشت 3'),
(2023, 1, 4, 1, 'Documents', '', '2026-06-08 18:45:02', '2026-06-08 18:45:02', NULL, '', 0, 1, 0, NULL, 'SARV-SEED', 'یادداشت 4'),
(2024, 1, 1, 1, 'Documents', '', '2026-06-18 18:45:02', '2026-06-18 18:45:02', NULL, '', 0, 1, 0, NULL, 'SARV-SEED', 'یادداشت 5'),
(2025, 1, 1, 1, 'Quotes', 'توضیح تستی ویرایش', '2026-07-03 21:58:09', '2026-07-03 22:38:38', NULL, NULL, 0, 1, 0, 0, 'CRM', 'تست سیستم - ویرایش شده'),
(2026, 1, 1, 1, 'Quotes', '', '2026-07-03 15:00:25', '2026-07-03 15:00:25', NULL, '', 0, 1, 0, NULL, 'CRM', 'پیش فاکتور ورودی تست ۱'),
(2027, 1, 1, 1, 'Quotes', '', '2026-07-03 15:00:26', '2026-07-03 15:00:26', NULL, '', 0, 1, 0, NULL, 'CRM', 'پیش فاکتور ورودی تست ۲'),
(2028, 1, 1, 1, 'Accounts', '', '2026-07-04 00:55:39', '2026-07-04 00:55:39', NULL, '', 0, 1, 0, NULL, 'CRM', 'هایتک (مثال)'),
(2029, 1, 1, 1, 'Accounts', '', '2026-07-04 00:55:39', '2026-07-04 00:55:39', NULL, '', 0, 1, 0, NULL, 'CRM', 'لیما (مثال)'),
(2030, 1, 1, 1, 'Accounts', '', '2026-07-04 00:55:39', '2026-07-04 00:55:39', NULL, '', 0, 1, 0, NULL, 'CRM', 'رایتل (مثال)'),
(2031, 1, 1, 1, 'Accounts', '', '2026-07-04 00:55:39', '2026-07-04 00:55:39', NULL, '', 0, 1, 0, NULL, 'CRM', 'سبزیاران (مثال)'),
(2032, 1, 1, 1, 'Accounts', '', '2026-07-04 00:55:39', '2026-07-04 00:55:39', NULL, '', 0, 1, 0, NULL, 'CRM', 'طلایه داران (مثال)'),
(2033, 1, 1, 1, 'Accounts', '', '2026-07-04 00:55:39', '2026-07-04 00:55:39', NULL, '', 0, 1, 0, NULL, 'CRM', 'شباهنگ (مثال)'),
(2034, 1, 1, 1, 'Accounts', '', '2026-07-04 00:55:39', '2026-07-04 00:55:39', NULL, '', 0, 1, 0, NULL, 'CRM', 'آذر مهر (مثال)'),
(2035, 1, 1, 1, 'Accounts', '', '2026-07-04 00:55:40', '2026-07-04 00:55:40', NULL, '', 0, 1, 0, NULL, 'CRM', 'نیروی ماهواره ای کوچک (مثال)'),
(2036, 1, 1, 1, 'Accounts', '', '2026-07-04 00:55:40', '2026-07-18 01:04:54', NULL, '', 0, 1, 0, NULL, 'CRM', 'آقای کامران دادجو (مثال)'),
(2037, 1, 1, 1, 'Accounts', '', '2026-07-04 00:55:40', '2026-07-04 00:55:40', NULL, '', 0, 1, 0, NULL, 'CRM', 'زامیاد (مثال)'),
(2038, 1, 2, 1, 'Potentials', '', '2026-07-04 00:55:40', '2026-07-04 00:55:40', NULL, '', 0, 1, 0, NULL, 'CRM', 'نیروی ماهواره ای کوچک - فرصت'),
(2039, 1, 1, 1, 'Potentials', '', '2026-07-04 00:55:40', '2026-07-04 00:55:40', NULL, '', 0, 1, 0, NULL, 'CRM', 'آذر مهر (مثال) - فرصت فروش پیشرفته'),
(2040, 1, 4, 1, 'Potentials', '', '2026-07-04 00:55:40', '2026-07-04 00:55:40', NULL, '', 0, 1, 0, NULL, 'CRM', 'آقای کامران دادجو (مثال) - فرصت فروش پکیج پیشرفته'),
(2041, 1, 1, 1, 'Potentials', '', '2026-07-04 00:55:40', '2026-07-04 00:55:40', NULL, '', 0, 1, 0, NULL, 'CRM', 'الکترونیک گستر - فروش پکیج (مثال)'),
(2042, 1, 2, 1, 'Potentials', '', '2026-07-04 00:55:40', '2026-07-04 00:55:40', NULL, '', 0, 1, 0, NULL, 'CRM', 'اورنگ (مثال) - فرصت فروش پیشرفته'),
(2043, 1, 3, 1, 'Potentials', '', '2026-07-04 00:55:40', '2026-07-04 00:55:40', NULL, '', 0, 1, 0, NULL, 'CRM', 'کیان (مثال) - فرصت'),
(2044, 1, 1, 1, 'Potentials', '', '2026-07-04 00:55:40', '2026-07-04 00:55:40', NULL, '', 0, 1, 0, NULL, 'CRM', 'زامیاد (مثال) - فرصت فروش پکیج اختصاصی'),
(2045, 1, 2, 1, 'Potentials', '', '2026-07-04 00:55:40', '2026-07-04 00:55:40', NULL, '', 0, 1, 0, NULL, 'CRM', 'اورنگ (مثال) - فرصت فروش پکیج اختصاصی'),
(2046, 1, 1, 1, 'Potentials', 'ویرایش تست', '2026-07-04 08:03:31', '2026-07-04 08:15:26', NULL, NULL, 0, 1, 0, 0, 'CRM', 'تست سیستم - فرصت گویا'),
(2047, 1, 1, 1, 'Potentials', '', '2026-07-04 01:04:50', '2026-07-04 01:04:50', NULL, '', 0, 1, 0, NULL, 'CRM', 'فرصت ورودی تست ۱'),
(2048, 1, 1, 1, 'Potentials', '', '2026-07-04 01:04:50', '2026-07-04 01:04:50', NULL, '', 0, 1, 0, NULL, 'CRM', 'فرصت ورودی تست ۲'),
(2049, 1, 1, 1, 'Potentials', '', '2026-07-04 08:14:03', '2026-07-04 08:14:04', NULL, NULL, 0, 1, 0, 0, 'CRM', 'نمونه تست B - فروش موفق تیر'),
(2050, 1, 1, 1, 'Potentials', 'نمونه برای تست هشدار سررسید', '2026-07-04 08:14:30', '2026-07-11 18:56:48', NULL, NULL, 0, 1, 0, 0, 'CRM', 'نمونه تست C - سررسید گذشته'),
(2051, 1, 3, 1, 'Potentials', '', '2026-07-04 01:16:28', '2026-07-04 01:16:28', NULL, '', 0, 1, 0, NULL, 'CRM', 'فرصت ورودی G1 - احتمال دستی'),
(2052, 1, 1, 1, 'Potentials', '', '2026-07-04 01:16:29', '2026-07-20 03:49:58', NULL, '', 0, 1, 0, 0, 'CRM', 'فرصت ورودی G2 - بدون کاربر'),
(2053, 1, 1, 1, 'Products', '', '2026-07-04 06:40:43', '2026-07-04 06:40:43', NULL, '', 0, 1, 0, NULL, 'CRM', 'پکیج پیشرفته (مثال)'),
(2054, 1, 1, 1, 'Invoice', 'توضیح تستی ویرایش', '2026-07-04 06:53:40', '2026-07-05 12:36:56', NULL, '', 0, 1, 0, 0, 'CRM', 'تست سیستم - ویرایش شده'),
(2055, 1, 3, 1, 'Leads', '', '2026-07-04 22:51:24', '2026-07-04 22:51:24', NULL, '', 0, 1, 0, NULL, 'CRM', 'مهندس قاضی (مثال)'),
(2056, 1, 2, 1, 'Leads', '', '2026-07-04 22:51:24', '2026-07-04 22:51:24', NULL, '', 0, 1, 0, NULL, 'CRM', 'رضا منوچهری (مثال)'),
(2057, 1, 1, 1, 'Leads', '', '2026-07-04 22:51:24', '2026-07-20 03:45:34', NULL, '', 0, 1, 0, 0, 'CRM', 'ابوالفضل صادقی (مثال)'),
(2058, 1, 2, 1, 'Leads', '', '2026-07-04 22:51:24', '2026-07-04 22:51:24', NULL, '', 0, 1, 0, NULL, 'CRM', 'خانم تقی زاده (مثال)'),
(2059, 1, 1, 1, 'Leads', '', '2026-07-04 22:51:24', '2026-07-04 22:51:24', NULL, '', 0, 1, 0, NULL, 'CRM', 'آقای احمدیان (مثال)'),
(2060, 1, 3, 1, 'Leads', '', '2026-07-04 22:51:24', '2026-07-04 22:51:24', NULL, '', 0, 1, 0, NULL, 'CRM', 'آقای آزادگانی (مثال)'),
(2061, 1, 1, 1, 'Calendar', '', '2026-07-04 22:51:24', '2026-08-17 10:28:40', NULL, '', 0, 1, 0, 0, 'CRM', 'تماس پیگیری سرنخ'),
(2062, 1, 1, 1, 'Calendar', '', '2026-07-04 22:51:24', '2026-07-04 22:51:24', NULL, '', 0, 1, 0, NULL, 'CRM', 'جلسه معارفه انجام شده'),
(2063, 1, 1, 1, 'Leads', 'سرنخ تست سیستم\nاین رکورد برای تست کامل پرونده سرنخ ساخته شده است.\nخط سوم توضیحات برای آزمون نمایش چندخطی.', '2026-07-05 05:56:21', '2026-07-05 12:36:30', NULL, NULL, 0, 1, 0, 0, 'CRM', 'تست سرنخ گویا'),
(2064, 1, 3, 1, 'Leads', '', '2026-07-04 22:57:43', '2026-07-04 22:57:43', NULL, '', 0, 1, 0, NULL, 'CRM', 'علی سرنخ ورودی L1'),
(2065, 1, 1, 1, 'Leads', '', '2026-07-04 22:57:43', '2026-07-11 18:48:10', NULL, '', 0, 1, 0, 0, 'CRM', 'سرنخ ورودی L2'),
(2066, 1, 1, 1, 'Contacts', 'SYNC_FROM_USERS v1 [user:ali]', '2026-07-10 20:54:59', '2026-07-11 15:46:58', NULL, NULL, 0, 1, 1, 0, 'CRM', 'علی محمدی'),
(2067, 1, 1, 1, 'Contacts', 'SYNC_FROM_USERS v1 [user:sara]', '2026-07-10 20:55:05', '2026-07-11 15:47:00', NULL, NULL, 0, 1, 1, 0, 'CRM', 'سارا احمدی'),
(2068, 1, 1, 1, 'Contacts', 'SYNC_FROM_USERS v1 [user:reza]', '2026-07-10 20:55:06', '2026-07-11 15:47:00', NULL, NULL, 0, 1, 1, 0, 'CRM', 'رضا کریمی'),
(2069, 1, 1, 1, 'Contacts', 'SYNC_FROM_USERS v1 [user:kpiseed_mgr]', '2026-07-10 20:55:06', '2026-07-11 15:47:00', NULL, NULL, 0, 1, 1, 0, 'CRM', 'رضا محمدیان'),
(2070, 1, 1, 1, 'Contacts', 'SYNC_FROM_USERS v1 [user:kpiseed_sup1]', '2026-07-10 20:55:07', '2026-07-11 15:47:01', NULL, NULL, 0, 1, 1, 0, 'CRM', 'علی کریمی'),
(2071, 1, 1, 1, 'Contacts', 'SYNC_FROM_USERS v1 [user:kpiseed_emp1]', '2026-07-10 20:55:07', '2026-07-11 15:47:01', NULL, NULL, 0, 1, 1, 0, 'CRM', 'نیما قاسمی'),
(2072, 1, 1, 1, 'Contacts', 'SYNC_FROM_USERS v1 [user:kpiseed_emp2]', '2026-07-10 20:55:07', '2026-07-11 15:47:01', NULL, NULL, 0, 1, 1, 0, 'CRM', 'زهرا مرادی'),
(2073, 1, 1, 1, 'Contacts', 'SYNC_FROM_USERS v1 [user:kpiseed_emp3]', '2026-07-10 20:55:08', '2026-07-11 15:47:01', NULL, NULL, 0, 1, 1, 0, 'CRM', 'امیر صادقی'),
(2074, 1, 1, 1, 'Contacts', 'SYNC_FROM_USERS v1 [user:kpiseed_emp4]', '2026-07-10 20:55:08', '2026-07-11 15:47:01', NULL, NULL, 0, 1, 1, 0, 'CRM', 'فاطمه کاظمی'),
(2075, 1, 1, 1, 'Contacts', 'SYNC_FROM_USERS v1 [user:kpiseed_emp5]', '2026-07-10 20:55:08', '2026-07-11 15:47:02', NULL, NULL, 0, 1, 1, 0, 'CRM', 'سینا یوسفی'),
(2076, 1, 1, 1, 'Contacts', 'SYNC_FROM_USERS v1 [user:kpiseed_emp6]', '2026-07-10 20:55:09', '2026-07-11 15:47:02', NULL, NULL, 0, 1, 1, 0, 'CRM', 'الهام جعفری'),
(2077, 1, 1, 1, 'Contacts', 'SYNC_FROM_USERS v1 [user:kpiseed_sup3]', '2026-07-10 20:55:09', '2026-07-11 15:47:02', NULL, NULL, 0, 1, 1, 0, 'CRM', 'حسن رضایی'),
(2078, 1, 1, 1, 'Contacts', 'SYNC_FROM_USERS v1 [user:kpiseed_emp7]', '2026-07-10 20:55:09', '2026-07-11 15:47:02', NULL, NULL, 0, 1, 1, 0, 'CRM', 'بهرام اکبری'),
(2079, 1, 1, 1, 'Contacts', 'SYNC_FROM_USERS v1 [user:kpiseed_emp8]', '2026-07-10 20:55:10', '2026-07-11 15:47:03', NULL, NULL, 0, 1, 1, 0, 'CRM', 'نگار شریفی'),
(2080, 1, 1, 1, 'Contacts', 'SYNC_FROM_USERS v1 [user:kpiseed_emp9]', '2026-07-10 20:55:10', '2026-07-11 15:47:03', NULL, NULL, 0, 1, 1, 0, 'CRM', 'پیمان بابایی'),
(2081, 1, 1, 1, 'Contacts', 'SYNC_FROM_USERS v1 [user:kpiseed_sup4]', '2026-07-10 20:55:10', '2026-07-11 15:47:03', NULL, NULL, 0, 1, 1, 0, 'CRM', 'مریم حسینی'),
(2082, 1, 1, 1, 'Contacts', 'SYNC_FROM_USERS v1 [user:kpiseed_emp10]', '2026-07-10 20:55:11', '2026-07-11 15:47:04', NULL, NULL, 0, 1, 1, 0, 'CRM', 'مینا رستمی'),
(2083, 1, 1, 1, 'Contacts', 'SYNC_FROM_USERS v1 [user:kpiseed_emp11]', '2026-07-10 20:55:11', '2026-07-11 15:47:04', NULL, NULL, 0, 1, 1, 0, 'CRM', 'کیان عباسی'),
(2084, 1, 1, 1, 'Contacts', 'SYNC_FROM_USERS v1 [user:kpiseed_emp12]', '2026-07-10 20:55:12', '2026-07-11 15:47:04', NULL, NULL, 0, 1, 1, 0, 'CRM', 'رها نادری'),
(2085, 1, 1, 1, 'Contacts', 'SYNC_FROM_USERS v1 [user:kpiseed_sup5]', '2026-07-10 20:55:12', '2026-07-11 15:47:04', NULL, NULL, 0, 1, 1, 0, 'CRM', 'کاوه نوری'),
(2086, 1, 1, 1, 'Contacts', 'SYNC_FROM_USERS v1 [user:kpiseed_emp13]', '2026-07-10 20:55:13', '2026-07-11 15:47:05', NULL, NULL, 0, 1, 1, 0, 'CRM', 'آرش فلاحی'),
(2087, 1, 1, 1, 'Contacts', 'SYNC_FROM_USERS v1 [user:kpiseed_emp14]', '2026-07-10 20:55:13', '2026-07-11 15:47:06', NULL, NULL, 0, 1, 1, 0, 'CRM', 'سحر زارع'),
(2088, 1, 1, 1, 'Contacts', 'SYNC_FROM_USERS v1 [user:kpiseed_emp15]', '2026-07-10 20:55:14', '2026-07-11 15:47:06', NULL, NULL, 0, 1, 1, 0, 'CRM', 'وحید محمودی'),
(2089, 1, 1, 1, 'Contacts', 'SYNC_FROM_USERS v1 [user:admin]', '2026-07-10 21:01:35', '2026-07-11 15:47:06', NULL, NULL, 0, 1, 1, 0, 'CRM', 'حسین فغان پور'),
(2090, 1, 1, 1, 'Contacts', 'SYNC_FROM_USERS v1 [user:kpiseed_sup2]', '2026-07-10 21:01:37', '2026-07-11 15:47:06', NULL, NULL, 0, 1, 1, 0, 'CRM', 'سارا احمدی'),
(2091, 1, 5, 1, 'Contacts', 'SEED_GOOYA_CONTACTS v1', '2026-07-11 15:47:07', '2026-07-11 15:47:07', NULL, NULL, 0, 1, 0, 0, 'CRM', 'خانم افروز محمدی (مثال)'),
(2092, 1, 1, 1, 'HelpDesk', 'SEED_GOOYA_TICKETS v1', '2026-07-09 08:47:26', '2026-07-11 15:47:11', NULL, NULL, 0, 1, 0, 0, 'CRM', 'درخواست پشتیبانی نصب (مثال)'),
(2093, 1, 5, 1, 'Contacts', 'SEED_GOOYA_CONTACTS v1', '2026-07-11 15:47:25', '2026-07-11 15:47:25', NULL, NULL, 0, 1, 0, 0, 'CRM', 'خانم رویا نیک رفتار (مثال)'),
(2094, 1, 2, 1, 'HelpDesk', 'SEED_GOOYA_TICKETS v1', '2026-07-07 08:47:28', '2026-07-11 15:47:26', NULL, NULL, 0, 1, 0, 0, 'CRM', 'مشکل ورود به سامانه (مثال)'),
(2095, 1, 5, 1, 'Contacts', 'SEED_GOOYA_CONTACTS v1', '2026-07-11 15:47:26', '2026-07-11 15:47:26', NULL, NULL, 0, 1, 0, 0, 'CRM', 'مهندس قاضی (مثال)'),
(2096, 1, 5, 1, 'Contacts', 'SEED_GOOYA_CONTACTS v1', '2026-07-11 15:47:28', '2026-07-11 15:47:28', NULL, NULL, 0, 1, 0, 0, 'CRM', 'آقای مهدی فروزش (مثال)'),
(2097, 1, 3, 1, 'HelpDesk', 'SEED_GOOYA_TICKETS v1', '2026-07-05 08:47:35', '2026-07-11 15:47:28', NULL, NULL, 0, 1, 0, 0, 'CRM', 'درخواست آموزش کاربری (مثال)'),
(2098, 1, 1, 1, 'Contacts', 'SEED_GOOYA_CONTACTS v1', '2026-07-11 15:47:31', '2026-07-11 15:47:31', NULL, NULL, 0, 1, 0, 0, 'CRM', 'آقای محمد کابینی (مثال)'),
(2099, 1, 4, 1, 'HelpDesk', 'SEED_GOOYA_TICKETS v1', '2026-07-02 08:47:38', '2026-07-11 15:47:35', NULL, NULL, 0, 1, 0, 0, 'CRM', 'خطای چاپ فاکتور (مثال)'),
(2100, 1, 5, 1, 'Contacts', 'SEED_GOOYA_CONTACTS v1', '2026-07-11 15:47:35', '2026-07-11 15:47:35', NULL, NULL, 0, 1, 0, 0, 'CRM', 'مهندس زامیاد (مثال)'),
(2101, 1, 5, 1, 'HelpDesk', 'SEED_GOOYA_TICKETS v1', '2026-06-29 08:47:42', '2026-07-11 15:47:38', NULL, NULL, 0, 1, 0, 0, 'CRM', 'درخواست گزارش اختصاصی (مثال)'),
(2102, 1, 5, 1, 'Contacts', 'SEED_GOOYA_CONTACTS v1', '2026-07-11 15:47:38', '2026-07-11 15:47:38', NULL, NULL, 0, 1, 0, 0, 'CRM', 'آقای غلامعلی عباسی (مثال)'),
(2103, 1, 5, 1, 'Contacts', 'SEED_GOOYA_CONTACTS v1', '2026-07-11 15:47:41', '2026-07-11 15:47:41', NULL, NULL, 0, 1, 0, 0, 'CRM', 'آقای محمدآبادی (مثال)'),
(2104, 1, 2, 1, 'HelpDesk', 'SEED_GOOYA_TICKETS v1', '2026-06-26 08:47:43', '2026-07-11 15:47:42', NULL, NULL, 0, 1, 0, 0, 'CRM', 'کندی سیستم در ساعات اوج (مثال)'),
(2105, 1, 5, 1, 'Contacts', 'SEED_GOOYA_CONTACTS v1', '2026-07-11 15:47:42', '2026-07-11 15:47:42', NULL, NULL, 0, 1, 0, 0, 'CRM', 'خانم لعیا خسروآبادی (مثال)'),
(2106, 1, 1, 1, 'HelpDesk', 'SEED_GOOYA_TICKETS v1', '2026-06-20 08:47:45', '2026-07-11 15:47:43', NULL, NULL, 0, 1, 0, 0, 'CRM', 'تمدید قرارداد پشتیبانی (مثال)'),
(2107, 1, 5, 1, 'Contacts', 'SEED_GOOYA_CONTACTS v1', '2026-07-11 15:47:44', '2026-07-11 15:47:44', NULL, NULL, 0, 1, 0, 0, 'CRM', 'آقای کامران دادجو (مثال)'),
(2108, 1, 5, 1, 'Contacts', 'SEED_GOOYA_CONTACTS v1', '2026-07-11 15:47:45', '2026-07-11 15:47:45', NULL, NULL, 0, 1, 0, 0, 'CRM', 'آقای علی ملامحمدی (مثال)'),
(2109, 1, 3, 1, 'HelpDesk', 'SEED_GOOYA_TICKETS v1', '2026-06-14 08:47:47', '2026-07-11 15:47:45', NULL, NULL, 0, 1, 0, 0, 'CRM', 'درخواست فعال‌سازی ماژول جدید (مثال)'),
(2110, 1, 5, 1, 'Contacts', 'SEED_GOOYA_CONTACTS v1', '2026-07-11 15:47:46', '2026-07-11 15:47:46', NULL, NULL, 0, 1, 0, 0, 'CRM', 'آقای رضا منوچهری (مثال)'),
(2111, 1, 5, 1, 'Contacts', 'SEED_GOOYA_CONTACTS v1', '2026-07-11 15:47:47', '2026-07-11 15:47:47', NULL, NULL, 0, 1, 0, 0, 'CRM', 'آقای محسن غفاری (مثال)'),
(2112, 1, 2, 1, 'Calendar', 'SEED_GOOYA_TASKS v1', '2026-07-11 15:47:49', '2026-07-11 15:47:49', NULL, NULL, 0, 1, 0, 0, 'CRM', 'وظیفه ارسال مستندات (مثال)'),
(2113, 1, 5, 1, 'Contacts', 'SEED_GOOYA_CONTACTS v1', '2026-07-11 15:47:49', '2026-07-11 15:47:49', NULL, NULL, 0, 1, 0, 0, 'CRM', 'خانم پورعلی (مثال)'),
(2114, 1, 5, 1, 'Contacts', 'SEED_GOOYA_CONTACTS v1', '2026-07-11 15:47:50', '2026-07-11 15:47:50', NULL, NULL, 0, 1, 0, 0, 'CRM', 'خانم خالقی (مثال)'),
(2115, 1, 5, 1, 'Calendar', 'SEED_GOOYA_TASKS v1', '2026-07-11 15:47:51', '2026-07-11 15:47:51', NULL, NULL, 0, 1, 0, 0, 'CRM', 'پیگیری تاییدیه مشتری (مثال)'),
(2116, 1, 5, 1, 'Contacts', 'SEED_GOOYA_CONTACTS v1', '2026-07-11 15:47:51', '2026-07-11 15:47:51', NULL, NULL, 0, 1, 0, 0, 'CRM', 'مهندس توکلی (مثال)'),
(2117, 1, 1, 1, 'Contacts', 'SEED_GOOYA_CONTACTS v1', '2026-07-11 15:47:54', '2026-07-11 15:47:54', NULL, NULL, 0, 1, 0, 0, 'CRM', 'خانم شایان صادقی نژاد (مثال)'),
(2118, 1, 5, 1, 'Contacts', 'SEED_GOOYA_CONTACTS v1', '2026-07-11 15:47:54', '2026-07-11 15:47:54', NULL, NULL, 0, 1, 0, 0, 'CRM', 'خانم شریف (مثال)'),
(2119, 1, 1, 1, 'Contacts', 'SEED_GOOYA_CONTACTS v1', '2026-07-11 15:47:55', '2026-07-11 15:47:55', NULL, NULL, 0, 1, 0, 0, 'CRM', 'خانم رقیه کاظم زاده (مثال)'),
(2120, 1, 1, 1, 'Contacts', 'SEED_GOOYA_CONTACTS v1', '2026-07-11 15:47:55', '2026-07-11 15:47:55', NULL, NULL, 0, 1, 0, 0, 'CRM', 'آقای جواد نیکتابیک (مثال)'),
(2121, 1, 1, 1, 'Contacts', 'SEED_GOOYA_CONTACTS v1', '2026-07-11 15:47:56', '2026-07-11 15:47:56', NULL, NULL, 0, 1, 0, 0, 'CRM', 'خانم ملیکا زاهدی (مثال)'),
(2122, 1, 5, 1, 'Contacts', 'SEED_GOOYA_CONTACTS v1', '2026-07-11 15:47:56', '2026-07-11 15:47:56', NULL, NULL, 0, 1, 0, 0, 'CRM', 'آقای عباس رعفتی (مثال)'),
(2123, 1, 5, 1, 'Contacts', 'SEED_GOOYA_CONTACTS v1', '2026-07-11 15:47:57', '2026-07-11 15:47:57', NULL, NULL, 0, 1, 0, 0, 'CRM', 'آقای منوچهر انصاری (مثال)'),
(2124, 1, 1, 1, 'Contacts', 'SEED_GOOYA_CONTACTS v1', '2026-07-11 15:47:57', '2026-07-11 15:47:57', NULL, NULL, 0, 1, 0, 0, 'CRM', 'آقای صابر احمدیان (مثال)'),
(2125, 1, 1, 1, 'Contacts', 'SEED_GOOYA_CONTACTS v1', '2026-07-11 15:47:57', '2026-07-11 15:47:57', NULL, NULL, 0, 1, 0, 0, 'CRM', 'آقای ابوالفضل سلیمی (مثال)'),
(2126, 1, 1, 1, 'Vendors', 'SEED_GOOYA_VENDORS v1', '2026-07-12 09:32:30', '2026-07-12 09:32:30', NULL, NULL, 0, 1, 0, 0, 'CRM', 'بازرگانی پارت تامین (مثال)'),
(2127, 1, 1, 1, 'Vendors', 'SEED_GOOYA_VENDORS v1', '2026-07-12 09:32:45', '2026-07-12 09:32:45', NULL, NULL, 0, 1, 0, 0, 'CRM', 'صنایع فلزی آریا (مثال)'),
(2128, 1, 1, 1, 'Vendors', 'SEED_GOOYA_VENDORS v1', '2026-07-12 09:32:46', '2026-07-12 09:32:46', NULL, NULL, 0, 1, 0, 0, 'CRM', 'پخش البرز (مثال)'),
(2129, 1, 1, 1, 'Vendors', 'SEED_GOOYA_VENDORS v1', '2026-07-12 09:32:47', '2026-07-12 09:32:47', NULL, NULL, 0, 1, 0, 0, 'CRM', 'تجهیزات نوین صنعت (مثال)'),
(2130, 1, 1, 1, 'Project', 'SEED_GOOYA_PROJECTS v1', '2026-07-12 10:20:44', '2026-07-12 10:20:44', NULL, NULL, 0, 1, 0, 0, 'CRM', 'استقرار CRM الکترونیک گستر (مثال)'),
(2131, 1, 5, 1, 'Project', 'SEED_GOOYA_PROJECTS v1', '2026-07-12 10:20:57', '2026-07-12 10:20:57', NULL, NULL, 0, 1, 0, 0, 'CRM', 'راه‌اندازی پرتال مشتریان کیان (مثال)'),
(2132, 1, 1, 1, 'Calendar', '', '2026-07-14 16:14:14', '2026-07-14 16:14:14', NULL, NULL, 0, 1, 0, 0, 'CRM', 'جلسه'),
(2133, 1, 1, 1, 'Calendar', '', '2026-07-14 16:17:28', '2026-07-14 16:17:28', NULL, NULL, 0, 1, 0, 0, 'CRM', 'وظیفه'),
(2134, 1, 1, 1, 'Calendar', '', '2026-07-14 16:39:08', '2026-07-14 16:39:08', NULL, NULL, 0, 1, 0, 0, 'CRM', 'جلسه'),
(2139, 1, 1, 1, 'SarvPayments', '', '2026-07-04 06:40:43', '2026-07-04 06:40:43', NULL, NULL, 0, 1, 0, 0, 'CRM', 'پرداخت (مثال)'),
(2140, 1, 1, 1, 'SarvPayments', '', '2026-07-04 06:40:43', '2026-07-04 06:40:43', NULL, NULL, 0, 1, 0, 0, 'CRM', 'پیشگامان صنعت داده (مثال) - پرداخت'),
(2141, 1, 1, 1, 'SarvPayments', '', '2026-07-04 06:40:43', '2026-07-04 06:40:43', NULL, NULL, 0, 1, 0, 0, 'CRM', 'اورنگ (مثال) - پرداخت'),
(2142, 1, 1, 1, 'SarvPayments', '', '2026-07-04 06:40:43', '2026-07-04 06:40:43', NULL, NULL, 0, 1, 0, 0, 'CRM', 'پرداخت قسط اول (مثال)'),
(2143, 1, 1, 1, 'SarvPayments', '', '2026-07-04 06:40:43', '2026-07-04 06:40:43', NULL, NULL, 0, 1, 0, 0, 'CRM', 'کیان (مثال) - پرداخت'),
(2144, 1, 1, 1, 'SarvPayments', '', '2026-07-04 06:40:43', '2026-07-04 06:40:43', NULL, NULL, 0, 1, 0, 0, 'CRM', 'فرایند گستران شرق (مثال) - پرداخت'),
(2145, 1, 1, 1, 'SarvPayments', '', '2026-07-04 06:40:43', '2026-07-04 06:40:43', NULL, NULL, 0, 1, 0, 0, 'CRM', 'فرایند گستران شرق (مثال) - پرداخت'),
(2146, 1, 1, 1, 'SarvPayments', 'جابجایی تخصیص تست', '2026-07-04 06:54:21', '2026-07-05 05:37:26', NULL, NULL, 0, 1, 0, 0, 'CRM', 'تست پرداخت - الکترونیک گستر'),
(2147, 1, 1, 1, 'Invoice', 'آزمون واقعی مرحله اول؛ رکورد استاندارد Invoice با اقلام استاندارد.', '2026-07-15 22:04:29', '2026-07-15 22:04:29', NULL, NULL, 0, 1, 0, 0, 'CRM', 'تست واقعی فاکتور خرده‌فروشی - حساب ۲۰۳۶ [Gouya-PHASE01]'),
(2148, 1, 1, 1, 'SarvPayments', 'آزمون واقعی پرداخت و تخصیص تراکنشی به فاکتور.', '2026-07-15 22:04:30', '2026-07-15 22:04:30', NULL, NULL, 0, 1, 0, 0, 'CRM', 'پرداخت واقعی فاکتور خرده‌فروشی حساب ۲۰۳۶ [Gouya-PHASE01]'),
(2149, 1, 1, 1, 'HelpDesk', 'درخواست عملیاتی سرویس برای آزمون ارتباط کامل حساب، فرد، تاریخچه و گردش وضعیت.', '2026-07-16 00:38:10', '2026-07-16 00:38:10', NULL, NULL, 0, 1, 0, 0, 'CRM', 'سرویس نصب و راه‌اندازی پکیج پیشرفته (نمونه فاز ۲)'),
(2150, 1, 1, 1, 'PurchaseOrder', 'سفارش خرید استاندارد دارای حساب، تأمین‌کننده، قلم کالا و تاریخچه وضعیت.', '2026-07-16 00:38:10', '2026-07-28 10:59:29', NULL, NULL, 0, 1, 0, 0, 'CRM', 'سفارش خرید پکیج پیشرفته حساب کامران دادجو (نمونه فاز ۲)'),
(2151, 1, 1, 1, 'SarvParticipations', 'رکورد واقعی آزمون مرحله سوم کارتابل حساب.', '2026-07-18 01:04:54', '2026-07-18 01:04:54', NULL, NULL, 0, 1, 0, 0, 'CRM', 'مشارکت واقعی حساب ۲۰۳۶ [Gouya-PHASE03]'),
(2152, 1, 1, 1, 'Leads', '', '2026-07-18 01:04:54', '2026-07-18 22:26:34', NULL, NULL, 0, 1, 0, 0, 'CRM', 'سرنخ مشارکت حساب ۲۰۳۶ [Gouya-PHASE03]'),
(2153, 1, 1, 1, 'SarvSurveyResponses', 'پاسخ واقعی جهت آزمون یکپارچگی کارتابل حساب.', '2026-07-18 03:03:33', '2026-07-18 03:03:33', NULL, NULL, 0, 1, 0, 0, 'CRM', 'پاسخ واقعی نظرسنجی رضایت حساب 2036 [Gouya-PHASE04]'),
(2154, 1, 1, 1, 'SarvSalesContracts', 'قرارداد واقعی جهت آزمون چرخه عمر و ارتباطات حساب.', '2026-07-18 03:03:33', '2026-07-18 03:03:33', NULL, NULL, 0, 1, 0, 0, 'CRM', 'قرارداد فروش واقعی حساب 2036 [Gouya-PHASE04]'),
(2155, 1, 1, 1, 'Campaigns', '', '2026-07-18 04:03:00', '2026-07-18 04:03:00', NULL, NULL, 0, 1, 1, 0, 'CRM', 'Gouya-LEAD-SMOKE-20260718040300-4657-Campaign'),
(2156, 1, 1, 1, 'Campaigns', '', '2026-07-18 04:03:33', '2026-07-18 04:03:34', NULL, NULL, 0, 1, 1, 0, 'CRM', 'Gouya-LEAD-SMOKE-20260718040333-5938-Campaign'),
(2157, 1, 1, 1, 'Leads', 'Temporary integration record: Gouya-LEAD-SMOKE-20260718040333-5938', '2026-07-18 04:03:34', '2026-07-18 04:03:34', NULL, NULL, 0, 1, 1, 0, 'CRM', 'آزمون یکپارچگی سرنخ'),
(2158, 1, 1, 1, 'Documents', NULL, '2026-07-18 04:03:34', '2026-07-18 04:03:34', NULL, NULL, 0, 1, 1, 0, 'SARV LEADS', 'Gouya-LEAD-SMOKE-20260718040333-5938.txt'),
(2159, 1, 1, 0, 'Documents Attachment', NULL, '2026-07-18 04:03:34', '2026-07-18 04:03:34', NULL, NULL, 0, 1, 0, NULL, NULL, NULL),
(2160, 1, 1, 1, 'Calendar', '', '2026-07-18 04:03:34', '2026-07-18 04:03:34', NULL, NULL, 0, 1, 1, 0, 'CRM', 'Gouya-LEAD-SMOKE-20260718040333-5938-Task'),
(2161, 1, 1, 1, 'Campaigns', '', '2026-07-18 04:04:06', '2026-07-18 04:04:07', NULL, NULL, 0, 1, 1, 0, 'CRM', 'Gouya-LEAD-SMOKE-20260718040406-5955-Campaign'),
(2162, 1, 1, 1, 'Leads', 'Temporary integration record: Gouya-LEAD-SMOKE-20260718040406-5955', '2026-07-18 04:04:06', '2026-07-18 04:04:07', NULL, NULL, 0, 1, 1, 0, 'CRM', 'آزمون یکپارچگی سرنخ'),
(2163, 1, 1, 1, 'Documents', NULL, '2026-07-18 04:04:06', '2026-07-18 04:04:07', NULL, NULL, 0, 1, 1, 0, 'SARV LEADS', 'Gouya-LEAD-SMOKE-20260718040406-5955.txt'),
(2164, 1, 1, 0, 'Documents Attachment', NULL, '2026-07-18 04:04:06', '2026-07-18 04:04:06', NULL, NULL, 0, 1, 0, NULL, NULL, NULL),
(2165, 1, 1, 1, 'Calendar', '', '2026-07-18 04:04:06', '2026-07-18 04:04:07', NULL, NULL, 0, 1, 1, 0, 'CRM', 'Gouya-LEAD-SMOKE-20260718040406-5955-Task'),
(2166, 1, 1, 1, 'Accounts', 'Temporary integration record: Gouya-LEAD-SMOKE-20260718040406-5955', '2026-07-18 04:04:07', '2026-07-18 04:04:07', NULL, NULL, 0, 1, 1, 0, 'WEBSERVICE', 'Gouya-LEAD-SMOKE-20260718040406-5955'),
(2167, 1, 1, 1, 'Contacts', 'Temporary integration record: Gouya-LEAD-SMOKE-20260718040406-5955', '2026-07-18 04:04:07', '2026-07-18 04:04:07', NULL, NULL, 0, 1, 1, 0, 'WEBSERVICE', 'آزمون یکپارچگی سرنخ'),
(2168, 1, 1, 1, 'Campaigns', '', '2026-07-18 04:06:48', '2026-07-18 04:06:49', NULL, NULL, 0, 1, 1, 0, 'CRM', 'Gouya-LEAD-SMOKE-20260718040648-8253-Campaign'),
(2169, 1, 1, 1, 'Leads', 'Temporary integration record: Gouya-LEAD-SMOKE-20260718040648-8253', '2026-07-18 04:06:48', '2026-07-18 04:06:49', NULL, NULL, 0, 1, 1, 0, 'CRM', 'آزمون یکپارچگی سرنخ'),
(2170, 1, 1, 1, 'Documents', NULL, '2026-07-18 04:06:48', '2026-07-18 04:06:49', NULL, NULL, 0, 1, 1, 0, 'SARV LEADS', 'Gouya-LEAD-SMOKE-20260718040648-8253.txt'),
(2171, 1, 1, 0, 'Documents Attachment', NULL, '2026-07-18 04:06:48', '2026-07-18 04:06:48', NULL, NULL, 0, 1, 0, NULL, NULL, NULL),
(2172, 1, 1, 1, 'Calendar', '', '2026-07-18 04:06:48', '2026-07-18 04:06:49', NULL, NULL, 0, 1, 1, 0, 'CRM', 'Gouya-LEAD-SMOKE-20260718040648-8253-Task'),
(2173, 1, 1, 1, 'Leads', '', '2026-07-18 04:06:49', '2026-07-18 04:06:49', NULL, NULL, 0, 1, 1, 0, 'CRM', 'ورودی استاندارد'),
(2174, 1, 1, 1, 'Campaigns', '', '2026-07-18 04:09:39', '2026-07-18 04:09:40', NULL, NULL, 0, 1, 1, 0, 'CRM', 'Gouya-LEAD-SMOKE-20260718040939-3209-Campaign'),
(2175, 1, 1, 1, 'Leads', 'Temporary integration record: Gouya-LEAD-SMOKE-20260718040939-3209', '2026-07-18 04:09:40', '2026-07-18 04:09:40', NULL, NULL, 0, 1, 1, 0, 'CRM', 'آزمون یکپارچگی سرنخ'),
(2176, 1, 1, 1, 'Documents', NULL, '2026-07-18 04:09:40', '2026-07-18 04:09:40', NULL, NULL, 0, 1, 1, 0, 'SARV LEADS', 'Gouya-LEAD-SMOKE-20260718040939-3209.txt'),
(2177, 1, 1, 0, 'Documents Attachment', NULL, '2026-07-18 04:09:40', '2026-07-18 04:09:40', NULL, NULL, 0, 1, 0, NULL, NULL, NULL),
(2178, 1, 1, 1, 'Calendar', '', '2026-07-18 04:09:40', '2026-07-18 04:09:40', NULL, NULL, 0, 1, 1, 0, 'CRM', 'Gouya-LEAD-SMOKE-20260718040939-3209-Task'),
(2179, 1, 1, 1, 'Leads', '', '2026-07-18 04:09:40', '2026-07-18 04:09:40', NULL, NULL, 0, 1, 1, 0, 'CRM', 'ورودی استاندارد'),
(2180, 1, 1, 1, 'Campaigns', '', '2026-07-18 04:32:51', '2026-07-18 04:32:52', NULL, NULL, 0, 1, 1, 0, 'CRM', 'Gouya-LEAD-SMOKE-20260718043251-9053-Campaign'),
(2181, 1, 1, 1, 'Leads', 'Temporary integration record: Gouya-LEAD-SMOKE-20260718043251-9053', '2026-07-18 04:32:51', '2026-07-18 04:32:52', NULL, NULL, 0, 1, 1, 0, 'CRM', 'آزمون یکپارچگی سرنخ'),
(2182, 1, 1, 1, 'Documents', NULL, '2026-07-18 04:32:51', '2026-07-18 04:32:52', NULL, NULL, 0, 1, 1, 0, 'SARV LEADS', 'Gouya-LEAD-SMOKE-20260718043251-9053.txt'),
(2183, 1, 1, 0, 'Documents Attachment', NULL, '2026-07-18 04:32:51', '2026-07-18 04:32:51', NULL, NULL, 0, 1, 0, NULL, NULL, NULL),
(2184, 1, 1, 1, 'Calendar', '', '2026-07-18 04:32:52', '2026-07-18 04:32:52', NULL, NULL, 0, 1, 1, 0, 'CRM', 'Gouya-LEAD-SMOKE-20260718043251-9053-Task'),
(2185, 1, 1, 1, 'Leads', '', '2026-07-18 04:32:52', '2026-07-18 04:32:52', NULL, NULL, 0, 1, 1, 0, 'CRM', 'ورودی استاندارد'),
(2186, 1, 1, 1, 'Campaigns', '', '2026-07-18 04:33:14', '2026-07-18 04:33:15', NULL, NULL, 0, 1, 1, 0, 'CRM', 'Gouya-LEAD-SMOKE-20260718043314-6749-Campaign'),
(2187, 1, 1, 1, 'Leads', 'Temporary integration record: Gouya-LEAD-SMOKE-20260718043314-6749', '2026-07-18 04:33:14', '2026-07-18 04:33:15', NULL, NULL, 0, 1, 1, 0, 'CRM', 'آزمون یکپارچگی سرنخ'),
(2188, 1, 1, 1, 'Documents', NULL, '2026-07-18 04:33:14', '2026-07-18 04:33:15', NULL, NULL, 0, 1, 1, 0, 'SARV LEADS', 'Gouya-LEAD-SMOKE-20260718043314-6749.txt'),
(2189, 1, 1, 0, 'Documents Attachment', NULL, '2026-07-18 04:33:14', '2026-07-18 04:33:14', NULL, NULL, 0, 1, 0, NULL, NULL, NULL),
(2190, 1, 1, 1, 'Calendar', '', '2026-07-18 04:33:14', '2026-07-18 04:33:15', NULL, NULL, 0, 1, 1, 0, 'CRM', 'Gouya-LEAD-SMOKE-20260718043314-6749-Task'),
(2191, 1, 1, 1, 'Leads', '', '2026-07-18 04:33:15', '2026-07-18 04:33:15', NULL, NULL, 0, 1, 1, 0, 'CRM', 'ورودی استاندارد'),
(2192, 1, 1, 1, 'Campaigns', '', '2026-07-18 04:33:36', '2026-07-18 04:33:38', NULL, NULL, 0, 1, 1, 0, 'CRM', 'Gouya-LEAD-SMOKE-20260718043336-8174-Campaign'),
(2193, 1, 1, 1, 'Leads', 'Temporary integration record: Gouya-LEAD-SMOKE-20260718043336-8174', '2026-07-18 04:33:36', '2026-07-18 04:33:38', NULL, NULL, 0, 1, 1, 0, 'CRM', 'آزمون یکپارچگی سرنخ'),
(2194, 1, 1, 1, 'Documents', NULL, '2026-07-18 04:33:36', '2026-07-18 04:33:38', NULL, NULL, 0, 1, 1, 0, 'SARV LEADS', 'Gouya-LEAD-SMOKE-20260718043336-8174.txt'),
(2195, 1, 1, 0, 'Documents Attachment', NULL, '2026-07-18 04:33:36', '2026-07-18 04:33:36', NULL, NULL, 0, 1, 0, NULL, NULL, NULL),
(2196, 1, 1, 1, 'Calendar', '', '2026-07-18 04:33:37', '2026-07-18 04:33:38', NULL, NULL, 0, 1, 1, 0, 'CRM', 'Gouya-LEAD-SMOKE-20260718043336-8174-Task'),
(2197, 1, 1, 1, 'Leads', '', '2026-07-18 04:33:37', '2026-07-18 04:33:38', NULL, NULL, 0, 1, 1, 0, 'CRM', 'ورودی استاندارد'),
(2198, 1, 1, 1, 'Accounts', 'Temporary integration record: Gouya-LEAD-SMOKE-20260718043336-8174', '2026-07-18 04:33:37', '2026-07-18 04:33:38', NULL, NULL, 0, 1, 1, 0, 'WEBSERVICE', 'Gouya-LEAD-SMOKE-20260718043336-8174'),
(2199, 1, 1, 1, 'Contacts', 'Temporary integration record: Gouya-LEAD-SMOKE-20260718043336-8174', '2026-07-18 04:33:37', '2026-07-18 04:33:38', NULL, NULL, 0, 1, 1, 0, 'WEBSERVICE', 'آزمون یکپارچگی سرنخ'),
(2200, 1, 1, 1, 'Campaigns', '', '2026-07-18 04:34:58', '2026-07-18 04:35:00', NULL, NULL, 0, 1, 1, 0, 'CRM', 'Gouya-LEAD-SMOKE-20260718043458-8234-Campaign'),
(2201, 1, 1, 1, 'Leads', 'Temporary integration record: Gouya-LEAD-SMOKE-20260718043458-8234', '2026-07-18 04:34:58', '2026-07-18 04:35:00', NULL, NULL, 0, 1, 1, 0, 'CRM', 'آزمون یکپارچگی سرنخ'),
(2202, 1, 1, 1, 'Documents', NULL, '2026-07-18 04:34:58', '2026-07-18 04:34:59', NULL, NULL, 0, 1, 1, 0, 'SARV LEADS', 'Gouya-LEAD-SMOKE-20260718043458-8234.txt'),
(2203, 1, 1, 0, 'Documents Attachment', NULL, '2026-07-18 04:34:58', '2026-07-18 04:34:58', NULL, NULL, 0, 1, 0, NULL, NULL, NULL),
(2204, 1, 1, 1, 'Calendar', '', '2026-07-18 04:34:58', '2026-07-18 04:34:59', NULL, NULL, 0, 1, 1, 0, 'CRM', 'Gouya-LEAD-SMOKE-20260718043458-8234-Task'),
(2205, 1, 1, 1, 'Leads', '', '2026-07-18 04:34:59', '2026-07-18 04:34:59', NULL, NULL, 0, 1, 1, 0, 'CRM', 'ورودی استاندارد'),
(2206, 1, 1, 1, 'Accounts', 'Temporary integration record: Gouya-LEAD-SMOKE-20260718043458-8234', '2026-07-18 04:34:59', '2026-07-18 04:34:59', NULL, NULL, 0, 1, 1, 0, 'WEBSERVICE', 'Gouya-LEAD-SMOKE-20260718043458-8234'),
(2207, 1, 1, 1, 'Contacts', 'Temporary integration record: Gouya-LEAD-SMOKE-20260718043458-8234', '2026-07-18 04:34:59', '2026-07-18 04:34:59', NULL, NULL, 0, 1, 1, 0, 'WEBSERVICE', 'آزمون یکپارچگی سرنخ'),
(2208, 1, 1, 1, 'Campaigns', '', '2026-07-18 04:35:55', '2026-07-18 04:35:56', NULL, NULL, 0, 1, 1, 0, 'CRM', 'Gouya-LEAD-SMOKE-20260718043554-3440-Campaign'),
(2209, 1, 1, 1, 'Leads', 'Temporary integration record: Gouya-LEAD-SMOKE-20260718043554-3440', '2026-07-18 04:35:55', '2026-07-18 04:35:56', NULL, NULL, 0, 1, 1, 0, 'CRM', 'آزمون یکپارچگی سرنخ'),
(2210, 1, 1, 1, 'Documents', NULL, '2026-07-18 04:35:55', '2026-07-18 04:35:56', NULL, NULL, 0, 1, 1, 0, 'SARV LEADS', 'Gouya-LEAD-SMOKE-20260718043554-3440.txt'),
(2211, 1, 1, 0, 'Documents Attachment', NULL, '2026-07-18 04:35:55', '2026-07-18 04:35:55', NULL, NULL, 0, 1, 0, NULL, NULL, NULL),
(2212, 1, 1, 1, 'Calendar', '', '2026-07-18 04:35:55', '2026-07-18 04:35:56', NULL, NULL, 0, 1, 1, 0, 'CRM', 'Gouya-LEAD-SMOKE-20260718043554-3440-Task'),
(2213, 1, 1, 1, 'Leads', '', '2026-07-18 04:35:55', '2026-07-18 04:35:56', NULL, NULL, 0, 1, 1, 0, 'CRM', 'ورودی استاندارد'),
(2214, 1, 1, 1, 'Accounts', 'Temporary integration record: Gouya-LEAD-SMOKE-20260718043554-3440', '2026-07-18 04:35:56', '2026-07-18 04:35:56', NULL, NULL, 0, 1, 1, 0, 'WEBSERVICE', 'Gouya-LEAD-SMOKE-20260718043554-3440'),
(2215, 1, 1, 1, 'Contacts', 'Temporary integration record: Gouya-LEAD-SMOKE-20260718043554-3440', '2026-07-18 04:35:56', '2026-07-18 04:35:56', NULL, NULL, 0, 1, 1, 0, 'WEBSERVICE', 'آزمون یکپارچگی سرنخ'),
(2216, 1, 1, 1, 'SarvTargetLists', 'داده واقعی آزمایشی برای کنترل چرخه لیست هدف کارتابل حساب.', '2026-07-18 04:56:10', '2026-07-18 04:56:10', NULL, NULL, 0, 1, 0, 0, 'CRM', 'لیست هدف واقعی حساب ۲۰۳۶ [Gouya-PHASE05]'),
(2217, 1, 1, 1, 'SarvBankAccounts', 'شبای ساختگی معتبر از نظر کنترلی؛ فقط برای آزمون رمزنگاری و ارتباط دیتابیس.', '2026-07-18 04:56:10', '2026-07-18 04:56:10', NULL, NULL, 0, 1, 1, 0, 'CRM', 'حساب بانکی آزمایشی امن [Gouya-PHASE05]'),
(2218, 1, 1, 1, 'SarvBankAccounts', 'شبای ساختگی معتبر از نظر کنترلی؛ فقط برای آزمون رمزنگاری و ارتباط دیتابیس.', '2026-07-18 04:57:31', '2026-07-18 04:57:31', NULL, NULL, 0, 1, 0, 0, 'CRM', 'حساب بانکی آزمایشی امن [Gouya-PHASE05]'),
(2219, 1, 1, 1, 'SarvPayments', 'پرداخت مستقل و واقعی برای کنترل ظرفیت مالی ودیعه؛ به فاکتور تخصیص ندارد.', '2026-07-18 07:46:05', '2026-07-18 07:46:05', NULL, NULL, 0, 1, 0, 0, 'CRM', 'پرداخت واقعی ودیعه حساب ۲۰۳۶ [Gouya-PHASE06]'),
(2220, 1, 1, 1, 'SarvDeposits', 'ودیعه واقعی متصل به پرداخت دریافت‌شده؛ مانده و چرخه عمر توسط دامنه کنترل می‌شود.', '2026-07-18 07:46:05', '2026-07-18 07:46:05', NULL, NULL, 0, 1, 0, 0, 'CRM', 'ودیعه تضمینی واقعی حساب ۲۰۳۶ [Gouya-PHASE06]'),
(2221, 1, 1, 1, 'Accounts', 'حساب زیرمجموعه واقعی برای آزمون رابطه، کارتابل، ACL و جلوگیری از حلقه.', '2026-07-18 07:46:05', '2026-07-18 07:46:05', NULL, NULL, 0, 1, 0, 0, 'CRM', 'شعبه آزمایشی حساب ۲۰۳۶ [Gouya-PHASE06]'),
(2222, 1, 1, 1, 'SarvBusinessLocations', 'رکورد واقعی آزمایشی شعبه برای کنترل ارتباط کامل حساب، مدیر، نشانی و تاریخچه.', '2026-07-18 08:21:37', '2026-07-18 08:21:37', NULL, NULL, 0, 1, 0, 0, 'CRM', 'شعبه مرکزی حساب 2036 [Gouya-PHASE07]'),
(2223, 1, 1, 1, 'SarvBusinessLocations', 'رکورد واقعی آزمایشی مرکز سرویس با ظرفیت و رابطه والد با شعبه مرکزی.', '2026-07-18 08:21:37', '2026-07-18 08:21:37', NULL, NULL, 0, 1, 0, 0, 'CRM', 'مرکز سرویس حساب 2036 [Gouya-PHASE07]'),
(2224, 1, 1, 1, 'SarvBusinessLocations', 'مرکز فروش واقعی برای آزمون کانال فروش، سلسله‌مراتب و کارتابل حساب.', '2026-07-18 08:45:43', '2026-07-18 08:45:43', NULL, NULL, 0, 1, 0, 0, 'CRM', 'مرکز فروش حساب 2036 [Gouya-PHASE08]'),
(2225, 1, 1, 1, 'SarvTimeReservations', 'رزرو واقعی جهت آزمون رابطه حساب، فرد، مرکز فروش، چرخه وضعیت و جلوگیری از تداخل.', '2026-07-18 08:45:43', '2026-07-18 08:45:43', NULL, NULL, 0, 1, 0, 0, 'CRM', 'رزرو تایم واقعی حساب 2036 [Gouya-PHASE08]'),
(2226, 1, 1, 1, 'SarvGifts', 'هدیه واقعی جهت آزمون چرخه تأیید، ارسال، تحویل و ثبت موجودی.', '2026-07-18 09:06:00', '2026-07-18 09:06:00', NULL, NULL, 0, 1, 0, 0, 'CRM', 'هدیه واقعی حساب 2036 [Gouya-PHASE09]'),
(2227, 1, 1, 1, 'SarvProductSamples', 'نمونه واقعی جهت آزمون رابطه فرصت فروش، ارسال، برگشت و دفتر موجودی.', '2026-07-18 09:06:00', '2026-07-18 09:06:01', NULL, NULL, 0, 1, 0, 0, 'CRM', 'نمونه محصول واقعی حساب 2036 [Gouya-PHASE09]'),
(2228, 1, 1, 1, 'SarvAccessGrants', 'Canonical record-level access fixture for Account 2036 and the real Team Selling group.', '2026-07-18 09:40:14', '2026-07-18 09:40:14', NULL, NULL, 0, 1, 0, 2, 'CRM', 'Team Selling - آقای کامران دادجو (مثال) - Read'),
(2229, 1, 1, 1, 'Calendar', '', '2026-07-18 22:10:23', '2026-07-18 22:10:23', NULL, NULL, 0, 1, 0, NULL, 'CRM', 'پیگیری تلفنی پیشنهاد قیمت [GOOYA-TEST]'),
(2230, 1, 1, 1, 'Events', '', '2026-07-18 22:10:23', '2026-07-18 22:10:23', NULL, NULL, 0, 1, 0, NULL, 'CRM', 'جلسه دمو محصول گویا [GOOYA-TEST]'),
(2231, 1, 1, 1, 'Events', '', '2026-07-18 22:10:23', '2026-07-18 22:10:23', NULL, NULL, 0, 1, 0, NULL, 'CRM', 'تماس اولیه معارفه [GOOYA-TEST]'),
(2232, 1, 1, 1, 'ModComments', 'تماس اولیه انجام شد؛ مشتری برای جلسه دمو اعلام آمادگی کرد. [GOOYA-TEST]', '2026-07-18 22:10:23', '2026-07-18 22:10:23', NULL, NULL, 0, 1, 0, NULL, 'CRM', 'comment'),
(2233, 1, 1, 1, 'Documents', '', '2026-07-18 22:10:23', '2026-07-18 22:10:23', NULL, NULL, 0, 1, 0, NULL, 'CRM', 'پیش‌فاکتور نمونه گویا [GOOYA-TEST]'),
(2234, 1, 1, 1, 'ModComments', NULL, '2026-07-18 22:26:34', '2026-07-18 22:26:34', NULL, NULL, 0, 1, 0, 0, 'CRM', 'fdfd'),
(2235, 1, 1, 1, 'Accounts', 'حساب سازمانی شرکت — ساخته‌شده توسط همگام‌سازی KPI [KPI-SYNC company]', '2026-07-19 04:17:33', '2026-07-19 04:17:33', NULL, NULL, 0, 1, 1, NULL, 'CRM', 'گویا حساب'),
(2236, 1, 1, 1, 'Contacts', 'پرسنل داخلی — همگام‌سازی خودکار از ارزیابی عملکرد [KPI-SYNC uid=1]', '2026-07-19 04:17:33', '2026-07-19 04:17:57', NULL, NULL, 0, 1, 1, NULL, 'CRM', 'حسین فغان پور'),
(2237, 1, 1, 1, 'Contacts', 'پرسنل داخلی — همگام‌سازی خودکار از ارزیابی عملکرد [KPI-SYNC uid=6]', '2026-07-19 04:17:33', '2026-07-19 04:17:57', NULL, NULL, 0, 1, 1, NULL, 'CRM', 'رضا محمدیان'),
(2238, 1, 1, 1, 'Contacts', 'پرسنل داخلی — همگام‌سازی خودکار از ارزیابی عملکرد [KPI-SYNC uid=7]', '2026-07-19 04:17:33', '2026-07-19 04:17:57', NULL, NULL, 0, 1, 1, NULL, 'CRM', 'علی کریمی'),
(2239, 1, 1, 1, 'Contacts', 'پرسنل داخلی — همگام‌سازی خودکار از ارزیابی عملکرد [KPI-SYNC uid=8]', '2026-07-19 04:17:33', '2026-07-19 04:17:57', NULL, NULL, 0, 1, 1, NULL, 'CRM', 'نیما قاسمی'),
(2240, 1, 1, 1, 'Contacts', 'پرسنل داخلی — همگام‌سازی خودکار از ارزیابی عملکرد [KPI-SYNC uid=9]', '2026-07-19 04:17:33', '2026-07-19 04:17:57', NULL, NULL, 0, 1, 1, NULL, 'CRM', 'زهرا مرادی'),
(2241, 1, 1, 1, 'Contacts', 'پرسنل داخلی — همگام‌سازی خودکار از ارزیابی عملکرد [KPI-SYNC uid=10]', '2026-07-19 04:17:33', '2026-07-19 04:17:57', NULL, NULL, 0, 1, 1, NULL, 'CRM', 'امیر صادقی'),
(2242, 1, 1, 1, 'Contacts', 'پرسنل داخلی — همگام‌سازی خودکار از ارزیابی عملکرد [KPI-SYNC uid=11]', '2026-07-19 04:17:33', '2026-07-19 04:17:57', NULL, NULL, 0, 1, 1, NULL, 'CRM', 'سارا احمدی');
INSERT IGNORE INTO `vtiger_crmentity` (`crmid`, `smcreatorid`, `smownerid`, `modifiedby`, `setype`, `description`, `createdtime`, `modifiedtime`, `viewedtime`, `status`, `version`, `presence`, `deleted`, `smgroupid`, `source`, `label`) VALUES
(2243, 1, 1, 1, 'Contacts', 'پرسنل داخلی — همگام‌سازی خودکار از ارزیابی عملکرد [KPI-SYNC uid=12]', '2026-07-19 04:17:33', '2026-07-19 04:17:57', NULL, NULL, 0, 1, 1, NULL, 'CRM', 'فاطمه کاظمی'),
(2244, 1, 1, 1, 'Contacts', 'پرسنل داخلی — همگام‌سازی خودکار از ارزیابی عملکرد [KPI-SYNC uid=13]', '2026-07-19 04:17:33', '2026-07-19 04:17:57', NULL, NULL, 0, 1, 1, NULL, 'CRM', 'سینا یوسفی'),
(2245, 1, 1, 1, 'Contacts', 'پرسنل داخلی — همگام‌سازی خودکار از ارزیابی عملکرد [KPI-SYNC uid=14]', '2026-07-19 04:17:33', '2026-07-19 04:17:57', NULL, NULL, 0, 1, 1, NULL, 'CRM', 'الهام جعفری'),
(2246, 1, 1, 1, 'Contacts', 'پرسنل داخلی — همگام‌سازی خودکار از ارزیابی عملکرد [KPI-SYNC uid=15]', '2026-07-19 04:17:33', '2026-07-19 04:17:57', NULL, NULL, 0, 1, 1, NULL, 'CRM', 'حسن رضایی'),
(2247, 1, 1, 1, 'Contacts', 'پرسنل داخلی — همگام‌سازی خودکار از ارزیابی عملکرد [KPI-SYNC uid=16]', '2026-07-19 04:17:33', '2026-07-19 04:17:57', NULL, NULL, 0, 1, 1, NULL, 'CRM', 'بهرام اکبری'),
(2248, 1, 1, 1, 'Contacts', 'پرسنل داخلی — همگام‌سازی خودکار از ارزیابی عملکرد [KPI-SYNC uid=17]', '2026-07-19 04:17:33', '2026-07-19 04:17:57', NULL, NULL, 0, 1, 1, NULL, 'CRM', 'نگار شریفی'),
(2249, 1, 1, 1, 'Contacts', 'پرسنل داخلی — همگام‌سازی خودکار از ارزیابی عملکرد [KPI-SYNC uid=18]', '2026-07-19 04:17:33', '2026-07-19 04:17:57', NULL, NULL, 0, 1, 1, NULL, 'CRM', 'پیمان بابایی'),
(2250, 1, 1, 1, 'Contacts', 'پرسنل داخلی — همگام‌سازی خودکار از ارزیابی عملکرد [KPI-SYNC uid=19]', '2026-07-19 04:17:33', '2026-07-19 04:17:57', NULL, NULL, 0, 1, 1, NULL, 'CRM', 'مریم حسینی'),
(2251, 1, 1, 1, 'Contacts', 'پرسنل داخلی — همگام‌سازی خودکار از ارزیابی عملکرد [KPI-SYNC uid=20]', '2026-07-19 04:17:33', '2026-07-19 04:17:57', NULL, NULL, 0, 1, 1, NULL, 'CRM', 'مینا رستمی'),
(2252, 1, 1, 1, 'Contacts', 'پرسنل داخلی — همگام‌سازی خودکار از ارزیابی عملکرد [KPI-SYNC uid=21]', '2026-07-19 04:17:33', '2026-07-19 04:17:57', NULL, NULL, 0, 1, 1, NULL, 'CRM', 'کیان عباسی'),
(2253, 1, 1, 1, 'Contacts', 'پرسنل داخلی — همگام‌سازی خودکار از ارزیابی عملکرد [KPI-SYNC uid=22]', '2026-07-19 04:17:33', '2026-07-19 04:17:57', NULL, NULL, 0, 1, 1, NULL, 'CRM', 'رها نادری'),
(2254, 1, 1, 1, 'Contacts', 'پرسنل داخلی — همگام‌سازی خودکار از ارزیابی عملکرد [KPI-SYNC uid=23]', '2026-07-19 04:17:33', '2026-07-19 04:17:57', NULL, NULL, 0, 1, 1, NULL, 'CRM', 'کاوه نوری'),
(2255, 1, 1, 1, 'Contacts', 'پرسنل داخلی — همگام‌سازی خودکار از ارزیابی عملکرد [KPI-SYNC uid=24]', '2026-07-19 04:17:33', '2026-07-19 04:17:57', NULL, NULL, 0, 1, 1, NULL, 'CRM', 'آرش فلاحی'),
(2256, 1, 1, 1, 'Contacts', 'پرسنل داخلی — همگام‌سازی خودکار از ارزیابی عملکرد [KPI-SYNC uid=25]', '2026-07-19 04:17:33', '2026-07-19 04:17:57', NULL, NULL, 0, 1, 1, NULL, 'CRM', 'سحر زارع'),
(2257, 1, 1, 1, 'Contacts', 'پرسنل داخلی — همگام‌سازی خودکار از ارزیابی عملکرد [KPI-SYNC uid=26]', '2026-07-19 04:17:33', '2026-07-19 04:17:57', NULL, NULL, 0, 1, 1, NULL, 'CRM', 'وحید محمودی'),
(2258, 1, 1, 1, 'Calendar', '', '2026-07-19 04:49:48', '2026-07-19 04:49:48', NULL, NULL, 0, 1, 0, NULL, 'CRM', 'پیگیری مدارک پرسنلی [GOOYA-TEST]'),
(2259, 1, 1, 1, 'Events', '', '2026-07-19 04:49:48', '2026-07-19 04:49:48', NULL, NULL, 0, 1, 0, NULL, 'CRM', 'جلسه هماهنگی داخلی [GOOYA-TEST]'),
(2260, 1, 1, 1, 'Events', '', '2026-07-19 04:49:48', '2026-07-19 04:49:48', NULL, NULL, 0, 1, 0, NULL, 'CRM', 'تماس آزمایشی داخلی [GOOYA-TEST]'),
(2261, 1, 1, 1, 'ModComments', 'هماهنگی اولیه انجام شد؛ مدارک تا پایان هفته تکمیل می‌شود. [GOOYA-TEST]', '2026-07-19 04:49:48', '2026-07-19 04:49:48', NULL, NULL, 0, 1, 0, NULL, 'CRM', 'comment'),
(2262, 1, 1, 1, 'Documents', '', '2026-07-19 04:49:48', '2026-07-19 04:49:48', NULL, NULL, 0, 1, 0, NULL, 'CRM', 'فرم پرسنلی نمونه [GOOYA-TEST]'),
(2263, 1, 1, 1, 'Calendar', '', '2026-07-20 23:51:54', '2026-07-20 23:51:54', NULL, NULL, 0, 1, 0, NULL, 'CRM', 'پیگیری پیشنهاد فرصت [GOOYA-TEST]'),
(2264, 1, 1, 1, 'Events', '', '2026-07-20 23:51:54', '2026-07-20 23:51:54', NULL, NULL, 0, 1, 0, NULL, 'CRM', 'جلسه ارائه پکیج [GOOYA-TEST]'),
(2265, 1, 1, 1, 'Events', '', '2026-07-20 23:51:54', '2026-07-20 23:51:54', NULL, NULL, 0, 1, 0, NULL, 'CRM', 'تماس نیازسنجی [GOOYA-TEST]'),
(2266, 1, 1, 1, 'ModComments', 'مشتری به پکیج علاقه‌مند است؛ منتظر تأیید بودجه. [GOOYA-TEST]', '2026-07-20 23:51:54', '2026-07-20 23:51:54', NULL, NULL, 0, 1, 0, NULL, 'CRM', 'comment'),
(2267, 1, 1, 1, 'Documents', '', '2026-07-20 23:51:54', '2026-07-20 23:51:54', NULL, NULL, 0, 1, 0, NULL, 'CRM', 'پروپوزال فرصت [GOOYA-TEST]'),
(2268, 1, 2, 1, 'PurchaseOrder', 'این سفارش به‌صورت نمونه عملی کامل توسط Codex ثبت و با دیتابیس تطبیق داده شد.', '2026-07-29 12:55:23', '2026-07-29 12:55:23', NULL, NULL, 0, 1, 0, 0, 'CRM', 'سفارش خرید نمونه عملی کامل - ۱۴۰۵/۰۵/۰۷'),
(2269, 1, 1, 1, 'Campaigns', '', '2026-07-30 06:31:15', '2026-07-30 06:31:16', NULL, NULL, 0, 1, 1, 0, 'CRM', 'SARV-LEAD-SMOKE-20260730063115-5303-Campaign'),
(2270, 1, 1, 1, 'Campaigns', '', '2026-07-30 06:33:03', '2026-07-30 06:33:04', NULL, NULL, 0, 1, 1, 0, 'CRM', 'SARV-LEAD-SMOKE-20260730063303-9027-Campaign'),
(2271, 1, 1, 1, 'Campaigns', '', '2026-07-30 06:36:01', '2026-07-30 06:36:03', NULL, NULL, 0, 1, 1, 0, 'CRM', 'SARV-LEAD-SMOKE-20260730063600-5929-Campaign'),
(2272, 1, 1, 1, 'Leads', 'Temporary integration record: SARV-LEAD-SMOKE-20260730063600-5929', '2026-07-30 06:36:01', '2026-07-30 06:36:03', NULL, NULL, 0, 1, 1, 0, 'CRM', 'آزمون یکپارچگی سرنخ'),
(2273, 1, 1, 1, 'Calendar', '', '2026-07-30 06:36:01', '2026-07-30 06:36:02', NULL, NULL, 0, 1, 1, 0, 'CRM', 'SARV-LEAD-SMOKE-20260730063600-5929-Task'),
(2274, 1, 1, 1, 'Leads', '', '2026-07-30 06:36:02', '2026-07-30 06:36:03', NULL, NULL, 0, 1, 1, 0, 'CRM', 'ورودی استاندارد'),
(2275, 1, 1, 1, 'Accounts', 'Temporary integration record: SARV-LEAD-SMOKE-20260730063600-5929', '2026-07-30 06:36:02', '2026-07-30 06:36:03', NULL, NULL, 0, 1, 1, 0, 'WEBSERVICE', 'SARV-LEAD-SMOKE-20260730063600-5929'),
(2276, 1, 1, 1, 'Contacts', 'Temporary integration record: SARV-LEAD-SMOKE-20260730063600-5929', '2026-07-30 06:36:02', '2026-07-30 06:36:02', NULL, NULL, 0, 1, 1, 0, 'WEBSERVICE', 'آزمون یکپارچگی سرنخ'),
(2277, 1, 2, 1, 'Quotes', 'نمونه اجرایی کامل فرم پیش فاکتور با محصول، مالیات و اطلاعات حساب.', '2026-07-30 08:40:25', '2026-07-30 08:50:27', NULL, NULL, 0, 1, 0, 0, 'CRM', 'پیش فاکتور نمونه طرح گویا ۱۴۰۵/۰۵/۰۸'),
(2278, 1, 1, 1, 'Quotes Attachment', 'quote-sample-attachment.txt', '2026-07-30 08:52:08', '2026-07-30 08:52:08', NULL, NULL, 0, 1, 0, NULL, NULL, NULL),
(2279, 1, 1, 1, 'Contacts', 'Temporary integration test', '2026-08-01 18:06:22', '2026-08-01 18:06:23', NULL, NULL, 0, 1, 1, 0, 'CRM', 'Gouya GOUYA-CONTACT-SMOKE-20260801180622-8131'),
(2280, 1, 2, 1, 'Contacts', 'Temporary integration test', '2026-08-02 06:19:45', '2026-08-02 06:19:46', NULL, NULL, 0, 1, 1, 0, 'CRM', 'Gouya GOUYA-CONTACT-SMOKE-20260802061945-5541'),
(2281, 1, 2, 1, 'Contacts', 'Temporary integration test', '2026-08-02 06:52:07', '2026-08-02 06:52:07', NULL, NULL, 0, 1, 1, 0, 'CRM', 'Gouya GOUYA-CONTACT-SMOKE-20260802065207-9882'),
(2282, 1, 2, 1, 'Contacts', 'Temporary integration test', '2026-08-02 07:16:42', '2026-08-02 07:16:42', NULL, NULL, 0, 1, 1, 0, 'CRM', 'Gouya GOUYA-CONTACT-SMOKE-20260802071642-5628'),
(2283, 1, 2, 1, 'Contacts', 'Temporary integration test', '2026-08-02 07:25:36', '2026-08-02 07:25:36', NULL, NULL, 0, 1, 1, 0, 'CRM', 'Gouya GOUYA-CONTACT-SMOKE-20260802072535-4912'),
(2284, 1, 2, 1, 'Contacts', 'Temporary integration test', '2026-08-02 08:06:31', '2026-08-02 08:06:31', NULL, NULL, 0, 1, 1, 0, 'CRM', 'Gouya GOUYA-CONTACT-SMOKE-20260802080631-6166'),
(2285, 1, 2, 1, 'Contacts', 'Temporary integration test', '2026-08-02 17:02:58', '2026-08-02 17:02:59', NULL, NULL, 0, 1, 1, 0, 'CRM', 'Gouya GOUYA-CONTACT-SMOKE-20260802170258-4182'),
(2286, 1, 2, 1, 'Contacts', 'رکورد نمونه برای تست عملی طرح گویا و بازخوانی کامل از دیتابیس', '2026-08-02 17:23:29', '2026-08-02 17:23:29', NULL, NULL, 0, 1, 0, 0, 'CRM', 'آزمایش نمونه عملی طرح گویا'),
(2287, 1, 2, 1, 'Contacts', 'Temporary integration test', '2026-08-02 17:30:55', '2026-08-02 17:30:57', NULL, NULL, 0, 1, 1, 0, 'CRM', 'Gouya GOUYA-CONTACT-SMOKE-20260802173055-1807'),
(2288, 1, 1, 1, 'Communications', NULL, '2026-08-02 17:54:56', '2026-08-02 17:54:56', NULL, NULL, 0, 1, 0, 0, 'CRM', 'ارتباط آزمایشی طرح گویا'),
(2289, 1, 1, 1, 'Communications', NULL, '2026-08-02 18:01:25', '2026-08-02 18:01:25', NULL, NULL, 0, 1, 0, 0, 'CRM', 'ارتباط عملی طرح گویا ۱۴۰۵/۰۵/۱۱'),
(2290, 1, 1, 1, 'Calendar', 'نمونه ثبت عملی طرح گویا برای آزمون ارتباط فرم تماس با تقویم، کاربران، یادآوری نرم‌افزاری و دیتابیس.', '2026-08-03 06:41:54', '2026-08-03 06:41:54', NULL, NULL, 0, 1, 1, 0, 'CRM', 'تماس آزمایشی عملی طرح گویا - ۱۴۰۵/۰۵/۱۳'),
(2291, 1, 1, 1, 'Calendar', 'نمونه نهایی ثبت عملی طرح گویا؛ آزمون فرم تماس، تقویم شمسی، فهرست کاربران، ارتباط مخاطب و ماندگاری دیتابیس.', '2026-08-03 06:46:54', '2026-08-03 06:46:54', NULL, NULL, 0, 1, 1, 0, 'CRM', 'تماس نمونه نهایی طرح گویا - ۱۴۰۵/۰۵/۱۳'),
(2292, 1, 1, 1, 'Calendar', 'نمونه نهایی تأییدشده پس از اصلاح مبدل تاریخ؛ مرتبط با مخاطب آزمایشی، کاربر فعال و یادآوری نرم‌افزاری.', '2026-08-03 06:55:24', '2026-08-03 06:55:24', NULL, NULL, 0, 1, 1, 0, 'CRM', 'تماس نهایی تأییدشده طرح گویا - ۱۴۰۵/۰۵/۱۳'),
(2293, 1, 1, 1, 'Calendar', 'رکورد تست عملی نهایی طرح گویا با تاریخ شمسی تایپی، تقویم، ۲۶ کاربر، ارتباط مخاطب و یادآوری پایگاه داده.', '2026-08-03 06:59:49', '2026-08-03 06:59:49', NULL, NULL, 0, 1, 1, 0, 'CRM', 'تماس عملی نهایی طرح گویا - ۱۴۰۵/۰۵/۱۳'),
(2294, 1, 1, 1, 'Calendar', 'نمونه عملی طرح گویا؛ ثبت از فرم تماس، با تاریخ شمسی، یادآوری نرم‌افزاری و ارتباط واقعی با مخاطب.', '2026-08-03 07:05:39', '2026-08-03 07:05:39', NULL, NULL, 0, 1, 1, 0, 'CRM', 'تماس تست نهایی موفق طرح گویا - ۱۴۰۵/۰۵/۱۳'),
(2295, 1, 1, 1, 'Calendar', 'نمونه نهایی تأییدشده؛ ثبت واقعی فرم تماس طرح گویا و تطبیق مستقیم با دیتابیس.', '2026-08-03 07:08:10', '2026-08-17 10:28:37', NULL, NULL, 0, 1, 0, 0, 'CRM', 'تماس نهایی تأیید دیتابیس طرح گویا - ۱۴۰۵/۰۵/۱۳'),
(2296, 1, 1, 1, 'Campaigns', '', '2026-08-09 06:09:47', '2026-08-09 06:09:48', NULL, NULL, 0, 1, 1, 0, 'CRM', 'SARV-LEAD-SMOKE-20260809060946-7013-Campaign'),
(2297, 1, 1, 1, 'Leads', 'Temporary integration record: SARV-LEAD-SMOKE-20260809060946-7013', '2026-08-09 06:09:47', '2026-08-09 06:09:48', NULL, NULL, 0, 1, 1, 0, 'CRM', 'آزمون یکپارچگی سرنخ'),
(2298, 1, 1, 1, 'Documents', NULL, '2026-08-09 06:09:47', '2026-08-09 06:09:48', NULL, NULL, 0, 1, 1, 0, 'SARV LEADS', 'SARV-LEAD-SMOKE-20260809060946-7013.txt'),
(2299, 1, 1, 0, 'Documents Attachment', NULL, '2026-08-09 06:09:47', '2026-08-09 06:09:47', NULL, NULL, 0, 1, 0, NULL, NULL, NULL),
(2300, 1, 1, 1, 'Calendar', '', '2026-08-09 06:09:48', '2026-08-09 06:09:48', NULL, NULL, 0, 1, 1, 0, 'CRM', 'SARV-LEAD-SMOKE-20260809060946-7013-Task'),
(2301, 1, 1, 1, 'Campaigns', '', '2026-08-09 06:12:48', '2026-08-09 06:12:49', NULL, NULL, 0, 1, 1, 0, 'CRM', 'SARV-LEAD-SMOKE-20260809061248-2728-Campaign'),
(2302, 1, 1, 1, 'Leads', 'Temporary integration record: SARV-LEAD-SMOKE-20260809061248-2728', '2026-08-09 06:12:49', '2026-08-09 06:12:49', NULL, NULL, 0, 1, 1, 0, 'CRM', 'آزمون یکپارچگی سرنخ'),
(2303, 1, 1, 1, 'Documents', NULL, '2026-08-09 06:12:49', '2026-08-09 06:12:49', NULL, NULL, 0, 1, 1, 0, 'SARV LEADS', 'SARV-LEAD-SMOKE-20260809061248-2728.txt'),
(2304, 1, 1, 0, 'Documents Attachment', NULL, '2026-08-09 06:12:49', '2026-08-09 06:12:49', NULL, NULL, 0, 1, 0, NULL, NULL, NULL),
(2305, 1, 1, 1, 'Calendar', '', '2026-08-09 06:12:49', '2026-08-09 06:12:49', NULL, NULL, 0, 1, 1, 0, 'CRM', 'SARV-LEAD-SMOKE-20260809061248-2728-Task'),
(2306, 1, 1, 1, 'Campaigns', '', '2026-08-09 06:13:45', '2026-08-09 06:13:48', NULL, NULL, 0, 1, 1, 0, 'CRM', 'SARV-LEAD-SMOKE-20260809061344-4881-Campaign'),
(2307, 1, 1, 1, 'Leads', 'Temporary integration record: SARV-LEAD-SMOKE-20260809061344-4881', '2026-08-09 06:13:45', '2026-08-09 06:13:48', NULL, NULL, 0, 1, 1, 0, 'CRM', 'آزمون یکپارچگی سرنخ'),
(2308, 1, 1, 1, 'Documents', NULL, '2026-08-09 06:13:45', '2026-08-09 06:13:47', NULL, NULL, 0, 1, 1, 0, 'SARV LEADS', 'SARV-LEAD-SMOKE-20260809061344-4881.txt'),
(2309, 1, 1, 0, 'Documents Attachment', NULL, '2026-08-09 06:13:45', '2026-08-09 06:13:45', NULL, NULL, 0, 1, 0, NULL, NULL, NULL),
(2310, 1, 1, 1, 'Calendar', '', '2026-08-09 06:13:46', '2026-08-09 06:13:47', NULL, NULL, 0, 1, 1, 0, 'CRM', 'SARV-LEAD-SMOKE-20260809061344-4881-Task'),
(2311, 1, 1, 1, 'Leads', '', '2026-08-09 06:13:46', '2026-08-09 06:13:48', NULL, NULL, 0, 1, 1, 0, 'CRM', 'ورودی استاندارد'),
(2312, 1, 1, 1, 'Accounts', 'Temporary integration record: SARV-LEAD-SMOKE-20260809061344-4881', '2026-08-09 06:13:46', '2026-08-09 06:13:48', NULL, NULL, 0, 1, 1, 0, 'WEBSERVICE', 'SARV-LEAD-SMOKE-20260809061344-4881'),
(2313, 1, 1, 1, 'Contacts', 'Temporary integration record: SARV-LEAD-SMOKE-20260809061344-4881', '2026-08-09 06:13:47', '2026-08-09 06:13:47', NULL, NULL, 0, 1, 1, 0, 'WEBSERVICE', 'آزمون یکپارچگی سرنخ'),
(2314, 1, 1, 1, 'Campaigns', '', '2026-08-09 06:20:44', '2026-08-09 06:20:46', NULL, NULL, 0, 1, 1, 0, 'CRM', 'SARV-LEAD-SMOKE-20260809062044-1209-Campaign'),
(2315, 1, 1, 1, 'Leads', 'Temporary integration record: SARV-LEAD-SMOKE-20260809062044-1209', '2026-08-09 06:20:44', '2026-08-09 06:20:46', NULL, NULL, 0, 1, 1, 0, 'CRM', 'آزمون یکپارچگی سرنخ'),
(2316, 1, 1, 1, 'Documents', NULL, '2026-08-09 06:20:44', '2026-08-09 06:20:45', NULL, NULL, 0, 1, 1, 0, 'SARV LEADS', 'SARV-LEAD-SMOKE-20260809062044-1209.txt'),
(2317, 1, 1, 0, 'Documents Attachment', NULL, '2026-08-09 06:20:44', '2026-08-09 06:20:44', NULL, NULL, 0, 1, 0, NULL, NULL, NULL),
(2318, 1, 1, 1, 'Calendar', '', '2026-08-09 06:20:44', '2026-08-09 06:20:45', NULL, NULL, 0, 1, 1, 0, 'CRM', 'SARV-LEAD-SMOKE-20260809062044-1209-Task'),
(2319, 1, 1, 1, 'Leads', '', '2026-08-09 06:20:45', '2026-08-09 06:20:46', NULL, NULL, 0, 1, 1, 0, 'CRM', 'ورودی استاندارد'),
(2320, 1, 1, 1, 'Accounts', 'Temporary integration record: SARV-LEAD-SMOKE-20260809062044-1209', '2026-08-09 06:20:45', '2026-08-09 06:20:46', NULL, NULL, 0, 1, 1, 0, 'WEBSERVICE', 'SARV-LEAD-SMOKE-20260809062044-1209'),
(2321, 1, 1, 1, 'Contacts', 'Temporary integration record: SARV-LEAD-SMOKE-20260809062044-1209', '2026-08-09 06:20:45', '2026-08-09 06:20:45', NULL, NULL, 0, 1, 1, 0, 'WEBSERVICE', 'آزمون یکپارچگی سرنخ'),
(2322, 1, 1, 1, 'Campaigns', '', '2026-08-09 06:22:20', '2026-08-09 06:22:22', NULL, NULL, 0, 1, 1, 0, 'CRM', 'SARV-LEAD-SMOKE-20260809062220-7570-Campaign'),
(2323, 1, 1, 1, 'Leads', 'Temporary integration record: SARV-LEAD-SMOKE-20260809062220-7570', '2026-08-09 06:22:21', '2026-08-09 06:22:22', NULL, NULL, 0, 1, 1, 0, 'CRM', 'آزمون یکپارچگی سرنخ'),
(2324, 1, 1, 1, 'Documents', NULL, '2026-08-09 06:22:21', '2026-08-09 06:22:22', NULL, NULL, 0, 1, 1, 0, 'SARV LEADS', 'SARV-LEAD-SMOKE-20260809062220-7570.txt'),
(2325, 1, 1, 0, 'Documents Attachment', NULL, '2026-08-09 06:22:21', '2026-08-09 06:22:21', NULL, NULL, 0, 1, 0, NULL, NULL, NULL),
(2326, 1, 1, 1, 'Calendar', '', '2026-08-09 06:22:21', '2026-08-09 06:22:22', NULL, NULL, 0, 1, 1, 0, 'CRM', 'SARV-LEAD-SMOKE-20260809062220-7570-Task'),
(2327, 1, 1, 1, 'Leads', '', '2026-08-09 06:22:21', '2026-08-09 06:22:22', NULL, NULL, 0, 1, 1, 0, 'CRM', 'ورودی استاندارد'),
(2328, 1, 1, 1, 'Accounts', 'Temporary integration record: SARV-LEAD-SMOKE-20260809062220-7570', '2026-08-09 06:22:21', '2026-08-09 06:22:22', NULL, NULL, 0, 1, 1, 0, 'WEBSERVICE', 'SARV-LEAD-SMOKE-20260809062220-7570'),
(2329, 1, 1, 1, 'Contacts', 'Temporary integration record: SARV-LEAD-SMOKE-20260809062220-7570', '2026-08-09 06:22:21', '2026-08-09 06:22:22', NULL, NULL, 0, 1, 1, 0, 'WEBSERVICE', 'آزمون یکپارچگی سرنخ'),
(2330, 1, 1, 1, 'Campaigns', '', '2026-08-09 06:27:04', '2026-08-09 06:27:07', NULL, NULL, 0, 1, 1, 0, 'CRM', 'SARV-LEAD-SMOKE-20260809062704-6866-Campaign'),
(2331, 1, 1, 1, 'Leads', 'Temporary integration record: SARV-LEAD-SMOKE-20260809062704-6866', '2026-08-09 06:27:05', '2026-08-09 06:27:07', NULL, NULL, 0, 1, 1, 0, 'CRM', 'آزمون یکپارچگی سرنخ'),
(2332, 1, 1, 1, 'Documents', NULL, '2026-08-09 06:27:05', '2026-08-09 06:27:06', NULL, NULL, 0, 1, 1, 0, 'SARV LEADS', 'SARV-LEAD-SMOKE-20260809062704-6866.txt'),
(2333, 1, 1, 0, 'Documents Attachment', NULL, '2026-08-09 06:27:05', '2026-08-09 06:27:05', NULL, NULL, 0, 1, 0, NULL, NULL, NULL),
(2334, 1, 1, 1, 'Calendar', '', '2026-08-09 06:27:05', '2026-08-09 06:27:06', NULL, NULL, 0, 1, 1, 0, 'CRM', 'SARV-LEAD-SMOKE-20260809062704-6866-Task'),
(2335, 1, 1, 1, 'Leads', '', '2026-08-09 06:27:05', '2026-08-09 06:27:07', NULL, NULL, 0, 1, 1, 0, 'CRM', 'ورودی استاندارد'),
(2336, 1, 1, 1, 'Accounts', 'Temporary integration record: SARV-LEAD-SMOKE-20260809062704-6866', '2026-08-09 06:27:06', '2026-08-09 06:27:06', NULL, NULL, 0, 1, 1, 0, 'WEBSERVICE', 'SARV-LEAD-SMOKE-20260809062704-6866'),
(2337, 1, 1, 1, 'Contacts', 'Temporary integration record: SARV-LEAD-SMOKE-20260809062704-6866', '2026-08-09 06:27:06', '2026-08-09 06:27:06', NULL, NULL, 0, 1, 1, 0, 'WEBSERVICE', 'آزمون یکپارچگی سرنخ'),
(2338, 1, 1, 1, 'Campaigns', '', '2026-08-09 06:30:37', '2026-08-09 06:30:39', NULL, NULL, 0, 1, 1, 0, 'CRM', 'SARV-LEAD-SMOKE-20260809063037-9459-Campaign'),
(2339, 1, 1, 1, 'Leads', 'Temporary integration record: SARV-LEAD-SMOKE-20260809063037-9459', '2026-08-09 06:30:37', '2026-08-09 06:30:39', NULL, NULL, 0, 1, 1, 0, 'CRM', 'آزمون یکپارچگی سرنخ'),
(2340, 1, 1, 1, 'Documents', NULL, '2026-08-09 06:30:38', '2026-08-09 06:30:39', NULL, NULL, 0, 1, 1, 0, 'SARV LEADS', 'SARV-LEAD-SMOKE-20260809063037-9459.txt'),
(2341, 1, 1, 0, 'Documents Attachment', NULL, '2026-08-09 06:30:38', '2026-08-09 06:30:38', NULL, NULL, 0, 1, 0, NULL, NULL, NULL),
(2342, 1, 1, 1, 'Calendar', '', '2026-08-09 06:30:38', '2026-08-09 06:30:39', NULL, NULL, 0, 1, 1, 0, 'CRM', 'SARV-LEAD-SMOKE-20260809063037-9459-Task'),
(2343, 1, 1, 1, 'Leads', '', '2026-08-09 06:30:38', '2026-08-09 06:30:39', NULL, NULL, 0, 1, 1, 0, 'CRM', 'ورودی استاندارد'),
(2344, 1, 1, 1, 'Accounts', 'Temporary integration record: SARV-LEAD-SMOKE-20260809063037-9459', '2026-08-09 06:30:38', '2026-08-09 06:30:39', NULL, NULL, 0, 1, 1, 0, 'WEBSERVICE', 'SARV-LEAD-SMOKE-20260809063037-9459'),
(2345, 1, 1, 1, 'Contacts', 'Temporary integration record: SARV-LEAD-SMOKE-20260809063037-9459', '2026-08-09 06:30:38', '2026-08-09 06:30:39', NULL, NULL, 0, 1, 1, 0, 'WEBSERVICE', 'آزمون یکپارچگی سرنخ'),
(2346, 1, 1, 1, 'Campaigns', '', '2026-08-09 06:31:23', '2026-08-09 06:31:25', NULL, NULL, 0, 1, 1, 0, 'CRM', 'SARV-LEAD-SMOKE-20260809063122-8988-Campaign'),
(2347, 1, 1, 1, 'Leads', 'Temporary integration record: SARV-LEAD-SMOKE-20260809063122-8988', '2026-08-09 06:31:23', '2026-08-09 06:31:25', NULL, NULL, 0, 1, 1, 0, 'CRM', 'آزمون یکپارچگی سرنخ'),
(2348, 1, 1, 1, 'Documents', NULL, '2026-08-09 06:31:23', '2026-08-09 06:31:24', NULL, NULL, 0, 1, 1, 0, 'SARV LEADS', 'SARV-LEAD-SMOKE-20260809063122-8988.txt'),
(2349, 1, 1, 0, 'Documents Attachment', NULL, '2026-08-09 06:31:23', '2026-08-09 06:31:23', NULL, NULL, 0, 1, 0, NULL, NULL, NULL),
(2350, 1, 1, 1, 'Calendar', '', '2026-08-09 06:31:23', '2026-08-09 06:31:24', NULL, NULL, 0, 1, 1, 0, 'CRM', 'SARV-LEAD-SMOKE-20260809063122-8988-Task'),
(2351, 1, 1, 1, 'Leads', '', '2026-08-09 06:31:24', '2026-08-09 06:31:25', NULL, NULL, 0, 1, 1, 0, 'CRM', 'ورودی استاندارد'),
(2352, 1, 1, 1, 'Accounts', 'Temporary integration record: SARV-LEAD-SMOKE-20260809063122-8988', '2026-08-09 06:31:24', '2026-08-09 06:31:25', NULL, NULL, 0, 1, 1, 0, 'WEBSERVICE', 'SARV-LEAD-SMOKE-20260809063122-8988'),
(2353, 1, 1, 1, 'Contacts', 'Temporary integration record: SARV-LEAD-SMOKE-20260809063122-8988', '2026-08-09 06:31:24', '2026-08-09 06:31:25', NULL, NULL, 0, 1, 1, 0, 'WEBSERVICE', 'آزمون یکپارچگی سرنخ'),
(2362, 1, 1, 1, 'Campaigns', '', '2026-08-09 08:43:07', '2026-08-09 08:43:07', NULL, NULL, 0, 1, 0, 0, 'CRM', 'SARV-LEAD-SMOKE-20260809084307-7449-Campaign'),
(2363, 1, 1, 1, 'Leads', 'Temporary integration record: SARV-LEAD-SMOKE-20260809084321-3905', '2026-08-09 08:43:21', '2026-08-09 08:43:22', NULL, NULL, 0, 1, 1, 0, 'CRM', 'آزمون یکپارچگی سرنخ'),
(2364, 1, 1, 1, 'Documents', NULL, '2026-08-09 08:43:21', '2026-08-09 08:43:22', NULL, NULL, 0, 1, 1, 0, 'SARV LEADS', 'SARV-LEAD-SMOKE-20260809084321-3905.txt'),
(2366, 1, 1, 1, 'Calendar', '', '2026-08-09 08:43:22', '2026-08-09 08:43:22', NULL, NULL, 0, 1, 1, 0, 'CRM', 'SARV-LEAD-SMOKE-20260809084321-3905-Task'),
(2530, 1, 1, 1, 'Potentials', '', '2026-08-10 07:24:30', '2026-08-10 07:24:46', NULL, NULL, 0, 1, 1, 0, 'CRM', 'آزمون عملی فرم فرصت گویا 1786346601193'),
(2550, 1, 1, 1, 'GooyaCloud Attachment', 'gooyachat-archive-1-20260811-075923.zip', '2026-08-11 07:59:23', '2026-08-11 07:59:25', NULL, NULL, 0, 1, 1, NULL, NULL, NULL),
(2560, 1, 1, 1, 'GooyaCloud Attachment', 'gooyachat-archive-7-20260811-082641.zip', '2026-08-11 08:26:42', '2026-08-11 08:26:44', NULL, NULL, 0, 1, 1, NULL, NULL, NULL),
(2561, 1, 1, 1, 'GooyaCloud Attachment', 'gooyachat-archive-8-20260811-082643.zip', '2026-08-11 08:26:43', '2026-08-11 08:26:43', NULL, NULL, 0, 1, 1, NULL, NULL, NULL),
(2566, 1, 1, 1, 'GooyaCloud Attachment', 'gooyachat-archive-9-20260811-082707.zip', '2026-08-11 08:27:07', '2026-08-11 08:27:09', NULL, NULL, 0, 1, 1, NULL, NULL, NULL),
(2567, 1, 1, 1, 'GooyaCloud Attachment', 'gooyachat-archive-10-20260811-082708.zip', '2026-08-11 08:27:08', '2026-08-11 08:27:09', NULL, NULL, 0, 1, 1, NULL, NULL, NULL),
(2569, 1, 1, 1, 'GooyaChat', 'voice-1786437748206.webm', '2026-08-11 08:42:28', '2026-08-11 08:42:28', NULL, NULL, 0, 1, 0, NULL, NULL, NULL),
(2581, 1, 1, 1, 'GooyaCloud Attachment', 'gooyanegar-recovery-1.zip', '2026-08-12 09:54:36', '2026-08-12 09:54:39', NULL, NULL, 0, 1, 1, NULL, NULL, NULL),
(2588, 1, 1, 1, 'GooyaCloud Attachment', 'gooyanegar-recovery-2.zip', '2026-08-12 10:27:15', '2026-08-12 10:27:21', NULL, NULL, 0, 1, 1, NULL, NULL, NULL),
(2589, 1, 1, 1, 'GooyaCloud Attachment', 'gooyanegar-recovery-3.zip', '2026-08-12 10:27:18', '2026-08-12 10:27:21', NULL, NULL, 0, 1, 1, NULL, NULL, NULL),
(2592, 1, 1, 1, 'GooyaCloud Attachment', 'gooyanegar-recovery-5.zip', '2026-08-12 10:28:09', '2026-08-12 10:28:16', NULL, NULL, 0, 1, 1, NULL, NULL, NULL),
(2593, 1, 1, 1, 'GooyaCloud Attachment', 'gooyanegar-recovery-6.zip', '2026-08-12 10:28:13', '2026-08-12 10:28:15', NULL, NULL, 0, 1, 1, NULL, NULL, NULL),
(2623, 1, 1, 1, 'GooyaCloud Attachment', 'gooyanegar-recovery-8.zip', '2026-08-13 09:11:28', '2026-08-13 09:11:29', NULL, NULL, 0, 1, 1, NULL, NULL, NULL),
(2626, 1, 1, 1, 'GooyaCloud Attachment', 'gooyanegar-recovery-9.zip', '2026-08-13 09:11:34', '2026-08-13 09:11:37', NULL, NULL, 0, 1, 1, NULL, NULL, NULL),
(2627, 1, 1, 1, 'GooyaCloud Attachment', 'gooyanegar-recovery-10.zip', '2026-08-13 09:11:35', '2026-08-13 09:11:37', NULL, NULL, 0, 1, 1, NULL, NULL, NULL),
(2636, 1, 1, 1, 'GooyaCloud Attachment', 'gooyanegar-recovery-12.zip', '2026-08-13 09:39:57', '2026-08-13 09:40:00', NULL, NULL, 0, 1, 1, NULL, NULL, NULL),
(2637, 1, 1, 1, 'GooyaCloud Attachment', 'gooyanegar-recovery-13.zip', '2026-08-13 09:39:59', '2026-08-13 09:40:00', NULL, NULL, 0, 1, 1, NULL, NULL, NULL),
(2642, 1, 1, 1, 'GooyaCloud Attachment', 'gooyanegar-recovery-15.zip', '2026-08-13 09:41:12', '2026-08-13 09:41:18', NULL, NULL, 0, 1, 1, NULL, NULL, NULL),
(2643, 1, 1, 1, 'GooyaCloud Attachment', 'gooyanegar-recovery-16.zip', '2026-08-13 09:41:14', '2026-08-13 09:41:18', NULL, NULL, 0, 1, 1, NULL, NULL, NULL),
(2644, 1, 1, 1, 'GooyaCloud Attachment', 'gooyanegar-recovery-17.zip', '2026-08-13 09:41:15', '2026-08-13 09:41:17', NULL, NULL, 0, 1, 1, NULL, NULL, NULL),
(2645, 1, 1, 1, 'GooyaCloud Attachment', 'gooyanegar-recovery-18.zip', '2026-08-13 09:41:16', '2026-08-13 09:41:17', NULL, NULL, 0, 1, 1, NULL, NULL, NULL),
(2659, 1, 1, 1, 'GooyaCloud Attachment', 'gooyanegar-recovery-20.zip', '2026-08-13 09:55:03', '2026-08-13 09:55:04', NULL, NULL, 0, 1, 1, NULL, NULL, NULL),
(2664, 1, 1, 1, 'GooyaCloud Attachment', 'gooyanegar-recovery-21.zip', '2026-08-13 09:55:09', '2026-08-13 09:55:14', NULL, NULL, 0, 1, 1, NULL, NULL, NULL),
(2665, 1, 1, 1, 'GooyaCloud Attachment', 'gooyanegar-recovery-22.zip', '2026-08-13 09:55:11', '2026-08-13 09:55:14', NULL, NULL, 0, 1, 1, NULL, NULL, NULL),
(2666, 1, 1, 1, 'GooyaCloud Attachment', 'gooyanegar-recovery-23.zip', '2026-08-13 09:55:12', '2026-08-13 09:55:14', NULL, NULL, 0, 1, 1, NULL, NULL, NULL),
(2667, 1, 1, 1, 'GooyaCloud Attachment', 'gooyanegar-recovery-24.zip', '2026-08-13 09:55:13', '2026-08-13 09:55:14', NULL, NULL, 0, 1, 1, NULL, NULL, NULL),
(2689, 1, 1, 1, 'GooyaCloud Attachment', 'gooyanegar-recovery-26.zip', '2026-08-15 07:10:04', '2026-08-15 07:10:05', NULL, NULL, 0, 1, 1, NULL, NULL, NULL),
(2694, 1, 1, 1, 'GooyaCloud Attachment', 'gooyanegar-recovery-27.zip', '2026-08-15 07:10:10', '2026-08-15 07:10:16', NULL, NULL, 0, 1, 1, NULL, NULL, NULL),
(2695, 1, 1, 1, 'GooyaCloud Attachment', 'gooyanegar-recovery-28.zip', '2026-08-15 07:10:12', '2026-08-15 07:10:16', NULL, NULL, 0, 1, 1, NULL, NULL, NULL),
(2696, 1, 1, 1, 'GooyaCloud Attachment', 'gooyanegar-recovery-29.zip', '2026-08-15 07:10:13', '2026-08-15 07:10:15', NULL, NULL, 0, 1, 1, NULL, NULL, NULL),
(2697, 1, 1, 1, 'GooyaCloud Attachment', 'gooyanegar-recovery-30.zip', '2026-08-15 07:10:14', '2026-08-15 07:10:15', NULL, NULL, 0, 1, 1, NULL, NULL, NULL),
(2699, 6, 6, 6, 'GooyaNegar Signature', 'نسخه امضای شخصی گویانگار', '2026-08-15 07:27:24', '2026-08-15 07:27:24', NULL, NULL, 0, 1, 0, NULL, NULL, NULL),
(2700, 6, 6, 6, 'GooyaNegar Final PDF', 'PDF رسمی و تغییرناپذیر گویانگار', '2026-08-15 07:27:25', '2026-08-15 07:27:25', NULL, NULL, 0, 1, 0, NULL, NULL, NULL),
(2701, 6, 6, 6, 'GooyaNegar Final PDF', 'PDF رسمی و تغییرناپذیر گویانگار', '2026-08-15 07:27:25', '2026-08-15 07:27:25', NULL, NULL, 0, 1, 0, NULL, NULL, NULL),
(2702, 6, 6, 6, 'GooyaNegar Final PDF', 'PDF رسمی و تغییرناپذیر گویانگار', '2026-08-15 07:27:26', '2026-08-15 07:27:26', NULL, NULL, 0, 1, 0, NULL, NULL, NULL),
(2703, 6, 6, 6, 'GooyaNegar Final PDF', 'PDF رسمی و تغییرناپذیر گویانگار', '2026-08-15 07:27:26', '2026-08-15 07:27:26', NULL, NULL, 0, 1, 0, NULL, NULL, NULL),
(2704, 1, 1, 1, 'GooyaNegar Attachment', 'پیوست-آزمایشی-گویانگار.txt', '2026-08-15 07:27:26', '2026-08-15 07:27:26', NULL, NULL, 0, 1, 0, NULL, NULL, NULL),
(2714, 1, 1, 1, 'GooyaChat', 'voice-1786962651679.webm', '2026-08-17 10:30:52', '2026-08-17 10:30:52', NULL, NULL, 0, 1, 0, NULL, NULL, NULL),
(2715, 1, 1, 1, 'GooyaCloud Attachment', 'Book1 (2).pdf', '2026-08-17 10:36:22', '2026-08-17 10:36:22', NULL, NULL, 0, 1, 0, NULL, NULL, NULL),
(2716, 1, 1, 1, 'GooyaNegar Signature', 'نسخه امضای شخصی گویانگار', '2026-08-17 10:39:37', '2026-08-17 10:39:37', NULL, NULL, 0, 1, 0, NULL, NULL, NULL);

-- --------------------------------------------------------

--
-- Table structure for table `vtiger_crmentityrel`
--

CREATE TABLE `vtiger_crmentityrel` (
  `crmid` int(11) NOT NULL,
  `module` varchar(100) NOT NULL,
  `relcrmid` int(11) NOT NULL,
  `relmodule` varchar(100) NOT NULL
) ENGINE=InnoDB DEFAULT CHARSET=utf8 COLLATE=utf8_general_ci;

--
-- Dumping data for table `vtiger_crmentityrel`
--

INSERT IGNORE INTO `vtiger_crmentityrel` (`crmid`, `module`, `relcrmid`, `relmodule`) VALUES
(3, 'SMSNotifier', 2, 'SMSNotifier'),
(4, 'SMSNotifier', 2, 'SMSNotifier'),
(5, 'SMSNotifier', 2, 'SMSNotifier'),
(6, 'SMSNotifier', 2, 'SMSNotifier'),
(7, 'SMSNotifier', 2, 'SMSNotifier'),
(8, 'SMSNotifier', 2, 'SMSNotifier'),
(2, 'Leads', 9, 'Calendar'),
(2, 'Leads', 10, 'Calendar'),
(2036, 'Accounts', 2152, 'Leads'),
(2091, 'Contacts', 22, 'Accounts'),
(2093, 'Contacts', 23, 'Accounts'),
(2095, 'Contacts', 2034, 'Accounts'),
(2096, 'Contacts', 20, 'Accounts'),
(2098, 'Contacts', 2032, 'Accounts'),
(2100, 'Contacts', 2037, 'Accounts'),
(2102, 'Contacts', 21, 'Accounts'),
(2103, 'Contacts', 2029, 'Accounts'),
(2105, 'Contacts', 21, 'Accounts'),
(2107, 'Contacts', 2036, 'Accounts'),
(2108, 'Contacts', 23, 'Accounts'),
(2113, 'Contacts', 25, 'Accounts'),
(2114, 'Contacts', 2033, 'Accounts'),
(2116, 'Contacts', 24, 'Accounts'),
(2117, 'Contacts', 2035, 'Accounts'),
(2120, 'Contacts', 2030, 'Accounts'),
(2121, 'Contacts', 2031, 'Accounts'),
(2122, 'Contacts', 20, 'Accounts'),
(2123, 'Contacts', 22, 'Accounts'),
(2125, 'Contacts', 2028, 'Accounts'),
(2276, 'Contacts', 2275, 'Accounts'),
(2280, 'Contacts', 20, 'Accounts'),
(2281, 'Contacts', 20, 'Accounts'),
(2282, 'Contacts', 20, 'Accounts'),
(2283, 'Contacts', 20, 'Accounts'),
(2284, 'Contacts', 20, 'Accounts'),
(2285, 'Contacts', 20, 'Accounts'),
(2287, 'Contacts', 20, 'Accounts'),
(2313, 'Contacts', 2312, 'Accounts'),
(2321, 'Contacts', 2320, 'Accounts'),
(2329, 'Contacts', 2328, 'Accounts'),
(2337, 'Contacts', 2336, 'Accounts'),
(2345, 'Contacts', 2344, 'Accounts'),
(2353, 'Contacts', 2352, 'Accounts');

-- --------------------------------------------------------

--
-- Table structure for table `vtiger_crmentity_seq`
--

CREATE TABLE `vtiger_crmentity_seq` (
  `id` int(11) NOT NULL
) ENGINE=InnoDB DEFAULT CHARSET=utf8mb4 COLLATE=utf8mb4_general_ci;

--
-- Dumping data for table `vtiger_crmentity_seq`
--

INSERT IGNORE INTO `vtiger_crmentity_seq` (`id`) VALUES
(2716);

-- --------------------------------------------------------

--
-- Table structure for table `vtiger_crmentity_user_field`
--

CREATE TABLE `vtiger_crmentity_user_field` (
  `recordid` int(19) NOT NULL,
  `userid` int(19) NOT NULL,
  `starred` varchar(100) DEFAULT NULL
) ENGINE=InnoDB DEFAULT CHARSET=utf8 COLLATE=utf8_general_ci;

--
-- Dumping data for table `vtiger_crmentity_user_field`
--

INSERT IGNORE INTO `vtiger_crmentity_user_field` (`recordid`, `userid`, `starred`) VALUES
(2, 1, '0'),
(9, 1, '0'),
(10, 1, '0'),
(11, 1, '0'),
(14, 1, '0'),
(15, 1, '0'),
(16, 1, '0'),
(17, 1, '0'),
(18, 1, '0'),
(19, 1, '0'),
(2025, 1, '0'),
(2046, 1, '0'),
(2049, 1, '0'),
(2050, 1, '0'),
(2063, 1, '0'),
(2054, 1, '0'),
(2066, 1, '0'),
(2067, 1, '0'),
(2068, 1, '0'),
(2069, 1, '0'),
(2070, 1, '0'),
(2071, 1, '0'),
(2072, 1, '0'),
(2073, 1, '0'),
(2074, 1, '0'),
(2075, 1, '0'),
(2076, 1, '0'),
(2077, 1, '0'),
(2078, 1, '0'),
(2079, 1, '0'),
(2080, 1, '0'),
(2081, 1, '0'),
(2082, 1, '0'),
(2083, 1, '0'),
(2084, 1, '0'),
(2085, 1, '0'),
(2086, 1, '0'),
(2087, 1, '0'),
(2088, 1, '0'),
(2089, 1, '0'),
(2090, 1, '0'),
(2091, 1, '0'),
(2092, 1, '0'),
(2094, 1, '0'),
(2093, 1, '0'),
(2095, 1, '0'),
(2097, 1, '0'),
(2096, 1, '0'),
(2098, 1, '0'),
(2099, 1, '0'),
(2100, 1, '0'),
(2101, 1, '0'),
(2102, 1, '0'),
(2103, 1, '0'),
(2104, 1, '0'),
(2105, 1, '0'),
(2106, 1, '0'),
(2107, 1, '0'),
(2109, 1, '0'),
(2108, 1, '0'),
(2110, 1, '0'),
(2111, 1, '0'),
(2112, 1, '0'),
(2113, 1, '0'),
(2114, 1, '0'),
(2115, 1, '0'),
(2116, 1, '0'),
(2117, 1, '0'),
(2118, 1, '0'),
(2119, 1, '0'),
(2120, 1, '0'),
(2121, 1, '0'),
(2122, 1, '0'),
(2123, 1, '0'),
(2124, 1, '0'),
(2125, 1, '0'),
(1050, 1, '0'),
(2065, 1, '0'),
(2052, 1, '0'),
(2126, 1, '0'),
(2127, 1, '0'),
(2128, 1, '0'),
(2129, 1, '0'),
(2130, 1, '0'),
(2131, 1, '0'),
(2132, 1, '0'),
(2133, 1, '0'),
(2134, 1, '0'),
(2139, 1, NULL),
(2140, 1, NULL),
(2141, 1, NULL),
(2142, 1, NULL),
(2143, 1, NULL),
(2144, 1, NULL),
(2145, 1, NULL),
(2146, 1, NULL),
(2147, 1, '0'),
(2148, 1, NULL),
(2149, 1, '0'),
(2150, 1, '0'),
(2151, 1, NULL),
(2152, 1, '0'),
(2153, 1, NULL),
(2154, 1, NULL),
(2155, 1, '0'),
(2156, 1, '0'),
(2157, 1, '0'),
(2158, 1, '0'),
(2160, 1, '0'),
(2161, 1, '0'),
(2162, 1, '0'),
(2163, 1, '0'),
(2165, 1, '0'),
(2166, 1, '0'),
(2167, 1, '0'),
(2168, 1, '0'),
(2169, 1, '0'),
(2170, 1, '0'),
(2172, 1, '0'),
(2173, 1, '0'),
(2174, 1, '0'),
(2175, 1, '0'),
(2176, 1, '0'),
(2178, 1, '0'),
(2179, 1, '0'),
(2180, 1, '0'),
(2181, 1, '0'),
(2182, 1, '0'),
(2184, 1, '0'),
(2185, 1, '0'),
(2186, 1, '0'),
(2187, 1, '0'),
(2188, 1, '0'),
(2190, 1, '0'),
(2191, 1, '0'),
(2192, 1, '0'),
(2193, 1, '0'),
(2194, 1, '0'),
(2196, 1, '0'),
(2197, 1, '0'),
(2198, 1, '0'),
(2199, 1, '0'),
(2200, 1, '0'),
(2201, 1, '0'),
(2202, 1, '0'),
(2204, 1, '0'),
(2205, 1, '0'),
(2206, 1, '0'),
(2207, 1, '0'),
(2208, 1, '0'),
(2209, 1, '0'),
(2210, 1, '0'),
(2212, 1, '0'),
(2213, 1, '0'),
(2214, 1, '0'),
(2215, 1, '0'),
(2216, 1, NULL),
(2217, 1, NULL),
(2218, 1, NULL),
(2219, 1, NULL),
(2220, 1, NULL),
(2221, 1, '0'),
(2222, 1, NULL),
(2223, 1, NULL),
(2224, 1, NULL),
(2225, 1, NULL),
(2226, 1, NULL),
(2227, 1, NULL),
(2228, 1, NULL),
(2036, 1, '1'),
(2247, 1, '1'),
(2251, 1, '1'),
(1012, 1, '0'),
(2057, 1, '0'),
(2268, 1, '0'),
(2269, 1, '0'),
(2270, 1, '0'),
(2271, 1, '0'),
(2272, 1, '0'),
(2273, 1, '0'),
(2274, 1, '0'),
(2275, 1, '0'),
(2276, 1, '0'),
(2277, 1, '0'),
(2279, 1, '0'),
(2280, 1, '0'),
(2281, 1, '0'),
(2282, 1, '0'),
(2283, 1, '0'),
(2284, 1, '0'),
(2285, 1, '0'),
(2286, 1, '0'),
(2287, 1, '0'),
(2288, 1, NULL),
(2289, 1, NULL),
(2290, 1, '0'),
(2291, 1, '0'),
(2292, 1, '0'),
(2293, 1, '0'),
(2294, 1, '0'),
(2295, 1, '0'),
(2296, 1, '0'),
(2297, 1, '0'),
(2298, 1, '0'),
(2300, 1, '0'),
(2301, 1, '0'),
(2302, 1, '0'),
(2303, 1, '0'),
(2305, 1, '0'),
(2306, 1, '0'),
(2307, 1, '0'),
(2308, 1, '0'),
(2310, 1, '0'),
(2311, 1, '0'),
(2312, 1, '0'),
(2313, 1, '0'),
(2314, 1, '0'),
(2315, 1, '0'),
(2316, 1, '0'),
(2318, 1, '0'),
(2319, 1, '0'),
(2320, 1, '0'),
(2321, 1, '0'),
(2322, 1, '0'),
(2323, 1, '0'),
(2324, 1, '0'),
(2326, 1, '0'),
(2327, 1, '0'),
(2328, 1, '0'),
(2329, 1, '0'),
(2330, 1, '0'),
(2331, 1, '0'),
(2332, 1, '0'),
(2334, 1, '0'),
(2335, 1, '0'),
(2336, 1, '0'),
(2337, 1, '0'),
(2338, 1, '0'),
(2339, 1, '0'),
(2340, 1, '0'),
(2342, 1, '0'),
(2343, 1, '0'),
(2344, 1, '0'),
(2345, 1, '0'),
(2346, 1, '0'),
(2347, 1, '0'),
(2348, 1, '0'),
(2350, 1, '0'),
(2351, 1, '0'),
(2352, 1, '0'),
(2353, 1, '0'),
(2362, 1, '0'),
(2363, 1, '0'),
(2364, 1, '0'),
(2366, 1, '0'),
(2530, 1, '0'),
(2061, 1, '0'),
(1039, 1, '0');

-- --------------------------------------------------------

--
-- Table structure for table `vtiger_crmsetup`
--

CREATE TABLE `vtiger_crmsetup` (
  `userid` int(11) DEFAULT NULL,
  `setup_status` int(2) DEFAULT NULL
) ENGINE=InnoDB DEFAULT CHARSET=utf8 COLLATE=utf8_general_ci;

--
-- Dumping data for table `vtiger_crmsetup`
--

INSERT IGNORE INTO `vtiger_crmsetup` (`userid`, `setup_status`) VALUES
(1, 1);

-- --------------------------------------------------------

--
-- Table structure for table `vtiger_cron_task`
--

CREATE TABLE `vtiger_cron_task` (
  `id` int(11) NOT NULL,
  `name` varchar(100) DEFAULT NULL,
  `handler_file` varchar(100) DEFAULT NULL,
  `frequency` int(11) DEFAULT NULL,
  `laststart` int(11) UNSIGNED DEFAULT NULL,
  `lastend` int(11) UNSIGNED DEFAULT NULL,
  `status` int(11) DEFAULT NULL,
  `module` varchar(100) DEFAULT NULL,
  `sequence` int(11) DEFAULT NULL,
  `description` text DEFAULT NULL
) ENGINE=InnoDB DEFAULT CHARSET=utf8 COLLATE=utf8_general_ci;

--
-- Dumping data for table `vtiger_cron_task`
--

INSERT IGNORE INTO `vtiger_cron_task` (`id`, `name`, `handler_file`, `frequency`, `laststart`, `lastend`, `status`, `module`, `sequence`, `description`) VALUES
(1, 'Workflow', 'cron/modules/com_vtiger_workflow/com_vtiger_workflow.service', 900, NULL, NULL, 1, 'com_vtiger_workflow', 1, 'Recommended frequency for Workflow is 15 mins'),
(2, 'RecurringInvoice', 'cron/modules/SalesOrder/RecurringInvoice.service', 43200, NULL, NULL, 1, 'SalesOrder', 2, 'Recommended frequency for RecurringInvoice is 12 hours'),
(3, 'SendReminder', 'cron/SendReminder.service', 900, NULL, NULL, 1, 'Calendar', 3, 'Recommended frequency for SendReminder is 15 mins'),
(5, 'MailScanner', 'cron/MailScanner.service', 900, NULL, NULL, 1, 'Settings', 5, 'Recommended frequency for MailScanner is 15 mins'),
(6, 'Oauth2TokenRefresher', 'cron/modules/Oauth2/TokenRefresher.service', 2700, NULL, NULL, 0, '1', 0, ''),
(7, 'Scheduled Import', 'cron/modules/Import/ScheduledImport.service', 900, NULL, NULL, 0, 'Import', 6, 'Recommended frequency for MailScanner is 15 mins'),
(8, 'ScheduleReports', 'cron/modules/Reports/ScheduleReports.service', 900, NULL, NULL, 1, 'Reports', 7, 'Recommended frequency for ScheduleReports is 15 mins'),
(9, 'GooyaCloudPurge', 'cron/modules/GooyaCloud/Purge.service', 900, 1786295471, 1786295471, 1, 'GooyaCloud', 8, 'GooyaCloud permanent purge and retry worker; recommended every 15 minutes.'),
(10, 'GooyaCloudQuotaReconcile', 'cron/modules/GooyaCloud/QuotaReconcile.service', 86400, 1786295480, 1786295480, 1, 'GooyaCloud', 9, 'GooyaCloud quota reconciliation; recommended once every night.'),
(11, 'GooyaChatArchive', 'cron/modules/GooyaChat/Archive.service', 3600, 0, 0, 1, 'GooyaChat', 10, 'GooyaChat retention worker; checks configured local hour and archives once per day.'),
(12, 'GooyaNegarSmsQueue', 'cron/modules/GooyaNegar/SmsQueue.service', 300, 0, 0, 1, 'GooyaNegar', 11, 'GooyaNegar asynchronous SMS send, retry and delivery-status worker.'),
(13, 'GooyaNegarArchive', 'cron/modules/GooyaNegar/Archive.service', 86400, 0, 0, 1, 'GooyaNegar', 12, 'GooyaNegar encrypted private Cloud archive with mandatory restore drill.'),
(14, 'GooyaNegarSmoke', 'cron/modules/GooyaNegar/Smoke.service', 900, 0, 0, 1, 'GooyaNegar', 13, 'GooyaNegar permanent read-only database, ACL, audit-chain, record, worker and file-integrity smoke test.');

-- --------------------------------------------------------

--
-- Table structure for table `vtiger_currencies`
--

CREATE TABLE `vtiger_currencies` (
  `currencyid` int(19) NOT NULL,
  `currency_name` varchar(200) DEFAULT NULL,
  `currency_code` varchar(50) DEFAULT NULL,
  `currency_symbol` varchar(11) DEFAULT NULL
) ENGINE=InnoDB DEFAULT CHARSET=utf8 COLLATE=utf8_general_ci;

--
-- Dumping data for table `vtiger_currencies`
--

INSERT IGNORE INTO `vtiger_currencies` (`currencyid`, `currency_name`, `currency_code`, `currency_symbol`) VALUES
(1, 'Albania, Leke', 'ALL', 'Lek'),
(2, 'Argentina, Pesos', 'ARS', '$'),
(3, 'Aruba, Guilders', 'AWG', 'ƒ'),
(4, 'Australia, Dollars', 'AUD', '$'),
(5, 'Azerbaijan, New Manats', 'AZN', 'ман'),
(6, 'Bahamas, Dollars', 'BSD', '$'),
(7, 'Bahrain, Dinar', 'BHD', 'BD'),
(8, 'Barbados, Dollars', 'BBD', '$'),
(9, 'Belarus, Rubles', 'BYR', 'p.'),
(10, 'Belize, Dollars', 'BZD', 'BZ$'),
(11, 'Bermuda, Dollars', 'BMD', '$'),
(12, 'Bolivia, Bolivianos', 'BOB', '$b'),
(13, 'China, Yuan Renminbi', 'CNY', '¥'),
(14, 'Convertible Marka', 'BAM', 'KM'),
(15, 'Botswana, Pulas', 'BWP', 'P'),
(16, 'Bulgaria, Leva', 'BGN', 'лв'),
(17, 'Brazil, Reais', 'BRL', 'R$'),
(18, 'Great Britain Pounds', 'GBP', '£'),
(19, 'Brunei Darussalam, Dollars', 'BND', '$'),
(20, 'Canada, Dollars', 'CAD', '$'),
(21, 'Cayman Islands, Dollars', 'KYD', '$'),
(22, 'Chile, Pesos', 'CLP', '$'),
(23, 'Colombia, Pesos', 'COP', '$'),
(24, 'Costa Rica, Colón', 'CRC', '₡'),
(25, 'Croatia, Kuna', 'HRK', 'kn'),
(26, 'Cuba, Pesos', 'CUP', '₱'),
(27, 'Czech Republic, Koruny', 'CZK', 'Kč'),
(28, 'Cyprus, Pounds', 'CYP', '£'),
(29, 'Denmark, Kroner', 'DKK', 'kr'),
(30, 'Dominican Republic, Pesos', 'DOP', 'RD$'),
(31, 'East Caribbean, Dollars', 'XCD', '$'),
(32, 'Egypt, Pounds', 'EGP', 'E£'),
(33, 'El Salvador, Colón', 'SVC', '₡'),
(34, 'England, Pounds', 'GBP', '£'),
(35, 'Estonia, Krooni', 'EEK', 'kr'),
(36, 'Euro', 'EUR', '€'),
(37, 'Falkland Islands, Pounds', 'FKP', '£'),
(38, 'Fiji, Dollars', 'FJD', '$'),
(39, 'Ghana, Cedis', 'GHC', '¢'),
(40, 'Gibraltar, Pounds', 'GIP', '£'),
(41, 'Guatemala, Quetzales', 'GTQ', 'Q'),
(42, 'Guernsey, Pounds', 'GGP', '£'),
(43, 'Guyana, Dollars', 'GYD', '$'),
(44, 'Honduras, Lempiras', 'HNL', 'L'),
(45, 'Hong Kong, Dollars', 'HKD', 'HK$'),
(46, 'Hungary, Forint', 'HUF', 'Ft'),
(47, 'Iceland, Krona', 'ISK', 'kr'),
(48, 'India, Rupees', 'INR', '₹'),
(49, 'Indonesia, Rupiahs', 'IDR', 'Rp'),
(50, 'Iran, Rials', 'IRR', '﷼'),
(51, 'Isle of Man, Pounds', 'IMP', '£'),
(52, 'Israel, New Shekels', 'ILS', '₪'),
(53, 'Jamaica, Dollars', 'JMD', 'J$'),
(54, 'Japan, Yen', 'JPY', '¥'),
(55, 'Jersey, Pounds', 'JEP', '£'),
(56, 'Jordan, Dinar', 'JOD', 'JOD'),
(57, 'Kazakhstan, Tenge', 'KZT', '〒'),
(58, 'Kenya, Shilling', 'KES', 'KES'),
(59, 'Korea (North), Won', 'KPW', '₩'),
(60, 'Korea (South), Won', 'KRW', '₩'),
(61, 'Kuwait, Dinar', 'KWD', 'KWD'),
(62, 'Kyrgyzstan, Soms', 'KGS', 'лв'),
(63, 'Laos, Kips', 'LAK', '₭'),
(64, 'Latvia, Lati', 'LVL', 'Ls'),
(65, 'Lebanon, Pounds', 'LBP', '£'),
(66, 'Liberia, Dollars', 'LRD', '$'),
(67, 'Switzerland Francs', 'CHF', 'CHF'),
(68, 'Lithuania, Litai', 'LTL', 'Lt'),
(69, 'MADAGASCAR, Malagasy Ariary', 'MGA', 'MGA'),
(70, 'Macedonia, Denars', 'MKD', 'ден'),
(71, 'Malaysia, Ringgits', 'MYR', 'RM'),
(72, 'Malta, Liri', 'MTL', '₤'),
(73, 'Mauritius, Rupees', 'MUR', '₨'),
(74, 'Mexico, Pesos', 'MXN', '$'),
(75, 'Mongolia, Tugriks', 'MNT', '₮'),
(76, 'Mozambique, Meticais', 'MZN', 'MT'),
(77, 'Namibia, Dollars', 'NAD', '$'),
(78, 'Nepal, Rupees', 'NPR', '₨'),
(79, 'Netherlands Antilles, Guilders', 'ANG', 'ƒ'),
(80, 'New Zealand, Dollars', 'NZD', '$'),
(81, 'Nicaragua, Cordobas', 'NIO', 'C$'),
(82, 'Nigeria, Nairas', 'NGN', '₦'),
(83, 'North Korea, Won', 'KPW', '₩'),
(84, 'Norway, Krone', 'NOK', 'kr'),
(85, 'Oman, Rials', 'OMR', '﷼'),
(86, 'Pakistan, Rupees', 'PKR', '₨'),
(87, 'Panama, Balboa', 'PAB', 'B/.'),
(88, 'Paraguay, Guarani', 'PYG', 'Gs'),
(89, 'Peru, Nuevos Soles', 'PEN', 'S/.'),
(90, 'Philippines, Pesos', 'PHP', 'Php'),
(91, 'Poland, Zlotych', 'PLN', 'zł'),
(92, 'Qatar, Rials', 'QAR', '﷼'),
(93, 'Romania, New Lei', 'RON', 'lei'),
(94, 'Russia, Rubles', 'RUB', 'руб'),
(95, 'Saint Helena, Pounds', 'SHP', '£'),
(96, 'Saudi Arabia, Riyals', 'SAR', '﷼'),
(97, 'Serbia, Dinars', 'RSD', 'Дин.'),
(98, 'Seychelles, Rupees', 'SCR', '₨'),
(99, 'Singapore, Dollars', 'SGD', '$'),
(100, 'Solomon Islands, Dollars', 'SBD', '$'),
(101, 'Somalia, Shillings', 'SOS', 'S'),
(102, 'South Africa, Rand', 'ZAR', 'R'),
(103, 'South Korea, Won', 'KRW', '₩'),
(104, 'Sri Lanka, Rupees', 'LKR', '₨'),
(105, 'Sweden, Kronor', 'SEK', 'kr'),
(106, 'Switzerland, Francs', 'CHF', 'CHF'),
(107, 'Suriname, Dollars', 'SRD', '$'),
(108, 'Syria, Pounds', 'SYP', '£'),
(109, 'Taiwan, New Dollars', 'TWD', 'NT$'),
(110, 'Thailand, Baht', 'THB', '฿'),
(111, 'Trinidad and Tobago, Dollars', 'TTD', 'TT$'),
(112, 'Turkey, New Lira', 'TRY', 'YTL'),
(113, 'Turkey, Liras', 'TRL', '₤'),
(114, 'Tuvalu, Dollars', 'TVD', '$'),
(115, 'Ukraine, Hryvnia', 'UAH', '₴'),
(116, 'United Arab Emirates, Dirham', 'AED', 'AED'),
(117, 'United Kingdom, Pounds', 'GBP', '£'),
(118, 'United Republic of Tanzania, Shilling', 'TZS', 'TZS'),
(119, 'USA, Dollars', 'USD', '$'),
(120, 'Uruguay, Pesos', 'UYU', '$U'),
(121, 'Uzbekistan, Sums', 'UZS', 'лв'),
(122, 'Venezuela, Bolivares Fuertes', 'VEF', 'Bs'),
(123, 'Vietnam, Dong', 'VND', '₫'),
(124, 'Zambia, Kwacha', 'ZMK', 'ZMK'),
(125, 'Yemen, Rials', 'YER', '﷼'),
(126, 'Zimbabwe Dollars', 'ZWD', 'Z$'),
(127, 'Malawi, Kwacha', 'MWK', 'MK'),
(128, 'Tunisian, Dinar', 'TD', 'TD'),
(129, 'Moroccan, Dirham', 'MAD', 'DH'),
(130, 'Iraqi Dinar', 'IQD', 'ID'),
(131, 'Maldivian Ruffiya', 'MVR', 'MVR'),
(132, 'Ugandan Shilling', 'UGX', 'Sh'),
(133, 'Sudanese Pound', 'SDG', '£'),
(134, 'CFA Franc BCEAO', 'XOF', 'CFA'),
(135, 'CFA Franc BEAC', 'XAF', 'CFA'),
(136, 'Haiti, Gourde', 'HTG', 'G'),
(137, 'Libya, Dinar', 'LYD', 'LYD'),
(138, 'CFP Franc', 'XPF', 'F');

-- --------------------------------------------------------

--
-- Table structure for table `vtiger_currencies_seq`
--

CREATE TABLE `vtiger_currencies_seq` (
  `id` int(11) NOT NULL
) ENGINE=InnoDB DEFAULT CHARSET=utf8mb4 COLLATE=utf8mb4_general_ci;

--
-- Dumping data for table `vtiger_currencies_seq`
--

INSERT IGNORE INTO `vtiger_currencies_seq` (`id`) VALUES
(138);

-- --------------------------------------------------------

--
-- Table structure for table `vtiger_currency`
--

CREATE TABLE `vtiger_currency` (
  `currencyid` int(19) NOT NULL,
  `currency` varchar(200) NOT NULL,
  `sortorderid` int(19) NOT NULL DEFAULT 0,
  `presence` int(1) NOT NULL DEFAULT 1
) ENGINE=InnoDB DEFAULT CHARSET=utf8 COLLATE=utf8_general_ci;

-- --------------------------------------------------------

--
-- Table structure for table `vtiger_currency_decimal_separator`
--

CREATE TABLE `vtiger_currency_decimal_separator` (
  `currency_decimal_separatorid` int(19) NOT NULL,
  `currency_decimal_separator` varchar(2) NOT NULL,
  `sortorderid` int(19) NOT NULL DEFAULT 0,
  `presence` int(1) NOT NULL DEFAULT 1
) ENGINE=InnoDB DEFAULT CHARSET=utf8 COLLATE=utf8_general_ci;

--
-- Dumping data for table `vtiger_currency_decimal_separator`
--

INSERT IGNORE INTO `vtiger_currency_decimal_separator` (`currency_decimal_separatorid`, `currency_decimal_separator`, `sortorderid`, `presence`) VALUES
(1, '.', 0, 1),
(2, ',', 1, 1),
(3, '\'', 2, 1),
(4, ' ', 3, 1),
(5, '$', 4, 1);

-- --------------------------------------------------------

--
-- Table structure for table `vtiger_currency_decimal_separator_seq`
--

CREATE TABLE `vtiger_currency_decimal_separator_seq` (
  `id` int(11) NOT NULL
) ENGINE=InnoDB DEFAULT CHARSET=utf8mb4 COLLATE=utf8mb4_general_ci;

--
-- Dumping data for table `vtiger_currency_decimal_separator_seq`
--

INSERT IGNORE INTO `vtiger_currency_decimal_separator_seq` (`id`) VALUES
(5);

-- --------------------------------------------------------

--
-- Table structure for table `vtiger_currency_grouping_pattern`
--

CREATE TABLE `vtiger_currency_grouping_pattern` (
  `currency_grouping_patternid` int(19) NOT NULL,
  `currency_grouping_pattern` varchar(200) NOT NULL,
  `sortorderid` int(19) NOT NULL DEFAULT 0,
  `presence` int(1) NOT NULL DEFAULT 1
) ENGINE=InnoDB DEFAULT CHARSET=utf8 COLLATE=utf8_general_ci;

--
-- Dumping data for table `vtiger_currency_grouping_pattern`
--

INSERT IGNORE INTO `vtiger_currency_grouping_pattern` (`currency_grouping_patternid`, `currency_grouping_pattern`, `sortorderid`, `presence`) VALUES
(1, '123,456,789', 0, 1),
(2, '123456789', 1, 1),
(3, '123456,789', 2, 1),
(4, '12,34,56,789', 3, 1);

-- --------------------------------------------------------

--
-- Table structure for table `vtiger_currency_grouping_pattern_seq`
--

CREATE TABLE `vtiger_currency_grouping_pattern_seq` (
  `id` int(11) NOT NULL
) ENGINE=InnoDB DEFAULT CHARSET=utf8mb4 COLLATE=utf8mb4_general_ci;

--
-- Dumping data for table `vtiger_currency_grouping_pattern_seq`
--

INSERT IGNORE INTO `vtiger_currency_grouping_pattern_seq` (`id`) VALUES
(4);

-- --------------------------------------------------------

--
-- Table structure for table `vtiger_currency_grouping_separator`
--

CREATE TABLE `vtiger_currency_grouping_separator` (
  `currency_grouping_separatorid` int(19) NOT NULL,
  `currency_grouping_separator` varchar(2) NOT NULL,
  `sortorderid` int(19) NOT NULL DEFAULT 0,
  `presence` int(1) NOT NULL DEFAULT 1
) ENGINE=InnoDB DEFAULT CHARSET=utf8 COLLATE=utf8_general_ci;

--
-- Dumping data for table `vtiger_currency_grouping_separator`
--

INSERT IGNORE INTO `vtiger_currency_grouping_separator` (`currency_grouping_separatorid`, `currency_grouping_separator`, `sortorderid`, `presence`) VALUES
(1, ',', 0, 1),
(2, '.', 1, 1),
(3, '\'', 2, 1),
(4, ' ', 3, 1),
(5, '$', 4, 1);

-- --------------------------------------------------------

--
-- Table structure for table `vtiger_currency_grouping_separator_seq`
--

CREATE TABLE `vtiger_currency_grouping_separator_seq` (
  `id` int(11) NOT NULL
) ENGINE=InnoDB DEFAULT CHARSET=utf8mb4 COLLATE=utf8mb4_general_ci;

--
-- Dumping data for table `vtiger_currency_grouping_separator_seq`
--

INSERT IGNORE INTO `vtiger_currency_grouping_separator_seq` (`id`) VALUES
(5);

-- --------------------------------------------------------

--
-- Table structure for table `vtiger_currency_info`
--

CREATE TABLE `vtiger_currency_info` (
  `id` int(11) NOT NULL,
  `currency_name` varchar(100) DEFAULT NULL,
  `currency_code` varchar(100) DEFAULT NULL,
  `currency_symbol` varchar(30) DEFAULT NULL,
  `conversion_rate` decimal(12,5) DEFAULT NULL,
  `currency_status` varchar(25) DEFAULT NULL,
  `defaultid` varchar(10) NOT NULL DEFAULT '0',
  `deleted` int(1) NOT NULL DEFAULT 0
) ENGINE=InnoDB DEFAULT CHARSET=utf8 COLLATE=utf8_general_ci;

--
-- Dumping data for table `vtiger_currency_info`
--

INSERT IGNORE INTO `vtiger_currency_info` (`id`, `currency_name`, `currency_code`, `currency_symbol`, `conversion_rate`, `currency_status`, `defaultid`, `deleted`) VALUES
(1, 'USA, Dollars', 'USD', '$', 1.00000, 'Active', '-11', 0),
(2, 'Iran, Rials', 'IRR', 'ریال', 1.00000, 'Active', '0', 0);

-- --------------------------------------------------------

--
-- Table structure for table `vtiger_currency_info_seq`
--

CREATE TABLE `vtiger_currency_info_seq` (
  `id` int(11) NOT NULL
) ENGINE=InnoDB DEFAULT CHARSET=utf8mb4 COLLATE=utf8mb4_general_ci;

--
-- Dumping data for table `vtiger_currency_info_seq`
--

INSERT IGNORE INTO `vtiger_currency_info_seq` (`id`) VALUES
(1);

-- --------------------------------------------------------

--
-- Table structure for table `vtiger_currency_symbol_placement`
--

CREATE TABLE `vtiger_currency_symbol_placement` (
  `currency_symbol_placementid` int(19) NOT NULL,
  `currency_symbol_placement` varchar(30) NOT NULL,
  `sortorderid` int(19) NOT NULL DEFAULT 0,
  `presence` int(1) NOT NULL DEFAULT 1
) ENGINE=InnoDB DEFAULT CHARSET=utf8 COLLATE=utf8_general_ci;

--
-- Dumping data for table `vtiger_currency_symbol_placement`
--

INSERT IGNORE INTO `vtiger_currency_symbol_placement` (`currency_symbol_placementid`, `currency_symbol_placement`, `sortorderid`, `presence`) VALUES
(1, '$1.0', 0, 1),
(2, '1.0$', 1, 1);

-- --------------------------------------------------------

--
-- Table structure for table `vtiger_currency_symbol_placement_seq`
--

CREATE TABLE `vtiger_currency_symbol_placement_seq` (
  `id` int(11) NOT NULL
) ENGINE=InnoDB DEFAULT CHARSET=utf8mb4 COLLATE=utf8mb4_general_ci;

--
-- Dumping data for table `vtiger_currency_symbol_placement_seq`
--

INSERT IGNORE INTO `vtiger_currency_symbol_placement_seq` (`id`) VALUES
(2);

-- --------------------------------------------------------

--
-- Table structure for table `vtiger_customaction`
--

CREATE TABLE `vtiger_customaction` (
  `cvid` int(19) NOT NULL,
  `subject` varchar(250) NOT NULL,
  `module` varchar(50) NOT NULL,
  `content` text DEFAULT NULL
) ENGINE=InnoDB DEFAULT CHARSET=utf8 COLLATE=utf8_general_ci;

-- --------------------------------------------------------

--
-- Table structure for table `vtiger_customerdetails`
--

CREATE TABLE `vtiger_customerdetails` (
  `customerid` int(19) NOT NULL,
  `portal` varchar(3) DEFAULT NULL,
  `support_start_date` date DEFAULT NULL,
  `support_end_date` date DEFAULT NULL
) ENGINE=InnoDB DEFAULT CHARSET=utf8 COLLATE=utf8_general_ci;

--
-- Dumping data for table `vtiger_customerdetails`
--

INSERT IGNORE INTO `vtiger_customerdetails` (`customerid`, `portal`, `support_start_date`, `support_end_date`) VALUES
(11, '0', NULL, NULL),
(2066, '0', NULL, NULL),
(2067, '0', NULL, NULL),
(2068, '0', NULL, NULL),
(2069, '0', NULL, NULL),
(2070, '0', NULL, NULL),
(2071, '0', NULL, NULL),
(2072, '0', NULL, NULL),
(2073, '0', NULL, NULL),
(2074, '0', NULL, NULL),
(2075, '0', NULL, NULL),
(2076, '0', NULL, NULL),
(2077, '0', NULL, NULL),
(2078, '0', NULL, NULL),
(2079, '0', NULL, NULL),
(2080, '0', NULL, NULL),
(2081, '0', NULL, NULL),
(2082, '0', NULL, NULL),
(2083, '0', NULL, NULL),
(2084, '0', NULL, NULL),
(2085, '0', NULL, NULL),
(2086, '0', NULL, NULL),
(2087, '0', NULL, NULL),
(2088, '0', NULL, NULL),
(2089, '0', NULL, NULL),
(2090, '0', NULL, NULL),
(2091, '0', NULL, NULL),
(2093, '0', NULL, NULL),
(2095, '0', NULL, NULL),
(2096, '0', NULL, NULL),
(2098, '0', NULL, NULL),
(2100, '0', NULL, NULL),
(2102, '0', NULL, NULL),
(2103, '0', NULL, NULL),
(2105, '0', NULL, NULL),
(2107, '0', NULL, NULL),
(2108, '0', NULL, NULL),
(2110, '0', NULL, NULL),
(2111, '0', NULL, NULL),
(2113, '0', NULL, NULL),
(2114, '0', NULL, NULL),
(2116, '0', NULL, NULL),
(2117, '0', NULL, NULL),
(2118, '0', NULL, NULL),
(2119, '0', NULL, NULL),
(2120, '0', NULL, NULL),
(2121, '0', NULL, NULL),
(2122, '0', NULL, NULL),
(2123, '0', NULL, NULL),
(2124, '0', NULL, NULL),
(2125, '0', NULL, NULL),
(2167, '0', NULL, NULL),
(2199, '0', NULL, NULL),
(2207, '0', NULL, NULL),
(2215, '0', NULL, NULL),
(2236, '0', NULL, NULL),
(2237, '0', NULL, NULL),
(2238, '0', NULL, NULL),
(2239, '0', NULL, NULL),
(2240, '0', NULL, NULL),
(2241, '0', NULL, NULL),
(2242, '0', NULL, NULL),
(2243, '0', NULL, NULL),
(2244, '0', NULL, NULL),
(2245, '0', NULL, NULL),
(2246, '0', NULL, NULL),
(2247, '0', NULL, NULL),
(2248, '0', NULL, NULL),
(2249, '0', NULL, NULL),
(2250, '0', NULL, NULL),
(2251, '0', NULL, NULL),
(2252, '0', NULL, NULL),
(2253, '0', NULL, NULL),
(2254, '0', NULL, NULL),
(2255, '0', NULL, NULL),
(2256, '0', NULL, NULL),
(2257, '0', NULL, NULL),
(2276, '0', NULL, NULL),
(2279, '0', NULL, NULL),
(2280, '0', NULL, NULL),
(2281, '0', NULL, NULL),
(2282, '0', NULL, NULL),
(2283, '0', NULL, NULL),
(2284, '0', NULL, NULL),
(2285, '0', NULL, NULL),
(2286, NULL, NULL, NULL),
(2287, '0', NULL, NULL),
(2313, '0', NULL, NULL),
(2321, '0', NULL, NULL),
(2329, '0', NULL, NULL),
(2337, '0', NULL, NULL),
(2345, '0', NULL, NULL),
(2353, '0', NULL, NULL);

-- --------------------------------------------------------

--
-- Table structure for table `vtiger_customerportal_fields`
--

CREATE TABLE `vtiger_customerportal_fields` (
  `tabid` int(19) NOT NULL,
  `fieldinfo` text DEFAULT NULL,
  `records_visible` int(1) DEFAULT NULL
) ENGINE=InnoDB DEFAULT CHARSET=utf8 COLLATE=utf8_general_ci;

--
-- Dumping data for table `vtiger_customerportal_fields`
--

INSERT IGNORE INTO `vtiger_customerportal_fields` (`tabid`, `fieldinfo`, `records_visible`) VALUES
(4, '{\"lastname\":1,\"assigned_user_id\":1}', 1),
(6, '{\"accountname\":1,\"assigned_user_id\":1}', 1),
(8, '{\"notes_title\":1,\"assigned_user_id\":1,\"filename\":0}', 1),
(13, '{\"ticket_title\":1,\"assigned_user_id\":1,\"ticketpriorities\":1,\"ticketstatus\":1,\"description\":1,\"product_id\":1,\"ticketseverities\":1,\"ticketcategories\":1}', 1),
(14, '{\"productname\":1,\"assigned_user_id\":1}', 1),
(15, '{\"faqstatus\":1,\"question\":1,\"faq_answer\":1}', 1),
(20, '{\"subject\":1,\"quotestage\":1,\"account_id\":1,\"assigned_user_id\":1,\"bill_street\":1,\"ship_street\":1}', 1),
(23, '{\"subject\":1,\"account_id\":1,\"assigned_user_id\":1,\"bill_street\":1,\"ship_street\":1}', 1),
(35, '{\"subject\":1,\"assigned_user_id\":1}', NULL),
(36, '{\"servicename\":1}', 1),
(38, '{\"product\":1,\"serialnumber\":1,\"assigned_user_id\":1,\"datesold\":1,\"dateinservice\":1,\"assetstatus\":1,\"assetname\":1,\"account\":1}', 1),
(43, '{\"projectmilestonename\":1,\"projectid\":1,\"assigned_user_id\":1}', 1),
(44, '{\"projecttaskname\":1,\"projectid\":1,\"assigned_user_id\":1}', 1),
(45, '{\"projectname\":1,\"assigned_user_id\":1}', 1);

-- --------------------------------------------------------

--
-- Table structure for table `vtiger_customerportal_prefs`
--

CREATE TABLE `vtiger_customerportal_prefs` (
  `tabid` int(19) NOT NULL,
  `prefkey` varchar(100) NOT NULL,
  `prefvalue` int(20) DEFAULT NULL
) ENGINE=InnoDB DEFAULT CHARSET=utf8 COLLATE=utf8_general_ci;

--
-- Dumping data for table `vtiger_customerportal_prefs`
--

INSERT IGNORE INTO `vtiger_customerportal_prefs` (`tabid`, `prefkey`, `prefvalue`) VALUES
(0, 'defaultassignee', 1),
(0, 'userid', 1),
(4, 'showrelatedinfo', 1),
(6, 'showrelatedinfo', 1),
(8, 'showrelatedinfo', 1),
(13, 'showrelatedinfo', 1),
(14, 'showrelatedinfo', 1),
(15, 'showrelatedinfo', 1),
(20, 'showrelatedinfo', 1),
(23, 'showrelatedinfo', 1),
(36, 'showrelatedinfo', 1),
(38, 'showrelatedinfo', 1),
(43, 'showrelatedinfo', 1),
(44, 'showrelatedinfo', 1),
(45, 'showrelatedinfo', 1);

-- --------------------------------------------------------

--
-- Table structure for table `vtiger_customerportal_relatedmoduleinfo`
--

CREATE TABLE `vtiger_customerportal_relatedmoduleinfo` (
  `tabid` int(19) NOT NULL,
  `relatedmodules` text DEFAULT NULL
) ENGINE=InnoDB DEFAULT CHARSET=utf8mb4 COLLATE=utf8mb4_general_ci;

--
-- Dumping data for table `vtiger_customerportal_relatedmoduleinfo`
--

INSERT IGNORE INTO `vtiger_customerportal_relatedmoduleinfo` (`tabid`, `relatedmodules`) VALUES
(8, '[{\"name\":\"History\",\"value\":1}]'),
(13, '[{\"name\":\"History\",\"value\":1},{\"name\":\"ModComments\",\"value\":1},{\"name\":\"Documents\",\"value\":1}]'),
(14, '[{\"name\":\"History\",\"value\":1}]'),
(20, '[{\"name\":\"History\",\"value\":1}]'),
(23, '[{\"name\":\"History\",\"value\":1}]'),
(35, '[{\"name\":\"History\",\"value\":1}]'),
(36, '[{\"name\":\"History\",\"value\":1}]'),
(38, '[{\"name\":\"History\",\"value\":1}]'),
(43, '[{\"name\":\"History\",\"value\":1}]'),
(44, '[{\"name\":\"History\",\"value\":1},{\"name\":\"ModComments\",\"value\":1}]'),
(45, '[{\"name\":\"History\",\"value\":1},{\"name\":\"ModComments\",\"value\":1},{\"name\":\"ProjectTask\",\"value\":1},{\"name\":\"ProjectMilestone\",\"value\":1},{\"name\":\"Documents\",\"value\":1}]');

-- --------------------------------------------------------

--
-- Table structure for table `vtiger_customerportal_settings`
--

CREATE TABLE `vtiger_customerportal_settings` (
  `id` int(11) DEFAULT NULL,
  `url` varchar(250) DEFAULT NULL,
  `default_assignee` int(11) DEFAULT NULL,
  `support_notification` int(11) DEFAULT NULL,
  `announcement` text DEFAULT NULL,
  `shortcuts` text DEFAULT NULL,
  `widgets` text DEFAULT NULL,
  `charts` text DEFAULT NULL
) ENGINE=InnoDB DEFAULT CHARSET=utf8mb4 COLLATE=utf8mb4_general_ci;

--
-- Dumping data for table `vtiger_customerportal_settings`
--

INSERT IGNORE INTO `vtiger_customerportal_settings` (`id`, `url`, `default_assignee`, `support_notification`, `announcement`, `shortcuts`, `widgets`, `charts`) VALUES
(1, NULL, 1, NULL, NULL, '{\"Documents\":{\"LBL_ADD_DOCUMENT\":1},\"HelpDesk\":{\"LBL_CREATE_TICKET\":1,\"LBL_OPEN_TICKETS\":1}}', '{\"widgets\":{\"HelpDesk\":1,\"Documents\":1,\"Faq\":1}}', '{\"charts\":{\"OpenTicketsByPriority\":1,\"TicketsClosureTimeByPriority\":1}}');

-- --------------------------------------------------------

--
-- Table structure for table `vtiger_customerportal_tabs`
--

CREATE TABLE `vtiger_customerportal_tabs` (
  `tabid` int(19) NOT NULL,
  `visible` int(1) DEFAULT 1,
  `sequence` int(1) DEFAULT NULL,
  `createrecord` tinyint(1) NOT NULL DEFAULT 0,
  `editrecord` tinyint(1) NOT NULL DEFAULT 0
) ENGINE=InnoDB DEFAULT CHARSET=utf8 COLLATE=utf8_general_ci;

--
-- Dumping data for table `vtiger_customerportal_tabs`
--

INSERT IGNORE INTO `vtiger_customerportal_tabs` (`tabid`, `visible`, `sequence`, `createrecord`, `editrecord`) VALUES
(4, 0, 9, 0, 0),
(6, 0, 10, 0, 0),
(8, 0, 8, 0, 0),
(13, 0, 2, 0, 0),
(14, 0, 6, 0, 0),
(15, 0, 3, 0, 0),
(20, 0, 5, 0, 0),
(23, 0, 4, 0, 0),
(35, 0, 25, 0, 0),
(36, 0, 7, 0, 0),
(38, 0, 11, 0, 0),
(43, 0, 12, 0, 0),
(44, 0, 13, 0, 0),
(45, 0, 14, 0, 0);

-- --------------------------------------------------------

--
-- Table structure for table `vtiger_customview`
--

CREATE TABLE `vtiger_customview` (
  `cvid` int(19) NOT NULL,
  `viewname` varchar(100) NOT NULL,
  `setdefault` int(1) DEFAULT 0,
  `setmetrics` int(1) DEFAULT 0,
  `entitytype` varchar(25) NOT NULL,
  `status` int(1) DEFAULT 1,
  `userid` int(19) DEFAULT 1
) ENGINE=InnoDB DEFAULT CHARSET=utf8 COLLATE=utf8_general_ci;

--
-- Dumping data for table `vtiger_customview`
--

INSERT IGNORE INTO `vtiger_customview` (`cvid`, `viewname`, `setdefault`, `setmetrics`, `entitytype`, `status`, `userid`) VALUES
(1, 'All', 1, 0, 'Leads', 0, 1),
(2, 'Hot Leads', 0, 1, 'Leads', 3, 1),
(3, 'This Month Leads', 0, 0, 'Leads', 3, 1),
(4, 'All', 1, 0, 'Accounts', 0, 1),
(5, 'Prospect Accounts', 0, 1, 'Accounts', 3, 1),
(6, 'New This Week', 0, 0, 'Accounts', 3, 1),
(7, 'All', 1, 0, 'Contacts', 0, 1),
(8, 'Contacts Address', 0, 0, 'Contacts', 3, 1),
(9, 'Todays Birthday', 0, 0, 'Contacts', 3, 1),
(10, 'All', 1, 0, 'Potentials', 0, 1),
(11, 'Potentials Won', 0, 1, 'Potentials', 3, 1),
(12, 'Prospecting', 0, 0, 'Potentials', 3, 1),
(13, 'All', 1, 0, 'HelpDesk', 0, 1),
(14, 'Open Tickets', 0, 1, 'HelpDesk', 3, 1),
(15, 'High Prioriy Tickets', 0, 0, 'HelpDesk', 3, 1),
(16, 'All', 1, 0, 'Quotes', 0, 1),
(17, 'Open Quotes', 0, 1, 'Quotes', 3, 1),
(18, 'Rejected Quotes', 0, 0, 'Quotes', 3, 1),
(19, 'All', 1, 0, 'Calendar', 0, 1),
(20, 'All', 1, 0, 'Emails', 0, 1),
(21, 'All', 1, 0, 'Invoice', 0, 1),
(22, 'All', 1, 0, 'Documents', 0, 1),
(23, 'All', 1, 0, 'PriceBooks', 0, 1),
(24, 'All', 1, 0, 'Products', 0, 1),
(25, 'All', 1, 0, 'PurchaseOrder', 0, 1),
(26, 'All', 1, 0, 'SalesOrder', 0, 1),
(27, 'All', 1, 0, 'Vendors', 0, 1),
(28, 'All', 1, 0, 'Faq', 0, 1),
(29, 'All', 1, 0, 'Campaigns', 0, 1),
(30, 'All', 1, 0, 'Webmails', 0, 1),
(31, 'Drafted FAQ', 0, 0, 'Faq', 3, 1),
(32, 'Published FAQ', 0, 0, 'Faq', 3, 1),
(33, 'Open Purchase Orders', 0, 0, 'PurchaseOrder', 3, 1),
(34, 'Received Purchase Orders', 0, 0, 'PurchaseOrder', 3, 1),
(35, 'Open Invoices', 0, 0, 'Invoice', 3, 1),
(36, 'Paid Invoices', 0, 0, 'Invoice', 3, 1),
(37, 'Pending Sales Orders', 0, 0, 'SalesOrder', 3, 1),
(38, 'All', 1, 0, 'PBXManager', 0, 1),
(39, 'All', 1, 0, 'ServiceContracts', 0, 1),
(40, 'All', 1, 0, 'Services', 0, 1),
(41, 'All', 1, 0, 'Assets', 0, 1),
(42, 'All', 0, 0, 'ModComments', 0, 1),
(46, 'All', 0, 0, 'SMSNotifier', 0, 1),
(47, 'All', 1, 0, 'ProjectMilestone', 0, 1),
(48, 'All', 1, 0, 'ProjectTask', 0, 1),
(49, 'All', 1, 0, 'Project', 0, 1),
(51, 'Gouya Retail Invoices', 0, 0, 'Invoice', 3, 1),
(52, 'All', 1, 0, 'SarvPayments', 0, 1),
(53, 'All', 1, 0, 'SarvParticipations', 0, 1),
(54, 'All', 1, 0, 'SarvSurveyResponses', 0, 1),
(55, 'All', 1, 0, 'SarvSalesContracts', 0, 1),
(56, 'All', 1, 0, 'SarvTargetLists', 0, 1),
(57, 'All', 1, 0, 'SarvBankAccounts', 0, 1),
(58, 'All', 1, 0, 'SarvDeposits', 0, 1),
(59, 'All', 1, 0, 'SarvBusinessLocations', 0, 1),
(60, 'All', 1, 0, 'SarvTimeReservations', 0, 1),
(61, 'All', 1, 0, 'SarvGifts', 0, 1),
(62, 'All', 1, 0, 'SarvProductSamples', 0, 1),
(63, 'All', 1, 0, 'SarvAccessGrants', 0, 1),
(64, 'All', 1, 0, 'Communications', 0, 1);

-- --------------------------------------------------------

--
-- Table structure for table `vtiger_customview_seq`
--

CREATE TABLE `vtiger_customview_seq` (
  `id` int(11) NOT NULL
) ENGINE=InnoDB DEFAULT CHARSET=utf8mb4 COLLATE=utf8mb4_general_ci;

--
-- Dumping data for table `vtiger_customview_seq`
--

INSERT IGNORE INTO `vtiger_customview_seq` (`id`) VALUES
(64);

-- --------------------------------------------------------

--
-- Table structure for table `vtiger_cv2group`
--

CREATE TABLE `vtiger_cv2group` (
  `cvid` int(25) NOT NULL,
  `groupid` int(25) NOT NULL
) ENGINE=InnoDB DEFAULT CHARSET=utf8 COLLATE=utf8_general_ci;

-- --------------------------------------------------------

--
-- Table structure for table `vtiger_cv2role`
--

CREATE TABLE `vtiger_cv2role` (
  `cvid` int(25) NOT NULL,
  `roleid` varchar(255) NOT NULL
) ENGINE=InnoDB DEFAULT CHARSET=utf8 COLLATE=utf8_general_ci;

-- --------------------------------------------------------

--
-- Table structure for table `vtiger_cv2rs`
--

CREATE TABLE `vtiger_cv2rs` (
  `cvid` int(25) NOT NULL,
  `rsid` varchar(255) NOT NULL
) ENGINE=InnoDB DEFAULT CHARSET=utf8 COLLATE=utf8_general_ci;

-- --------------------------------------------------------

--
-- Table structure for table `vtiger_cv2users`
--

CREATE TABLE `vtiger_cv2users` (
  `cvid` int(25) NOT NULL,
  `userid` int(25) NOT NULL
) ENGINE=InnoDB DEFAULT CHARSET=utf8 COLLATE=utf8_general_ci;

-- --------------------------------------------------------

--
-- Table structure for table `vtiger_cvadvfilter`
--

CREATE TABLE `vtiger_cvadvfilter` (
  `cvid` int(19) NOT NULL,
  `columnindex` int(11) NOT NULL,
  `columnname` varchar(250) DEFAULT '',
  `comparator` varchar(20) DEFAULT NULL,
  `value` varchar(512) DEFAULT NULL,
  `groupid` int(11) DEFAULT 1,
  `column_condition` varchar(255) DEFAULT 'and'
) ENGINE=InnoDB DEFAULT CHARSET=utf8 COLLATE=utf8_general_ci;

--
-- Dumping data for table `vtiger_cvadvfilter`
--

INSERT IGNORE INTO `vtiger_cvadvfilter` (`cvid`, `columnindex`, `columnname`, `comparator`, `value`, `groupid`, `column_condition`) VALUES
(2, 0, 'vtiger_leaddetails:leadstatus:leadstatus:Leads_Lead_Status:V', 'e', 'Hot', 1, 'and'),
(5, 0, 'vtiger_account:account_type:accounttype:Accounts_Type:V', 'e', 'Prospect', 1, 'and'),
(11, 0, 'vtiger_potential:sales_stage:sales_stage:Potentials_Sales_Stage:V', 'e', 'Closed Won', 1, 'and'),
(12, 0, 'vtiger_potential:sales_stage:sales_stage:Potentials_Sales_Stage:V', 'e', 'Prospecting', 1, 'and'),
(14, 0, 'vtiger_troubletickets:status:ticketstatus:HelpDesk_Status:V', 'n', 'Closed', 1, 'and'),
(15, 0, 'vtiger_troubletickets:priority:ticketpriorities:HelpDesk_Priority:V', 'e', 'High', 1, 'and'),
(17, 0, 'vtiger_quotes:quotestage:quotestage:Quotes_Quote_Stage:V', 'n', 'Accepted', 1, 'and'),
(17, 1, 'vtiger_quotes:quotestage:quotestage:Quotes_Quote_Stage:V', 'n', 'Rejected', 1, 'and'),
(18, 0, 'vtiger_quotes:quotestage:quotestage:Quotes_Quote_Stage:V', 'e', 'Rejected', 1, 'and'),
(31, 0, 'vtiger_faq:status:faqstatus:Faq_Status:V', 'e', 'Draft', 1, 'and'),
(32, 0, 'vtiger_faq:status:faqstatus:Faq_Status:V', 'e', 'Published', 1, 'and'),
(33, 0, 'vtiger_purchaseorder:postatus:postatus:PurchaseOrder_Status:V', 'e', 'Created, Approved, Delivered', 1, 'and'),
(34, 0, 'vtiger_purchaseorder:postatus:postatus:PurchaseOrder_Status:V', 'e', 'Received Shipment', 1, 'and'),
(35, 0, 'vtiger_invoice:invoicestatus:invoicestatus:Invoice_Status:V', 'e', 'Created, Approved, Sent', 1, 'and'),
(36, 0, 'vtiger_invoice:invoicestatus:invoicestatus:Invoice_Status:V', 'e', 'Paid', 1, 'and'),
(37, 0, 'vtiger_salesorder:sostatus:sostatus:SalesOrder_Status:V', 'e', 'Created, Approved', 1, 'and'),
(51, 0, 'vtiger_invoicecf:cf_invoice_kind:cf_invoice_kind:Invoice_LBL_INVOICE_KIND:V', 'e', 'Retail', 1, 'and');

-- --------------------------------------------------------

--
-- Table structure for table `vtiger_cvadvfilter_grouping`
--

CREATE TABLE `vtiger_cvadvfilter_grouping` (
  `groupid` int(11) NOT NULL,
  `cvid` int(19) NOT NULL,
  `group_condition` varchar(255) DEFAULT NULL,
  `condition_expression` text DEFAULT NULL
) ENGINE=InnoDB DEFAULT CHARSET=utf8 COLLATE=utf8_general_ci;

--
-- Dumping data for table `vtiger_cvadvfilter_grouping`
--

INSERT IGNORE INTO `vtiger_cvadvfilter_grouping` (`groupid`, `cvid`, `group_condition`, `condition_expression`) VALUES
(1, 2, '', ''),
(1, 5, '', ''),
(1, 11, '', ''),
(1, 12, '', ''),
(1, 14, '', ''),
(1, 15, '', ''),
(1, 17, '', ''),
(1, 18, '', ''),
(1, 31, '', ''),
(1, 32, '', ''),
(1, 33, '', ''),
(1, 34, '', ''),
(1, 35, '', ''),
(1, 36, '', ''),
(1, 37, '', '');

-- --------------------------------------------------------

--
-- Table structure for table `vtiger_cvcolumnlist`
--

CREATE TABLE `vtiger_cvcolumnlist` (
  `cvid` int(19) NOT NULL,
  `columnindex` int(11) NOT NULL,
  `columnname` varchar(250) DEFAULT ''
) ENGINE=InnoDB DEFAULT CHARSET=utf8 COLLATE=utf8_general_ci;

--
-- Dumping data for table `vtiger_cvcolumnlist`
--

INSERT IGNORE INTO `vtiger_cvcolumnlist` (`cvid`, `columnindex`, `columnname`) VALUES
(1, 1, 'vtiger_leaddetails:firstname:firstname:Leads_First_Name:V'),
(1, 2, 'vtiger_leaddetails:lastname:lastname:Leads_Last_Name:V'),
(1, 3, 'vtiger_leaddetails:company:company:Leads_Company:V'),
(1, 4, 'vtiger_leadaddress:phone:phone:Leads_Phone:V'),
(1, 5, 'vtiger_leadsubdetails:website:website:Leads_Website:V'),
(1, 6, 'vtiger_leaddetails:email:email:Leads_Email:V'),
(1, 7, 'vtiger_crmentity:smownerid:assigned_user_id:Leads_Assigned_To:V'),
(2, 0, 'vtiger_leaddetails:firstname:firstname:Leads_First_Name:V'),
(2, 1, 'vtiger_leaddetails:lastname:lastname:Leads_Last_Name:V'),
(2, 2, 'vtiger_leaddetails:company:company:Leads_Company:V'),
(2, 3, 'vtiger_leaddetails:leadsource:leadsource:Leads_Lead_Source:V'),
(2, 4, 'vtiger_leadsubdetails:website:website:Leads_Website:V'),
(2, 5, 'vtiger_leaddetails:email:email:Leads_Email:E'),
(3, 0, 'vtiger_leaddetails:firstname:firstname:Leads_First_Name:V'),
(3, 1, 'vtiger_leaddetails:lastname:lastname:Leads_Last_Name:V'),
(3, 2, 'vtiger_leaddetails:company:company:Leads_Company:V'),
(3, 3, 'vtiger_leaddetails:leadsource:leadsource:Leads_Lead_Source:V'),
(3, 4, 'vtiger_leadsubdetails:website:website:Leads_Website:V'),
(3, 5, 'vtiger_leaddetails:email:email:Leads_Email:E'),
(4, 0, 'vtiger_account:accountname:accountname:Accounts_Account_Name:V'),
(4, 1, 'vtiger_accountscf:cf_alternate_name:cf_alternate_name:Accounts_LBL_ALTERNATE_NAME:V'),
(4, 2, 'vtiger_accountbillads:bill_state:bill_state:Accounts_Billing_State:V'),
(4, 3, 'vtiger_accountbillads:bill_city:bill_city:Accounts_Billing_City:V'),
(4, 4, 'vtiger_account:phone:phone:Accounts_Phone:V'),
(4, 5, 'vtiger_crmentity:smownerid:assigned_user_id:Accounts_Assigned_To:V'),
(4, 6, 'vtiger_crmentity:createdtime:createdtime:Accounts_Created_Time:DT'),
(5, 0, 'vtiger_account:accountname:accountname:Accounts_Account_Name:V'),
(5, 1, 'vtiger_account:phone:phone:Accounts_Phone:V'),
(5, 2, 'vtiger_account:website:website:Accounts_Website:V'),
(5, 3, 'vtiger_account:rating:rating:Accounts_Rating:V'),
(5, 4, 'vtiger_crmentity:smownerid:assigned_user_id:Accounts_Assigned_To:V'),
(6, 0, 'vtiger_account:accountname:accountname:Accounts_Account_Name:V'),
(6, 1, 'vtiger_account:phone:phone:Accounts_Phone:V'),
(6, 2, 'vtiger_account:website:website:Accounts_Website:V'),
(6, 3, 'vtiger_accountbillads:bill_city:bill_city:Accounts_City:V'),
(6, 4, 'vtiger_crmentity:smownerid:assigned_user_id:Accounts_Assigned_To:V'),
(7, 1, 'vtiger_contactdetails:firstname:firstname:Contacts_First_Name:V'),
(7, 2, 'vtiger_contactdetails:lastname:lastname:Contacts_Last_Name:V'),
(7, 3, 'vtiger_contactdetails:title:title:Contacts_Title:V'),
(7, 4, 'vtiger_contactdetails:accountid:account_id:Contacts_Account_Name:V'),
(7, 5, 'vtiger_contactdetails:email:email:Contacts_Email:V'),
(7, 6, 'vtiger_contactdetails:mobile:mobile:Contacts_Mobile:V'),
(7, 7, 'vtiger_crmentity:smownerid:assigned_user_id:Contacts_Assigned_To:V'),
(7, 8, 'vtiger_crmentity:createdtime:createdtime:Contacts_Created_Time:DT'),
(8, 0, 'vtiger_contactdetails:firstname:firstname:Contacts_First_Name:V'),
(8, 1, 'vtiger_contactdetails:lastname:lastname:Contacts_Last_Name:V'),
(8, 2, 'vtiger_contactaddress:mailingstreet:mailingstreet:Contacts_Mailing_Street:V'),
(8, 3, 'vtiger_contactaddress:mailingcity:mailingcity:Contacts_Mailing_City:V'),
(8, 4, 'vtiger_contactaddress:mailingstate:mailingstate:Contacts_Mailing_State:V'),
(8, 5, 'vtiger_contactaddress:mailingzip:mailingzip:Contacts_Mailing_Zip:V'),
(8, 6, 'vtiger_contactaddress:mailingcountry:mailingcountry:Contacts_Mailing_Country:V'),
(9, 0, 'vtiger_contactdetails:firstname:firstname:Contacts_First_Name:V'),
(9, 1, 'vtiger_contactdetails:lastname:lastname:Contacts_Last_Name:V'),
(9, 2, 'vtiger_contactdetails:title:title:Contacts_Title:V'),
(9, 3, 'vtiger_contactdetails:accountid:account_id:Contacts_Account_Name:I'),
(9, 4, 'vtiger_contactdetails:email:email:Contacts_Email:E'),
(9, 5, 'vtiger_contactsubdetails:otherphone:otherphone:Contacts_Phone:V'),
(9, 6, 'vtiger_crmentity:smownerid:assigned_user_id:Contacts_Assigned_To:V'),
(10, 1, 'vtiger_potential:potentialname:potentialname:Potentials_Potential_Name:V'),
(10, 2, 'vtiger_potential:related_to:related_to:Potentials_Related_To:V'),
(10, 3, 'vtiger_potential:sales_stage:sales_stage:Potentials_Sales_Stage:V'),
(10, 4, 'vtiger_potential:amount:amount:Potentials_Amount:N'),
(10, 5, 'vtiger_potential:closingdate:closingdate:Potentials_Expected_Close_Date:D'),
(10, 6, 'vtiger_potential:leadsource:leadsource:Potentials_Lead_Source:V'),
(10, 7, 'vtiger_crmentity:smownerid:assigned_user_id:Potentials_Assigned_To:V'),
(10, 8, 'vtiger_crmentity:modifiedtime:modifiedtime:Potentials_Modified_Time:D'),
(11, 0, 'vtiger_potential:potentialname:potentialname:Potentials_Potential_Name:V'),
(11, 1, 'vtiger_potential:related_to:related_to:Potentials_Related_To:V'),
(11, 2, 'vtiger_potential:amount:amount:Potentials_Amount:N'),
(11, 3, 'vtiger_potential:closingdate:closingdate:Potentials_Expected_Close_Date:D'),
(11, 4, 'vtiger_crmentity:smownerid:assigned_user_id:Potentials_Assigned_To:V'),
(11, 5, 'vtiger_potential:contact_id:contact_id:Potentials_Contact_Name:V'),
(12, 0, 'vtiger_potential:potentialname:potentialname:Potentials_Potential_Name:V'),
(12, 1, 'vtiger_potential:related_to:related_to:Potentials_Related_To:V'),
(12, 2, 'vtiger_potential:amount:amount:Potentials_Amount:N'),
(12, 3, 'vtiger_potential:leadsource:leadsource:Potentials_Lead_Source:V'),
(12, 4, 'vtiger_potential:closingdate:closingdate:Potentials_Expected_Close_Date:D'),
(12, 5, 'vtiger_crmentity:smownerid:assigned_user_id:Potentials_Assigned_To:V'),
(12, 6, 'vtiger_potential:contact_id:contact_id:Potentials_Contact_Name:V'),
(13, 1, 'vtiger_troubletickets:title:ticket_title:HelpDesk_Title:V'),
(13, 2, 'vtiger_troubletickets:parent_id:parent_id:HelpDesk_Related_To:V'),
(13, 3, 'vtiger_troubletickets:status:ticketstatus:HelpDesk_Status:V'),
(13, 4, 'vtiger_troubletickets:priority:ticketpriorities:HelpDesk_Priority:V'),
(13, 5, 'vtiger_crmentity:smownerid:assigned_user_id:HelpDesk_Assigned_To:V'),
(13, 6, 'vtiger_troubletickets:contact_id:contact_id:HelpDesk_Contact_Name:V'),
(14, 0, 'vtiger_troubletickets:title:ticket_title:HelpDesk_Title:V'),
(14, 1, 'vtiger_troubletickets:parent_id:parent_id:HelpDesk_Related_To:I'),
(14, 2, 'vtiger_troubletickets:priority:ticketpriorities:HelpDesk_Priority:V'),
(14, 3, 'vtiger_troubletickets:product_id:product_id:HelpDesk_Product_Name:I'),
(14, 4, 'vtiger_crmentity:smownerid:assigned_user_id:HelpDesk_Assigned_To:V'),
(14, 5, 'vtiger_troubletickets:contact_id:contact_id:HelpDesk_Contact_Name:V'),
(15, 0, 'vtiger_troubletickets:title:ticket_title:HelpDesk_Title:V'),
(15, 1, 'vtiger_troubletickets:parent_id:parent_id:HelpDesk_Related_To:I'),
(15, 2, 'vtiger_troubletickets:status:ticketstatus:HelpDesk_Status:V'),
(15, 3, 'vtiger_troubletickets:product_id:product_id:HelpDesk_Product_Name:I'),
(15, 4, 'vtiger_crmentity:smownerid:assigned_user_id:HelpDesk_Assigned_To:V'),
(15, 5, 'vtiger_troubletickets:contact_id:contact_id:HelpDesk_Contact_Name:V'),
(16, 1, 'vtiger_quotes:quote_no:quote_no:Quotes_Quote_No:V'),
(16, 2, 'vtiger_quotes:subject:subject:Quotes_Subject:V'),
(16, 3, 'vtiger_quotes:quotestage:quotestage:Quotes_Quote_Stage:V'),
(16, 4, 'vtiger_quotes:accountid:account_id:Quotes_Account_Name:V'),
(16, 5, 'vtiger_quotes:total:hdnGrandTotal:Quotes_Total:N'),
(16, 6, 'vtiger_quotes:validtill:validtill:Quotes_Valid_Till:D'),
(16, 7, 'vtiger_crmentity:smownerid:assigned_user_id:Quotes_Assigned_To:V'),
(16, 8, 'vtiger_crmentity:modifiedtime:modifiedtime:Quotes_Modified_Time:DT'),
(17, 0, 'vtiger_quotes:subject:subject:Quotes_Subject:V'),
(17, 1, 'vtiger_quotes:quotestage:quotestage:Quotes_Quote_Stage:V'),
(17, 2, 'vtiger_quotes:potentialid:potential_id:Quotes_Potential_Name:I'),
(17, 3, 'vtiger_quotes:accountid:account_id:Quotes_Account_Name:I'),
(17, 4, 'vtiger_quotes:validtill:validtill:Quotes_Valid_Till:D'),
(17, 5, 'vtiger_crmentity:smownerid:assigned_user_id:Quotes_Assigned_To:V'),
(18, 0, 'vtiger_quotes:subject:subject:Quotes_Subject:V'),
(18, 1, 'vtiger_quotes:potentialid:potential_id:Quotes_Potential_Name:I'),
(18, 2, 'vtiger_quotes:accountid:account_id:Quotes_Account_Name:I'),
(18, 3, 'vtiger_quotes:validtill:validtill:Quotes_Valid_Till:D'),
(18, 4, 'vtiger_crmentity:smownerid:assigned_user_id:Quotes_Assigned_To:V'),
(19, 0, 'vtiger_activity:status:taskstatus:Calendar_Status:V'),
(19, 1, 'vtiger_activity:activitytype:activitytype:Calendar_Activity_Type:V'),
(19, 2, 'vtiger_activity:subject:subject:Calendar_Subject:V'),
(19, 3, 'vtiger_seactivityrel:crmid:parent_id:Calendar_Related_To:V'),
(19, 4, 'vtiger_activity:date_start:date_start:Calendar_Start_Date_&_Time:DT'),
(19, 5, 'vtiger_activity:due_date:due_date:Calendar_Due_Date:D'),
(19, 6, 'vtiger_crmentity:smownerid:assigned_user_id:Calendar_Assigned_To:V'),
(20, 0, 'vtiger_activity:subject:subject:Emails_Subject:V'),
(20, 1, 'vtiger_emaildetails:to_email:saved_toid:Emails_To:V'),
(20, 2, 'vtiger_activity:date_start:date_start:Emails_Date_&_Time_Sent:DT'),
(21, 1, 'vtiger_invoice:invoice_no:invoice_no:Invoice_Invoice_No:V'),
(21, 2, 'vtiger_invoice:subject:subject:Invoice_Subject:V'),
(21, 3, 'vtiger_invoice:invoicestatus:invoicestatus:Invoice_Status:V'),
(21, 4, 'vtiger_invoice:accountid:account_id:Invoice_Account_Name:I'),
(21, 5, 'vtiger_invoice:total:hdnGrandTotal:Invoice_Total:N'),
(21, 6, 'vtiger_invoice:invoicedate:invoicedate:Invoice_Invoice_Date:D'),
(21, 7, 'vtiger_crmentity:smownerid:assigned_user_id:Invoice_Assigned_To:V'),
(21, 8, 'vtiger_crmentity:modifiedtime:modifiedtime:Invoice_Modified_Time:D'),
(22, 1, 'vtiger_notes:title:notes_title:Documents_Title:V'),
(22, 2, 'vtiger_notes:filename:filename:Documents_File_Name:V'),
(22, 3, 'vtiger_crmentity:modifiedtime:modifiedtime:Documents_Modified_Time:DT'),
(22, 4, 'vtiger_crmentity:smownerid:assigned_user_id:Documents_Assigned_To:V'),
(23, 1, 'vtiger_pricebook:bookname:bookname:PriceBooks_Price_Book_Name:V'),
(23, 2, 'vtiger_pricebook:active:active:PriceBooks_Active:C'),
(23, 3, 'vtiger_pricebook:currency_id:currency_id:PriceBooks_Currency:V'),
(24, 1, 'vtiger_products:productname:productname:Products_Product_Name:V'),
(24, 2, 'vtiger_products:productcode:productcode:Products_Part_Number:V'),
(24, 3, 'vtiger_products:commissionrate:commissionrate:Products_Commission_Rate:N'),
(24, 4, 'vtiger_products:qtyinstock:qtyinstock:Products_Qty_In_Stock:NN'),
(24, 5, 'vtiger_products:qty_per_unit:qty_per_unit:Products_Qty/Unit:N'),
(24, 6, 'vtiger_products:unit_price:unit_price:Products_Unit_Price:N'),
(25, 1, 'vtiger_purchaseorder:purchaseorder_no:purchaseorder_no:PurchaseOrder_PurchaseOrder_No:V'),
(25, 2, 'vtiger_purchaseorder:subject:subject:PurchaseOrder_Subject:V'),
(25, 3, 'vtiger_purchaseorder:postatus:postatus:PurchaseOrder_Status:V'),
(25, 4, 'vtiger_purchaseorder:vendorid:vendor_id:PurchaseOrder_Vendor_Name:V'),
(25, 5, 'vtiger_purchaseorder:accountid:account_id:PurchaseOrder_LBL_ACCOUNT_NAME:V'),
(25, 6, 'vtiger_purchaseorder:total:hdnGrandTotal:PurchaseOrder_Total:N'),
(25, 7, 'vtiger_purchaseorder:balance:balance:PurchaseOrder_Balance:N'),
(25, 8, 'vtiger_purchaseorder:duedate:duedate:PurchaseOrder_Due_Date:D'),
(25, 9, 'vtiger_crmentity:smownerid:assigned_user_id:PurchaseOrder_Assigned_To:V'),
(25, 10, 'vtiger_crmentity:modifiedtime:modifiedtime:PurchaseOrder_Modified_Time:DT'),
(26, 1, 'vtiger_salesorder:subject:subject:SalesOrder_Subject:V'),
(26, 2, 'vtiger_salesorder:accountid:account_id:SalesOrder_Account_Name:V'),
(26, 3, 'vtiger_salesorder:quoteid:quote_id:SalesOrder_Quote_Name:V'),
(26, 4, 'vtiger_salesorder:total:hdnGrandTotal:SalesOrder_Total:N'),
(26, 5, 'vtiger_crmentity:smownerid:assigned_user_id:SalesOrder_Assigned_To:V'),
(27, 1, 'vtiger_vendor:vendorname:vendorname:Vendors_Vendor_Name:V'),
(27, 2, 'vtiger_vendor:phone:phone:Vendors_Phone:V'),
(27, 3, 'vtiger_vendor:email:email:Vendors_Email:V'),
(27, 4, 'vtiger_vendor:category:category:Vendors_Category:V'),
(27, 5, 'vtiger_crmentity:smownerid:assigned_user_id:Vendors_Assigned_To:V'),
(28, 1, 'vtiger_faq:question:question:Faq_Question:V'),
(28, 2, 'vtiger_faq:category:faqcategories:Faq_Category:V'),
(28, 3, 'vtiger_faq:product_id:product_id:Faq_Product_Name:V'),
(28, 4, 'vtiger_crmentity:createdtime:createdtime:Faq_Created_Time:DT'),
(28, 5, 'vtiger_crmentity:modifiedtime:modifiedtime:Faq_Modified_Time:DT'),
(29, 1, 'vtiger_campaign:campaignname:campaignname:Campaigns_Campaign_Name:V'),
(29, 2, 'vtiger_campaign:campaigntype:campaigntype:Campaigns_Campaign_Type:V'),
(29, 3, 'vtiger_campaign:campaignstatus:campaignstatus:Campaigns_Campaign_Status:V'),
(29, 4, 'vtiger_campaign:expectedrevenue:expectedrevenue:Campaigns_Expected_Revenue:N'),
(29, 5, 'vtiger_campaign:closingdate:closingdate:Campaigns_Expected_Close_Date:D'),
(29, 6, 'vtiger_crmentity:smownerid:assigned_user_id:Campaigns_Assigned_To:V'),
(30, 0, 'subject:subject:subject:Subject:V'),
(30, 1, 'from:fromname:fromname:From:N'),
(30, 2, 'to:tpname:toname:To:N'),
(30, 3, 'body:body:body:Body:V'),
(31, 0, 'vtiger_faq:question:question:Faq_Question:V'),
(31, 1, 'vtiger_faq:status:faqstatus:Faq_Status:V'),
(31, 2, 'vtiger_faq:product_id:product_id:Faq_Product_Name:I'),
(31, 3, 'vtiger_faq:category:faqcategories:Faq_Category:V'),
(31, 4, 'vtiger_crmentity:createdtime:createdtime:Faq_Created_Time:DT'),
(32, 0, 'vtiger_faq:question:question:Faq_Question:V'),
(32, 1, 'vtiger_faq:answer:faq_answer:Faq_Answer:V'),
(32, 2, 'vtiger_faq:status:faqstatus:Faq_Status:V'),
(32, 3, 'vtiger_faq:product_id:product_id:Faq_Product_Name:I'),
(32, 4, 'vtiger_faq:category:faqcategories:Faq_Category:V'),
(32, 5, 'vtiger_crmentity:createdtime:createdtime:Faq_Created_Time:DT'),
(33, 0, 'vtiger_purchaseorder:subject:subject:PurchaseOrder_Subject:V'),
(33, 1, 'vtiger_purchaseorder:postatus:postatus:PurchaseOrder_Status:V'),
(33, 2, 'vtiger_purchaseorder:vendorid:vendor_id:PurchaseOrder_Vendor_Name:I'),
(33, 3, 'vtiger_crmentity:smownerid:assigned_user_id:PurchaseOrder_Assigned_To:V'),
(33, 4, 'vtiger_purchaseorder:duedate:duedate:PurchaseOrder_Due_Date:V'),
(34, 0, 'vtiger_purchaseorder:subject:subject:PurchaseOrder_Subject:V'),
(34, 1, 'vtiger_purchaseorder:vendorid:vendor_id:PurchaseOrder_Vendor_Name:I'),
(34, 2, 'vtiger_crmentity:smownerid:assigned_user_id:PurchaseOrder_Assigned_To:V'),
(34, 3, 'vtiger_purchaseorder:postatus:postatus:PurchaseOrder_Status:V'),
(34, 4, 'vtiger_purchaseorder:carrier:carrier:PurchaseOrder_Carrier:V'),
(34, 5, 'vtiger_poshipads:ship_street:ship_street:PurchaseOrder_Shipping_Address:V'),
(35, 0, 'vtiger_invoice:invoice_no:invoice_no:Invoice_Invoice_No:V'),
(35, 1, 'vtiger_invoice:subject:subject:Invoice_Subject:V'),
(35, 2, 'vtiger_invoice:accountid:account_id:Invoice_Account_Name:I'),
(35, 3, 'vtiger_invoice:salesorderid:salesorder_id:Invoice_Sales_Order:I'),
(35, 4, 'vtiger_invoice:invoicestatus:invoicestatus:Invoice_Status:V'),
(35, 5, 'vtiger_crmentity:smownerid:assigned_user_id:Invoice_Assigned_To:V'),
(35, 6, 'vtiger_crmentity:createdtime:createdtime:Invoice_Created_Time:DT'),
(36, 0, 'vtiger_invoice:invoice_no:invoice_no:Invoice_Invoice_No:V'),
(36, 1, 'vtiger_invoice:subject:subject:Invoice_Subject:V'),
(36, 2, 'vtiger_invoice:accountid:account_id:Invoice_Account_Name:I'),
(36, 3, 'vtiger_invoice:salesorderid:salesorder_id:Invoice_Sales_Order:I'),
(36, 4, 'vtiger_invoice:invoicestatus:invoicestatus:Invoice_Status:V'),
(36, 5, 'vtiger_invoiceshipads:ship_street:ship_street:Invoice_Shipping_Address:V'),
(36, 6, 'vtiger_crmentity:smownerid:assigned_user_id:Invoice_Assigned_To:V'),
(37, 0, 'vtiger_salesorder:subject:subject:SalesOrder_Subject:V'),
(37, 1, 'vtiger_salesorder:accountid:account_id:SalesOrder_Account_Name:I'),
(37, 2, 'vtiger_salesorder:sostatus:sostatus:SalesOrder_Status:V'),
(37, 3, 'vtiger_crmentity:smownerid:assigned_user_id:SalesOrder_Assigned_To:V'),
(37, 4, 'vtiger_soshipads:ship_street:ship_street:SalesOrder_Shipping_Address:V'),
(37, 5, 'vtiger_salesorder:carrier:carrier:SalesOrder_Carrier:V'),
(38, 0, 'vtiger_pbxmanager:callstatus:callstatus:PBXManager_Call_Status:V'),
(38, 1, 'vtiger_pbxmanager:customernumber:customernumber:PBXManager_Customer_Number:V'),
(38, 2, 'vtiger_pbxmanager:customer:customer:PBXManager_Customer:V'),
(38, 3, 'vtiger_pbxmanager:user:user:PBXManager_User:V'),
(38, 4, 'vtiger_pbxmanager:recordingurl:recordingurl:PBXManager_Recording_URL:V'),
(38, 5, 'vtiger_pbxmanager:totalduration:totalduration:PBXManager_Total_Duration:I'),
(38, 6, 'vtiger_pbxmanager:starttime:starttime:PBXManager_Start_Time:DT'),
(39, 1, 'vtiger_servicecontracts:subject:subject:ServiceContracts_Subject:V'),
(39, 2, 'vtiger_servicecontracts:sc_related_to:sc_related_to:ServiceContracts_Related_to:V'),
(39, 3, 'vtiger_crmentity:smownerid:assigned_user_id:ServiceContracts_Assigned_To:V'),
(39, 4, 'vtiger_servicecontracts:start_date:start_date:ServiceContracts_Start_Date:D'),
(39, 5, 'vtiger_servicecontracts:due_date:due_date:ServiceContracts_Due_date:D'),
(39, 7, 'vtiger_servicecontracts:progress:progress:ServiceContracts_Progress:N'),
(39, 8, 'vtiger_servicecontracts:contract_status:contract_status:ServiceContracts_Status:V'),
(40, 1, 'vtiger_service:servicename:servicename:Services_Service_Name:V'),
(40, 2, 'vtiger_service:service_usageunit:service_usageunit:Services_Usage_Unit:V'),
(40, 3, 'vtiger_service:unit_price:unit_price:Services_Price:N'),
(40, 4, 'vtiger_service:qty_per_unit:qty_per_unit:Services_No_of_Units:N'),
(40, 5, 'vtiger_service:servicecategory:servicecategory:Services_Service_Category:V'),
(40, 6, 'vtiger_crmentity:smownerid:assigned_user_id:Services_Owner:I'),
(41, 1, 'vtiger_assets:assetname:assetname:Assets_Asset_Name:V'),
(41, 2, 'vtiger_assets:account:account:Assets_Customer_Name:V'),
(41, 3, 'vtiger_assets:product:product:Assets_Product_Name:V'),
(42, 0, 'vtiger_modcomments:commentcontent:commentcontent:ModComments_Comment:V'),
(42, 1, 'vtiger_modcomments:related_to:related_to:ModComments_Related_To:V'),
(42, 2, 'vtiger_crmentity:modifiedtime:modifiedtime:ModComments_Modified_Time:DT'),
(42, 3, 'vtiger_crmentity:smownerid:assigned_user_id:ModComments_Assigned_To:V'),
(46, 0, 'vtiger_smsnotifier:message:message:SMSNotifier_message:V'),
(46, 2, 'vtiger_crmentity:smownerid:assigned_user_id:SMSNotifier_Assigned_To:V'),
(46, 3, 'vtiger_crmentity:createdtime:createdtime:SMSNotifier_Created_Time:DT'),
(46, 4, 'vtiger_crmentity:modifiedtime:modifiedtime:SMSNotifier_Modified_Time:DT'),
(47, 0, 'vtiger_projectmilestone:projectmilestonename:projectmilestonename:ProjectMilestone_Project_Milestone_Name:V'),
(47, 1, 'vtiger_projectmilestone:projectmilestonedate:projectmilestonedate:ProjectMilestone_Milestone_Date:D'),
(47, 3, 'vtiger_crmentity:description:description:ProjectMilestone_description:V'),
(47, 4, 'vtiger_crmentity:createdtime:createdtime:ProjectMilestone_Created_Time:DT'),
(47, 5, 'vtiger_crmentity:modifiedtime:modifiedtime:ProjectMilestone_Modified_Time:DT'),
(48, 2, 'vtiger_projecttask:projecttaskname:projecttaskname:ProjectTask_Project_Task_Name:V'),
(48, 3, 'vtiger_projecttask:projectid:projectid:ProjectTask_Related_to:V'),
(48, 4, 'vtiger_projecttask:projecttaskpriority:projecttaskpriority:ProjectTask_Priority:V'),
(48, 5, 'vtiger_projecttask:projecttaskprogress:projecttaskprogress:ProjectTask_Progress:V'),
(48, 6, 'vtiger_projecttask:projecttaskhours:projecttaskhours:ProjectTask_Worked_Hours:V'),
(48, 7, 'vtiger_projecttask:startdate:startdate:ProjectTask_Start_Date:D'),
(48, 8, 'vtiger_projecttask:enddate:enddate:ProjectTask_End_Date:D'),
(48, 9, 'vtiger_crmentity:smownerid:assigned_user_id:ProjectTask_Assigned_To:V'),
(49, 0, 'vtiger_project:projectname:projectname:Project_Project_Name:V'),
(49, 1, 'vtiger_project:linktoaccountscontacts:linktoaccountscontacts:Project_Related_to:V'),
(49, 2, 'vtiger_project:startdate:startdate:Project_Start_Date:D'),
(49, 3, 'vtiger_project:targetenddate:targetenddate:Project_Target_End_Date:D'),
(49, 4, 'vtiger_project:actualenddate:actualenddate:Project_Actual_End_Date:D'),
(49, 5, 'vtiger_project:targetbudget:targetbudget:Project_Target_Budget:V'),
(49, 6, 'vtiger_project:progress:progress:Project_Progress:V'),
(49, 7, 'vtiger_project:projectstatus:projectstatus:Project_Status:V'),
(49, 8, 'vtiger_crmentity:smownerid:assigned_user_id:Project_Assigned_To:V'),
(49, 19, 'vtiger_project:contactid:contactid:Project_Contact_Name:V'),
(51, 0, 'vtiger_invoice:invoice_no:invoice_no:Invoice_Invoice_No:V'),
(51, 1, 'vtiger_invoice:subject:subject:Invoice_Subject:V'),
(51, 2, 'vtiger_invoice:accountid:account_id:Invoice_Account_Name:I'),
(51, 3, 'vtiger_invoice:invoicedate:invoicedate:Invoice_Invoice_Date:D'),
(51, 4, 'vtiger_invoice:invoicestatus:invoicestatus:Invoice_Status:V'),
(51, 5, 'vtiger_invoice:total:hdnGrandTotal:Invoice_Total:N'),
(51, 6, 'vtiger_invoicecf:cf_invoice_kind:cf_invoice_kind:Invoice_LBL_INVOICE_KIND:V'),
(52, 1, 'vtiger_sarvpayments:payment_no:payment_no:SarvPayments_LBL_PAYMENT_NO:V'),
(52, 2, 'vtiger_sarvpayments:subject:subject:SarvPayments_LBL_SUBJECT:V'),
(52, 3, 'vtiger_sarvpayments:payment_direction:payment_direction:SarvPayments_LBL_DIRECTION:V'),
(52, 4, 'vtiger_sarvpayments:payment_status:payment_status:SarvPayments_LBL_STATUS:V'),
(52, 5, 'vtiger_sarvpayments:accountid:account_id:SarvPayments_LBL_ACCOUNT:I'),
(52, 6, 'vtiger_sarvpayments:expected_date:expected_date:SarvPayments_LBL_EXPECTED_DATE:D'),
(52, 7, 'vtiger_sarvpayments:amount:amount:SarvPayments_LBL_AMOUNT:N'),
(52, 8, 'vtiger_sarvpayments:payment_date:payment_date:SarvPayments_LBL_PAYMENT_DATE:D'),
(52, 9, 'vtiger_crmentity:smownerid:assigned_user_id:SarvPayments_Assigned_To:V'),
(52, 10, 'vtiger_crmentity:modifiedtime:modifiedtime:SarvPayments_Modified_Time:T'),
(53, 0, 'vtiger_sarvparticipations:participation_no:participation_no:SarvParticipations_LBL_PARTICIPATION_NO:V'),
(53, 1, 'vtiger_sarvparticipations:subject:subject:SarvParticipations_LBL_SUBJECT:V'),
(53, 2, 'vtiger_sarvparticipations:accountid:account_id:SarvParticipations_LBL_ACCOUNT:I'),
(53, 3, 'vtiger_sarvparticipations:participation_type:participation_type:SarvParticipations_LBL_PARTICIPATION_TYPE:V'),
(53, 4, 'vtiger_sarvparticipations:role_name:role_name:SarvParticipations_LBL_ROLE:V'),
(53, 5, 'vtiger_sarvparticipations:participation_status:participation_status:SarvParticipations_LBL_STATUS:V'),
(53, 6, 'vtiger_sarvparticipations:start_date:start_date:SarvParticipations_LBL_START_DATE:D'),
(54, 0, 'vtiger_sarvsurveyresponses:response_no:response_no:SarvSurveyResponses_LBL_RESPONSE_NO:V'),
(54, 1, 'vtiger_sarvsurveyresponses:subject:subject:SarvSurveyResponses_LBL_SUBJECT:V'),
(54, 2, 'vtiger_sarvsurveyresponses:accountid:account_id:SarvSurveyResponses_LBL_ACCOUNT:I'),
(54, 3, 'vtiger_sarvsurveyresponses:survey_title:survey_title:SarvSurveyResponses_LBL_SURVEY_TITLE:V'),
(54, 4, 'vtiger_sarvsurveyresponses:response_status:response_status:SarvSurveyResponses_LBL_STATUS:V'),
(54, 5, 'vtiger_sarvsurveyresponses:channel:channel:SarvSurveyResponses_LBL_CHANNEL:V'),
(54, 6, 'vtiger_sarvsurveyresponses:score:score:SarvSurveyResponses_LBL_SCORE:N'),
(54, 7, 'vtiger_sarvsurveyresponses:submitted_at:submitted_at:SarvSurveyResponses_LBL_SUBMITTED_AT:DT'),
(55, 0, 'vtiger_sarvsalescontracts:contract_no:contract_no:SarvSalesContracts_LBL_CONTRACT_NO:V'),
(55, 1, 'vtiger_sarvsalescontracts:subject:subject:SarvSalesContracts_LBL_SUBJECT:V'),
(55, 2, 'vtiger_sarvsalescontracts:accountid:account_id:SarvSalesContracts_LBL_ACCOUNT:I'),
(55, 3, 'vtiger_sarvsalescontracts:contract_status:contract_status:SarvSalesContracts_LBL_STATUS:V'),
(55, 4, 'vtiger_sarvsalescontracts:start_date:start_date:SarvSalesContracts_LBL_START_DATE:D'),
(55, 5, 'vtiger_sarvsalescontracts:end_date:end_date:SarvSalesContracts_LBL_END_DATE:D'),
(55, 6, 'vtiger_sarvsalescontracts:contract_value:contract_value:SarvSalesContracts_LBL_CONTRACT_VALUE:N'),
(56, 0, 'vtiger_sarvtargetlists:targetlist_no:targetlist_no:SarvTargetLists_LBL_TARGETLIST_NO:V'),
(56, 1, 'vtiger_sarvtargetlists:subject:subject:SarvTargetLists_LBL_SUBJECT:V'),
(56, 2, 'vtiger_sarvtargetlists:accountid:account_id:SarvTargetLists_LBL_ACCOUNT:I'),
(56, 3, 'vtiger_sarvtargetlists:list_type:list_type:SarvTargetLists_LBL_LIST_TYPE:V'),
(56, 4, 'vtiger_sarvtargetlists:list_status:list_status:SarvTargetLists_LBL_STATUS:V'),
(56, 5, 'vtiger_sarvtargetlists:valid_from:valid_from:SarvTargetLists_LBL_VALID_FROM:D'),
(56, 6, 'vtiger_sarvtargetlists:valid_to:valid_to:SarvTargetLists_LBL_VALID_TO:D'),
(57, 0, 'vtiger_sarvbankaccounts:bankaccount_no:bankaccount_no:SarvBankAccounts_LBL_BANKACCOUNT_NO:V'),
(57, 1, 'vtiger_sarvbankaccounts:subject:subject:SarvBankAccounts_LBL_SUBJECT:V'),
(57, 2, 'vtiger_sarvbankaccounts:accountid:account_id:SarvBankAccounts_LBL_ACCOUNT:I'),
(57, 3, 'vtiger_sarvbankaccounts:bank_name:bank_name:SarvBankAccounts_LBL_BANK_NAME:V'),
(57, 4, 'vtiger_sarvbankaccounts:iban_last4:iban_last4:SarvBankAccounts_LBL_IBAN_LAST4:V'),
(57, 5, 'vtiger_sarvbankaccounts:account_status:account_status:SarvBankAccounts_LBL_STATUS:V'),
(57, 6, 'vtiger_sarvbankaccounts:is_primary:is_primary:SarvBankAccounts_LBL_PRIMARY:C'),
(58, 0, 'vtiger_sarvdeposits:deposit_no:deposit_no:SarvDeposits_LBL_DEPOSIT_NO:V'),
(58, 1, 'vtiger_sarvdeposits:subject:subject:SarvDeposits_LBL_SUBJECT:V'),
(58, 2, 'vtiger_sarvdeposits:accountid:account_id:SarvDeposits_LBL_ACCOUNT:I'),
(58, 3, 'vtiger_sarvdeposits:deposit_status:deposit_status:SarvDeposits_LBL_STATUS:V'),
(58, 4, 'vtiger_sarvdeposits:amount:amount:SarvDeposits_LBL_AMOUNT:N'),
(58, 5, 'vtiger_sarvdeposits:applied_amount:applied_amount:SarvDeposits_LBL_APPLIED_AMOUNT:N'),
(58, 6, 'vtiger_sarvdeposits:returned_amount:returned_amount:SarvDeposits_LBL_RETURNED_AMOUNT:N'),
(58, 7, 'vtiger_sarvdeposits:received_date:received_date:SarvDeposits_LBL_RECEIVED_DATE:D'),
(58, 8, 'vtiger_sarvdeposits:expiry_date:expiry_date:SarvDeposits_LBL_EXPIRY_DATE:D'),
(59, 0, 'vtiger_sarvbusinesslocations:location_no:location_no:SarvBusinessLocations_LBL_LOCATION_NO:V'),
(59, 1, 'vtiger_sarvbusinesslocations:subject:subject:SarvBusinessLocations_LBL_SUBJECT:V'),
(59, 2, 'vtiger_sarvbusinesslocations:accountid:account_id:SarvBusinessLocations_LBL_ACCOUNT:I'),
(59, 3, 'vtiger_sarvbusinesslocations:location_type:location_type:SarvBusinessLocations_LBL_LOCATION_TYPE:V'),
(59, 4, 'vtiger_sarvbusinesslocations:location_status:location_status:SarvBusinessLocations_LBL_STATUS:V'),
(59, 5, 'vtiger_sarvbusinesslocations:city:city:SarvBusinessLocations_LBL_CITY:V'),
(59, 6, 'vtiger_sarvbusinesslocations:phone:phone:SarvBusinessLocations_LBL_PHONE:V'),
(60, 0, 'vtiger_sarvtimereservations:reservation_no:reservation_no:SarvTimeReservations_LBL_RESERVATION_NO:V'),
(60, 1, 'vtiger_sarvtimereservations:subject:subject:SarvTimeReservations_LBL_SUBJECT:V'),
(60, 2, 'vtiger_sarvtimereservations:accountid:account_id:SarvTimeReservations_LBL_ACCOUNT:I'),
(60, 3, 'vtiger_sarvtimereservations:reservation_status:reservation_status:SarvTimeReservations_LBL_STATUS:V'),
(60, 4, 'vtiger_sarvtimereservations:start_datetime:start_datetime:SarvTimeReservations_LBL_START_DATETIME:DT'),
(60, 5, 'vtiger_sarvtimereservations:end_datetime:end_datetime:SarvTimeReservations_LBL_END_DATETIME:DT'),
(60, 6, 'vtiger_sarvtimereservations:locationid:location_id:SarvTimeReservations_LBL_LOCATION:I'),
(60, 7, 'vtiger_sarvtimereservations:contactid:contact_id:SarvTimeReservations_LBL_CONTACT:I'),
(60, 8, 'vtiger_crmentity:smownerid:assigned_user_id:SarvTimeReservations_Assigned_To:V'),
(61, 0, 'vtiger_sarvgifts:gift_no:gift_no:SarvGifts_LBL_GIFT_NO:V'),
(61, 1, 'vtiger_sarvgifts:subject:subject:SarvGifts_LBL_SUBJECT:V'),
(61, 2, 'vtiger_sarvgifts:accountid:account_id:SarvGifts_LBL_ACCOUNT:I'),
(61, 3, 'vtiger_sarvgifts:gift_status:gift_status:SarvGifts_LBL_STATUS:V'),
(61, 4, 'vtiger_sarvgifts:productid:product_id:SarvGifts_LBL_PRODUCT:I'),
(61, 5, 'vtiger_sarvgifts:quantity:quantity:SarvGifts_LBL_QUANTITY:N'),
(61, 6, 'vtiger_sarvgifts:dispatch_date:dispatch_date:SarvGifts_LBL_DISPATCH_DATE:D'),
(61, 7, 'vtiger_sarvgifts:delivery_date:delivery_date:SarvGifts_LBL_DELIVERY_DATE:D'),
(61, 8, 'vtiger_sarvgifts:tracking_no:tracking_no:SarvGifts_LBL_TRACKING_NO:V'),
(62, 0, 'vtiger_sarvproductsamples:sample_no:sample_no:SarvProductSamples_LBL_SAMPLE_NO:V'),
(62, 1, 'vtiger_sarvproductsamples:subject:subject:SarvProductSamples_LBL_SUBJECT:V'),
(62, 2, 'vtiger_sarvproductsamples:accountid:account_id:SarvProductSamples_LBL_ACCOUNT:I'),
(62, 3, 'vtiger_sarvproductsamples:productid:product_id:SarvProductSamples_LBL_PRODUCT:I'),
(62, 4, 'vtiger_sarvproductsamples:sample_status:sample_status:SarvProductSamples_LBL_STATUS:V'),
(62, 5, 'vtiger_sarvproductsamples:quantity:quantity:SarvProductSamples_LBL_QUANTITY:N'),
(62, 6, 'vtiger_sarvproductsamples:dispatch_date:dispatch_date:SarvProductSamples_LBL_DISPATCH_DATE:D'),
(63, 0, 'vtiger_sarvaccessgrants:grant_no:grant_no:SarvAccessGrants_LBL_GRANT_NO:V'),
(63, 1, 'vtiger_sarvaccessgrants:subject:subject:SarvAccessGrants_LBL_SUBJECT:V'),
(63, 2, 'vtiger_sarvaccessgrants:accountid:account_id:SarvAccessGrants_LBL_ACCOUNT:I'),
(63, 3, 'vtiger_sarvaccessgrants:groupid:group_id:SarvAccessGrants_LBL_GROUP_ID:I'),
(63, 4, 'vtiger_sarvaccessgrants:access_level:access_level:SarvAccessGrants_LBL_ACCESS_LEVEL:V'),
(63, 5, 'vtiger_sarvaccessgrants:grant_status:grant_status:SarvAccessGrants_LBL_STATUS:V'),
(63, 6, 'vtiger_sarvaccessgrants:valid_from:valid_from:SarvAccessGrants_LBL_VALID_FROM:D'),
(63, 7, 'vtiger_sarvaccessgrants:valid_to:valid_to:SarvAccessGrants_LBL_VALID_TO:D'),
(64, 0, 'vtiger_communications:name:name:Communications_Name:V'),
(64, 1, 'vtiger_communications:parent_type:parent_type:Communications_Parent_Module:V'),
(64, 2, 'vtiger_communications:type:type:Communications_Record_Type:V'),
(64, 3, 'vtiger_communications:enabled:enabled:Communications_Enabled:C'),
(64, 4, 'vtiger_crmentity:smownerid:assigned_user_id:Communications_Assigned_To:V'),
(64, 5, 'vtiger_crmentity:modifiedtime:modifiedtime:Communications_Modified_Time:T');

-- --------------------------------------------------------

--
-- Table structure for table `vtiger_cvstdfilter`
--

CREATE TABLE `vtiger_cvstdfilter` (
  `cvid` int(19) NOT NULL,
  `columnname` varchar(250) DEFAULT '',
  `stdfilter` varchar(250) DEFAULT '',
  `startdate` date DEFAULT NULL,
  `enddate` date DEFAULT NULL
) ENGINE=InnoDB DEFAULT CHARSET=utf8 COLLATE=utf8_general_ci;

--
-- Dumping data for table `vtiger_cvstdfilter`
--

INSERT IGNORE INTO `vtiger_cvstdfilter` (`cvid`, `columnname`, `stdfilter`, `startdate`, `enddate`) VALUES
(3, 'vtiger_crmentity:modifiedtime:modifiedtime:Leads_Modified_Time', 'thismonth', '2005-06-01', '2005-06-30'),
(6, 'vtiger_crmentity:createdtime:createdtime:Accounts_Created_Time', 'thisweek', '2005-06-19', '2005-06-25'),
(9, 'vtiger_contactsubdetails:birthday:birthday:Contacts_Birthdate', 'today', '2005-06-25', '2005-06-25');

-- --------------------------------------------------------

--
-- Table structure for table `vtiger_dashboard_tabs`
--

CREATE TABLE `vtiger_dashboard_tabs` (
  `id` int(19) NOT NULL,
  `tabname` varchar(50) DEFAULT NULL,
  `isdefault` int(1) DEFAULT 0,
  `sequence` int(5) DEFAULT 2,
  `appname` varchar(20) DEFAULT NULL,
  `modulename` varchar(50) DEFAULT NULL,
  `userid` int(11) DEFAULT NULL
) ENGINE=InnoDB DEFAULT CHARSET=utf8 COLLATE=utf8_general_ci;

--
-- Dumping data for table `vtiger_dashboard_tabs`
--

INSERT IGNORE INTO `vtiger_dashboard_tabs` (`id`, `tabname`, `isdefault`, `sequence`, `appname`, `modulename`, `userid`) VALUES
(2, 'My Dashboard', 1, 1, '', '', 1),
(10, 'My Dashboard', 1, 1, '', '', 5),
(17, 'My Dashboard', 1, 1, '', '', 6);

-- --------------------------------------------------------

--
-- Table structure for table `vtiger_datashare_grp2grp`
--

CREATE TABLE `vtiger_datashare_grp2grp` (
  `shareid` int(19) NOT NULL,
  `share_groupid` int(19) DEFAULT NULL,
  `to_groupid` int(19) DEFAULT NULL,
  `permission` int(19) DEFAULT NULL
) ENGINE=InnoDB DEFAULT CHARSET=utf8 COLLATE=utf8_general_ci;

-- --------------------------------------------------------

--
-- Table structure for table `vtiger_datashare_grp2role`
--

CREATE TABLE `vtiger_datashare_grp2role` (
  `shareid` int(19) NOT NULL,
  `share_groupid` int(19) DEFAULT NULL,
  `to_roleid` varchar(255) DEFAULT NULL,
  `permission` int(19) DEFAULT NULL
) ENGINE=InnoDB DEFAULT CHARSET=utf8 COLLATE=utf8_general_ci;

-- --------------------------------------------------------

--
-- Table structure for table `vtiger_datashare_grp2rs`
--

CREATE TABLE `vtiger_datashare_grp2rs` (
  `shareid` int(19) NOT NULL,
  `share_groupid` int(19) DEFAULT NULL,
  `to_roleandsubid` varchar(255) DEFAULT NULL,
  `permission` int(19) DEFAULT NULL
) ENGINE=InnoDB DEFAULT CHARSET=utf8 COLLATE=utf8_general_ci;

-- --------------------------------------------------------

--
-- Table structure for table `vtiger_datashare_module_rel`
--

CREATE TABLE `vtiger_datashare_module_rel` (
  `shareid` int(19) NOT NULL,
  `tabid` int(19) NOT NULL,
  `relationtype` varchar(200) DEFAULT NULL
) ENGINE=InnoDB DEFAULT CHARSET=utf8 COLLATE=utf8_general_ci;

-- --------------------------------------------------------

--
-- Table structure for table `vtiger_datashare_relatedmodules`
--

CREATE TABLE `vtiger_datashare_relatedmodules` (
  `datashare_relatedmodule_id` int(19) NOT NULL,
  `tabid` int(19) DEFAULT NULL,
  `relatedto_tabid` int(19) DEFAULT NULL
) ENGINE=InnoDB DEFAULT CHARSET=utf8 COLLATE=utf8_general_ci;

--
-- Dumping data for table `vtiger_datashare_relatedmodules`
--

INSERT IGNORE INTO `vtiger_datashare_relatedmodules` (`datashare_relatedmodule_id`, `tabid`, `relatedto_tabid`) VALUES
(1, 6, 2),
(2, 6, 13),
(3, 6, 20),
(4, 6, 22),
(5, 6, 23),
(6, 2, 20),
(7, 2, 22),
(8, 20, 22),
(9, 22, 23);

-- --------------------------------------------------------

--
-- Table structure for table `vtiger_datashare_relatedmodules_seq`
--

CREATE TABLE `vtiger_datashare_relatedmodules_seq` (
  `id` int(11) NOT NULL
) ENGINE=InnoDB DEFAULT CHARSET=utf8mb4 COLLATE=utf8mb4_general_ci;

--
-- Dumping data for table `vtiger_datashare_relatedmodules_seq`
--

INSERT IGNORE INTO `vtiger_datashare_relatedmodules_seq` (`id`) VALUES
(9);

-- --------------------------------------------------------

--
-- Table structure for table `vtiger_datashare_relatedmodule_permission`
--

CREATE TABLE `vtiger_datashare_relatedmodule_permission` (
  `shareid` int(19) NOT NULL,
  `datashare_relatedmodule_id` int(19) NOT NULL,
  `permission` int(19) DEFAULT NULL
) ENGINE=InnoDB DEFAULT CHARSET=utf8 COLLATE=utf8_general_ci;

-- --------------------------------------------------------

--
-- Table structure for table `vtiger_datashare_role2group`
--

CREATE TABLE `vtiger_datashare_role2group` (
  `shareid` int(19) NOT NULL,
  `share_roleid` varchar(255) DEFAULT NULL,
  `to_groupid` int(19) DEFAULT NULL,
  `permission` int(19) DEFAULT NULL
) ENGINE=InnoDB DEFAULT CHARSET=utf8 COLLATE=utf8_general_ci;

-- --------------------------------------------------------

--
-- Table structure for table `vtiger_datashare_role2role`
--

CREATE TABLE `vtiger_datashare_role2role` (
  `shareid` int(19) NOT NULL,
  `share_roleid` varchar(255) DEFAULT NULL,
  `to_roleid` varchar(255) DEFAULT NULL,
  `permission` int(19) DEFAULT NULL
) ENGINE=InnoDB DEFAULT CHARSET=utf8 COLLATE=utf8_general_ci;

-- --------------------------------------------------------

--
-- Table structure for table `vtiger_datashare_role2rs`
--

CREATE TABLE `vtiger_datashare_role2rs` (
  `shareid` int(19) NOT NULL,
  `share_roleid` varchar(255) DEFAULT NULL,
  `to_roleandsubid` varchar(255) DEFAULT NULL,
  `permission` int(19) DEFAULT NULL
) ENGINE=InnoDB DEFAULT CHARSET=utf8 COLLATE=utf8_general_ci;

-- --------------------------------------------------------

--
-- Table structure for table `vtiger_datashare_rs2grp`
--

CREATE TABLE `vtiger_datashare_rs2grp` (
  `shareid` int(19) NOT NULL,
  `share_roleandsubid` varchar(255) DEFAULT NULL,
  `to_groupid` int(19) DEFAULT NULL,
  `permission` int(19) DEFAULT NULL
) ENGINE=InnoDB DEFAULT CHARSET=utf8 COLLATE=utf8_general_ci;

-- --------------------------------------------------------

--
-- Table structure for table `vtiger_datashare_rs2role`
--

CREATE TABLE `vtiger_datashare_rs2role` (
  `shareid` int(19) NOT NULL,
  `share_roleandsubid` varchar(255) DEFAULT NULL,
  `to_roleid` varchar(255) DEFAULT NULL,
  `permission` int(19) DEFAULT NULL
) ENGINE=InnoDB DEFAULT CHARSET=utf8 COLLATE=utf8_general_ci;

-- --------------------------------------------------------

--
-- Table structure for table `vtiger_datashare_rs2rs`
--

CREATE TABLE `vtiger_datashare_rs2rs` (
  `shareid` int(19) NOT NULL,
  `share_roleandsubid` varchar(255) DEFAULT NULL,
  `to_roleandsubid` varchar(255) DEFAULT NULL,
  `permission` int(19) DEFAULT NULL
) ENGINE=InnoDB DEFAULT CHARSET=utf8 COLLATE=utf8_general_ci;

-- --------------------------------------------------------

--
